{"version":"1.0","provider_name":"Librairie 7L","provider_url":"https:\/\/librairie7l.com\/en\/","author_name":"Librairie 7L","author_url":"https:\/\/librairie7l.com\/en\/","title":"Alma Mahler ou l'art d'\u00eatre aim\u00e9e - Librairie 7L","type":"rich","width":600,"height":338,"html":"<blockquote class=\"wp-embedded-content\" data-secret=\"NIwr0QBWRb\"><a href=\"https:\/\/librairie7l.com\/en\/produit\/alma-mahler-ou-lart-detre-aimee\/\">ALMA MAHLER OU L&#8217;ART D&#8217;\u00caTRE AIM\u00c9E<\/a><\/blockquote><iframe sandbox=\"allow-scripts\" security=\"restricted\" src=\"https:\/\/librairie7l.com\/en\/produit\/alma-mahler-ou-lart-detre-aimee\/embed\/#?secret=NIwr0QBWRb\" width=\"600\" height=\"338\" title=\"&#8220;ALMA MAHLER OU L&#8217;ART D&#8217;\u00caTRE AIM\u00c9E&#8221; &#8212; Librairie 7L\" data-secret=\"NIwr0QBWRb\" frameborder=\"0\" marginwidth=\"0\" marginheight=\"0\" scrolling=\"no\" class=\"wp-embedded-content\"><\/iframe><script type=\"text\/javascript\">\n\/*! This file is auto-generated *\/\n!function(c,d){\"use strict\";var e=!1,o=!1;if(d.querySelector)if(c.addEventListener)e=!0;if(c.wp=c.wp||{},c.wp.receiveEmbedMessage);else if(c.wp.receiveEmbedMessage=function(e){var t=e.data;if(!t);else if(!(t.secret||t.message||t.value));else if(\/[^a-zA-Z0-9]\/.test(t.secret));else{for(var r,s,a,i=d.querySelectorAll('iframe[data-secret=\"'+t.secret+'\"]'),n=d.querySelectorAll('blockquote[data-secret=\"'+t.secret+'\"]'),o=new RegExp(\"^https?:$\",\"i\"),l=0;l<n.length;l++)n[l].style.display=\"none\";for(l=0;l<i.length;l++)if(r=i[l],e.source!==r.contentWindow);else{if(r.removeAttribute(\"style\"),\"height\"===t.message){if(1e3<(s=parseInt(t.value,10)))s=1e3;else if(~~s<200)s=200;r.height=s}if(\"link\"===t.message)if(s=d.createElement(\"a\"),a=d.createElement(\"a\"),s.href=r.getAttribute(\"src\"),a.href=t.value,!o.test(a.protocol));else if(a.host===s.host)if(d.activeElement===r)c.top.location.href=t.value}}},e)c.addEventListener(\"message\",c.wp.receiveEmbedMessage,!1),d.addEventListener(\"DOMContentLoaded\",t,!1),c.addEventListener(\"load\",t,!1);function t(){if(o);else{o=!0;for(var e,t,r,s=-1!==navigator.appVersion.indexOf(\"MSIE 10\"),a=!!navigator.userAgent.match(\/Trident.*rv:11\\.\/),i=d.querySelectorAll(\"iframe.wp-embedded-content\"),n=0;n<i.length;n++){if(!(r=(t=i[n]).getAttribute(\"data-secret\")))r=Math.random().toString(36).substr(2,10),t.src+=\"#?secret=\"+r,t.setAttribute(\"data-secret\",r);if(s||a)(e=t.cloneNode(!0)).removeAttribute(\"security\"),t.parentNode.replaceChild(e,t);t.contentWindow.postMessage({message:\"ready\",secret:r},\"*\")}}}}(window,document);\n<\/script>\n","thumbnail_url":"https:\/\/librairie7l.com\/wp-content\/uploads\/2023\/10\/9782221273555_1_75.jpg","thumbnail_width":600,"thumbnail_height":983,"description":"Pr\u00e9face de Laure Adler, biographe de Fran\u00e7oise Giroud Alma Mahler tra\u00eene une l\u00e9gende de femme fatale, mais sa vie \u00e9tait bien plus complexe et romanesque. Fran\u00e7oise Giroud la raconte, avec le g\u00e9nie de portraitiste qui la caract\u00e9rise. Pr\u00e9face de Laure Adler. Alma Mahler a tr\u00e8s jeune une br\u00e8ve relation avec Gustav Klimt, \u00e0 une \u00e9poque [&hellip;]"}

Alma Mahler ou l'art d'être aimée - Librairie 7L

<blockquote class="wp-embedded-content" data-secret="NIwr0QBWRb"><a href="https://librairie7l.com/en/produit/alma-mahler-ou-lart-detre-aimee/">ALMA MAHLER OU L&#8217;ART D&#8217;ÊTRE AIMÉE</a></blockquote><iframe sandbox="allow-scripts" security="restricted" src="https://librairie7l.com/en/produit/alma-mahler-ou-lart-detre-aimee/embed/#?secret=NIwr0QBWRb" width="600" height="338" title="&#8220;ALMA MAHLER OU L&#8217;ART D&#8217;ÊTRE AIMÉE&#8221; &#8212; Librairie 7L" data-secret="NIwr0QBWRb" frameborder="0" marginwidth="0" marginheight="0" scrolling="no" class="wp-embedded-content"></iframe><script type="text/javascript">
/*! This file is auto-generated */
!function(c,d){"use strict";var e=!1,o=!1;if(d.querySelector)if(c.addEventListener)e=!0;if(c.wp=c.wp||{},c.wp.receiveEmbedMessage);else if(c.wp.receiveEmbedMessage=function(e){var t=e.data;if(!t);else if(!(t.secret||t.message||t.value));else if(/[^a-zA-Z0-9]/.test(t.secret));else{for(var r,s,a,i=d.querySelectorAll('iframe[data-secret="'+t.secret+'"]'),n=d.querySelectorAll('blockquote[data-secret="'+t.secret+'"]'),o=new RegExp("^https?:$","i"),l=0;l<n.length;l++)n[l].style.display="none";for(l=0;l<i.length;l++)if(r=i[l],e.source!==r.contentWindow);else{if(r.removeAttribute("style"),"height"===t.message){if(1e3<(s=parseInt(t.value,10)))s=1e3;else if(~~s<200)s=200;r.height=s}if("link"===t.message)if(s=d.createElement("a"),a=d.createElement("a"),s.href=r.getAttribute("src"),a.href=t.value,!o.test(a.protocol));else if(a.host===s.host)if(d.activeElement===r)c.top.location.href=t.value}}},e)c.addEventListener("message",c.wp.receiveEmbedMessage,!1),d.addEventListener("DOMContentLoaded",t,!1),c.addEventListener("load",t,!1);function t(){if(o);else{o=!0;for(var e,t,r,s=-1!==navigator.appVersion.indexOf("MSIE 10"),a=!!navigator.userAgent.match(/Trident.*rv:11\./),i=d.querySelectorAll("iframe.wp-embedded-content"),n=0;n<i.length;n++){if(!(r=(t=i[n]).getAttribute("data-secret")))r=Math.random().toString(36).substr(2,10),t.src+="#?secret="+r,t.setAttribute("data-secret",r);if(s||a)(e=t.cloneNode(!0)).removeAttribute("security"),t.parentNode.replaceChild(e,t);t.contentWindow.postMessage({message:"ready",secret:r},"*")}}}}(window,document);
</script>

Préface de Laure Adler, biographe de Françoise Giroud Alma Mahler traîne une légende de femme fatale, mais sa vie était bien plus complexe et romanesque. Françoise Giroud la raconte, avec le génie de portraitiste qui la caractérise. Préface de Laure Adler. Alma Mahler a très jeune une brève relation avec Gustav Klimt, à une époque [&hellip;]
