{"id":16415,"date":"2023-05-09T17:16:49","date_gmt":"2023-05-09T15:16:49","guid":{"rendered":"https:\/\/librairie7l.com\/?post_type=product&#038;p=16415"},"modified":"2026-05-03T14:59:50","modified_gmt":"2026-05-03T12:59:50","slug":"une-histoire-intime-de-lart-yvon-lambert-une-collection-une-donation-un-li","status":"publish","type":"product","link":"https:\/\/librairie7l.com\/en\/produit\/une-histoire-intime-de-lart-yvon-lambert-une-collection-une-donation-un-li\/","title":{"rendered":"UNE HISTOIRE INTIME DE L&#8217;ART : YVON LAMBERT, UNE COLLECTION, UNE DONATION, UN LIEU"},"content":{"rendered":"<p>En 2012, le marchand d&#8217;art Yvon Lambert fait la donation \u00e0 l&#8217;\u00c9tat fran\u00e7ais d&#8217;un ensemble unique de pr\u00e8s de 600 oeuvres de  sa collection personnelle, constitu\u00e9e principalement d&#8217;oeuvres acquises aupr\u00e8s des artistes qu&#8217;il exposait dans ses galeries  de Vence, de Saint-Germain-des-pr\u00e9s puis de New York. Au-del\u00e0 d&#8217;une \u00abbelle collection\u00bb, dont l&#8217;int\u00e9r\u00eat historique majeur  l\u00e9gitimait que le Centre national des arts plastiques en accepte la donation, c&#8217;est une collection des plus originales et intimes  qui s&#8217;offre \u00e0 la vue de tous, une \u00absuccession d&#8217;\u00e9motions\u00bb acquise durant pr\u00e8s de soixante-dix ans par un homme passionn\u00e9  et audacieux, \u00e0 l&#8217;\u00e9coute des soubresauts de l&#8217;histoire de son temps. La Donation Yvon Lambert refl\u00e8te cette clairvoyance  du galeriste qui introduisit aupr\u00e8s d&#8217;un public fran\u00e7ais plusieurs g\u00e9n\u00e9rations d&#8217;artistes qui seraient certainement rest\u00e9s  m\u00e9connus dans l&#8217;Hexagone sans son intervention. C&#8217;est pourquoi elle constitue un enrichissement exceptionnel pour les  collections publiques fran\u00e7aises tant en quantit\u00e9 qu&#8217;en qualit\u00e9. La volont\u00e9 du collectionneur de partager \u00absa seule fortune\u00bb  s&#8217;incarne \u00e9galement par l&#8217;ouverture au public en 2000 d&#8217;un lieu d\u00e9di\u00e9 dans sa Provence natale, \u00e0 Avignon, et la mise en  oeuvre d&#8217;une proposition culturelle singuli\u00e8re dont la fonction sociale est clairement revendiqu\u00e9e.<br \/>\nL&#8217;ouvrage, co\u00e9dit\u00e9 par le Centre national des arts plastiques (Cnap), la Collection Lambert et les \u00c9ditions Dilecta, donne \u00e0  voir un choix d&#8217;oeuvres embl\u00e9matiques de la donation et \u00e0 comprendre les \u00e9volutions, depuis les ann\u00e9es 1960 jusqu&#8217;\u00e0 nos  jours, du monde de l&#8217;art occidental, comme le soulignent les contributions in\u00e9dites des historiens de l&#8217;art invit\u00e9s \u00e0 porter leur  regard sur cet ensemble exceptionnel.<\/p>\n","protected":false},"excerpt":{"rendered":"<p>En 2012, le marchand d&#8217;art Yvon Lambert fait la donation \u00e0 l&#8217;\u00c9tat fran\u00e7ais d&#8217;un ensemble unique de pr\u00e8s de 600 oeuvres de sa collection personnelle, constitu\u00e9e principalement d&#8217;oeuvres acquises aupr\u00e8s des artistes qu&#8217;il exposait dans ses galeries de Vence, de Saint-Germain-des-pr\u00e9s puis de New York. Au-del\u00e0 d&#8217;une \u00abbelle collection\u00bb, dont l&#8217;int\u00e9r\u00eat historique majeur l\u00e9gitimait que [&hellip;]<\/p>\n","protected":false},"featured_media":42998,"template":"","meta":[],"product_cat":[55,2948,47,2953],"product_tag":[],"acf":[],"yoast_head":"<!-- This site is optimized with the Yoast SEO plugin v20.11 - https:\/\/yoast.com\/wordpress\/plugins\/seo\/ -->\n<title>UNE HISTOIRE INTIME DE L&#039;ART : YVON LAMBERT, UNE COLLECTION, UNE DONATION, UN LIEU - Librairie 7L<\/title>\n<meta name=\"robots\" content=\"index, follow, max-snippet:-1, max-image-preview:large, max-video-preview:-1\" \/>\n<link rel=\"canonical\" href=\"https:\/\/librairie7l.com\/en\/produit\/une-histoire-intime-de-lart-yvon-lambert-une-collection-une-donation-un-li\/\" \/>\n<meta property=\"og:locale\" content=\"en_US\" \/>\n<meta property=\"og:type\" content=\"article\" \/>\n<meta property=\"og:title\" content=\"UNE HISTOIRE INTIME DE L&#039;ART : YVON LAMBERT, UNE COLLECTION, UNE DONATION, UN LIEU - Librairie 7L\" \/>\n<meta property=\"og:description\" content=\"En 2012, le marchand d&#8217;art Yvon Lambert fait la donation \u00e0 l&#8217;\u00c9tat fran\u00e7ais d&#8217;un ensemble unique de pr\u00e8s de 600 oeuvres de sa collection personnelle, constitu\u00e9e principalement d&#8217;oeuvres acquises aupr\u00e8s des artistes qu&#8217;il exposait dans ses galeries de Vence, de Saint-Germain-des-pr\u00e9s puis de New York. Au-del\u00e0 d&#8217;une \u00abbelle collection\u00bb, dont l&#8217;int\u00e9r\u00eat historique majeur l\u00e9gitimait que [&hellip;]\" \/>\n<meta property=\"og:url\" content=\"https:\/\/librairie7l.com\/en\/produit\/une-histoire-intime-de-lart-yvon-lambert-une-collection-une-donation-un-li\/\" \/>\n<meta property=\"og:site_name\" content=\"Librairie 7L\" \/>\n<meta property=\"article:modified_time\" content=\"2026-05-03T12:59:50+00:00\" \/>\n<meta name=\"twitter:card\" content=\"summary_large_image\" \/>\n<meta name=\"twitter:label1\" content=\"Est. reading time\" \/>\n\t<meta name=\"twitter:data1\" content=\"1 minute\" \/>\n<script type=\"application\/ld+json\" class=\"yoast-schema-graph\">{\"@context\":\"https:\/\/schema.org\",\"@graph\":[{\"@type\":\"WebPage\",\"@id\":\"https:\/\/librairie7l.com\/en\/produit\/une-histoire-intime-de-lart-yvon-lambert-une-collection-une-donation-un-li\/\",\"url\":\"https:\/\/librairie7l.com\/en\/produit\/une-histoire-intime-de-lart-yvon-lambert-une-collection-une-donation-un-li\/\",\"name\":\"UNE HISTOIRE INTIME DE L'ART : YVON LAMBERT, UNE COLLECTION, UNE DONATION, UN LIEU - Librairie 7L\",\"isPartOf\":{\"@id\":\"https:\/\/librairie7l.com\/en\/#website\"},\"datePublished\":\"2023-05-09T15:16:49+00:00\",\"dateModified\":\"2026-05-03T12:59:50+00:00\",\"breadcrumb\":{\"@id\":\"https:\/\/librairie7l.com\/en\/produit\/une-histoire-intime-de-lart-yvon-lambert-une-collection-une-donation-un-li\/#breadcrumb\"},\"inLanguage\":\"en-US\",\"potentialAction\":[{\"@type\":\"ReadAction\",\"target\":[\"https:\/\/librairie7l.com\/en\/produit\/une-histoire-intime-de-lart-yvon-lambert-une-collection-une-donation-un-li\/\"]}]},{\"@type\":\"BreadcrumbList\",\"@id\":\"https:\/\/librairie7l.com\/en\/produit\/une-histoire-intime-de-lart-yvon-lambert-une-collection-une-donation-un-li\/#breadcrumb\",\"itemListElement\":[{\"@type\":\"ListItem\",\"position\":1,\"name\":\"Accueil\",\"item\":\"https:\/\/librairie7l.com\/en\/\"},{\"@type\":\"ListItem\",\"position\":2,\"name\":\"Shop\",\"item\":\"https:\/\/librairie7l.com\/en\/shop\/\"},{\"@type\":\"ListItem\",\"position\":3,\"name\":\"UNE HISTOIRE INTIME DE L&#8217;ART : YVON LAMBERT, UNE COLLECTION, UNE DONATION, UN LIEU\"}]},{\"@type\":\"WebSite\",\"@id\":\"https:\/\/librairie7l.com\/en\/#website\",\"url\":\"https:\/\/librairie7l.com\/en\/\",\"name\":\"Librairie 7L\",\"description\":\"Librairie fond\u00e9e en 1999 par Karl Lagerfeld \u00e0 Paris\",\"publisher\":{\"@id\":\"https:\/\/librairie7l.com\/en\/#organization\"},\"potentialAction\":[{\"@type\":\"SearchAction\",\"target\":{\"@type\":\"EntryPoint\",\"urlTemplate\":\"https:\/\/librairie7l.com\/en\/?s={search_term_string}\"},\"query-input\":\"required name=search_term_string\"}],\"inLanguage\":\"en-US\"},{\"@type\":\"Organization\",\"@id\":\"https:\/\/librairie7l.com\/en\/#organization\",\"name\":\"Librairie 7L\",\"url\":\"https:\/\/librairie7l.com\/en\/\",\"logo\":{\"@type\":\"ImageObject\",\"inLanguage\":\"en-US\",\"@id\":\"https:\/\/librairie7l.com\/en\/#\/schema\/logo\/image\/\",\"url\":\"https:\/\/librairie7l.com\/wp-content\/uploads\/2022\/08\/logo-1.png\",\"contentUrl\":\"https:\/\/librairie7l.com\/wp-content\/uploads\/2022\/08\/logo-1.png\",\"width\":227,\"height\":301,\"caption\":\"Librairie 7L\"},\"image\":{\"@id\":\"https:\/\/librairie7l.com\/en\/#\/schema\/logo\/image\/\"}}]}<\/script>\n<!-- \/ Yoast SEO plugin. -->","yoast_head_json":{"title":"UNE HISTOIRE INTIME DE L'ART : YVON LAMBERT, UNE COLLECTION, UNE DONATION, UN LIEU - Librairie 7L","robots":{"index":"index","follow":"follow","max-snippet":"max-snippet:-1","max-image-preview":"max-image-preview:large","max-video-preview":"max-video-preview:-1"},"canonical":"https:\/\/librairie7l.com\/en\/produit\/une-histoire-intime-de-lart-yvon-lambert-une-collection-une-donation-un-li\/","og_locale":"en_US","og_type":"article","og_title":"UNE HISTOIRE INTIME DE L'ART : YVON LAMBERT, UNE COLLECTION, UNE DONATION, UN LIEU - Librairie 7L","og_description":"En 2012, le marchand d&#8217;art Yvon Lambert fait la donation \u00e0 l&#8217;\u00c9tat fran\u00e7ais d&#8217;un ensemble unique de pr\u00e8s de 600 oeuvres de sa collection personnelle, constitu\u00e9e principalement d&#8217;oeuvres acquises aupr\u00e8s des artistes qu&#8217;il exposait dans ses galeries de Vence, de Saint-Germain-des-pr\u00e9s puis de New York. Au-del\u00e0 d&#8217;une \u00abbelle collection\u00bb, dont l&#8217;int\u00e9r\u00eat historique majeur l\u00e9gitimait que [&hellip;]","og_url":"https:\/\/librairie7l.com\/en\/produit\/une-histoire-intime-de-lart-yvon-lambert-une-collection-une-donation-un-li\/","og_site_name":"Librairie 7L","article_modified_time":"2026-05-03T12:59:50+00:00","twitter_card":"summary_large_image","twitter_misc":{"Est. reading time":"1 minute"},"schema":{"@context":"https:\/\/schema.org","@graph":[{"@type":"WebPage","@id":"https:\/\/librairie7l.com\/en\/produit\/une-histoire-intime-de-lart-yvon-lambert-une-collection-une-donation-un-li\/","url":"https:\/\/librairie7l.com\/en\/produit\/une-histoire-intime-de-lart-yvon-lambert-une-collection-une-donation-un-li\/","name":"UNE HISTOIRE INTIME DE L'ART : YVON LAMBERT, UNE COLLECTION, UNE DONATION, UN LIEU - Librairie 7L","isPartOf":{"@id":"https:\/\/librairie7l.com\/en\/#website"},"datePublished":"2023-05-09T15:16:49+00:00","dateModified":"2026-05-03T12:59:50+00:00","breadcrumb":{"@id":"https:\/\/librairie7l.com\/en\/produit\/une-histoire-intime-de-lart-yvon-lambert-une-collection-une-donation-un-li\/#breadcrumb"},"inLanguage":"en-US","potentialAction":[{"@type":"ReadAction","target":["https:\/\/librairie7l.com\/en\/produit\/une-histoire-intime-de-lart-yvon-lambert-une-collection-une-donation-un-li\/"]}]},{"@type":"BreadcrumbList","@id":"https:\/\/librairie7l.com\/en\/produit\/une-histoire-intime-de-lart-yvon-lambert-une-collection-une-donation-un-li\/#breadcrumb","itemListElement":[{"@type":"ListItem","position":1,"name":"Accueil","item":"https:\/\/librairie7l.com\/en\/"},{"@type":"ListItem","position":2,"name":"Shop","item":"https:\/\/librairie7l.com\/en\/shop\/"},{"@type":"ListItem","position":3,"name":"UNE HISTOIRE INTIME DE L&#8217;ART : YVON LAMBERT, UNE COLLECTION, UNE DONATION, UN LIEU"}]},{"@type":"WebSite","@id":"https:\/\/librairie7l.com\/en\/#website","url":"https:\/\/librairie7l.com\/en\/","name":"Librairie 7L","description":"Librairie fond\u00e9e en 1999 par Karl Lagerfeld \u00e0 Paris","publisher":{"@id":"https:\/\/librairie7l.com\/en\/#organization"},"potentialAction":[{"@type":"SearchAction","target":{"@type":"EntryPoint","urlTemplate":"https:\/\/librairie7l.com\/en\/?s={search_term_string}"},"query-input":"required name=search_term_string"}],"inLanguage":"en-US"},{"@type":"Organization","@id":"https:\/\/librairie7l.com\/en\/#organization","name":"Librairie 7L","url":"https:\/\/librairie7l.com\/en\/","logo":{"@type":"ImageObject","inLanguage":"en-US","@id":"https:\/\/librairie7l.com\/en\/#\/schema\/logo\/image\/","url":"https:\/\/librairie7l.com\/wp-content\/uploads\/2022\/08\/logo-1.png","contentUrl":"https:\/\/librairie7l.com\/wp-content\/uploads\/2022\/08\/logo-1.png","width":227,"height":301,"caption":"Librairie 7L"},"image":{"@id":"https:\/\/librairie7l.com\/en\/#\/schema\/logo\/image\/"}}]}},"_links":{"self":[{"href":"https:\/\/librairie7l.com\/en\/wp-json\/wp\/v2\/product\/16415"}],"collection":[{"href":"https:\/\/librairie7l.com\/en\/wp-json\/wp\/v2\/product"}],"about":[{"href":"https:\/\/librairie7l.com\/en\/wp-json\/wp\/v2\/types\/product"}],"wp:featuredmedia":[{"embeddable":true,"href":"https:\/\/librairie7l.com\/en\/wp-json\/wp\/v2\/media\/42998"}],"wp:attachment":[{"href":"https:\/\/librairie7l.com\/en\/wp-json\/wp\/v2\/media?parent=16415"}],"wp:term":[{"taxonomy":"product_cat","embeddable":true,"href":"https:\/\/librairie7l.com\/en\/wp-json\/wp\/v2\/product_cat?post=16415"},{"taxonomy":"product_tag","embeddable":true,"href":"https:\/\/librairie7l.com\/en\/wp-json\/wp\/v2\/product_tag?post=16415"}],"curies":[{"name":"wp","href":"https:\/\/api.w.org\/{rel}","templated":true}]}}

<p>En 2012, le marchand d&#8217;art Yvon Lambert fait la donation à l&#8217;État français d&#8217;un ensemble unique de près de 600 oeuvres de  sa collection personnelle, constituée principalement d&#8217;oeuvres acquises auprès des artistes qu&#8217;il exposait dans ses galeries  de Vence, de Saint-Germain-des-prés puis de New York. Au-delà d&#8217;une «belle collection», dont l&#8217;intérêt historique majeur  légitimait que le Centre national des arts plastiques en accepte la donation, c&#8217;est une collection des plus originales et intimes  qui s&#8217;offre à la vue de tous, une «succession d&#8217;émotions» acquise durant près de soixante-dix ans par un homme passionné  et audacieux, à l&#8217;écoute des soubresauts de l&#8217;histoire de son temps. La Donation Yvon Lambert reflète cette clairvoyance  du galeriste qui introduisit auprès d&#8217;un public français plusieurs générations d&#8217;artistes qui seraient certainement restés  méconnus dans l&#8217;Hexagone sans son intervention. C&#8217;est pourquoi elle constitue un enrichissement exceptionnel pour les  collections publiques françaises tant en quantité qu&#8217;en qualité. La volonté du collectionneur de partager «sa seule fortune»  s&#8217;incarne également par l&#8217;ouverture au public en 2000 d&#8217;un lieu dédié dans sa Provence natale, à Avignon, et la mise en  oeuvre d&#8217;une proposition culturelle singulière dont la fonction sociale est clairement revendiquée.<br />
L&#8217;ouvrage, coédité par le Centre national des arts plastiques (Cnap), la Collection Lambert et les Éditions Dilecta, donne à  voir un choix d&#8217;oeuvres emblématiques de la donation et à comprendre les évolutions, depuis les années 1960 jusqu&#8217;à nos  jours, du monde de l&#8217;art occidental, comme le soulignent les contributions inédites des historiens de l&#8217;art invités à porter leur  regard sur cet ensemble exceptionnel.</p>

<p>En 2012, le marchand d&#8217;art Yvon Lambert fait la donation à l&#8217;État français d&#8217;un ensemble unique de près de 600 oeuvres de sa collection personnelle, constituée principalement d&#8217;oeuvres acquises auprès des artistes qu&#8217;il exposait dans ses galeries de Vence, de Saint-Germain-des-prés puis de New York. Au-delà d&#8217;une «belle collection», dont l&#8217;intérêt historique majeur légitimait que [&hellip;]</p>

<!-- This site is optimized with the Yoast SEO plugin v20.11 - https://yoast.com/wordpress/plugins/seo/ -->
<title>UNE HISTOIRE INTIME DE L&#039;ART : YVON LAMBERT, UNE COLLECTION, UNE DONATION, UN LIEU - Librairie 7L</title>
<meta name="robots" content="index, follow, max-snippet:-1, max-image-preview:large, max-video-preview:-1" />
<link rel="canonical" href="https://librairie7l.com/en/produit/une-histoire-intime-de-lart-yvon-lambert-une-collection-une-donation-un-li/" />
<meta property="og:locale" content="en_US" />
<meta property="og:type" content="article" />
<meta property="og:title" content="UNE HISTOIRE INTIME DE L&#039;ART : YVON LAMBERT, UNE COLLECTION, UNE DONATION, UN LIEU - Librairie 7L" />
<meta property="og:description" content="En 2012, le marchand d&#8217;art Yvon Lambert fait la donation à l&#8217;État français d&#8217;un ensemble unique de près de 600 oeuvres de sa collection personnelle, constituée principalement d&#8217;oeuvres acquises auprès des artistes qu&#8217;il exposait dans ses galeries de Vence, de Saint-Germain-des-prés puis de New York. Au-delà d&#8217;une «belle collection», dont l&#8217;intérêt historique majeur légitimait que [&hellip;]" />
<meta property="og:url" content="https://librairie7l.com/en/produit/une-histoire-intime-de-lart-yvon-lambert-une-collection-une-donation-un-li/" />
<meta property="og:site_name" content="Librairie 7L" />
<meta property="article:modified_time" content="2026-05-03T12:59:50+00:00" />
<meta name="twitter:card" content="summary_large_image" />
<meta name="twitter:label1" content="Est. reading time" />
	<meta name="twitter:data1" content="1 minute" />
<script type="application/ld+json" class="yoast-schema-graph">{"@context":"https://schema.org","@graph":[{"@type":"WebPage","@id":"https://librairie7l.com/en/produit/une-histoire-intime-de-lart-yvon-lambert-une-collection-une-donation-un-li/","url":"https://librairie7l.com/en/produit/une-histoire-intime-de-lart-yvon-lambert-une-collection-une-donation-un-li/","name":"UNE HISTOIRE INTIME DE L'ART : YVON LAMBERT, UNE COLLECTION, UNE DONATION, UN LIEU - Librairie 7L","isPartOf":{"@id":"https://librairie7l.com/en/#website"},"datePublished":"2023-05-09T15:16:49+00:00","dateModified":"2026-05-03T12:59:50+00:00","breadcrumb":{"@id":"https://librairie7l.com/en/produit/une-histoire-intime-de-lart-yvon-lambert-une-collection-une-donation-un-li/#breadcrumb"},"inLanguage":"en-US","potentialAction":[{"@type":"ReadAction","target":["https://librairie7l.com/en/produit/une-histoire-intime-de-lart-yvon-lambert-une-collection-une-donation-un-li/"]}]},{"@type":"BreadcrumbList","@id":"https://librairie7l.com/en/produit/une-histoire-intime-de-lart-yvon-lambert-une-collection-une-donation-un-li/#breadcrumb","itemListElement":[{"@type":"ListItem","position":1,"name":"Accueil","item":"https://librairie7l.com/en/"},{"@type":"ListItem","position":2,"name":"Shop","item":"https://librairie7l.com/en/shop/"},{"@type":"ListItem","position":3,"name":"UNE HISTOIRE INTIME DE L&#8217;ART : YVON LAMBERT, UNE COLLECTION, UNE DONATION, UN LIEU"}]},{"@type":"WebSite","@id":"https://librairie7l.com/en/#website","url":"https://librairie7l.com/en/","name":"Librairie 7L","description":"Librairie fondée en 1999 par Karl Lagerfeld à Paris","publisher":{"@id":"https://librairie7l.com/en/#organization"},"potentialAction":[{"@type":"SearchAction","target":{"@type":"EntryPoint","urlTemplate":"https://librairie7l.com/en/?s={search_term_string}"},"query-input":"required name=search_term_string"}],"inLanguage":"en-US"},{"@type":"Organization","@id":"https://librairie7l.com/en/#organization","name":"Librairie 7L","url":"https://librairie7l.com/en/","logo":{"@type":"ImageObject","inLanguage":"en-US","@id":"https://librairie7l.com/en/#/schema/logo/image/","url":"https://librairie7l.com/wp-content/uploads/2022/08/logo-1.png","contentUrl":"https://librairie7l.com/wp-content/uploads/2022/08/logo-1.png","width":227,"height":301,"caption":"Librairie 7L"},"image":{"@id":"https://librairie7l.com/en/#/schema/logo/image/"}}]}</script>
<!-- / Yoast SEO plugin. -->

En 2012, le marchand d&#8217;art Yvon Lambert fait la donation à l&#8217;État français d&#8217;un ensemble unique de près de 600 oeuvres de sa collection personnelle, constituée principalement d&#8217;oeuvres acquises auprès des artistes qu&#8217;il exposait dans ses galeries de Vence, de Saint-Germain-des-prés puis de New York. Au-delà d&#8217;une «belle collection», dont l&#8217;intérêt historique majeur légitimait que [&hellip;]

Librairie fondée en 1999 par Karl Lagerfeld à Paris
