{"id":16907,"date":"2023-05-09T17:23:42","date_gmt":"2023-05-09T15:23:42","guid":{"rendered":"https:\/\/librairie7l.com\/?post_type=product&#038;p=16907"},"modified":"2026-05-02T05:22:19","modified_gmt":"2026-05-02T03:22:19","slug":"le-tapis-europeen-des-annees-vingt-a-nos-jours","status":"publish","type":"product","link":"https:\/\/librairie7l.com\/en\/produit\/le-tapis-europeen-des-annees-vingt-a-nos-jours\/","title":{"rendered":"LE TAPIS EUROP\u00c9EN DES ANN\u00c9ES VINGT \u00c0 NOS JOURS"},"content":{"rendered":"<p>Cet ouvrage d\u00e9veloppera globalement le tapis europ\u00e9en en y int\u00e9grant la majeure partie des artistes classiques et contemporains.<br \/>\nCe livre d\u00e9crira chronologiquement les principales tendances du XXe si\u00e8cle :<br \/>\nLa p\u00e9riode Art D\u00e9co de 1920 \u00e0 1930 Ivan Da Silva Bruhns, Edouard Benedictus, Emile Gaudissart, Maurice Dufr\u00eane Le style n\u00e9o-classique de 1930 \u00e0 1945 Eug\u00e8ne Printz, Andr\u00e9 Arbus, Jean Rothschild, Jean Pascaud, Jacques Adnet, Jacques-Emile Ruhlmann, Paule Leleu L&#8217;apr\u00e8s-guerre : le Renouveau Sonia Delaunay, Eileen Gray, Hans Arp, Fernand L\u00e9ger Les tapis d&#8217;artistes de 1960 \u00e0 1990 Aki Kuroda, Alicia Penalba, Guy de Rougemont, Fran\u00e7ois-Xavier Lalanne, Pierre Paulin, Pascal Mourgue La nouvelle g\u00e9n\u00e9ration apr\u00e8s les ann\u00e9es 1990 Sylvain Dubuisson, Camille Henrot, Patrice Hybert, Memphis, Fran\u00e7ois Morellet, Matali Crasset<\/p>\n","protected":false},"excerpt":{"rendered":"<p>Cet ouvrage d\u00e9veloppera globalement le tapis europ\u00e9en en y int\u00e9grant la majeure partie des artistes classiques et contemporains. Ce livre d\u00e9crira chronologiquement les principales tendances du XXe si\u00e8cle : La p\u00e9riode Art D\u00e9co de 1920 \u00e0 1930 Ivan Da Silva Bruhns, Edouard Benedictus, Emile Gaudissart, Maurice Dufr\u00eane Le style n\u00e9o-classique de 1930 \u00e0 1945 Eug\u00e8ne [&hellip;]<\/p>\n","protected":false},"featured_media":16905,"template":"","meta":[],"product_cat":[55,2948,18,2952],"product_tag":[],"acf":[],"yoast_head":"<!-- This site is optimized with the Yoast SEO plugin v20.11 - https:\/\/yoast.com\/wordpress\/plugins\/seo\/ -->\n<title>LE TAPIS EUROP\u00c9EN DES ANN\u00c9ES VINGT \u00c0 NOS JOURS - Librairie 7L<\/title>\n<meta name=\"robots\" content=\"index, follow, max-snippet:-1, max-image-preview:large, max-video-preview:-1\" \/>\n<link rel=\"canonical\" href=\"https:\/\/librairie7l.com\/en\/produit\/le-tapis-europeen-des-annees-vingt-a-nos-jours\/\" \/>\n<meta property=\"og:locale\" content=\"en_US\" \/>\n<meta property=\"og:type\" content=\"article\" \/>\n<meta property=\"og:title\" content=\"LE TAPIS EUROP\u00c9EN DES ANN\u00c9ES VINGT \u00c0 NOS JOURS - Librairie 7L\" \/>\n<meta property=\"og:description\" content=\"Cet ouvrage d\u00e9veloppera globalement le tapis europ\u00e9en en y int\u00e9grant la majeure partie des artistes classiques et contemporains. Ce livre d\u00e9crira chronologiquement les principales tendances du XXe si\u00e8cle : La p\u00e9riode Art D\u00e9co de 1920 \u00e0 1930 Ivan Da Silva Bruhns, Edouard Benedictus, Emile Gaudissart, Maurice Dufr\u00eane Le style n\u00e9o-classique de 1930 \u00e0 1945 Eug\u00e8ne [&hellip;]\" \/>\n<meta property=\"og:url\" content=\"https:\/\/librairie7l.com\/en\/produit\/le-tapis-europeen-des-annees-vingt-a-nos-jours\/\" \/>\n<meta property=\"og:site_name\" content=\"Librairie 7L\" \/>\n<meta property=\"article:modified_time\" content=\"2026-05-02T03:22:19+00:00\" \/>\n<meta property=\"og:image\" content=\"https:\/\/librairie7l.com\/wp-content\/uploads\/2013\/04\/9782903824839_1_75.jpg\" \/>\n\t<meta property=\"og:image:width\" content=\"600\" \/>\n\t<meta property=\"og:image:height\" content=\"690\" \/>\n\t<meta property=\"og:image:type\" content=\"image\/jpeg\" \/>\n<meta name=\"twitter:card\" content=\"summary_large_image\" \/>\n<meta name=\"twitter:label1\" content=\"Est. reading time\" \/>\n\t<meta name=\"twitter:data1\" content=\"1 minute\" \/>\n<script type=\"application\/ld+json\" class=\"yoast-schema-graph\">{\"@context\":\"https:\/\/schema.org\",\"@graph\":[{\"@type\":\"WebPage\",\"@id\":\"https:\/\/librairie7l.com\/en\/produit\/le-tapis-europeen-des-annees-vingt-a-nos-jours\/\",\"url\":\"https:\/\/librairie7l.com\/en\/produit\/le-tapis-europeen-des-annees-vingt-a-nos-jours\/\",\"name\":\"LE TAPIS EUROP\u00c9EN DES ANN\u00c9ES VINGT \u00c0 NOS JOURS - Librairie 7L\",\"isPartOf\":{\"@id\":\"https:\/\/librairie7l.com\/en\/#website\"},\"datePublished\":\"2023-05-09T15:23:42+00:00\",\"dateModified\":\"2026-05-02T03:22:19+00:00\",\"breadcrumb\":{\"@id\":\"https:\/\/librairie7l.com\/en\/produit\/le-tapis-europeen-des-annees-vingt-a-nos-jours\/#breadcrumb\"},\"inLanguage\":\"en-US\",\"potentialAction\":[{\"@type\":\"ReadAction\",\"target\":[\"https:\/\/librairie7l.com\/en\/produit\/le-tapis-europeen-des-annees-vingt-a-nos-jours\/\"]}]},{\"@type\":\"BreadcrumbList\",\"@id\":\"https:\/\/librairie7l.com\/en\/produit\/le-tapis-europeen-des-annees-vingt-a-nos-jours\/#breadcrumb\",\"itemListElement\":[{\"@type\":\"ListItem\",\"position\":1,\"name\":\"Accueil\",\"item\":\"https:\/\/librairie7l.com\/en\/\"},{\"@type\":\"ListItem\",\"position\":2,\"name\":\"Shop\",\"item\":\"https:\/\/librairie7l.com\/en\/shop\/\"},{\"@type\":\"ListItem\",\"position\":3,\"name\":\"LE TAPIS EUROP\u00c9EN DES ANN\u00c9ES VINGT \u00c0 NOS JOURS\"}]},{\"@type\":\"WebSite\",\"@id\":\"https:\/\/librairie7l.com\/en\/#website\",\"url\":\"https:\/\/librairie7l.com\/en\/\",\"name\":\"Librairie 7L\",\"description\":\"Librairie fond\u00e9e en 1999 par Karl Lagerfeld \u00e0 Paris\",\"publisher\":{\"@id\":\"https:\/\/librairie7l.com\/en\/#organization\"},\"potentialAction\":[{\"@type\":\"SearchAction\",\"target\":{\"@type\":\"EntryPoint\",\"urlTemplate\":\"https:\/\/librairie7l.com\/en\/?s={search_term_string}\"},\"query-input\":\"required name=search_term_string\"}],\"inLanguage\":\"en-US\"},{\"@type\":\"Organization\",\"@id\":\"https:\/\/librairie7l.com\/en\/#organization\",\"name\":\"Librairie 7L\",\"url\":\"https:\/\/librairie7l.com\/en\/\",\"logo\":{\"@type\":\"ImageObject\",\"inLanguage\":\"en-US\",\"@id\":\"https:\/\/librairie7l.com\/en\/#\/schema\/logo\/image\/\",\"url\":\"https:\/\/librairie7l.com\/wp-content\/uploads\/2022\/08\/logo-1.png\",\"contentUrl\":\"https:\/\/librairie7l.com\/wp-content\/uploads\/2022\/08\/logo-1.png\",\"width\":227,\"height\":301,\"caption\":\"Librairie 7L\"},\"image\":{\"@id\":\"https:\/\/librairie7l.com\/en\/#\/schema\/logo\/image\/\"}}]}<\/script>\n<!-- \/ Yoast SEO plugin. -->","yoast_head_json":{"title":"LE TAPIS EUROP\u00c9EN DES ANN\u00c9ES VINGT \u00c0 NOS JOURS - Librairie 7L","robots":{"index":"index","follow":"follow","max-snippet":"max-snippet:-1","max-image-preview":"max-image-preview:large","max-video-preview":"max-video-preview:-1"},"canonical":"https:\/\/librairie7l.com\/en\/produit\/le-tapis-europeen-des-annees-vingt-a-nos-jours\/","og_locale":"en_US","og_type":"article","og_title":"LE TAPIS EUROP\u00c9EN DES ANN\u00c9ES VINGT \u00c0 NOS JOURS - Librairie 7L","og_description":"Cet ouvrage d\u00e9veloppera globalement le tapis europ\u00e9en en y int\u00e9grant la majeure partie des artistes classiques et contemporains. Ce livre d\u00e9crira chronologiquement les principales tendances du XXe si\u00e8cle : La p\u00e9riode Art D\u00e9co de 1920 \u00e0 1930 Ivan Da Silva Bruhns, Edouard Benedictus, Emile Gaudissart, Maurice Dufr\u00eane Le style n\u00e9o-classique de 1930 \u00e0 1945 Eug\u00e8ne [&hellip;]","og_url":"https:\/\/librairie7l.com\/en\/produit\/le-tapis-europeen-des-annees-vingt-a-nos-jours\/","og_site_name":"Librairie 7L","article_modified_time":"2026-05-02T03:22:19+00:00","og_image":[{"width":600,"height":690,"url":"https:\/\/librairie7l.com\/wp-content\/uploads\/2013\/04\/9782903824839_1_75.jpg","type":"image\/jpeg"}],"twitter_card":"summary_large_image","twitter_misc":{"Est. reading time":"1 minute"},"schema":{"@context":"https:\/\/schema.org","@graph":[{"@type":"WebPage","@id":"https:\/\/librairie7l.com\/en\/produit\/le-tapis-europeen-des-annees-vingt-a-nos-jours\/","url":"https:\/\/librairie7l.com\/en\/produit\/le-tapis-europeen-des-annees-vingt-a-nos-jours\/","name":"LE TAPIS EUROP\u00c9EN DES ANN\u00c9ES VINGT \u00c0 NOS JOURS - Librairie 7L","isPartOf":{"@id":"https:\/\/librairie7l.com\/en\/#website"},"datePublished":"2023-05-09T15:23:42+00:00","dateModified":"2026-05-02T03:22:19+00:00","breadcrumb":{"@id":"https:\/\/librairie7l.com\/en\/produit\/le-tapis-europeen-des-annees-vingt-a-nos-jours\/#breadcrumb"},"inLanguage":"en-US","potentialAction":[{"@type":"ReadAction","target":["https:\/\/librairie7l.com\/en\/produit\/le-tapis-europeen-des-annees-vingt-a-nos-jours\/"]}]},{"@type":"BreadcrumbList","@id":"https:\/\/librairie7l.com\/en\/produit\/le-tapis-europeen-des-annees-vingt-a-nos-jours\/#breadcrumb","itemListElement":[{"@type":"ListItem","position":1,"name":"Accueil","item":"https:\/\/librairie7l.com\/en\/"},{"@type":"ListItem","position":2,"name":"Shop","item":"https:\/\/librairie7l.com\/en\/shop\/"},{"@type":"ListItem","position":3,"name":"LE TAPIS EUROP\u00c9EN DES ANN\u00c9ES VINGT \u00c0 NOS JOURS"}]},{"@type":"WebSite","@id":"https:\/\/librairie7l.com\/en\/#website","url":"https:\/\/librairie7l.com\/en\/","name":"Librairie 7L","description":"Librairie fond\u00e9e en 1999 par Karl Lagerfeld \u00e0 Paris","publisher":{"@id":"https:\/\/librairie7l.com\/en\/#organization"},"potentialAction":[{"@type":"SearchAction","target":{"@type":"EntryPoint","urlTemplate":"https:\/\/librairie7l.com\/en\/?s={search_term_string}"},"query-input":"required name=search_term_string"}],"inLanguage":"en-US"},{"@type":"Organization","@id":"https:\/\/librairie7l.com\/en\/#organization","name":"Librairie 7L","url":"https:\/\/librairie7l.com\/en\/","logo":{"@type":"ImageObject","inLanguage":"en-US","@id":"https:\/\/librairie7l.com\/en\/#\/schema\/logo\/image\/","url":"https:\/\/librairie7l.com\/wp-content\/uploads\/2022\/08\/logo-1.png","contentUrl":"https:\/\/librairie7l.com\/wp-content\/uploads\/2022\/08\/logo-1.png","width":227,"height":301,"caption":"Librairie 7L"},"image":{"@id":"https:\/\/librairie7l.com\/en\/#\/schema\/logo\/image\/"}}]}},"_links":{"self":[{"href":"https:\/\/librairie7l.com\/en\/wp-json\/wp\/v2\/product\/16907"}],"collection":[{"href":"https:\/\/librairie7l.com\/en\/wp-json\/wp\/v2\/product"}],"about":[{"href":"https:\/\/librairie7l.com\/en\/wp-json\/wp\/v2\/types\/product"}],"wp:featuredmedia":[{"embeddable":true,"href":"https:\/\/librairie7l.com\/en\/wp-json\/wp\/v2\/media\/16905"}],"wp:attachment":[{"href":"https:\/\/librairie7l.com\/en\/wp-json\/wp\/v2\/media?parent=16907"}],"wp:term":[{"taxonomy":"product_cat","embeddable":true,"href":"https:\/\/librairie7l.com\/en\/wp-json\/wp\/v2\/product_cat?post=16907"},{"taxonomy":"product_tag","embeddable":true,"href":"https:\/\/librairie7l.com\/en\/wp-json\/wp\/v2\/product_tag?post=16907"}],"curies":[{"name":"wp","href":"https:\/\/api.w.org\/{rel}","templated":true}]}}

LE TAPIS EUROPÉEN DES ANNÉES VINGT À NOS JOURS

<p>Cet ouvrage développera globalement le tapis européen en y intégrant la majeure partie des artistes classiques et contemporains.<br />
Ce livre décrira chronologiquement les principales tendances du XXe siècle :<br />
La période Art Déco de 1920 à 1930 Ivan Da Silva Bruhns, Edouard Benedictus, Emile Gaudissart, Maurice Dufrêne Le style néo-classique de 1930 à 1945 Eugène Printz, André Arbus, Jean Rothschild, Jean Pascaud, Jacques Adnet, Jacques-Emile Ruhlmann, Paule Leleu L&#8217;après-guerre : le Renouveau Sonia Delaunay, Eileen Gray, Hans Arp, Fernand Léger Les tapis d&#8217;artistes de 1960 à 1990 Aki Kuroda, Alicia Penalba, Guy de Rougemont, François-Xavier Lalanne, Pierre Paulin, Pascal Mourgue La nouvelle génération après les années 1990 Sylvain Dubuisson, Camille Henrot, Patrice Hybert, Memphis, François Morellet, Matali Crasset</p>

<p>Cet ouvrage développera globalement le tapis européen en y intégrant la majeure partie des artistes classiques et contemporains. Ce livre décrira chronologiquement les principales tendances du XXe siècle : La période Art Déco de 1920 à 1930 Ivan Da Silva Bruhns, Edouard Benedictus, Emile Gaudissart, Maurice Dufrêne Le style néo-classique de 1930 à 1945 Eugène [&hellip;]</p>

<!-- This site is optimized with the Yoast SEO plugin v20.11 - https://yoast.com/wordpress/plugins/seo/ -->
<title>LE TAPIS EUROPÉEN DES ANNÉES VINGT À NOS JOURS - Librairie 7L</title>
<meta name="robots" content="index, follow, max-snippet:-1, max-image-preview:large, max-video-preview:-1" />
<link rel="canonical" href="https://librairie7l.com/en/produit/le-tapis-europeen-des-annees-vingt-a-nos-jours/" />
<meta property="og:locale" content="en_US" />
<meta property="og:type" content="article" />
<meta property="og:title" content="LE TAPIS EUROPÉEN DES ANNÉES VINGT À NOS JOURS - Librairie 7L" />
<meta property="og:description" content="Cet ouvrage développera globalement le tapis européen en y intégrant la majeure partie des artistes classiques et contemporains. Ce livre décrira chronologiquement les principales tendances du XXe siècle : La période Art Déco de 1920 à 1930 Ivan Da Silva Bruhns, Edouard Benedictus, Emile Gaudissart, Maurice Dufrêne Le style néo-classique de 1930 à 1945 Eugène [&hellip;]" />
<meta property="og:url" content="https://librairie7l.com/en/produit/le-tapis-europeen-des-annees-vingt-a-nos-jours/" />
<meta property="og:site_name" content="Librairie 7L" />
<meta property="article:modified_time" content="2026-05-02T03:22:19+00:00" />
<meta property="og:image" content="https://librairie7l.com/wp-content/uploads/2013/04/9782903824839_1_75.jpg" />
	<meta property="og:image:width" content="600" />
	<meta property="og:image:height" content="690" />
	<meta property="og:image:type" content="image/jpeg" />
<meta name="twitter:card" content="summary_large_image" />
<meta name="twitter:label1" content="Est. reading time" />
	<meta name="twitter:data1" content="1 minute" />
<script type="application/ld+json" class="yoast-schema-graph">{"@context":"https://schema.org","@graph":[{"@type":"WebPage","@id":"https://librairie7l.com/en/produit/le-tapis-europeen-des-annees-vingt-a-nos-jours/","url":"https://librairie7l.com/en/produit/le-tapis-europeen-des-annees-vingt-a-nos-jours/","name":"LE TAPIS EUROPÉEN DES ANNÉES VINGT À NOS JOURS - Librairie 7L","isPartOf":{"@id":"https://librairie7l.com/en/#website"},"datePublished":"2023-05-09T15:23:42+00:00","dateModified":"2026-05-02T03:22:19+00:00","breadcrumb":{"@id":"https://librairie7l.com/en/produit/le-tapis-europeen-des-annees-vingt-a-nos-jours/#breadcrumb"},"inLanguage":"en-US","potentialAction":[{"@type":"ReadAction","target":["https://librairie7l.com/en/produit/le-tapis-europeen-des-annees-vingt-a-nos-jours/"]}]},{"@type":"BreadcrumbList","@id":"https://librairie7l.com/en/produit/le-tapis-europeen-des-annees-vingt-a-nos-jours/#breadcrumb","itemListElement":[{"@type":"ListItem","position":1,"name":"Accueil","item":"https://librairie7l.com/en/"},{"@type":"ListItem","position":2,"name":"Shop","item":"https://librairie7l.com/en/shop/"},{"@type":"ListItem","position":3,"name":"LE TAPIS EUROPÉEN DES ANNÉES VINGT À NOS JOURS"}]},{"@type":"WebSite","@id":"https://librairie7l.com/en/#website","url":"https://librairie7l.com/en/","name":"Librairie 7L","description":"Librairie fondée en 1999 par Karl Lagerfeld à Paris","publisher":{"@id":"https://librairie7l.com/en/#organization"},"potentialAction":[{"@type":"SearchAction","target":{"@type":"EntryPoint","urlTemplate":"https://librairie7l.com/en/?s={search_term_string}"},"query-input":"required name=search_term_string"}],"inLanguage":"en-US"},{"@type":"Organization","@id":"https://librairie7l.com/en/#organization","name":"Librairie 7L","url":"https://librairie7l.com/en/","logo":{"@type":"ImageObject","inLanguage":"en-US","@id":"https://librairie7l.com/en/#/schema/logo/image/","url":"https://librairie7l.com/wp-content/uploads/2022/08/logo-1.png","contentUrl":"https://librairie7l.com/wp-content/uploads/2022/08/logo-1.png","width":227,"height":301,"caption":"Librairie 7L"},"image":{"@id":"https://librairie7l.com/en/#/schema/logo/image/"}}]}</script>
<!-- / Yoast SEO plugin. -->

LE TAPIS EUROPÉEN DES ANNÉES VINGT À NOS JOURS - Librairie 7L

Cet ouvrage développera globalement le tapis européen en y intégrant la majeure partie des artistes classiques et contemporains. Ce livre décrira chronologiquement les principales tendances du XXe siècle : La période Art Déco de 1920 à 1930 Ivan Da Silva Bruhns, Edouard Benedictus, Emile Gaudissart, Maurice Dufrêne Le style néo-classique de 1930 à 1945 Eugène [&hellip;]

Librairie fondée en 1999 par Karl Lagerfeld à Paris
