{"id":17299,"date":"2023-05-09T17:29:07","date_gmt":"2023-05-09T15:29:07","guid":{"rendered":"https:\/\/librairie7l.com\/?post_type=product&#038;p=17299"},"modified":"2026-04-29T00:54:01","modified_gmt":"2026-04-28T22:54:01","slug":"une-histoire-de-larchitecture-des-xxe-et-xxi-siecles","status":"publish","type":"product","link":"https:\/\/librairie7l.com\/en\/produit\/une-histoire-de-larchitecture-des-xxe-et-xxi-siecles\/","title":{"rendered":"UNE HISTOIRE DE L&#8217;ARCHITECTURE DES XXE ET XXI SI\u00c8CLES"},"content":{"rendered":"<p>Le XXe si\u00e8cle voit l&#8217;\u00e9closion d&#8217;une soci\u00e9t\u00e9 moderne engendrant de nouveaux besoins, de nouveaux mat\u00e9riaux. Au cours de ce si\u00e8cle de grands chantiers et de mouvements artistiques sans pr\u00e9c\u00e9dent dans le monde entier, on assiste aussi \u00e0 une r\u00e9volution dans l&#8217;organisation spatiale qui prend des formes multiples selon les architectes, les pays et les cultures.<br \/>\nL&#8217;un des d\u00e9fis majeurs est de r\u00e9soudre la crise du logement que l&#8217;on retrouve au coeur de tous les programmes et manifestes de ces ann\u00e9es-l\u00e0.<\/p>\n<p>\u00c0 travers l&#8217;architecture, c&#8217;est l&#8217;aventure des femmes et des hommes modernes que l&#8217;on d\u00e9couvre : des entreprises ambitieuses men\u00e9es collectivement par des architectes, en collaboration avec des ing\u00e9nieurs, des urbanistes, des m\u00e9c\u00e8nes&#8230; pour cr\u00e9er des b\u00e2timents \u00e0 l&#8217;\u00e9chelle monumentale, des cit\u00e9s-jardins, des maisons individuelles parfaitement int\u00e9gr\u00e9es \u00e0 la nature ou encore des constructions embl\u00e9matiques.<\/p>\n<p>Dans cet ouvrage richement illustr\u00e9 et outil d&#8217;apprentissage \u00e0 entr\u00e9es multiples, Simon Texier fait le point sur l&#8217;architecture contemporaine en d\u00e9crivant son histoire par un biais th\u00e9matique plut\u00f4t que chronologique, permettant ainsi d&#8217;aborder nombre d&#8217;aspects qui ont anim\u00e9 ce si\u00e8cle foisonnant de cr\u00e9ation et d&#8217;innovation.<\/p>\n","protected":false},"excerpt":{"rendered":"<p>Le XXe si\u00e8cle voit l&#8217;\u00e9closion d&#8217;une soci\u00e9t\u00e9 moderne engendrant de nouveaux besoins, de nouveaux mat\u00e9riaux. Au cours de ce si\u00e8cle de grands chantiers et de mouvements artistiques sans pr\u00e9c\u00e9dent dans le monde entier, on assiste aussi \u00e0 une r\u00e9volution dans l&#8217;organisation spatiale qui prend des formes multiples selon les architectes, les pays et les cultures. [&hellip;]<\/p>\n","protected":false},"featured_media":17297,"template":"","meta":[],"product_cat":[55,2948,22,2950],"product_tag":[],"acf":[],"yoast_head":"<!-- This site is optimized with the Yoast SEO plugin v20.11 - https:\/\/yoast.com\/wordpress\/plugins\/seo\/ -->\n<title>UNE HISTOIRE DE L&#039;ARCHITECTURE DES XXE ET XXI SI\u00c8CLES - Librairie 7L<\/title>\n<meta name=\"robots\" content=\"index, follow, max-snippet:-1, max-image-preview:large, max-video-preview:-1\" \/>\n<link rel=\"canonical\" href=\"https:\/\/librairie7l.com\/en\/produit\/une-histoire-de-larchitecture-des-xxe-et-xxi-siecles\/\" \/>\n<meta property=\"og:locale\" content=\"en_US\" \/>\n<meta property=\"og:type\" content=\"article\" \/>\n<meta property=\"og:title\" content=\"UNE HISTOIRE DE L&#039;ARCHITECTURE DES XXE ET XXI SI\u00c8CLES - Librairie 7L\" \/>\n<meta property=\"og:description\" content=\"Le XXe si\u00e8cle voit l&#8217;\u00e9closion d&#8217;une soci\u00e9t\u00e9 moderne engendrant de nouveaux besoins, de nouveaux mat\u00e9riaux. Au cours de ce si\u00e8cle de grands chantiers et de mouvements artistiques sans pr\u00e9c\u00e9dent dans le monde entier, on assiste aussi \u00e0 une r\u00e9volution dans l&#8217;organisation spatiale qui prend des formes multiples selon les architectes, les pays et les cultures. [&hellip;]\" \/>\n<meta property=\"og:url\" content=\"https:\/\/librairie7l.com\/en\/produit\/une-histoire-de-larchitecture-des-xxe-et-xxi-siecles\/\" \/>\n<meta property=\"og:site_name\" content=\"Librairie 7L\" \/>\n<meta property=\"article:modified_time\" content=\"2026-04-28T22:54:01+00:00\" \/>\n<meta property=\"og:image\" content=\"https:\/\/librairie7l.com\/wp-content\/uploads\/2015\/09\/9791020401052_1_75.jpg\" \/>\n\t<meta property=\"og:image:width\" content=\"1000\" \/>\n\t<meta property=\"og:image:height\" content=\"1288\" \/>\n\t<meta property=\"og:image:type\" content=\"image\/jpeg\" \/>\n<meta name=\"twitter:card\" content=\"summary_large_image\" \/>\n<meta name=\"twitter:label1\" content=\"Est. reading time\" \/>\n\t<meta name=\"twitter:data1\" content=\"1 minute\" \/>\n<script type=\"application\/ld+json\" class=\"yoast-schema-graph\">{\"@context\":\"https:\/\/schema.org\",\"@graph\":[{\"@type\":\"WebPage\",\"@id\":\"https:\/\/librairie7l.com\/en\/produit\/une-histoire-de-larchitecture-des-xxe-et-xxi-siecles\/\",\"url\":\"https:\/\/librairie7l.com\/en\/produit\/une-histoire-de-larchitecture-des-xxe-et-xxi-siecles\/\",\"name\":\"UNE HISTOIRE DE L'ARCHITECTURE DES XXE ET XXI SI\u00c8CLES - Librairie 7L\",\"isPartOf\":{\"@id\":\"https:\/\/librairie7l.com\/en\/#website\"},\"datePublished\":\"2023-05-09T15:29:07+00:00\",\"dateModified\":\"2026-04-28T22:54:01+00:00\",\"breadcrumb\":{\"@id\":\"https:\/\/librairie7l.com\/en\/produit\/une-histoire-de-larchitecture-des-xxe-et-xxi-siecles\/#breadcrumb\"},\"inLanguage\":\"en-US\",\"potentialAction\":[{\"@type\":\"ReadAction\",\"target\":[\"https:\/\/librairie7l.com\/en\/produit\/une-histoire-de-larchitecture-des-xxe-et-xxi-siecles\/\"]}]},{\"@type\":\"BreadcrumbList\",\"@id\":\"https:\/\/librairie7l.com\/en\/produit\/une-histoire-de-larchitecture-des-xxe-et-xxi-siecles\/#breadcrumb\",\"itemListElement\":[{\"@type\":\"ListItem\",\"position\":1,\"name\":\"Accueil\",\"item\":\"https:\/\/librairie7l.com\/en\/\"},{\"@type\":\"ListItem\",\"position\":2,\"name\":\"Shop\",\"item\":\"https:\/\/librairie7l.com\/en\/shop\/\"},{\"@type\":\"ListItem\",\"position\":3,\"name\":\"UNE HISTOIRE DE L&#8217;ARCHITECTURE DES XXE ET XXI SI\u00c8CLES\"}]},{\"@type\":\"WebSite\",\"@id\":\"https:\/\/librairie7l.com\/en\/#website\",\"url\":\"https:\/\/librairie7l.com\/en\/\",\"name\":\"Librairie 7L\",\"description\":\"Librairie fond\u00e9e en 1999 par Karl Lagerfeld \u00e0 Paris\",\"publisher\":{\"@id\":\"https:\/\/librairie7l.com\/en\/#organization\"},\"potentialAction\":[{\"@type\":\"SearchAction\",\"target\":{\"@type\":\"EntryPoint\",\"urlTemplate\":\"https:\/\/librairie7l.com\/en\/?s={search_term_string}\"},\"query-input\":\"required name=search_term_string\"}],\"inLanguage\":\"en-US\"},{\"@type\":\"Organization\",\"@id\":\"https:\/\/librairie7l.com\/en\/#organization\",\"name\":\"Librairie 7L\",\"url\":\"https:\/\/librairie7l.com\/en\/\",\"logo\":{\"@type\":\"ImageObject\",\"inLanguage\":\"en-US\",\"@id\":\"https:\/\/librairie7l.com\/en\/#\/schema\/logo\/image\/\",\"url\":\"https:\/\/librairie7l.com\/wp-content\/uploads\/2022\/08\/logo-1.png\",\"contentUrl\":\"https:\/\/librairie7l.com\/wp-content\/uploads\/2022\/08\/logo-1.png\",\"width\":227,\"height\":301,\"caption\":\"Librairie 7L\"},\"image\":{\"@id\":\"https:\/\/librairie7l.com\/en\/#\/schema\/logo\/image\/\"}}]}<\/script>\n<!-- \/ Yoast SEO plugin. -->","yoast_head_json":{"title":"UNE HISTOIRE DE L'ARCHITECTURE DES XXE ET XXI SI\u00c8CLES - Librairie 7L","robots":{"index":"index","follow":"follow","max-snippet":"max-snippet:-1","max-image-preview":"max-image-preview:large","max-video-preview":"max-video-preview:-1"},"canonical":"https:\/\/librairie7l.com\/en\/produit\/une-histoire-de-larchitecture-des-xxe-et-xxi-siecles\/","og_locale":"en_US","og_type":"article","og_title":"UNE HISTOIRE DE L'ARCHITECTURE DES XXE ET XXI SI\u00c8CLES - Librairie 7L","og_description":"Le XXe si\u00e8cle voit l&#8217;\u00e9closion d&#8217;une soci\u00e9t\u00e9 moderne engendrant de nouveaux besoins, de nouveaux mat\u00e9riaux. Au cours de ce si\u00e8cle de grands chantiers et de mouvements artistiques sans pr\u00e9c\u00e9dent dans le monde entier, on assiste aussi \u00e0 une r\u00e9volution dans l&#8217;organisation spatiale qui prend des formes multiples selon les architectes, les pays et les cultures. [&hellip;]","og_url":"https:\/\/librairie7l.com\/en\/produit\/une-histoire-de-larchitecture-des-xxe-et-xxi-siecles\/","og_site_name":"Librairie 7L","article_modified_time":"2026-04-28T22:54:01+00:00","og_image":[{"width":1000,"height":1288,"url":"https:\/\/librairie7l.com\/wp-content\/uploads\/2015\/09\/9791020401052_1_75.jpg","type":"image\/jpeg"}],"twitter_card":"summary_large_image","twitter_misc":{"Est. reading time":"1 minute"},"schema":{"@context":"https:\/\/schema.org","@graph":[{"@type":"WebPage","@id":"https:\/\/librairie7l.com\/en\/produit\/une-histoire-de-larchitecture-des-xxe-et-xxi-siecles\/","url":"https:\/\/librairie7l.com\/en\/produit\/une-histoire-de-larchitecture-des-xxe-et-xxi-siecles\/","name":"UNE HISTOIRE DE L'ARCHITECTURE DES XXE ET XXI SI\u00c8CLES - Librairie 7L","isPartOf":{"@id":"https:\/\/librairie7l.com\/en\/#website"},"datePublished":"2023-05-09T15:29:07+00:00","dateModified":"2026-04-28T22:54:01+00:00","breadcrumb":{"@id":"https:\/\/librairie7l.com\/en\/produit\/une-histoire-de-larchitecture-des-xxe-et-xxi-siecles\/#breadcrumb"},"inLanguage":"en-US","potentialAction":[{"@type":"ReadAction","target":["https:\/\/librairie7l.com\/en\/produit\/une-histoire-de-larchitecture-des-xxe-et-xxi-siecles\/"]}]},{"@type":"BreadcrumbList","@id":"https:\/\/librairie7l.com\/en\/produit\/une-histoire-de-larchitecture-des-xxe-et-xxi-siecles\/#breadcrumb","itemListElement":[{"@type":"ListItem","position":1,"name":"Accueil","item":"https:\/\/librairie7l.com\/en\/"},{"@type":"ListItem","position":2,"name":"Shop","item":"https:\/\/librairie7l.com\/en\/shop\/"},{"@type":"ListItem","position":3,"name":"UNE HISTOIRE DE L&#8217;ARCHITECTURE DES XXE ET XXI SI\u00c8CLES"}]},{"@type":"WebSite","@id":"https:\/\/librairie7l.com\/en\/#website","url":"https:\/\/librairie7l.com\/en\/","name":"Librairie 7L","description":"Librairie fond\u00e9e en 1999 par Karl Lagerfeld \u00e0 Paris","publisher":{"@id":"https:\/\/librairie7l.com\/en\/#organization"},"potentialAction":[{"@type":"SearchAction","target":{"@type":"EntryPoint","urlTemplate":"https:\/\/librairie7l.com\/en\/?s={search_term_string}"},"query-input":"required name=search_term_string"}],"inLanguage":"en-US"},{"@type":"Organization","@id":"https:\/\/librairie7l.com\/en\/#organization","name":"Librairie 7L","url":"https:\/\/librairie7l.com\/en\/","logo":{"@type":"ImageObject","inLanguage":"en-US","@id":"https:\/\/librairie7l.com\/en\/#\/schema\/logo\/image\/","url":"https:\/\/librairie7l.com\/wp-content\/uploads\/2022\/08\/logo-1.png","contentUrl":"https:\/\/librairie7l.com\/wp-content\/uploads\/2022\/08\/logo-1.png","width":227,"height":301,"caption":"Librairie 7L"},"image":{"@id":"https:\/\/librairie7l.com\/en\/#\/schema\/logo\/image\/"}}]}},"_links":{"self":[{"href":"https:\/\/librairie7l.com\/en\/wp-json\/wp\/v2\/product\/17299"}],"collection":[{"href":"https:\/\/librairie7l.com\/en\/wp-json\/wp\/v2\/product"}],"about":[{"href":"https:\/\/librairie7l.com\/en\/wp-json\/wp\/v2\/types\/product"}],"wp:featuredmedia":[{"embeddable":true,"href":"https:\/\/librairie7l.com\/en\/wp-json\/wp\/v2\/media\/17297"}],"wp:attachment":[{"href":"https:\/\/librairie7l.com\/en\/wp-json\/wp\/v2\/media?parent=17299"}],"wp:term":[{"taxonomy":"product_cat","embeddable":true,"href":"https:\/\/librairie7l.com\/en\/wp-json\/wp\/v2\/product_cat?post=17299"},{"taxonomy":"product_tag","embeddable":true,"href":"https:\/\/librairie7l.com\/en\/wp-json\/wp\/v2\/product_tag?post=17299"}],"curies":[{"name":"wp","href":"https:\/\/api.w.org\/{rel}","templated":true}]}}

UNE HISTOIRE DE L&#8217;ARCHITECTURE DES XXE ET XXI SIÈCLES

<p>Le XXe siècle voit l&#8217;éclosion d&#8217;une société moderne engendrant de nouveaux besoins, de nouveaux matériaux. Au cours de ce siècle de grands chantiers et de mouvements artistiques sans précédent dans le monde entier, on assiste aussi à une révolution dans l&#8217;organisation spatiale qui prend des formes multiples selon les architectes, les pays et les cultures.<br />
L&#8217;un des défis majeurs est de résoudre la crise du logement que l&#8217;on retrouve au coeur de tous les programmes et manifestes de ces années-là.</p>
<p>À travers l&#8217;architecture, c&#8217;est l&#8217;aventure des femmes et des hommes modernes que l&#8217;on découvre : des entreprises ambitieuses menées collectivement par des architectes, en collaboration avec des ingénieurs, des urbanistes, des mécènes&#8230; pour créer des bâtiments à l&#8217;échelle monumentale, des cités-jardins, des maisons individuelles parfaitement intégrées à la nature ou encore des constructions emblématiques.</p>
<p>Dans cet ouvrage richement illustré et outil d&#8217;apprentissage à entrées multiples, Simon Texier fait le point sur l&#8217;architecture contemporaine en décrivant son histoire par un biais thématique plutôt que chronologique, permettant ainsi d&#8217;aborder nombre d&#8217;aspects qui ont animé ce siècle foisonnant de création et d&#8217;innovation.</p>

<p>Le XXe siècle voit l&#8217;éclosion d&#8217;une société moderne engendrant de nouveaux besoins, de nouveaux matériaux. Au cours de ce siècle de grands chantiers et de mouvements artistiques sans précédent dans le monde entier, on assiste aussi à une révolution dans l&#8217;organisation spatiale qui prend des formes multiples selon les architectes, les pays et les cultures. [&hellip;]</p>

<!-- This site is optimized with the Yoast SEO plugin v20.11 - https://yoast.com/wordpress/plugins/seo/ -->
<title>UNE HISTOIRE DE L&#039;ARCHITECTURE DES XXE ET XXI SIÈCLES - Librairie 7L</title>
<meta name="robots" content="index, follow, max-snippet:-1, max-image-preview:large, max-video-preview:-1" />
<link rel="canonical" href="https://librairie7l.com/en/produit/une-histoire-de-larchitecture-des-xxe-et-xxi-siecles/" />
<meta property="og:locale" content="en_US" />
<meta property="og:type" content="article" />
<meta property="og:title" content="UNE HISTOIRE DE L&#039;ARCHITECTURE DES XXE ET XXI SIÈCLES - Librairie 7L" />
<meta property="og:description" content="Le XXe siècle voit l&#8217;éclosion d&#8217;une société moderne engendrant de nouveaux besoins, de nouveaux matériaux. Au cours de ce siècle de grands chantiers et de mouvements artistiques sans précédent dans le monde entier, on assiste aussi à une révolution dans l&#8217;organisation spatiale qui prend des formes multiples selon les architectes, les pays et les cultures. [&hellip;]" />
<meta property="og:url" content="https://librairie7l.com/en/produit/une-histoire-de-larchitecture-des-xxe-et-xxi-siecles/" />
<meta property="og:site_name" content="Librairie 7L" />
<meta property="article:modified_time" content="2026-04-28T22:54:01+00:00" />
<meta property="og:image" content="https://librairie7l.com/wp-content/uploads/2015/09/9791020401052_1_75.jpg" />
	<meta property="og:image:width" content="1000" />
	<meta property="og:image:height" content="1288" />
	<meta property="og:image:type" content="image/jpeg" />
<meta name="twitter:card" content="summary_large_image" />
<meta name="twitter:label1" content="Est. reading time" />
	<meta name="twitter:data1" content="1 minute" />
<script type="application/ld+json" class="yoast-schema-graph">{"@context":"https://schema.org","@graph":[{"@type":"WebPage","@id":"https://librairie7l.com/en/produit/une-histoire-de-larchitecture-des-xxe-et-xxi-siecles/","url":"https://librairie7l.com/en/produit/une-histoire-de-larchitecture-des-xxe-et-xxi-siecles/","name":"UNE HISTOIRE DE L'ARCHITECTURE DES XXE ET XXI SIÈCLES - Librairie 7L","isPartOf":{"@id":"https://librairie7l.com/en/#website"},"datePublished":"2023-05-09T15:29:07+00:00","dateModified":"2026-04-28T22:54:01+00:00","breadcrumb":{"@id":"https://librairie7l.com/en/produit/une-histoire-de-larchitecture-des-xxe-et-xxi-siecles/#breadcrumb"},"inLanguage":"en-US","potentialAction":[{"@type":"ReadAction","target":["https://librairie7l.com/en/produit/une-histoire-de-larchitecture-des-xxe-et-xxi-siecles/"]}]},{"@type":"BreadcrumbList","@id":"https://librairie7l.com/en/produit/une-histoire-de-larchitecture-des-xxe-et-xxi-siecles/#breadcrumb","itemListElement":[{"@type":"ListItem","position":1,"name":"Accueil","item":"https://librairie7l.com/en/"},{"@type":"ListItem","position":2,"name":"Shop","item":"https://librairie7l.com/en/shop/"},{"@type":"ListItem","position":3,"name":"UNE HISTOIRE DE L&#8217;ARCHITECTURE DES XXE ET XXI SIÈCLES"}]},{"@type":"WebSite","@id":"https://librairie7l.com/en/#website","url":"https://librairie7l.com/en/","name":"Librairie 7L","description":"Librairie fondée en 1999 par Karl Lagerfeld à Paris","publisher":{"@id":"https://librairie7l.com/en/#organization"},"potentialAction":[{"@type":"SearchAction","target":{"@type":"EntryPoint","urlTemplate":"https://librairie7l.com/en/?s={search_term_string}"},"query-input":"required name=search_term_string"}],"inLanguage":"en-US"},{"@type":"Organization","@id":"https://librairie7l.com/en/#organization","name":"Librairie 7L","url":"https://librairie7l.com/en/","logo":{"@type":"ImageObject","inLanguage":"en-US","@id":"https://librairie7l.com/en/#/schema/logo/image/","url":"https://librairie7l.com/wp-content/uploads/2022/08/logo-1.png","contentUrl":"https://librairie7l.com/wp-content/uploads/2022/08/logo-1.png","width":227,"height":301,"caption":"Librairie 7L"},"image":{"@id":"https://librairie7l.com/en/#/schema/logo/image/"}}]}</script>
<!-- / Yoast SEO plugin. -->

UNE HISTOIRE DE L'ARCHITECTURE DES XXE ET XXI SIÈCLES - Librairie 7L

Le XXe siècle voit l&#8217;éclosion d&#8217;une société moderne engendrant de nouveaux besoins, de nouveaux matériaux. Au cours de ce siècle de grands chantiers et de mouvements artistiques sans précédent dans le monde entier, on assiste aussi à une révolution dans l&#8217;organisation spatiale qui prend des formes multiples selon les architectes, les pays et les cultures. [&hellip;]

Librairie fondée en 1999 par Karl Lagerfeld à Paris
