{"id":17451,"date":"2023-05-09T17:31:14","date_gmt":"2023-05-09T15:31:14","guid":{"rendered":"https:\/\/librairie7l.com\/?post_type=product&#038;p=17451"},"modified":"2026-04-30T04:38:29","modified_gmt":"2026-04-30T02:38:29","slug":"nestor-perkal","status":"publish","type":"product","link":"https:\/\/librairie7l.com\/en\/produit\/nestor-perkal\/","title":{"rendered":"NESTOR PERKAL"},"content":{"rendered":"<p>Nestor Perkal est un artiste polyvalent ayant multipli\u00e9 ses activit\u00e9s depuis les ann\u00e9es 70. Designer de mobilier, d&#8217;objets  et de luminaires, architecte d&#8217;int\u00e9rieur, sc\u00e9nographe, commissaire d&#8217;expositions et directeur artistique, il porte \u00e0 lui seul, plus de 45 ans de savoir-faire et de recherches. Cette premi\u00e8re monographie r\u00e9alis\u00e9e \u00e0 son sujet \u00e0 pour dessein de retranscrire ce parcours hors-norme, de la mani\u00e8re la plus exhaustive possible. C&#8217;est en 1978 et tout juste dipl\u00f4m\u00e9 que Nestor Perkal quitte sa terre natale, l&#8217;Argentine afin de s&#8217;installer en France.  Il s&#8217;\u00e9panouit d&#8217;abord \u00e0 Paris en tant que cr\u00e9ateur ind\u00e9pendant en \u00e9ditant ses propres pi\u00e8ces de mobilier. En parall\u00e8le,  il ouvre une galerie et est le premier \u00e0 repr\u00e9senter Memphis. Ses cr\u00e9ations personnelles sont pr\u00e9sent\u00e9es en 1985, \u00e0  l&#8217;exposition \u00ab Vivre en couleurs \u00bb de la Fondation Cartier. \u00c0 Limoges, ensuite, il est au service de l&#8217;institution publique, directeur du Craft, centre de recherche sur les arts du feu et de la terre.  Une communaut\u00e9 artistique se fait jour autour de lui. Il collabore et entretient des relations fid\u00e8les avec nombre  de cr\u00e9ateurs, designers, artistes, mais aussi fabricants, commanditaires et collectionneurs. Durant presque dix ans, il travaille par exemple, en bonne entente avec le photographe Didier Cazabon. Riche de ces exp\u00e9riences, qui l&#8217;ont men\u00e9 \u00e0 d\u00e9velopper ses diff\u00e9rentes pratiques, Nestor Perkal a forg\u00e9 un savoir-faire coh\u00e9rent et en accord avec son \u00e9poque.<br \/>\nPlus encore, il a jou\u00e9 et joue encore un r\u00f4le essentiel dans la promotion et la production contemporaines de designers, architectes et artistes. La sortie du livre est soutenue par deux \u00e9v\u00e9nements li\u00e9s aux Arts d\u00e9coratifs : l&#8217;exposition \u00ab Ann\u00e9es 80. Mode, design &amp; graphisme en France \u00bb, au Mus\u00e9e des Arts D\u00e9coratifs de Paris, du 13 octobre 2022 au 16 avril 2023, puis une exposition des oeuvres de l&#8217;artiste au mus\u00e9e des Arts d\u00e9coratifs de Bordeaux, en octobre 2022.<\/p>\n","protected":false},"excerpt":{"rendered":"<p>Nestor Perkal est un artiste polyvalent ayant multipli\u00e9 ses activit\u00e9s depuis les ann\u00e9es 70. Designer de mobilier, d&#8217;objets et de luminaires, architecte d&#8217;int\u00e9rieur, sc\u00e9nographe, commissaire d&#8217;expositions et directeur artistique, il porte \u00e0 lui seul, plus de 45 ans de savoir-faire et de recherches. Cette premi\u00e8re monographie r\u00e9alis\u00e9e \u00e0 son sujet \u00e0 pour dessein de retranscrire [&hellip;]<\/p>\n","protected":false},"featured_media":17449,"template":"","meta":[],"product_cat":[55,2948,18,2952],"product_tag":[],"acf":[],"yoast_head":"<!-- This site is optimized with the Yoast SEO plugin v20.11 - https:\/\/yoast.com\/wordpress\/plugins\/seo\/ -->\n<title>NESTOR PERKAL - Librairie 7L<\/title>\n<meta name=\"robots\" content=\"index, follow, max-snippet:-1, max-image-preview:large, max-video-preview:-1\" \/>\n<link rel=\"canonical\" href=\"https:\/\/librairie7l.com\/en\/produit\/nestor-perkal\/\" \/>\n<meta property=\"og:locale\" content=\"en_US\" \/>\n<meta property=\"og:type\" content=\"article\" \/>\n<meta property=\"og:title\" content=\"NESTOR PERKAL - Librairie 7L\" \/>\n<meta property=\"og:description\" content=\"Nestor Perkal est un artiste polyvalent ayant multipli\u00e9 ses activit\u00e9s depuis les ann\u00e9es 70. Designer de mobilier, d&#8217;objets et de luminaires, architecte d&#8217;int\u00e9rieur, sc\u00e9nographe, commissaire d&#8217;expositions et directeur artistique, il porte \u00e0 lui seul, plus de 45 ans de savoir-faire et de recherches. Cette premi\u00e8re monographie r\u00e9alis\u00e9e \u00e0 son sujet \u00e0 pour dessein de retranscrire [&hellip;]\" \/>\n<meta property=\"og:url\" content=\"https:\/\/librairie7l.com\/en\/produit\/nestor-perkal\/\" \/>\n<meta property=\"og:site_name\" content=\"Librairie 7L\" \/>\n<meta property=\"article:modified_time\" content=\"2026-04-30T02:38:29+00:00\" \/>\n<meta property=\"og:image\" content=\"https:\/\/librairie7l.com\/wp-content\/uploads\/2022\/11\/9782376660682_1_75.jpg\" \/>\n\t<meta property=\"og:image:width\" content=\"590\" \/>\n\t<meta property=\"og:image:height\" content=\"800\" \/>\n\t<meta property=\"og:image:type\" content=\"image\/jpeg\" \/>\n<meta name=\"twitter:card\" content=\"summary_large_image\" \/>\n<meta name=\"twitter:label1\" content=\"Est. reading time\" \/>\n\t<meta name=\"twitter:data1\" content=\"2 minutes\" \/>\n<script type=\"application\/ld+json\" class=\"yoast-schema-graph\">{\"@context\":\"https:\/\/schema.org\",\"@graph\":[{\"@type\":\"WebPage\",\"@id\":\"https:\/\/librairie7l.com\/en\/produit\/nestor-perkal\/\",\"url\":\"https:\/\/librairie7l.com\/en\/produit\/nestor-perkal\/\",\"name\":\"NESTOR PERKAL - Librairie 7L\",\"isPartOf\":{\"@id\":\"https:\/\/librairie7l.com\/en\/#website\"},\"datePublished\":\"2023-05-09T15:31:14+00:00\",\"dateModified\":\"2026-04-30T02:38:29+00:00\",\"breadcrumb\":{\"@id\":\"https:\/\/librairie7l.com\/en\/produit\/nestor-perkal\/#breadcrumb\"},\"inLanguage\":\"en-US\",\"potentialAction\":[{\"@type\":\"ReadAction\",\"target\":[\"https:\/\/librairie7l.com\/en\/produit\/nestor-perkal\/\"]}]},{\"@type\":\"BreadcrumbList\",\"@id\":\"https:\/\/librairie7l.com\/en\/produit\/nestor-perkal\/#breadcrumb\",\"itemListElement\":[{\"@type\":\"ListItem\",\"position\":1,\"name\":\"Accueil\",\"item\":\"https:\/\/librairie7l.com\/en\/\"},{\"@type\":\"ListItem\",\"position\":2,\"name\":\"Shop\",\"item\":\"https:\/\/librairie7l.com\/en\/shop\/\"},{\"@type\":\"ListItem\",\"position\":3,\"name\":\"NESTOR PERKAL\"}]},{\"@type\":\"WebSite\",\"@id\":\"https:\/\/librairie7l.com\/en\/#website\",\"url\":\"https:\/\/librairie7l.com\/en\/\",\"name\":\"Librairie 7L\",\"description\":\"Librairie fond\u00e9e en 1999 par Karl Lagerfeld \u00e0 Paris\",\"publisher\":{\"@id\":\"https:\/\/librairie7l.com\/en\/#organization\"},\"potentialAction\":[{\"@type\":\"SearchAction\",\"target\":{\"@type\":\"EntryPoint\",\"urlTemplate\":\"https:\/\/librairie7l.com\/en\/?s={search_term_string}\"},\"query-input\":\"required name=search_term_string\"}],\"inLanguage\":\"en-US\"},{\"@type\":\"Organization\",\"@id\":\"https:\/\/librairie7l.com\/en\/#organization\",\"name\":\"Librairie 7L\",\"url\":\"https:\/\/librairie7l.com\/en\/\",\"logo\":{\"@type\":\"ImageObject\",\"inLanguage\":\"en-US\",\"@id\":\"https:\/\/librairie7l.com\/en\/#\/schema\/logo\/image\/\",\"url\":\"https:\/\/librairie7l.com\/wp-content\/uploads\/2022\/08\/logo-1.png\",\"contentUrl\":\"https:\/\/librairie7l.com\/wp-content\/uploads\/2022\/08\/logo-1.png\",\"width\":227,\"height\":301,\"caption\":\"Librairie 7L\"},\"image\":{\"@id\":\"https:\/\/librairie7l.com\/en\/#\/schema\/logo\/image\/\"}}]}<\/script>\n<!-- \/ Yoast SEO plugin. -->","yoast_head_json":{"title":"NESTOR PERKAL - Librairie 7L","robots":{"index":"index","follow":"follow","max-snippet":"max-snippet:-1","max-image-preview":"max-image-preview:large","max-video-preview":"max-video-preview:-1"},"canonical":"https:\/\/librairie7l.com\/en\/produit\/nestor-perkal\/","og_locale":"en_US","og_type":"article","og_title":"NESTOR PERKAL - Librairie 7L","og_description":"Nestor Perkal est un artiste polyvalent ayant multipli\u00e9 ses activit\u00e9s depuis les ann\u00e9es 70. Designer de mobilier, d&#8217;objets et de luminaires, architecte d&#8217;int\u00e9rieur, sc\u00e9nographe, commissaire d&#8217;expositions et directeur artistique, il porte \u00e0 lui seul, plus de 45 ans de savoir-faire et de recherches. Cette premi\u00e8re monographie r\u00e9alis\u00e9e \u00e0 son sujet \u00e0 pour dessein de retranscrire [&hellip;]","og_url":"https:\/\/librairie7l.com\/en\/produit\/nestor-perkal\/","og_site_name":"Librairie 7L","article_modified_time":"2026-04-30T02:38:29+00:00","og_image":[{"width":590,"height":800,"url":"https:\/\/librairie7l.com\/wp-content\/uploads\/2022\/11\/9782376660682_1_75.jpg","type":"image\/jpeg"}],"twitter_card":"summary_large_image","twitter_misc":{"Est. reading time":"2 minutes"},"schema":{"@context":"https:\/\/schema.org","@graph":[{"@type":"WebPage","@id":"https:\/\/librairie7l.com\/en\/produit\/nestor-perkal\/","url":"https:\/\/librairie7l.com\/en\/produit\/nestor-perkal\/","name":"NESTOR PERKAL - Librairie 7L","isPartOf":{"@id":"https:\/\/librairie7l.com\/en\/#website"},"datePublished":"2023-05-09T15:31:14+00:00","dateModified":"2026-04-30T02:38:29+00:00","breadcrumb":{"@id":"https:\/\/librairie7l.com\/en\/produit\/nestor-perkal\/#breadcrumb"},"inLanguage":"en-US","potentialAction":[{"@type":"ReadAction","target":["https:\/\/librairie7l.com\/en\/produit\/nestor-perkal\/"]}]},{"@type":"BreadcrumbList","@id":"https:\/\/librairie7l.com\/en\/produit\/nestor-perkal\/#breadcrumb","itemListElement":[{"@type":"ListItem","position":1,"name":"Accueil","item":"https:\/\/librairie7l.com\/en\/"},{"@type":"ListItem","position":2,"name":"Shop","item":"https:\/\/librairie7l.com\/en\/shop\/"},{"@type":"ListItem","position":3,"name":"NESTOR PERKAL"}]},{"@type":"WebSite","@id":"https:\/\/librairie7l.com\/en\/#website","url":"https:\/\/librairie7l.com\/en\/","name":"Librairie 7L","description":"Librairie fond\u00e9e en 1999 par Karl Lagerfeld \u00e0 Paris","publisher":{"@id":"https:\/\/librairie7l.com\/en\/#organization"},"potentialAction":[{"@type":"SearchAction","target":{"@type":"EntryPoint","urlTemplate":"https:\/\/librairie7l.com\/en\/?s={search_term_string}"},"query-input":"required name=search_term_string"}],"inLanguage":"en-US"},{"@type":"Organization","@id":"https:\/\/librairie7l.com\/en\/#organization","name":"Librairie 7L","url":"https:\/\/librairie7l.com\/en\/","logo":{"@type":"ImageObject","inLanguage":"en-US","@id":"https:\/\/librairie7l.com\/en\/#\/schema\/logo\/image\/","url":"https:\/\/librairie7l.com\/wp-content\/uploads\/2022\/08\/logo-1.png","contentUrl":"https:\/\/librairie7l.com\/wp-content\/uploads\/2022\/08\/logo-1.png","width":227,"height":301,"caption":"Librairie 7L"},"image":{"@id":"https:\/\/librairie7l.com\/en\/#\/schema\/logo\/image\/"}}]}},"_links":{"self":[{"href":"https:\/\/librairie7l.com\/en\/wp-json\/wp\/v2\/product\/17451"}],"collection":[{"href":"https:\/\/librairie7l.com\/en\/wp-json\/wp\/v2\/product"}],"about":[{"href":"https:\/\/librairie7l.com\/en\/wp-json\/wp\/v2\/types\/product"}],"wp:featuredmedia":[{"embeddable":true,"href":"https:\/\/librairie7l.com\/en\/wp-json\/wp\/v2\/media\/17449"}],"wp:attachment":[{"href":"https:\/\/librairie7l.com\/en\/wp-json\/wp\/v2\/media?parent=17451"}],"wp:term":[{"taxonomy":"product_cat","embeddable":true,"href":"https:\/\/librairie7l.com\/en\/wp-json\/wp\/v2\/product_cat?post=17451"},{"taxonomy":"product_tag","embeddable":true,"href":"https:\/\/librairie7l.com\/en\/wp-json\/wp\/v2\/product_tag?post=17451"}],"curies":[{"name":"wp","href":"https:\/\/api.w.org\/{rel}","templated":true}]}}

<p>Nestor Perkal est un artiste polyvalent ayant multiplié ses activités depuis les années 70. Designer de mobilier, d&#8217;objets  et de luminaires, architecte d&#8217;intérieur, scénographe, commissaire d&#8217;expositions et directeur artistique, il porte à lui seul, plus de 45 ans de savoir-faire et de recherches. Cette première monographie réalisée à son sujet à pour dessein de retranscrire ce parcours hors-norme, de la manière la plus exhaustive possible. C&#8217;est en 1978 et tout juste diplômé que Nestor Perkal quitte sa terre natale, l&#8217;Argentine afin de s&#8217;installer en France.  Il s&#8217;épanouit d&#8217;abord à Paris en tant que créateur indépendant en éditant ses propres pièces de mobilier. En parallèle,  il ouvre une galerie et est le premier à représenter Memphis. Ses créations personnelles sont présentées en 1985, à  l&#8217;exposition « Vivre en couleurs » de la Fondation Cartier. À Limoges, ensuite, il est au service de l&#8217;institution publique, directeur du Craft, centre de recherche sur les arts du feu et de la terre.  Une communauté artistique se fait jour autour de lui. Il collabore et entretient des relations fidèles avec nombre  de créateurs, designers, artistes, mais aussi fabricants, commanditaires et collectionneurs. Durant presque dix ans, il travaille par exemple, en bonne entente avec le photographe Didier Cazabon. Riche de ces expériences, qui l&#8217;ont mené à développer ses différentes pratiques, Nestor Perkal a forgé un savoir-faire cohérent et en accord avec son époque.<br />
Plus encore, il a joué et joue encore un rôle essentiel dans la promotion et la production contemporaines de designers, architectes et artistes. La sortie du livre est soutenue par deux événements liés aux Arts décoratifs : l&#8217;exposition « Années 80. Mode, design &amp; graphisme en France », au Musée des Arts Décoratifs de Paris, du 13 octobre 2022 au 16 avril 2023, puis une exposition des oeuvres de l&#8217;artiste au musée des Arts décoratifs de Bordeaux, en octobre 2022.</p>

<p>Nestor Perkal est un artiste polyvalent ayant multiplié ses activités depuis les années 70. Designer de mobilier, d&#8217;objets et de luminaires, architecte d&#8217;intérieur, scénographe, commissaire d&#8217;expositions et directeur artistique, il porte à lui seul, plus de 45 ans de savoir-faire et de recherches. Cette première monographie réalisée à son sujet à pour dessein de retranscrire [&hellip;]</p>

<!-- This site is optimized with the Yoast SEO plugin v20.11 - https://yoast.com/wordpress/plugins/seo/ -->
<title>NESTOR PERKAL - Librairie 7L</title>
<meta name="robots" content="index, follow, max-snippet:-1, max-image-preview:large, max-video-preview:-1" />
<link rel="canonical" href="https://librairie7l.com/en/produit/nestor-perkal/" />
<meta property="og:locale" content="en_US" />
<meta property="og:type" content="article" />
<meta property="og:title" content="NESTOR PERKAL - Librairie 7L" />
<meta property="og:description" content="Nestor Perkal est un artiste polyvalent ayant multiplié ses activités depuis les années 70. Designer de mobilier, d&#8217;objets et de luminaires, architecte d&#8217;intérieur, scénographe, commissaire d&#8217;expositions et directeur artistique, il porte à lui seul, plus de 45 ans de savoir-faire et de recherches. Cette première monographie réalisée à son sujet à pour dessein de retranscrire [&hellip;]" />
<meta property="og:url" content="https://librairie7l.com/en/produit/nestor-perkal/" />
<meta property="og:site_name" content="Librairie 7L" />
<meta property="article:modified_time" content="2026-04-30T02:38:29+00:00" />
<meta property="og:image" content="https://librairie7l.com/wp-content/uploads/2022/11/9782376660682_1_75.jpg" />
	<meta property="og:image:width" content="590" />
	<meta property="og:image:height" content="800" />
	<meta property="og:image:type" content="image/jpeg" />
<meta name="twitter:card" content="summary_large_image" />
<meta name="twitter:label1" content="Est. reading time" />
	<meta name="twitter:data1" content="2 minutes" />
<script type="application/ld+json" class="yoast-schema-graph">{"@context":"https://schema.org","@graph":[{"@type":"WebPage","@id":"https://librairie7l.com/en/produit/nestor-perkal/","url":"https://librairie7l.com/en/produit/nestor-perkal/","name":"NESTOR PERKAL - Librairie 7L","isPartOf":{"@id":"https://librairie7l.com/en/#website"},"datePublished":"2023-05-09T15:31:14+00:00","dateModified":"2026-04-30T02:38:29+00:00","breadcrumb":{"@id":"https://librairie7l.com/en/produit/nestor-perkal/#breadcrumb"},"inLanguage":"en-US","potentialAction":[{"@type":"ReadAction","target":["https://librairie7l.com/en/produit/nestor-perkal/"]}]},{"@type":"BreadcrumbList","@id":"https://librairie7l.com/en/produit/nestor-perkal/#breadcrumb","itemListElement":[{"@type":"ListItem","position":1,"name":"Accueil","item":"https://librairie7l.com/en/"},{"@type":"ListItem","position":2,"name":"Shop","item":"https://librairie7l.com/en/shop/"},{"@type":"ListItem","position":3,"name":"NESTOR PERKAL"}]},{"@type":"WebSite","@id":"https://librairie7l.com/en/#website","url":"https://librairie7l.com/en/","name":"Librairie 7L","description":"Librairie fondée en 1999 par Karl Lagerfeld à Paris","publisher":{"@id":"https://librairie7l.com/en/#organization"},"potentialAction":[{"@type":"SearchAction","target":{"@type":"EntryPoint","urlTemplate":"https://librairie7l.com/en/?s={search_term_string}"},"query-input":"required name=search_term_string"}],"inLanguage":"en-US"},{"@type":"Organization","@id":"https://librairie7l.com/en/#organization","name":"Librairie 7L","url":"https://librairie7l.com/en/","logo":{"@type":"ImageObject","inLanguage":"en-US","@id":"https://librairie7l.com/en/#/schema/logo/image/","url":"https://librairie7l.com/wp-content/uploads/2022/08/logo-1.png","contentUrl":"https://librairie7l.com/wp-content/uploads/2022/08/logo-1.png","width":227,"height":301,"caption":"Librairie 7L"},"image":{"@id":"https://librairie7l.com/en/#/schema/logo/image/"}}]}</script>
<!-- / Yoast SEO plugin. -->

Nestor Perkal est un artiste polyvalent ayant multiplié ses activités depuis les années 70. Designer de mobilier, d&#8217;objets et de luminaires, architecte d&#8217;intérieur, scénographe, commissaire d&#8217;expositions et directeur artistique, il porte à lui seul, plus de 45 ans de savoir-faire et de recherches. Cette première monographie réalisée à son sujet à pour dessein de retranscrire [&hellip;]

Librairie fondée en 1999 par Karl Lagerfeld à Paris
