{"id":17879,"date":"2023-05-09T17:37:12","date_gmt":"2023-05-09T15:37:12","guid":{"rendered":"https:\/\/librairie7l.com\/?post_type=product&#038;p=17879"},"modified":"2026-04-28T23:26:19","modified_gmt":"2026-04-28T21:26:19","slug":"geste-s-n2-eloge-du-vegetal","status":"publish","type":"product","link":"https:\/\/librairie7l.com\/en\/produit\/geste-s-n2-eloge-du-vegetal\/","title":{"rendered":"GESTE\/S : \u00c9LOGE DU V\u00c9G\u00c9TAL ; M\u00c9TIERS D&#8217;ART, SAVOIR-FAIRE, CR\u00c9ATION CONTEMPORAINE (\u00c9DITION 2022)"},"content":{"rendered":"<p>Le monde des m\u00e9tiers d&#8217;art est un vaste univers d&#8217;excellence et de savoir-faire, fort de 281 m\u00e9tiers dans 16 domaines d&#8217;activit\u00e9, qui vont du design \u00e0 la cuisine. Aucun mook ne leur \u00e9tait jusqu&#8217;alors consacr\u00e9.Longtemps n\u00e9glig\u00e9s, voire d\u00e9consid\u00e9r\u00e9s, ces m\u00e9tiers ont v\u00e9cu \u00e0 l&#8217;ombre des marques ou dans les interstices des productions de masse. Mais la recherche de sens et d&#8217;authenticit\u00e9 qui marque notre \u00e9poque a remis en pleine lumi\u00e8re ces comp\u00e9tences et ces savoir-faire. Ancr\u00e9s dans l&#8217;histoire pass\u00e9e, ils se manifestent pleinement dans le pr\u00e9sent et anticipent le futur. Car riches d&#8217;un consid\u00e9rable patrimoine, les m\u00e9tiers d&#8217;art ont su se renouveler, s&#8217;inscrire dans la modernit\u00e9, apporter aux artistes, aux cr\u00e9ateurs et aux marques la pertinence de leur pens\u00e9e et la virtuosit\u00e9 de leur geste.<br \/>\nEn cette \u00e9poque plus que jamais en qu\u00eate de sens, Beaux Arts \u00c9ditions a souhait\u00e9 explorer cet univers dans toute sa richesse et ses croisements cr\u00e9atifs \u00e0 travers Geste\/s, nouveau mook haut de gamme, d\u00e9sirable et g\u00e9n\u00e9reux. Ce deuxi\u00e8me num\u00e9ro d&#8217;\u00e9t\u00e9 est consacr\u00e9 au v\u00e9g\u00e9tal.<\/p>\n","protected":false},"excerpt":{"rendered":"<p>Le monde des m\u00e9tiers d&#8217;art est un vaste univers d&#8217;excellence et de savoir-faire, fort de 281 m\u00e9tiers dans 16 domaines d&#8217;activit\u00e9, qui vont du design \u00e0 la cuisine. Aucun mook ne leur \u00e9tait jusqu&#8217;alors consacr\u00e9.Longtemps n\u00e9glig\u00e9s, voire d\u00e9consid\u00e9r\u00e9s, ces m\u00e9tiers ont v\u00e9cu \u00e0 l&#8217;ombre des marques ou dans les interstices des productions de masse. Mais [&hellip;]<\/p>\n","protected":false},"featured_media":17877,"template":"","meta":[],"product_cat":[55,2948,22,2950],"product_tag":[],"acf":[],"yoast_head":"<!-- This site is optimized with the Yoast SEO plugin v20.11 - https:\/\/yoast.com\/wordpress\/plugins\/seo\/ -->\n<title>GESTE\/S : \u00c9LOGE DU V\u00c9G\u00c9TAL ; M\u00c9TIERS D&#039;ART, SAVOIR-FAIRE, CR\u00c9ATION CONTEMPORAINE (\u00c9DITION 2022) - Librairie 7L<\/title>\n<meta name=\"robots\" content=\"index, follow, max-snippet:-1, max-image-preview:large, max-video-preview:-1\" \/>\n<link rel=\"canonical\" href=\"https:\/\/librairie7l.com\/en\/produit\/geste-s-n2-eloge-du-vegetal\/\" \/>\n<meta property=\"og:locale\" content=\"en_US\" \/>\n<meta property=\"og:type\" content=\"article\" \/>\n<meta property=\"og:title\" content=\"GESTE\/S : \u00c9LOGE DU V\u00c9G\u00c9TAL ; M\u00c9TIERS D&#039;ART, SAVOIR-FAIRE, CR\u00c9ATION CONTEMPORAINE (\u00c9DITION 2022) - Librairie 7L\" \/>\n<meta property=\"og:description\" content=\"Le monde des m\u00e9tiers d&#8217;art est un vaste univers d&#8217;excellence et de savoir-faire, fort de 281 m\u00e9tiers dans 16 domaines d&#8217;activit\u00e9, qui vont du design \u00e0 la cuisine. Aucun mook ne leur \u00e9tait jusqu&#8217;alors consacr\u00e9.Longtemps n\u00e9glig\u00e9s, voire d\u00e9consid\u00e9r\u00e9s, ces m\u00e9tiers ont v\u00e9cu \u00e0 l&#8217;ombre des marques ou dans les interstices des productions de masse. Mais [&hellip;]\" \/>\n<meta property=\"og:url\" content=\"https:\/\/librairie7l.com\/en\/produit\/geste-s-n2-eloge-du-vegetal\/\" \/>\n<meta property=\"og:site_name\" content=\"Librairie 7L\" \/>\n<meta property=\"article:modified_time\" content=\"2026-04-28T21:26:19+00:00\" \/>\n<meta property=\"og:image\" content=\"https:\/\/librairie7l.com\/wp-content\/uploads\/2022\/07\/9791020407467_1_75.jpg\" \/>\n\t<meta property=\"og:image:width\" content=\"600\" \/>\n\t<meta property=\"og:image:height\" content=\"707\" \/>\n\t<meta property=\"og:image:type\" content=\"image\/jpeg\" \/>\n<meta name=\"twitter:card\" content=\"summary_large_image\" \/>\n<meta name=\"twitter:label1\" content=\"Est. reading time\" \/>\n\t<meta name=\"twitter:data1\" content=\"1 minute\" \/>\n<script type=\"application\/ld+json\" class=\"yoast-schema-graph\">{\"@context\":\"https:\/\/schema.org\",\"@graph\":[{\"@type\":\"WebPage\",\"@id\":\"https:\/\/librairie7l.com\/en\/produit\/geste-s-n2-eloge-du-vegetal\/\",\"url\":\"https:\/\/librairie7l.com\/en\/produit\/geste-s-n2-eloge-du-vegetal\/\",\"name\":\"GESTE\/S : \u00c9LOGE DU V\u00c9G\u00c9TAL ; M\u00c9TIERS D'ART, SAVOIR-FAIRE, CR\u00c9ATION CONTEMPORAINE (\u00c9DITION 2022) - Librairie 7L\",\"isPartOf\":{\"@id\":\"https:\/\/librairie7l.com\/en\/#website\"},\"datePublished\":\"2023-05-09T15:37:12+00:00\",\"dateModified\":\"2026-04-28T21:26:19+00:00\",\"breadcrumb\":{\"@id\":\"https:\/\/librairie7l.com\/en\/produit\/geste-s-n2-eloge-du-vegetal\/#breadcrumb\"},\"inLanguage\":\"en-US\",\"potentialAction\":[{\"@type\":\"ReadAction\",\"target\":[\"https:\/\/librairie7l.com\/en\/produit\/geste-s-n2-eloge-du-vegetal\/\"]}]},{\"@type\":\"BreadcrumbList\",\"@id\":\"https:\/\/librairie7l.com\/en\/produit\/geste-s-n2-eloge-du-vegetal\/#breadcrumb\",\"itemListElement\":[{\"@type\":\"ListItem\",\"position\":1,\"name\":\"Accueil\",\"item\":\"https:\/\/librairie7l.com\/en\/\"},{\"@type\":\"ListItem\",\"position\":2,\"name\":\"Shop\",\"item\":\"https:\/\/librairie7l.com\/en\/shop\/\"},{\"@type\":\"ListItem\",\"position\":3,\"name\":\"GESTE\/S : \u00c9LOGE DU V\u00c9G\u00c9TAL ; M\u00c9TIERS D&#8217;ART, SAVOIR-FAIRE, CR\u00c9ATION CONTEMPORAINE (\u00c9DITION 2022)\"}]},{\"@type\":\"WebSite\",\"@id\":\"https:\/\/librairie7l.com\/en\/#website\",\"url\":\"https:\/\/librairie7l.com\/en\/\",\"name\":\"Librairie 7L\",\"description\":\"Librairie fond\u00e9e en 1999 par Karl Lagerfeld \u00e0 Paris\",\"publisher\":{\"@id\":\"https:\/\/librairie7l.com\/en\/#organization\"},\"potentialAction\":[{\"@type\":\"SearchAction\",\"target\":{\"@type\":\"EntryPoint\",\"urlTemplate\":\"https:\/\/librairie7l.com\/en\/?s={search_term_string}\"},\"query-input\":\"required name=search_term_string\"}],\"inLanguage\":\"en-US\"},{\"@type\":\"Organization\",\"@id\":\"https:\/\/librairie7l.com\/en\/#organization\",\"name\":\"Librairie 7L\",\"url\":\"https:\/\/librairie7l.com\/en\/\",\"logo\":{\"@type\":\"ImageObject\",\"inLanguage\":\"en-US\",\"@id\":\"https:\/\/librairie7l.com\/en\/#\/schema\/logo\/image\/\",\"url\":\"https:\/\/librairie7l.com\/wp-content\/uploads\/2022\/08\/logo-1.png\",\"contentUrl\":\"https:\/\/librairie7l.com\/wp-content\/uploads\/2022\/08\/logo-1.png\",\"width\":227,\"height\":301,\"caption\":\"Librairie 7L\"},\"image\":{\"@id\":\"https:\/\/librairie7l.com\/en\/#\/schema\/logo\/image\/\"}}]}<\/script>\n<!-- \/ Yoast SEO plugin. -->","yoast_head_json":{"title":"GESTE\/S : \u00c9LOGE DU V\u00c9G\u00c9TAL ; M\u00c9TIERS D'ART, SAVOIR-FAIRE, CR\u00c9ATION CONTEMPORAINE (\u00c9DITION 2022) - Librairie 7L","robots":{"index":"index","follow":"follow","max-snippet":"max-snippet:-1","max-image-preview":"max-image-preview:large","max-video-preview":"max-video-preview:-1"},"canonical":"https:\/\/librairie7l.com\/en\/produit\/geste-s-n2-eloge-du-vegetal\/","og_locale":"en_US","og_type":"article","og_title":"GESTE\/S : \u00c9LOGE DU V\u00c9G\u00c9TAL ; M\u00c9TIERS D'ART, SAVOIR-FAIRE, CR\u00c9ATION CONTEMPORAINE (\u00c9DITION 2022) - Librairie 7L","og_description":"Le monde des m\u00e9tiers d&#8217;art est un vaste univers d&#8217;excellence et de savoir-faire, fort de 281 m\u00e9tiers dans 16 domaines d&#8217;activit\u00e9, qui vont du design \u00e0 la cuisine. Aucun mook ne leur \u00e9tait jusqu&#8217;alors consacr\u00e9.Longtemps n\u00e9glig\u00e9s, voire d\u00e9consid\u00e9r\u00e9s, ces m\u00e9tiers ont v\u00e9cu \u00e0 l&#8217;ombre des marques ou dans les interstices des productions de masse. Mais [&hellip;]","og_url":"https:\/\/librairie7l.com\/en\/produit\/geste-s-n2-eloge-du-vegetal\/","og_site_name":"Librairie 7L","article_modified_time":"2026-04-28T21:26:19+00:00","og_image":[{"width":600,"height":707,"url":"https:\/\/librairie7l.com\/wp-content\/uploads\/2022\/07\/9791020407467_1_75.jpg","type":"image\/jpeg"}],"twitter_card":"summary_large_image","twitter_misc":{"Est. reading time":"1 minute"},"schema":{"@context":"https:\/\/schema.org","@graph":[{"@type":"WebPage","@id":"https:\/\/librairie7l.com\/en\/produit\/geste-s-n2-eloge-du-vegetal\/","url":"https:\/\/librairie7l.com\/en\/produit\/geste-s-n2-eloge-du-vegetal\/","name":"GESTE\/S : \u00c9LOGE DU V\u00c9G\u00c9TAL ; M\u00c9TIERS D'ART, SAVOIR-FAIRE, CR\u00c9ATION CONTEMPORAINE (\u00c9DITION 2022) - Librairie 7L","isPartOf":{"@id":"https:\/\/librairie7l.com\/en\/#website"},"datePublished":"2023-05-09T15:37:12+00:00","dateModified":"2026-04-28T21:26:19+00:00","breadcrumb":{"@id":"https:\/\/librairie7l.com\/en\/produit\/geste-s-n2-eloge-du-vegetal\/#breadcrumb"},"inLanguage":"en-US","potentialAction":[{"@type":"ReadAction","target":["https:\/\/librairie7l.com\/en\/produit\/geste-s-n2-eloge-du-vegetal\/"]}]},{"@type":"BreadcrumbList","@id":"https:\/\/librairie7l.com\/en\/produit\/geste-s-n2-eloge-du-vegetal\/#breadcrumb","itemListElement":[{"@type":"ListItem","position":1,"name":"Accueil","item":"https:\/\/librairie7l.com\/en\/"},{"@type":"ListItem","position":2,"name":"Shop","item":"https:\/\/librairie7l.com\/en\/shop\/"},{"@type":"ListItem","position":3,"name":"GESTE\/S : \u00c9LOGE DU V\u00c9G\u00c9TAL ; M\u00c9TIERS D&#8217;ART, SAVOIR-FAIRE, CR\u00c9ATION CONTEMPORAINE (\u00c9DITION 2022)"}]},{"@type":"WebSite","@id":"https:\/\/librairie7l.com\/en\/#website","url":"https:\/\/librairie7l.com\/en\/","name":"Librairie 7L","description":"Librairie fond\u00e9e en 1999 par Karl Lagerfeld \u00e0 Paris","publisher":{"@id":"https:\/\/librairie7l.com\/en\/#organization"},"potentialAction":[{"@type":"SearchAction","target":{"@type":"EntryPoint","urlTemplate":"https:\/\/librairie7l.com\/en\/?s={search_term_string}"},"query-input":"required name=search_term_string"}],"inLanguage":"en-US"},{"@type":"Organization","@id":"https:\/\/librairie7l.com\/en\/#organization","name":"Librairie 7L","url":"https:\/\/librairie7l.com\/en\/","logo":{"@type":"ImageObject","inLanguage":"en-US","@id":"https:\/\/librairie7l.com\/en\/#\/schema\/logo\/image\/","url":"https:\/\/librairie7l.com\/wp-content\/uploads\/2022\/08\/logo-1.png","contentUrl":"https:\/\/librairie7l.com\/wp-content\/uploads\/2022\/08\/logo-1.png","width":227,"height":301,"caption":"Librairie 7L"},"image":{"@id":"https:\/\/librairie7l.com\/en\/#\/schema\/logo\/image\/"}}]}},"_links":{"self":[{"href":"https:\/\/librairie7l.com\/en\/wp-json\/wp\/v2\/product\/17879"}],"collection":[{"href":"https:\/\/librairie7l.com\/en\/wp-json\/wp\/v2\/product"}],"about":[{"href":"https:\/\/librairie7l.com\/en\/wp-json\/wp\/v2\/types\/product"}],"wp:featuredmedia":[{"embeddable":true,"href":"https:\/\/librairie7l.com\/en\/wp-json\/wp\/v2\/media\/17877"}],"wp:attachment":[{"href":"https:\/\/librairie7l.com\/en\/wp-json\/wp\/v2\/media?parent=17879"}],"wp:term":[{"taxonomy":"product_cat","embeddable":true,"href":"https:\/\/librairie7l.com\/en\/wp-json\/wp\/v2\/product_cat?post=17879"},{"taxonomy":"product_tag","embeddable":true,"href":"https:\/\/librairie7l.com\/en\/wp-json\/wp\/v2\/product_tag?post=17879"}],"curies":[{"name":"wp","href":"https:\/\/api.w.org\/{rel}","templated":true}]}}

GESTE/S : ÉLOGE DU VÉGÉTAL ; MÉTIERS D&#8217;ART, SAVOIR-FAIRE, CRÉATION CONTEMPORAINE (ÉDITION 2022)

<p>Le monde des métiers d&#8217;art est un vaste univers d&#8217;excellence et de savoir-faire, fort de 281 métiers dans 16 domaines d&#8217;activité, qui vont du design à la cuisine. Aucun mook ne leur était jusqu&#8217;alors consacré.Longtemps négligés, voire déconsidérés, ces métiers ont vécu à l&#8217;ombre des marques ou dans les interstices des productions de masse. Mais la recherche de sens et d&#8217;authenticité qui marque notre époque a remis en pleine lumière ces compétences et ces savoir-faire. Ancrés dans l&#8217;histoire passée, ils se manifestent pleinement dans le présent et anticipent le futur. Car riches d&#8217;un considérable patrimoine, les métiers d&#8217;art ont su se renouveler, s&#8217;inscrire dans la modernité, apporter aux artistes, aux créateurs et aux marques la pertinence de leur pensée et la virtuosité de leur geste.<br />
En cette époque plus que jamais en quête de sens, Beaux Arts Éditions a souhaité explorer cet univers dans toute sa richesse et ses croisements créatifs à travers Geste/s, nouveau mook haut de gamme, désirable et généreux. Ce deuxième numéro d&#8217;été est consacré au végétal.</p>

<p>Le monde des métiers d&#8217;art est un vaste univers d&#8217;excellence et de savoir-faire, fort de 281 métiers dans 16 domaines d&#8217;activité, qui vont du design à la cuisine. Aucun mook ne leur était jusqu&#8217;alors consacré.Longtemps négligés, voire déconsidérés, ces métiers ont vécu à l&#8217;ombre des marques ou dans les interstices des productions de masse. Mais [&hellip;]</p>

<!-- This site is optimized with the Yoast SEO plugin v20.11 - https://yoast.com/wordpress/plugins/seo/ -->
<title>GESTE/S : ÉLOGE DU VÉGÉTAL ; MÉTIERS D&#039;ART, SAVOIR-FAIRE, CRÉATION CONTEMPORAINE (ÉDITION 2022) - Librairie 7L</title>
<meta name="robots" content="index, follow, max-snippet:-1, max-image-preview:large, max-video-preview:-1" />
<link rel="canonical" href="https://librairie7l.com/en/produit/geste-s-n2-eloge-du-vegetal/" />
<meta property="og:locale" content="en_US" />
<meta property="og:type" content="article" />
<meta property="og:title" content="GESTE/S : ÉLOGE DU VÉGÉTAL ; MÉTIERS D&#039;ART, SAVOIR-FAIRE, CRÉATION CONTEMPORAINE (ÉDITION 2022) - Librairie 7L" />
<meta property="og:description" content="Le monde des métiers d&#8217;art est un vaste univers d&#8217;excellence et de savoir-faire, fort de 281 métiers dans 16 domaines d&#8217;activité, qui vont du design à la cuisine. Aucun mook ne leur était jusqu&#8217;alors consacré.Longtemps négligés, voire déconsidérés, ces métiers ont vécu à l&#8217;ombre des marques ou dans les interstices des productions de masse. Mais [&hellip;]" />
<meta property="og:url" content="https://librairie7l.com/en/produit/geste-s-n2-eloge-du-vegetal/" />
<meta property="og:site_name" content="Librairie 7L" />
<meta property="article:modified_time" content="2026-04-28T21:26:19+00:00" />
<meta property="og:image" content="https://librairie7l.com/wp-content/uploads/2022/07/9791020407467_1_75.jpg" />
	<meta property="og:image:width" content="600" />
	<meta property="og:image:height" content="707" />
	<meta property="og:image:type" content="image/jpeg" />
<meta name="twitter:card" content="summary_large_image" />
<meta name="twitter:label1" content="Est. reading time" />
	<meta name="twitter:data1" content="1 minute" />
<script type="application/ld+json" class="yoast-schema-graph">{"@context":"https://schema.org","@graph":[{"@type":"WebPage","@id":"https://librairie7l.com/en/produit/geste-s-n2-eloge-du-vegetal/","url":"https://librairie7l.com/en/produit/geste-s-n2-eloge-du-vegetal/","name":"GESTE/S : ÉLOGE DU VÉGÉTAL ; MÉTIERS D'ART, SAVOIR-FAIRE, CRÉATION CONTEMPORAINE (ÉDITION 2022) - Librairie 7L","isPartOf":{"@id":"https://librairie7l.com/en/#website"},"datePublished":"2023-05-09T15:37:12+00:00","dateModified":"2026-04-28T21:26:19+00:00","breadcrumb":{"@id":"https://librairie7l.com/en/produit/geste-s-n2-eloge-du-vegetal/#breadcrumb"},"inLanguage":"en-US","potentialAction":[{"@type":"ReadAction","target":["https://librairie7l.com/en/produit/geste-s-n2-eloge-du-vegetal/"]}]},{"@type":"BreadcrumbList","@id":"https://librairie7l.com/en/produit/geste-s-n2-eloge-du-vegetal/#breadcrumb","itemListElement":[{"@type":"ListItem","position":1,"name":"Accueil","item":"https://librairie7l.com/en/"},{"@type":"ListItem","position":2,"name":"Shop","item":"https://librairie7l.com/en/shop/"},{"@type":"ListItem","position":3,"name":"GESTE/S : ÉLOGE DU VÉGÉTAL ; MÉTIERS D&#8217;ART, SAVOIR-FAIRE, CRÉATION CONTEMPORAINE (ÉDITION 2022)"}]},{"@type":"WebSite","@id":"https://librairie7l.com/en/#website","url":"https://librairie7l.com/en/","name":"Librairie 7L","description":"Librairie fondée en 1999 par Karl Lagerfeld à Paris","publisher":{"@id":"https://librairie7l.com/en/#organization"},"potentialAction":[{"@type":"SearchAction","target":{"@type":"EntryPoint","urlTemplate":"https://librairie7l.com/en/?s={search_term_string}"},"query-input":"required name=search_term_string"}],"inLanguage":"en-US"},{"@type":"Organization","@id":"https://librairie7l.com/en/#organization","name":"Librairie 7L","url":"https://librairie7l.com/en/","logo":{"@type":"ImageObject","inLanguage":"en-US","@id":"https://librairie7l.com/en/#/schema/logo/image/","url":"https://librairie7l.com/wp-content/uploads/2022/08/logo-1.png","contentUrl":"https://librairie7l.com/wp-content/uploads/2022/08/logo-1.png","width":227,"height":301,"caption":"Librairie 7L"},"image":{"@id":"https://librairie7l.com/en/#/schema/logo/image/"}}]}</script>
<!-- / Yoast SEO plugin. -->

GESTE/S : ÉLOGE DU VÉGÉTAL ; MÉTIERS D'ART, SAVOIR-FAIRE, CRÉATION CONTEMPORAINE (ÉDITION 2022) - Librairie 7L

Le monde des métiers d&#8217;art est un vaste univers d&#8217;excellence et de savoir-faire, fort de 281 métiers dans 16 domaines d&#8217;activité, qui vont du design à la cuisine. Aucun mook ne leur était jusqu&#8217;alors consacré.Longtemps négligés, voire déconsidérés, ces métiers ont vécu à l&#8217;ombre des marques ou dans les interstices des productions de masse. Mais [&hellip;]

Librairie fondée en 1999 par Karl Lagerfeld à Paris
