{"id":18463,"date":"2023-05-09T17:45:10","date_gmt":"2023-05-09T15:45:10","guid":{"rendered":"https:\/\/librairie7l.com\/?post_type=product&#038;p=18463"},"modified":"2026-05-01T12:23:34","modified_gmt":"2026-05-01T10:23:34","slug":"terres-basses","status":"publish","type":"product","link":"https:\/\/librairie7l.com\/en\/produit\/terres-basses\/","title":{"rendered":"TERRES BASSES"},"content":{"rendered":"<p>En 2014, Gabrielle Duplantier publiait Volta aux \u00e9ditions lamaindonne. Le livre, salu\u00e9 par le public et la critique, est aujourd&#8217;hui \u00e9puis\u00e9. Quatre ans plus tard, Terres basses, sa nouvelle publication, vient confirmer le talent de la jeune photographe. Une balade dans un univers dense et riche, o\u00f9 l&#8217;on retrouve son go\u00fbt pour les paysages, les portraits de femmes et d&#8217;enfants&#8230; Un travail photographique puissant et d\u00e9licat en m\u00eame temps, qui ne c\u00e8de jamais \u00e0 l&#8217;artifice, o\u00f9 elle t\u00e9moigne de la vie, de ses accidents et de ses joies, de ses incertitudes et de ses esp\u00e9rances. L&#8217;amour qu&#8217;elle porte \u00e0 ses sujets est toujours l\u00e0, permettant au lecteur de rentrer dans l&#8217;intimit\u00e9 de son entourage, avec pudeur et infiniment de douceur. Un regard amoureux qui transforme le noir en lumi\u00e8re.<\/p>\n","protected":false},"excerpt":{"rendered":"<p>En 2014, Gabrielle Duplantier publiait Volta aux \u00e9ditions lamaindonne. Le livre, salu\u00e9 par le public et la critique, est aujourd&#8217;hui \u00e9puis\u00e9. Quatre ans plus tard, Terres basses, sa nouvelle publication, vient confirmer le talent de la jeune photographe. Une balade dans un univers dense et riche, o\u00f9 l&#8217;on retrouve son go\u00fbt pour les paysages, les [&hellip;]<\/p>\n","protected":false},"featured_media":18461,"template":"","meta":[],"product_cat":[2948,2958],"product_tag":[],"acf":[],"yoast_head":"<!-- This site is optimized with the Yoast SEO plugin v20.11 - https:\/\/yoast.com\/wordpress\/plugins\/seo\/ -->\n<title>TERRES BASSES - Librairie 7L<\/title>\n<meta name=\"robots\" content=\"index, follow, max-snippet:-1, max-image-preview:large, max-video-preview:-1\" \/>\n<link rel=\"canonical\" href=\"https:\/\/librairie7l.com\/en\/produit\/terres-basses\/\" \/>\n<meta property=\"og:locale\" content=\"en_US\" \/>\n<meta property=\"og:type\" content=\"article\" \/>\n<meta property=\"og:title\" content=\"TERRES BASSES - Librairie 7L\" \/>\n<meta property=\"og:description\" content=\"En 2014, Gabrielle Duplantier publiait Volta aux \u00e9ditions lamaindonne. Le livre, salu\u00e9 par le public et la critique, est aujourd&#8217;hui \u00e9puis\u00e9. Quatre ans plus tard, Terres basses, sa nouvelle publication, vient confirmer le talent de la jeune photographe. Une balade dans un univers dense et riche, o\u00f9 l&#8217;on retrouve son go\u00fbt pour les paysages, les [&hellip;]\" \/>\n<meta property=\"og:url\" content=\"https:\/\/librairie7l.com\/en\/produit\/terres-basses\/\" \/>\n<meta property=\"og:site_name\" content=\"Librairie 7L\" \/>\n<meta property=\"article:modified_time\" content=\"2026-05-01T10:23:34+00:00\" \/>\n<meta property=\"og:image\" content=\"https:\/\/librairie7l.com\/wp-content\/uploads\/2018\/03\/9782956048817_1_75.jpg\" \/>\n\t<meta property=\"og:image:width\" content=\"390\" \/>\n\t<meta property=\"og:image:height\" content=\"500\" \/>\n\t<meta property=\"og:image:type\" content=\"image\/jpeg\" \/>\n<meta name=\"twitter:card\" content=\"summary_large_image\" \/>\n<meta name=\"twitter:label1\" content=\"Est. reading time\" \/>\n\t<meta name=\"twitter:data1\" content=\"1 minute\" \/>\n<script type=\"application\/ld+json\" class=\"yoast-schema-graph\">{\"@context\":\"https:\/\/schema.org\",\"@graph\":[{\"@type\":\"WebPage\",\"@id\":\"https:\/\/librairie7l.com\/en\/produit\/terres-basses\/\",\"url\":\"https:\/\/librairie7l.com\/en\/produit\/terres-basses\/\",\"name\":\"TERRES BASSES - Librairie 7L\",\"isPartOf\":{\"@id\":\"https:\/\/librairie7l.com\/en\/#website\"},\"datePublished\":\"2023-05-09T15:45:10+00:00\",\"dateModified\":\"2026-05-01T10:23:34+00:00\",\"breadcrumb\":{\"@id\":\"https:\/\/librairie7l.com\/en\/produit\/terres-basses\/#breadcrumb\"},\"inLanguage\":\"en-US\",\"potentialAction\":[{\"@type\":\"ReadAction\",\"target\":[\"https:\/\/librairie7l.com\/en\/produit\/terres-basses\/\"]}]},{\"@type\":\"BreadcrumbList\",\"@id\":\"https:\/\/librairie7l.com\/en\/produit\/terres-basses\/#breadcrumb\",\"itemListElement\":[{\"@type\":\"ListItem\",\"position\":1,\"name\":\"Accueil\",\"item\":\"https:\/\/librairie7l.com\/en\/\"},{\"@type\":\"ListItem\",\"position\":2,\"name\":\"Shop\",\"item\":\"https:\/\/librairie7l.com\/en\/shop\/\"},{\"@type\":\"ListItem\",\"position\":3,\"name\":\"TERRES BASSES\"}]},{\"@type\":\"WebSite\",\"@id\":\"https:\/\/librairie7l.com\/en\/#website\",\"url\":\"https:\/\/librairie7l.com\/en\/\",\"name\":\"Librairie 7L\",\"description\":\"Librairie fond\u00e9e en 1999 par Karl Lagerfeld \u00e0 Paris\",\"publisher\":{\"@id\":\"https:\/\/librairie7l.com\/en\/#organization\"},\"potentialAction\":[{\"@type\":\"SearchAction\",\"target\":{\"@type\":\"EntryPoint\",\"urlTemplate\":\"https:\/\/librairie7l.com\/en\/?s={search_term_string}\"},\"query-input\":\"required name=search_term_string\"}],\"inLanguage\":\"en-US\"},{\"@type\":\"Organization\",\"@id\":\"https:\/\/librairie7l.com\/en\/#organization\",\"name\":\"Librairie 7L\",\"url\":\"https:\/\/librairie7l.com\/en\/\",\"logo\":{\"@type\":\"ImageObject\",\"inLanguage\":\"en-US\",\"@id\":\"https:\/\/librairie7l.com\/en\/#\/schema\/logo\/image\/\",\"url\":\"https:\/\/librairie7l.com\/wp-content\/uploads\/2022\/08\/logo-1.png\",\"contentUrl\":\"https:\/\/librairie7l.com\/wp-content\/uploads\/2022\/08\/logo-1.png\",\"width\":227,\"height\":301,\"caption\":\"Librairie 7L\"},\"image\":{\"@id\":\"https:\/\/librairie7l.com\/en\/#\/schema\/logo\/image\/\"}}]}<\/script>\n<!-- \/ Yoast SEO plugin. -->","yoast_head_json":{"title":"TERRES BASSES - Librairie 7L","robots":{"index":"index","follow":"follow","max-snippet":"max-snippet:-1","max-image-preview":"max-image-preview:large","max-video-preview":"max-video-preview:-1"},"canonical":"https:\/\/librairie7l.com\/en\/produit\/terres-basses\/","og_locale":"en_US","og_type":"article","og_title":"TERRES BASSES - Librairie 7L","og_description":"En 2014, Gabrielle Duplantier publiait Volta aux \u00e9ditions lamaindonne. Le livre, salu\u00e9 par le public et la critique, est aujourd&#8217;hui \u00e9puis\u00e9. Quatre ans plus tard, Terres basses, sa nouvelle publication, vient confirmer le talent de la jeune photographe. Une balade dans un univers dense et riche, o\u00f9 l&#8217;on retrouve son go\u00fbt pour les paysages, les [&hellip;]","og_url":"https:\/\/librairie7l.com\/en\/produit\/terres-basses\/","og_site_name":"Librairie 7L","article_modified_time":"2026-05-01T10:23:34+00:00","og_image":[{"width":390,"height":500,"url":"https:\/\/librairie7l.com\/wp-content\/uploads\/2018\/03\/9782956048817_1_75.jpg","type":"image\/jpeg"}],"twitter_card":"summary_large_image","twitter_misc":{"Est. reading time":"1 minute"},"schema":{"@context":"https:\/\/schema.org","@graph":[{"@type":"WebPage","@id":"https:\/\/librairie7l.com\/en\/produit\/terres-basses\/","url":"https:\/\/librairie7l.com\/en\/produit\/terres-basses\/","name":"TERRES BASSES - Librairie 7L","isPartOf":{"@id":"https:\/\/librairie7l.com\/en\/#website"},"datePublished":"2023-05-09T15:45:10+00:00","dateModified":"2026-05-01T10:23:34+00:00","breadcrumb":{"@id":"https:\/\/librairie7l.com\/en\/produit\/terres-basses\/#breadcrumb"},"inLanguage":"en-US","potentialAction":[{"@type":"ReadAction","target":["https:\/\/librairie7l.com\/en\/produit\/terres-basses\/"]}]},{"@type":"BreadcrumbList","@id":"https:\/\/librairie7l.com\/en\/produit\/terres-basses\/#breadcrumb","itemListElement":[{"@type":"ListItem","position":1,"name":"Accueil","item":"https:\/\/librairie7l.com\/en\/"},{"@type":"ListItem","position":2,"name":"Shop","item":"https:\/\/librairie7l.com\/en\/shop\/"},{"@type":"ListItem","position":3,"name":"TERRES BASSES"}]},{"@type":"WebSite","@id":"https:\/\/librairie7l.com\/en\/#website","url":"https:\/\/librairie7l.com\/en\/","name":"Librairie 7L","description":"Librairie fond\u00e9e en 1999 par Karl Lagerfeld \u00e0 Paris","publisher":{"@id":"https:\/\/librairie7l.com\/en\/#organization"},"potentialAction":[{"@type":"SearchAction","target":{"@type":"EntryPoint","urlTemplate":"https:\/\/librairie7l.com\/en\/?s={search_term_string}"},"query-input":"required name=search_term_string"}],"inLanguage":"en-US"},{"@type":"Organization","@id":"https:\/\/librairie7l.com\/en\/#organization","name":"Librairie 7L","url":"https:\/\/librairie7l.com\/en\/","logo":{"@type":"ImageObject","inLanguage":"en-US","@id":"https:\/\/librairie7l.com\/en\/#\/schema\/logo\/image\/","url":"https:\/\/librairie7l.com\/wp-content\/uploads\/2022\/08\/logo-1.png","contentUrl":"https:\/\/librairie7l.com\/wp-content\/uploads\/2022\/08\/logo-1.png","width":227,"height":301,"caption":"Librairie 7L"},"image":{"@id":"https:\/\/librairie7l.com\/en\/#\/schema\/logo\/image\/"}}]}},"_links":{"self":[{"href":"https:\/\/librairie7l.com\/en\/wp-json\/wp\/v2\/product\/18463"}],"collection":[{"href":"https:\/\/librairie7l.com\/en\/wp-json\/wp\/v2\/product"}],"about":[{"href":"https:\/\/librairie7l.com\/en\/wp-json\/wp\/v2\/types\/product"}],"wp:featuredmedia":[{"embeddable":true,"href":"https:\/\/librairie7l.com\/en\/wp-json\/wp\/v2\/media\/18461"}],"wp:attachment":[{"href":"https:\/\/librairie7l.com\/en\/wp-json\/wp\/v2\/media?parent=18463"}],"wp:term":[{"taxonomy":"product_cat","embeddable":true,"href":"https:\/\/librairie7l.com\/en\/wp-json\/wp\/v2\/product_cat?post=18463"},{"taxonomy":"product_tag","embeddable":true,"href":"https:\/\/librairie7l.com\/en\/wp-json\/wp\/v2\/product_tag?post=18463"}],"curies":[{"name":"wp","href":"https:\/\/api.w.org\/{rel}","templated":true}]}}

<p>En 2014, Gabrielle Duplantier publiait Volta aux éditions lamaindonne. Le livre, salué par le public et la critique, est aujourd&#8217;hui épuisé. Quatre ans plus tard, Terres basses, sa nouvelle publication, vient confirmer le talent de la jeune photographe. Une balade dans un univers dense et riche, où l&#8217;on retrouve son goût pour les paysages, les portraits de femmes et d&#8217;enfants&#8230; Un travail photographique puissant et délicat en même temps, qui ne cède jamais à l&#8217;artifice, où elle témoigne de la vie, de ses accidents et de ses joies, de ses incertitudes et de ses espérances. L&#8217;amour qu&#8217;elle porte à ses sujets est toujours là, permettant au lecteur de rentrer dans l&#8217;intimité de son entourage, avec pudeur et infiniment de douceur. Un regard amoureux qui transforme le noir en lumière.</p>

<p>En 2014, Gabrielle Duplantier publiait Volta aux éditions lamaindonne. Le livre, salué par le public et la critique, est aujourd&#8217;hui épuisé. Quatre ans plus tard, Terres basses, sa nouvelle publication, vient confirmer le talent de la jeune photographe. Une balade dans un univers dense et riche, où l&#8217;on retrouve son goût pour les paysages, les [&hellip;]</p>

<!-- This site is optimized with the Yoast SEO plugin v20.11 - https://yoast.com/wordpress/plugins/seo/ -->
<title>TERRES BASSES - Librairie 7L</title>
<meta name="robots" content="index, follow, max-snippet:-1, max-image-preview:large, max-video-preview:-1" />
<link rel="canonical" href="https://librairie7l.com/en/produit/terres-basses/" />
<meta property="og:locale" content="en_US" />
<meta property="og:type" content="article" />
<meta property="og:title" content="TERRES BASSES - Librairie 7L" />
<meta property="og:description" content="En 2014, Gabrielle Duplantier publiait Volta aux éditions lamaindonne. Le livre, salué par le public et la critique, est aujourd&#8217;hui épuisé. Quatre ans plus tard, Terres basses, sa nouvelle publication, vient confirmer le talent de la jeune photographe. Une balade dans un univers dense et riche, où l&#8217;on retrouve son goût pour les paysages, les [&hellip;]" />
<meta property="og:url" content="https://librairie7l.com/en/produit/terres-basses/" />
<meta property="og:site_name" content="Librairie 7L" />
<meta property="article:modified_time" content="2026-05-01T10:23:34+00:00" />
<meta property="og:image" content="https://librairie7l.com/wp-content/uploads/2018/03/9782956048817_1_75.jpg" />
	<meta property="og:image:width" content="390" />
	<meta property="og:image:height" content="500" />
	<meta property="og:image:type" content="image/jpeg" />
<meta name="twitter:card" content="summary_large_image" />
<meta name="twitter:label1" content="Est. reading time" />
	<meta name="twitter:data1" content="1 minute" />
<script type="application/ld+json" class="yoast-schema-graph">{"@context":"https://schema.org","@graph":[{"@type":"WebPage","@id":"https://librairie7l.com/en/produit/terres-basses/","url":"https://librairie7l.com/en/produit/terres-basses/","name":"TERRES BASSES - Librairie 7L","isPartOf":{"@id":"https://librairie7l.com/en/#website"},"datePublished":"2023-05-09T15:45:10+00:00","dateModified":"2026-05-01T10:23:34+00:00","breadcrumb":{"@id":"https://librairie7l.com/en/produit/terres-basses/#breadcrumb"},"inLanguage":"en-US","potentialAction":[{"@type":"ReadAction","target":["https://librairie7l.com/en/produit/terres-basses/"]}]},{"@type":"BreadcrumbList","@id":"https://librairie7l.com/en/produit/terres-basses/#breadcrumb","itemListElement":[{"@type":"ListItem","position":1,"name":"Accueil","item":"https://librairie7l.com/en/"},{"@type":"ListItem","position":2,"name":"Shop","item":"https://librairie7l.com/en/shop/"},{"@type":"ListItem","position":3,"name":"TERRES BASSES"}]},{"@type":"WebSite","@id":"https://librairie7l.com/en/#website","url":"https://librairie7l.com/en/","name":"Librairie 7L","description":"Librairie fondée en 1999 par Karl Lagerfeld à Paris","publisher":{"@id":"https://librairie7l.com/en/#organization"},"potentialAction":[{"@type":"SearchAction","target":{"@type":"EntryPoint","urlTemplate":"https://librairie7l.com/en/?s={search_term_string}"},"query-input":"required name=search_term_string"}],"inLanguage":"en-US"},{"@type":"Organization","@id":"https://librairie7l.com/en/#organization","name":"Librairie 7L","url":"https://librairie7l.com/en/","logo":{"@type":"ImageObject","inLanguage":"en-US","@id":"https://librairie7l.com/en/#/schema/logo/image/","url":"https://librairie7l.com/wp-content/uploads/2022/08/logo-1.png","contentUrl":"https://librairie7l.com/wp-content/uploads/2022/08/logo-1.png","width":227,"height":301,"caption":"Librairie 7L"},"image":{"@id":"https://librairie7l.com/en/#/schema/logo/image/"}}]}</script>
<!-- / Yoast SEO plugin. -->

En 2014, Gabrielle Duplantier publiait Volta aux éditions lamaindonne. Le livre, salué par le public et la critique, est aujourd&#8217;hui épuisé. Quatre ans plus tard, Terres basses, sa nouvelle publication, vient confirmer le talent de la jeune photographe. Une balade dans un univers dense et riche, où l&#8217;on retrouve son goût pour les paysages, les [&hellip;]

Librairie fondée en 1999 par Karl Lagerfeld à Paris
