{"id":18691,"date":"2023-05-09T17:48:20","date_gmt":"2023-05-09T15:48:20","guid":{"rendered":"https:\/\/librairie7l.com\/?post_type=product&#038;p=18691"},"modified":"2026-04-29T02:06:56","modified_gmt":"2026-04-29T00:06:56","slug":"jean-dubuffet-retrospective","status":"publish","type":"product","link":"https:\/\/librairie7l.com\/en\/produit\/jean-dubuffet-retrospective\/","title":{"rendered":"JEAN DUBUFFET : RETROSPECTIVE"},"content":{"rendered":"<p>La magnifique r\u00e9trospective Jean Dubuffet pr\u00e9sent\u00e9e \u00e0 la Fondation Pierre Gianadda, en collaboration avec le Centre Georges-Pompidou \u00e0 Paris, propose une relecture du travail du grand d\u00e9fenseur de \u00ab l&#8217;Art Brut \u00bb. Bien qu&#8217;il ait, paradoxalement, refus\u00e9 la culture dominante, les \u00e9coles, les courants et les techniques enseign\u00e9es, son oeuvre occupe une place majeure dans le paysage artistique de la seconde moiti\u00e9 du XXe si\u00e8cle.<br \/>\nDe par sa diversit\u00e9, cette exposition t\u00e9moigne de l&#8217;in\u00e9puisable cr\u00e9ativit\u00e9 de cet artiste prolifique &#8211; n\u00e9 en 1901 et d\u00e9c\u00e9d\u00e9 en 1985 &#8211; qui sut faire \u00e9voluer son style tout au long de son existence. \u00c9rigeant le non-savoir en principe pour cr\u00e9er une oeuvre singuli\u00e8re, rythm\u00e9e par des s\u00e9ries successives, Jean Dubuffet ne cessa de d\u00e9velopper de nouvelles recherches aux \u00ab tonalit\u00e9s \u00bb audacieuses, toujours d\u00e9concertantes. Insoumis aux normes en vigueur, \u00ab le vrai art \u00bb, selon lui, \u00ab est toujours l\u00e0 o\u00f9 on ne l&#8217;attend pas. L\u00e0 o\u00f9 personne ne pense \u00e0 lui ni ne prononce son nom. \u00bb Riche de plus de dix mille oeuvres r\u00e9pertori\u00e9es au catalogue raisonn\u00e9, le travail polymorphe de Jean Dubuffet couvre six d\u00e9cennies du XXe si\u00e8cle. Aussi, pour rendre compte de tous les aspects de sa cr\u00e9ation, l&#8217;exposition pr\u00e9sent\u00e9e \u00e0 la Fondation Pierre Gianadda s&#8217;articule autour de temps forts, faisant alterner chefsd&#8217;oeuvre de sa peinture et ensembles majeurs de travaux sur papier (dessins et gouaches), pr\u00e9sent\u00e9s selon un d\u00e9roulement chronologique.<\/p>\n","protected":false},"excerpt":{"rendered":"<p>La magnifique r\u00e9trospective Jean Dubuffet pr\u00e9sent\u00e9e \u00e0 la Fondation Pierre Gianadda, en collaboration avec le Centre Georges-Pompidou \u00e0 Paris, propose une relecture du travail du grand d\u00e9fenseur de \u00ab l&#8217;Art Brut \u00bb. Bien qu&#8217;il ait, paradoxalement, refus\u00e9 la culture dominante, les \u00e9coles, les courants et les techniques enseign\u00e9es, son oeuvre occupe une place majeure dans [&hellip;]<\/p>\n","protected":false},"featured_media":18689,"template":"","meta":[],"product_cat":[2948,2953],"product_tag":[],"acf":[],"yoast_head":"<!-- This site is optimized with the Yoast SEO plugin v20.11 - https:\/\/yoast.com\/wordpress\/plugins\/seo\/ -->\n<title>JEAN DUBUFFET : RETROSPECTIVE - Librairie 7L<\/title>\n<meta name=\"robots\" content=\"index, follow, max-snippet:-1, max-image-preview:large, max-video-preview:-1\" \/>\n<link rel=\"canonical\" href=\"https:\/\/librairie7l.com\/en\/produit\/jean-dubuffet-retrospective\/\" \/>\n<meta property=\"og:locale\" content=\"en_US\" \/>\n<meta property=\"og:type\" content=\"article\" \/>\n<meta property=\"og:title\" content=\"JEAN DUBUFFET : RETROSPECTIVE - Librairie 7L\" \/>\n<meta property=\"og:description\" content=\"La magnifique r\u00e9trospective Jean Dubuffet pr\u00e9sent\u00e9e \u00e0 la Fondation Pierre Gianadda, en collaboration avec le Centre Georges-Pompidou \u00e0 Paris, propose une relecture du travail du grand d\u00e9fenseur de \u00ab l&#8217;Art Brut \u00bb. Bien qu&#8217;il ait, paradoxalement, refus\u00e9 la culture dominante, les \u00e9coles, les courants et les techniques enseign\u00e9es, son oeuvre occupe une place majeure dans [&hellip;]\" \/>\n<meta property=\"og:url\" content=\"https:\/\/librairie7l.com\/en\/produit\/jean-dubuffet-retrospective\/\" \/>\n<meta property=\"og:site_name\" content=\"Librairie 7L\" \/>\n<meta property=\"article:modified_time\" content=\"2026-04-29T00:06:56+00:00\" \/>\n<meta property=\"og:image\" content=\"https:\/\/librairie7l.com\/wp-content\/uploads\/2021\/05\/9782884431729_1_75.jpg\" \/>\n\t<meta property=\"og:image:width\" content=\"600\" \/>\n\t<meta property=\"og:image:height\" content=\"645\" \/>\n\t<meta property=\"og:image:type\" content=\"image\/jpeg\" \/>\n<meta name=\"twitter:card\" content=\"summary_large_image\" \/>\n<meta name=\"twitter:label1\" content=\"Est. reading time\" \/>\n\t<meta name=\"twitter:data1\" content=\"1 minute\" \/>\n<script type=\"application\/ld+json\" class=\"yoast-schema-graph\">{\"@context\":\"https:\/\/schema.org\",\"@graph\":[{\"@type\":\"WebPage\",\"@id\":\"https:\/\/librairie7l.com\/en\/produit\/jean-dubuffet-retrospective\/\",\"url\":\"https:\/\/librairie7l.com\/en\/produit\/jean-dubuffet-retrospective\/\",\"name\":\"JEAN DUBUFFET : RETROSPECTIVE - Librairie 7L\",\"isPartOf\":{\"@id\":\"https:\/\/librairie7l.com\/en\/#website\"},\"datePublished\":\"2023-05-09T15:48:20+00:00\",\"dateModified\":\"2026-04-29T00:06:56+00:00\",\"breadcrumb\":{\"@id\":\"https:\/\/librairie7l.com\/en\/produit\/jean-dubuffet-retrospective\/#breadcrumb\"},\"inLanguage\":\"en-US\",\"potentialAction\":[{\"@type\":\"ReadAction\",\"target\":[\"https:\/\/librairie7l.com\/en\/produit\/jean-dubuffet-retrospective\/\"]}]},{\"@type\":\"BreadcrumbList\",\"@id\":\"https:\/\/librairie7l.com\/en\/produit\/jean-dubuffet-retrospective\/#breadcrumb\",\"itemListElement\":[{\"@type\":\"ListItem\",\"position\":1,\"name\":\"Accueil\",\"item\":\"https:\/\/librairie7l.com\/en\/\"},{\"@type\":\"ListItem\",\"position\":2,\"name\":\"Shop\",\"item\":\"https:\/\/librairie7l.com\/en\/shop\/\"},{\"@type\":\"ListItem\",\"position\":3,\"name\":\"JEAN DUBUFFET : RETROSPECTIVE\"}]},{\"@type\":\"WebSite\",\"@id\":\"https:\/\/librairie7l.com\/en\/#website\",\"url\":\"https:\/\/librairie7l.com\/en\/\",\"name\":\"Librairie 7L\",\"description\":\"Librairie fond\u00e9e en 1999 par Karl Lagerfeld \u00e0 Paris\",\"publisher\":{\"@id\":\"https:\/\/librairie7l.com\/en\/#organization\"},\"potentialAction\":[{\"@type\":\"SearchAction\",\"target\":{\"@type\":\"EntryPoint\",\"urlTemplate\":\"https:\/\/librairie7l.com\/en\/?s={search_term_string}\"},\"query-input\":\"required name=search_term_string\"}],\"inLanguage\":\"en-US\"},{\"@type\":\"Organization\",\"@id\":\"https:\/\/librairie7l.com\/en\/#organization\",\"name\":\"Librairie 7L\",\"url\":\"https:\/\/librairie7l.com\/en\/\",\"logo\":{\"@type\":\"ImageObject\",\"inLanguage\":\"en-US\",\"@id\":\"https:\/\/librairie7l.com\/en\/#\/schema\/logo\/image\/\",\"url\":\"https:\/\/librairie7l.com\/wp-content\/uploads\/2022\/08\/logo-1.png\",\"contentUrl\":\"https:\/\/librairie7l.com\/wp-content\/uploads\/2022\/08\/logo-1.png\",\"width\":227,\"height\":301,\"caption\":\"Librairie 7L\"},\"image\":{\"@id\":\"https:\/\/librairie7l.com\/en\/#\/schema\/logo\/image\/\"}}]}<\/script>\n<!-- \/ Yoast SEO plugin. -->","yoast_head_json":{"title":"JEAN DUBUFFET : RETROSPECTIVE - Librairie 7L","robots":{"index":"index","follow":"follow","max-snippet":"max-snippet:-1","max-image-preview":"max-image-preview:large","max-video-preview":"max-video-preview:-1"},"canonical":"https:\/\/librairie7l.com\/en\/produit\/jean-dubuffet-retrospective\/","og_locale":"en_US","og_type":"article","og_title":"JEAN DUBUFFET : RETROSPECTIVE - Librairie 7L","og_description":"La magnifique r\u00e9trospective Jean Dubuffet pr\u00e9sent\u00e9e \u00e0 la Fondation Pierre Gianadda, en collaboration avec le Centre Georges-Pompidou \u00e0 Paris, propose une relecture du travail du grand d\u00e9fenseur de \u00ab l&#8217;Art Brut \u00bb. Bien qu&#8217;il ait, paradoxalement, refus\u00e9 la culture dominante, les \u00e9coles, les courants et les techniques enseign\u00e9es, son oeuvre occupe une place majeure dans [&hellip;]","og_url":"https:\/\/librairie7l.com\/en\/produit\/jean-dubuffet-retrospective\/","og_site_name":"Librairie 7L","article_modified_time":"2026-04-29T00:06:56+00:00","og_image":[{"width":600,"height":645,"url":"https:\/\/librairie7l.com\/wp-content\/uploads\/2021\/05\/9782884431729_1_75.jpg","type":"image\/jpeg"}],"twitter_card":"summary_large_image","twitter_misc":{"Est. reading time":"1 minute"},"schema":{"@context":"https:\/\/schema.org","@graph":[{"@type":"WebPage","@id":"https:\/\/librairie7l.com\/en\/produit\/jean-dubuffet-retrospective\/","url":"https:\/\/librairie7l.com\/en\/produit\/jean-dubuffet-retrospective\/","name":"JEAN DUBUFFET : RETROSPECTIVE - Librairie 7L","isPartOf":{"@id":"https:\/\/librairie7l.com\/en\/#website"},"datePublished":"2023-05-09T15:48:20+00:00","dateModified":"2026-04-29T00:06:56+00:00","breadcrumb":{"@id":"https:\/\/librairie7l.com\/en\/produit\/jean-dubuffet-retrospective\/#breadcrumb"},"inLanguage":"en-US","potentialAction":[{"@type":"ReadAction","target":["https:\/\/librairie7l.com\/en\/produit\/jean-dubuffet-retrospective\/"]}]},{"@type":"BreadcrumbList","@id":"https:\/\/librairie7l.com\/en\/produit\/jean-dubuffet-retrospective\/#breadcrumb","itemListElement":[{"@type":"ListItem","position":1,"name":"Accueil","item":"https:\/\/librairie7l.com\/en\/"},{"@type":"ListItem","position":2,"name":"Shop","item":"https:\/\/librairie7l.com\/en\/shop\/"},{"@type":"ListItem","position":3,"name":"JEAN DUBUFFET : RETROSPECTIVE"}]},{"@type":"WebSite","@id":"https:\/\/librairie7l.com\/en\/#website","url":"https:\/\/librairie7l.com\/en\/","name":"Librairie 7L","description":"Librairie fond\u00e9e en 1999 par Karl Lagerfeld \u00e0 Paris","publisher":{"@id":"https:\/\/librairie7l.com\/en\/#organization"},"potentialAction":[{"@type":"SearchAction","target":{"@type":"EntryPoint","urlTemplate":"https:\/\/librairie7l.com\/en\/?s={search_term_string}"},"query-input":"required name=search_term_string"}],"inLanguage":"en-US"},{"@type":"Organization","@id":"https:\/\/librairie7l.com\/en\/#organization","name":"Librairie 7L","url":"https:\/\/librairie7l.com\/en\/","logo":{"@type":"ImageObject","inLanguage":"en-US","@id":"https:\/\/librairie7l.com\/en\/#\/schema\/logo\/image\/","url":"https:\/\/librairie7l.com\/wp-content\/uploads\/2022\/08\/logo-1.png","contentUrl":"https:\/\/librairie7l.com\/wp-content\/uploads\/2022\/08\/logo-1.png","width":227,"height":301,"caption":"Librairie 7L"},"image":{"@id":"https:\/\/librairie7l.com\/en\/#\/schema\/logo\/image\/"}}]}},"_links":{"self":[{"href":"https:\/\/librairie7l.com\/en\/wp-json\/wp\/v2\/product\/18691"}],"collection":[{"href":"https:\/\/librairie7l.com\/en\/wp-json\/wp\/v2\/product"}],"about":[{"href":"https:\/\/librairie7l.com\/en\/wp-json\/wp\/v2\/types\/product"}],"wp:featuredmedia":[{"embeddable":true,"href":"https:\/\/librairie7l.com\/en\/wp-json\/wp\/v2\/media\/18689"}],"wp:attachment":[{"href":"https:\/\/librairie7l.com\/en\/wp-json\/wp\/v2\/media?parent=18691"}],"wp:term":[{"taxonomy":"product_cat","embeddable":true,"href":"https:\/\/librairie7l.com\/en\/wp-json\/wp\/v2\/product_cat?post=18691"},{"taxonomy":"product_tag","embeddable":true,"href":"https:\/\/librairie7l.com\/en\/wp-json\/wp\/v2\/product_tag?post=18691"}],"curies":[{"name":"wp","href":"https:\/\/api.w.org\/{rel}","templated":true}]}}

<p>La magnifique rétrospective Jean Dubuffet présentée à la Fondation Pierre Gianadda, en collaboration avec le Centre Georges-Pompidou à Paris, propose une relecture du travail du grand défenseur de « l&#8217;Art Brut ». Bien qu&#8217;il ait, paradoxalement, refusé la culture dominante, les écoles, les courants et les techniques enseignées, son oeuvre occupe une place majeure dans le paysage artistique de la seconde moitié du XXe siècle.<br />
De par sa diversité, cette exposition témoigne de l&#8217;inépuisable créativité de cet artiste prolifique &#8211; né en 1901 et décédé en 1985 &#8211; qui sut faire évoluer son style tout au long de son existence. Érigeant le non-savoir en principe pour créer une oeuvre singulière, rythmée par des séries successives, Jean Dubuffet ne cessa de développer de nouvelles recherches aux « tonalités » audacieuses, toujours déconcertantes. Insoumis aux normes en vigueur, « le vrai art », selon lui, « est toujours là où on ne l&#8217;attend pas. Là où personne ne pense à lui ni ne prononce son nom. » Riche de plus de dix mille oeuvres répertoriées au catalogue raisonné, le travail polymorphe de Jean Dubuffet couvre six décennies du XXe siècle. Aussi, pour rendre compte de tous les aspects de sa création, l&#8217;exposition présentée à la Fondation Pierre Gianadda s&#8217;articule autour de temps forts, faisant alterner chefsd&#8217;oeuvre de sa peinture et ensembles majeurs de travaux sur papier (dessins et gouaches), présentés selon un déroulement chronologique.</p>

<p>La magnifique rétrospective Jean Dubuffet présentée à la Fondation Pierre Gianadda, en collaboration avec le Centre Georges-Pompidou à Paris, propose une relecture du travail du grand défenseur de « l&#8217;Art Brut ». Bien qu&#8217;il ait, paradoxalement, refusé la culture dominante, les écoles, les courants et les techniques enseignées, son oeuvre occupe une place majeure dans [&hellip;]</p>

<!-- This site is optimized with the Yoast SEO plugin v20.11 - https://yoast.com/wordpress/plugins/seo/ -->
<title>JEAN DUBUFFET : RETROSPECTIVE - Librairie 7L</title>
<meta name="robots" content="index, follow, max-snippet:-1, max-image-preview:large, max-video-preview:-1" />
<link rel="canonical" href="https://librairie7l.com/en/produit/jean-dubuffet-retrospective/" />
<meta property="og:locale" content="en_US" />
<meta property="og:type" content="article" />
<meta property="og:title" content="JEAN DUBUFFET : RETROSPECTIVE - Librairie 7L" />
<meta property="og:description" content="La magnifique rétrospective Jean Dubuffet présentée à la Fondation Pierre Gianadda, en collaboration avec le Centre Georges-Pompidou à Paris, propose une relecture du travail du grand défenseur de « l&#8217;Art Brut ». Bien qu&#8217;il ait, paradoxalement, refusé la culture dominante, les écoles, les courants et les techniques enseignées, son oeuvre occupe une place majeure dans [&hellip;]" />
<meta property="og:url" content="https://librairie7l.com/en/produit/jean-dubuffet-retrospective/" />
<meta property="og:site_name" content="Librairie 7L" />
<meta property="article:modified_time" content="2026-04-29T00:06:56+00:00" />
<meta property="og:image" content="https://librairie7l.com/wp-content/uploads/2021/05/9782884431729_1_75.jpg" />
	<meta property="og:image:width" content="600" />
	<meta property="og:image:height" content="645" />
	<meta property="og:image:type" content="image/jpeg" />
<meta name="twitter:card" content="summary_large_image" />
<meta name="twitter:label1" content="Est. reading time" />
	<meta name="twitter:data1" content="1 minute" />
<script type="application/ld+json" class="yoast-schema-graph">{"@context":"https://schema.org","@graph":[{"@type":"WebPage","@id":"https://librairie7l.com/en/produit/jean-dubuffet-retrospective/","url":"https://librairie7l.com/en/produit/jean-dubuffet-retrospective/","name":"JEAN DUBUFFET : RETROSPECTIVE - Librairie 7L","isPartOf":{"@id":"https://librairie7l.com/en/#website"},"datePublished":"2023-05-09T15:48:20+00:00","dateModified":"2026-04-29T00:06:56+00:00","breadcrumb":{"@id":"https://librairie7l.com/en/produit/jean-dubuffet-retrospective/#breadcrumb"},"inLanguage":"en-US","potentialAction":[{"@type":"ReadAction","target":["https://librairie7l.com/en/produit/jean-dubuffet-retrospective/"]}]},{"@type":"BreadcrumbList","@id":"https://librairie7l.com/en/produit/jean-dubuffet-retrospective/#breadcrumb","itemListElement":[{"@type":"ListItem","position":1,"name":"Accueil","item":"https://librairie7l.com/en/"},{"@type":"ListItem","position":2,"name":"Shop","item":"https://librairie7l.com/en/shop/"},{"@type":"ListItem","position":3,"name":"JEAN DUBUFFET : RETROSPECTIVE"}]},{"@type":"WebSite","@id":"https://librairie7l.com/en/#website","url":"https://librairie7l.com/en/","name":"Librairie 7L","description":"Librairie fondée en 1999 par Karl Lagerfeld à Paris","publisher":{"@id":"https://librairie7l.com/en/#organization"},"potentialAction":[{"@type":"SearchAction","target":{"@type":"EntryPoint","urlTemplate":"https://librairie7l.com/en/?s={search_term_string}"},"query-input":"required name=search_term_string"}],"inLanguage":"en-US"},{"@type":"Organization","@id":"https://librairie7l.com/en/#organization","name":"Librairie 7L","url":"https://librairie7l.com/en/","logo":{"@type":"ImageObject","inLanguage":"en-US","@id":"https://librairie7l.com/en/#/schema/logo/image/","url":"https://librairie7l.com/wp-content/uploads/2022/08/logo-1.png","contentUrl":"https://librairie7l.com/wp-content/uploads/2022/08/logo-1.png","width":227,"height":301,"caption":"Librairie 7L"},"image":{"@id":"https://librairie7l.com/en/#/schema/logo/image/"}}]}</script>
<!-- / Yoast SEO plugin. -->

La magnifique rétrospective Jean Dubuffet présentée à la Fondation Pierre Gianadda, en collaboration avec le Centre Georges-Pompidou à Paris, propose une relecture du travail du grand défenseur de « l&#8217;Art Brut ». Bien qu&#8217;il ait, paradoxalement, refusé la culture dominante, les écoles, les courants et les techniques enseignées, son oeuvre occupe une place majeure dans [&hellip;]

Librairie fondée en 1999 par Karl Lagerfeld à Paris
