{"id":19759,"date":"2023-05-09T18:02:50","date_gmt":"2023-05-09T16:02:50","guid":{"rendered":"https:\/\/librairie7l.com\/?post_type=product&#038;p=19759"},"modified":"2026-04-30T05:05:43","modified_gmt":"2026-04-30T03:05:43","slug":"edith-dekyndt-lorigine-des-choses","status":"publish","type":"product","link":"https:\/\/librairie7l.com\/en\/produit\/edith-dekyndt-lorigine-des-choses\/","title":{"rendered":"EDITH DEKYNDT : L&#8217;ORIGINE DES CHOSES"},"content":{"rendered":"<p>N\u00e9e en 1960 \u00e0 Ypres (Belgique), Edith Dekyndt vit et travaille \u00e0 Bruxelles et \u00e0 Berlin. \u00c0 travers ses oeuvres, l&#8217;artiste propose des exp\u00e9riences sensorielles fond\u00e9es sur l&#8217;observation minutieuse de la mati\u00e8re et des contextes culturels qui l&#8217;englobent. Apres des \u00e9tudes de communication, elle entre \u00e0 l&#8217;\u00e9cole des Beaux-Arts de Mons. De nature processuelle et conceptuelle, son approche s&#8217;int\u00e9resse aux objets, souvent ordinaires, qui composent le quotidien et \u00e0 leur transformation au contact d&#8217;environnements naturels et architecturaux. Ses installations et performances int\u00e8grent des objets naturels et usin\u00e9s, des photographies, des vid\u00e9os, du son et de la lumi\u00e8re. Chacun de ses projets s&#8217;ancre dans l&#8217;observation d&#8217;infimes d\u00e9tails \u00e0 travers lesquels des objets et des situations d&#8217;apparence quelconque deviennent \u00e0 la fois sublimes et bouleversants. Ils invitent le spectateur \u00e0 prendre conscience de l&#8217;\u00e9quilibre pr\u00e9caire des ph\u00e9nom\u00e8nes chimiques et physiques, ainsi que de la nature transitoire et fluide du monde mat\u00e9riel. Ses oeuvres sont pr\u00e9sentes dans des collections publiques et priv\u00e9es telles que celles du Centre Pompidou (Paris), du MoMA (New York), du Skulpturen Park de Cologne, de la Cranford Collection (Londres), du Cnap (Paris), de Pinault Collection (Paris), de la Kunsthalle de Hambourg, du Mudam (Luxembourg), de plusieurs Frac (Picardie, Lorraine, Bretagne, Pays de la Loire, Alsace, La R\u00e9union) ou encore du M HKA (Anvers). Apr\u00e8s Bertrand Lavier et Anri Sala, Edith Dekyndt s&#8217;empare des vitrines du Passage de la Bourse de Commerce, reproduites ici sous la forme d&#8217;un leporello. Devenues par nature l&#8217;un des dispositifs de pr\u00e9dilection des expositions universelles, c&#8217;est justement pour la reconfiguration du b\u00e2timent &#8211; d&#8217;une ancienne halle \u00e0 une bourse d&#8217;\u00e9changes &#8211; conduite pour celle de 1889 que les vitrines en place aujourd&#8217;hui furent install\u00e9es. L&#8217;artiste puise dans cette histoire pour cr\u00e9er des images qui seraient \u00ab?ph\u00e9nom\u00e8nes d&#8217;apparition, de r\u00e9surgence, dans le mouvement?\u00bb. Dans ce cycle, l&#8217;artiste provoque et interroge l&#8217;apparition de l&#8217;oeuvre, cette suspension entre deux natures (de l&#8217;objet \u00e0 l&#8217;oeuvre d&#8217;art), le \u00ab?d\u00e9j\u00e0 fait?\u00bb (ready-made) et l&#8217;inachev\u00e9. \u00c0 celle de nature morte, l&#8217;artiste pr\u00e9f\u00e8re l&#8217;expression anglaise still life, action provisoirement arr\u00eat\u00e9e, ralentie, calm\u00e9e, mais laissant le tableau vivant et ses composantes toujours actives. Elle se passionne pour la transformation des \u00e9l\u00e9ments, la variation des couleurs, les inflexions de la lumi\u00e8re, l&#8217;action du temps&#8230; Edith Dekyndt assemble et accroche ces objets du quotidien ou ces fragments d&#8217;objets, cass\u00e9s, tomb\u00e9s, ramass\u00e9s, r\u00e9cup\u00e9r\u00e9s, r\u00e9par\u00e9s.<\/p>\n","protected":false},"excerpt":{"rendered":"<p>N\u00e9e en 1960 \u00e0 Ypres (Belgique), Edith Dekyndt vit et travaille \u00e0 Bruxelles et \u00e0 Berlin. \u00c0 travers ses oeuvres, l&#8217;artiste propose des exp\u00e9riences sensorielles fond\u00e9es sur l&#8217;observation minutieuse de la mati\u00e8re et des contextes culturels qui l&#8217;englobent. Apres des \u00e9tudes de communication, elle entre \u00e0 l&#8217;\u00e9cole des Beaux-Arts de Mons. De nature processuelle et [&hellip;]<\/p>\n","protected":false},"featured_media":19757,"template":"","meta":[],"product_cat":[2948,2953],"product_tag":[],"acf":[],"yoast_head":"<!-- This site is optimized with the Yoast SEO plugin v20.11 - https:\/\/yoast.com\/wordpress\/plugins\/seo\/ -->\n<title>EDITH DEKYNDT : L&#039;ORIGINE DES CHOSES - Librairie 7L<\/title>\n<meta name=\"robots\" content=\"index, follow, max-snippet:-1, max-image-preview:large, max-video-preview:-1\" \/>\n<link rel=\"canonical\" href=\"https:\/\/librairie7l.com\/en\/produit\/edith-dekyndt-lorigine-des-choses\/\" \/>\n<meta property=\"og:locale\" content=\"en_US\" \/>\n<meta property=\"og:type\" content=\"article\" \/>\n<meta property=\"og:title\" content=\"EDITH DEKYNDT : L&#039;ORIGINE DES CHOSES - Librairie 7L\" \/>\n<meta property=\"og:description\" content=\"N\u00e9e en 1960 \u00e0 Ypres (Belgique), Edith Dekyndt vit et travaille \u00e0 Bruxelles et \u00e0 Berlin. \u00c0 travers ses oeuvres, l&#8217;artiste propose des exp\u00e9riences sensorielles fond\u00e9es sur l&#8217;observation minutieuse de la mati\u00e8re et des contextes culturels qui l&#8217;englobent. Apres des \u00e9tudes de communication, elle entre \u00e0 l&#8217;\u00e9cole des Beaux-Arts de Mons. De nature processuelle et [&hellip;]\" \/>\n<meta property=\"og:url\" content=\"https:\/\/librairie7l.com\/en\/produit\/edith-dekyndt-lorigine-des-choses\/\" \/>\n<meta property=\"og:site_name\" content=\"Librairie 7L\" \/>\n<meta property=\"article:modified_time\" content=\"2026-04-30T03:05:43+00:00\" \/>\n<meta property=\"og:image\" content=\"https:\/\/librairie7l.com\/wp-content\/uploads\/2023\/04\/9782373721782_1_75.jpg\" \/>\n\t<meta property=\"og:image:width\" content=\"770\" \/>\n\t<meta property=\"og:image:height\" content=\"600\" \/>\n\t<meta property=\"og:image:type\" content=\"image\/jpeg\" \/>\n<meta name=\"twitter:card\" content=\"summary_large_image\" \/>\n<meta name=\"twitter:label1\" content=\"Est. reading time\" \/>\n\t<meta name=\"twitter:data1\" content=\"2 minutes\" \/>\n<script type=\"application\/ld+json\" class=\"yoast-schema-graph\">{\"@context\":\"https:\/\/schema.org\",\"@graph\":[{\"@type\":\"WebPage\",\"@id\":\"https:\/\/librairie7l.com\/en\/produit\/edith-dekyndt-lorigine-des-choses\/\",\"url\":\"https:\/\/librairie7l.com\/en\/produit\/edith-dekyndt-lorigine-des-choses\/\",\"name\":\"EDITH DEKYNDT : L'ORIGINE DES CHOSES - Librairie 7L\",\"isPartOf\":{\"@id\":\"https:\/\/librairie7l.com\/en\/#website\"},\"datePublished\":\"2023-05-09T16:02:50+00:00\",\"dateModified\":\"2026-04-30T03:05:43+00:00\",\"breadcrumb\":{\"@id\":\"https:\/\/librairie7l.com\/en\/produit\/edith-dekyndt-lorigine-des-choses\/#breadcrumb\"},\"inLanguage\":\"en-US\",\"potentialAction\":[{\"@type\":\"ReadAction\",\"target\":[\"https:\/\/librairie7l.com\/en\/produit\/edith-dekyndt-lorigine-des-choses\/\"]}]},{\"@type\":\"BreadcrumbList\",\"@id\":\"https:\/\/librairie7l.com\/en\/produit\/edith-dekyndt-lorigine-des-choses\/#breadcrumb\",\"itemListElement\":[{\"@type\":\"ListItem\",\"position\":1,\"name\":\"Accueil\",\"item\":\"https:\/\/librairie7l.com\/en\/\"},{\"@type\":\"ListItem\",\"position\":2,\"name\":\"Shop\",\"item\":\"https:\/\/librairie7l.com\/en\/shop\/\"},{\"@type\":\"ListItem\",\"position\":3,\"name\":\"EDITH DEKYNDT : L&#8217;ORIGINE DES CHOSES\"}]},{\"@type\":\"WebSite\",\"@id\":\"https:\/\/librairie7l.com\/en\/#website\",\"url\":\"https:\/\/librairie7l.com\/en\/\",\"name\":\"Librairie 7L\",\"description\":\"Librairie fond\u00e9e en 1999 par Karl Lagerfeld \u00e0 Paris\",\"publisher\":{\"@id\":\"https:\/\/librairie7l.com\/en\/#organization\"},\"potentialAction\":[{\"@type\":\"SearchAction\",\"target\":{\"@type\":\"EntryPoint\",\"urlTemplate\":\"https:\/\/librairie7l.com\/en\/?s={search_term_string}\"},\"query-input\":\"required name=search_term_string\"}],\"inLanguage\":\"en-US\"},{\"@type\":\"Organization\",\"@id\":\"https:\/\/librairie7l.com\/en\/#organization\",\"name\":\"Librairie 7L\",\"url\":\"https:\/\/librairie7l.com\/en\/\",\"logo\":{\"@type\":\"ImageObject\",\"inLanguage\":\"en-US\",\"@id\":\"https:\/\/librairie7l.com\/en\/#\/schema\/logo\/image\/\",\"url\":\"https:\/\/librairie7l.com\/wp-content\/uploads\/2022\/08\/logo-1.png\",\"contentUrl\":\"https:\/\/librairie7l.com\/wp-content\/uploads\/2022\/08\/logo-1.png\",\"width\":227,\"height\":301,\"caption\":\"Librairie 7L\"},\"image\":{\"@id\":\"https:\/\/librairie7l.com\/en\/#\/schema\/logo\/image\/\"}}]}<\/script>\n<!-- \/ Yoast SEO plugin. -->","yoast_head_json":{"title":"EDITH DEKYNDT : L'ORIGINE DES CHOSES - Librairie 7L","robots":{"index":"index","follow":"follow","max-snippet":"max-snippet:-1","max-image-preview":"max-image-preview:large","max-video-preview":"max-video-preview:-1"},"canonical":"https:\/\/librairie7l.com\/en\/produit\/edith-dekyndt-lorigine-des-choses\/","og_locale":"en_US","og_type":"article","og_title":"EDITH DEKYNDT : L'ORIGINE DES CHOSES - Librairie 7L","og_description":"N\u00e9e en 1960 \u00e0 Ypres (Belgique), Edith Dekyndt vit et travaille \u00e0 Bruxelles et \u00e0 Berlin. \u00c0 travers ses oeuvres, l&#8217;artiste propose des exp\u00e9riences sensorielles fond\u00e9es sur l&#8217;observation minutieuse de la mati\u00e8re et des contextes culturels qui l&#8217;englobent. Apres des \u00e9tudes de communication, elle entre \u00e0 l&#8217;\u00e9cole des Beaux-Arts de Mons. De nature processuelle et [&hellip;]","og_url":"https:\/\/librairie7l.com\/en\/produit\/edith-dekyndt-lorigine-des-choses\/","og_site_name":"Librairie 7L","article_modified_time":"2026-04-30T03:05:43+00:00","og_image":[{"width":770,"height":600,"url":"https:\/\/librairie7l.com\/wp-content\/uploads\/2023\/04\/9782373721782_1_75.jpg","type":"image\/jpeg"}],"twitter_card":"summary_large_image","twitter_misc":{"Est. reading time":"2 minutes"},"schema":{"@context":"https:\/\/schema.org","@graph":[{"@type":"WebPage","@id":"https:\/\/librairie7l.com\/en\/produit\/edith-dekyndt-lorigine-des-choses\/","url":"https:\/\/librairie7l.com\/en\/produit\/edith-dekyndt-lorigine-des-choses\/","name":"EDITH DEKYNDT : L'ORIGINE DES CHOSES - Librairie 7L","isPartOf":{"@id":"https:\/\/librairie7l.com\/en\/#website"},"datePublished":"2023-05-09T16:02:50+00:00","dateModified":"2026-04-30T03:05:43+00:00","breadcrumb":{"@id":"https:\/\/librairie7l.com\/en\/produit\/edith-dekyndt-lorigine-des-choses\/#breadcrumb"},"inLanguage":"en-US","potentialAction":[{"@type":"ReadAction","target":["https:\/\/librairie7l.com\/en\/produit\/edith-dekyndt-lorigine-des-choses\/"]}]},{"@type":"BreadcrumbList","@id":"https:\/\/librairie7l.com\/en\/produit\/edith-dekyndt-lorigine-des-choses\/#breadcrumb","itemListElement":[{"@type":"ListItem","position":1,"name":"Accueil","item":"https:\/\/librairie7l.com\/en\/"},{"@type":"ListItem","position":2,"name":"Shop","item":"https:\/\/librairie7l.com\/en\/shop\/"},{"@type":"ListItem","position":3,"name":"EDITH DEKYNDT : L&#8217;ORIGINE DES CHOSES"}]},{"@type":"WebSite","@id":"https:\/\/librairie7l.com\/en\/#website","url":"https:\/\/librairie7l.com\/en\/","name":"Librairie 7L","description":"Librairie fond\u00e9e en 1999 par Karl Lagerfeld \u00e0 Paris","publisher":{"@id":"https:\/\/librairie7l.com\/en\/#organization"},"potentialAction":[{"@type":"SearchAction","target":{"@type":"EntryPoint","urlTemplate":"https:\/\/librairie7l.com\/en\/?s={search_term_string}"},"query-input":"required name=search_term_string"}],"inLanguage":"en-US"},{"@type":"Organization","@id":"https:\/\/librairie7l.com\/en\/#organization","name":"Librairie 7L","url":"https:\/\/librairie7l.com\/en\/","logo":{"@type":"ImageObject","inLanguage":"en-US","@id":"https:\/\/librairie7l.com\/en\/#\/schema\/logo\/image\/","url":"https:\/\/librairie7l.com\/wp-content\/uploads\/2022\/08\/logo-1.png","contentUrl":"https:\/\/librairie7l.com\/wp-content\/uploads\/2022\/08\/logo-1.png","width":227,"height":301,"caption":"Librairie 7L"},"image":{"@id":"https:\/\/librairie7l.com\/en\/#\/schema\/logo\/image\/"}}]}},"_links":{"self":[{"href":"https:\/\/librairie7l.com\/en\/wp-json\/wp\/v2\/product\/19759"}],"collection":[{"href":"https:\/\/librairie7l.com\/en\/wp-json\/wp\/v2\/product"}],"about":[{"href":"https:\/\/librairie7l.com\/en\/wp-json\/wp\/v2\/types\/product"}],"wp:featuredmedia":[{"embeddable":true,"href":"https:\/\/librairie7l.com\/en\/wp-json\/wp\/v2\/media\/19757"}],"wp:attachment":[{"href":"https:\/\/librairie7l.com\/en\/wp-json\/wp\/v2\/media?parent=19759"}],"wp:term":[{"taxonomy":"product_cat","embeddable":true,"href":"https:\/\/librairie7l.com\/en\/wp-json\/wp\/v2\/product_cat?post=19759"},{"taxonomy":"product_tag","embeddable":true,"href":"https:\/\/librairie7l.com\/en\/wp-json\/wp\/v2\/product_tag?post=19759"}],"curies":[{"name":"wp","href":"https:\/\/api.w.org\/{rel}","templated":true}]}}

<p>Née en 1960 à Ypres (Belgique), Edith Dekyndt vit et travaille à Bruxelles et à Berlin. À travers ses oeuvres, l&#8217;artiste propose des expériences sensorielles fondées sur l&#8217;observation minutieuse de la matière et des contextes culturels qui l&#8217;englobent. Apres des études de communication, elle entre à l&#8217;école des Beaux-Arts de Mons. De nature processuelle et conceptuelle, son approche s&#8217;intéresse aux objets, souvent ordinaires, qui composent le quotidien et à leur transformation au contact d&#8217;environnements naturels et architecturaux. Ses installations et performances intègrent des objets naturels et usinés, des photographies, des vidéos, du son et de la lumière. Chacun de ses projets s&#8217;ancre dans l&#8217;observation d&#8217;infimes détails à travers lesquels des objets et des situations d&#8217;apparence quelconque deviennent à la fois sublimes et bouleversants. Ils invitent le spectateur à prendre conscience de l&#8217;équilibre précaire des phénomènes chimiques et physiques, ainsi que de la nature transitoire et fluide du monde matériel. Ses oeuvres sont présentes dans des collections publiques et privées telles que celles du Centre Pompidou (Paris), du MoMA (New York), du Skulpturen Park de Cologne, de la Cranford Collection (Londres), du Cnap (Paris), de Pinault Collection (Paris), de la Kunsthalle de Hambourg, du Mudam (Luxembourg), de plusieurs Frac (Picardie, Lorraine, Bretagne, Pays de la Loire, Alsace, La Réunion) ou encore du M HKA (Anvers). Après Bertrand Lavier et Anri Sala, Edith Dekyndt s&#8217;empare des vitrines du Passage de la Bourse de Commerce, reproduites ici sous la forme d&#8217;un leporello. Devenues par nature l&#8217;un des dispositifs de prédilection des expositions universelles, c&#8217;est justement pour la reconfiguration du bâtiment &#8211; d&#8217;une ancienne halle à une bourse d&#8217;échanges &#8211; conduite pour celle de 1889 que les vitrines en place aujourd&#8217;hui furent installées. L&#8217;artiste puise dans cette histoire pour créer des images qui seraient «?phénomènes d&#8217;apparition, de résurgence, dans le mouvement?». Dans ce cycle, l&#8217;artiste provoque et interroge l&#8217;apparition de l&#8217;oeuvre, cette suspension entre deux natures (de l&#8217;objet à l&#8217;oeuvre d&#8217;art), le «?déjà fait?» (ready-made) et l&#8217;inachevé. À celle de nature morte, l&#8217;artiste préfère l&#8217;expression anglaise still life, action provisoirement arrêtée, ralentie, calmée, mais laissant le tableau vivant et ses composantes toujours actives. Elle se passionne pour la transformation des éléments, la variation des couleurs, les inflexions de la lumière, l&#8217;action du temps&#8230; Edith Dekyndt assemble et accroche ces objets du quotidien ou ces fragments d&#8217;objets, cassés, tombés, ramassés, récupérés, réparés.</p>

<p>Née en 1960 à Ypres (Belgique), Edith Dekyndt vit et travaille à Bruxelles et à Berlin. À travers ses oeuvres, l&#8217;artiste propose des expériences sensorielles fondées sur l&#8217;observation minutieuse de la matière et des contextes culturels qui l&#8217;englobent. Apres des études de communication, elle entre à l&#8217;école des Beaux-Arts de Mons. De nature processuelle et [&hellip;]</p>

<!-- This site is optimized with the Yoast SEO plugin v20.11 - https://yoast.com/wordpress/plugins/seo/ -->
<title>EDITH DEKYNDT : L&#039;ORIGINE DES CHOSES - Librairie 7L</title>
<meta name="robots" content="index, follow, max-snippet:-1, max-image-preview:large, max-video-preview:-1" />
<link rel="canonical" href="https://librairie7l.com/en/produit/edith-dekyndt-lorigine-des-choses/" />
<meta property="og:locale" content="en_US" />
<meta property="og:type" content="article" />
<meta property="og:title" content="EDITH DEKYNDT : L&#039;ORIGINE DES CHOSES - Librairie 7L" />
<meta property="og:description" content="Née en 1960 à Ypres (Belgique), Edith Dekyndt vit et travaille à Bruxelles et à Berlin. À travers ses oeuvres, l&#8217;artiste propose des expériences sensorielles fondées sur l&#8217;observation minutieuse de la matière et des contextes culturels qui l&#8217;englobent. Apres des études de communication, elle entre à l&#8217;école des Beaux-Arts de Mons. De nature processuelle et [&hellip;]" />
<meta property="og:url" content="https://librairie7l.com/en/produit/edith-dekyndt-lorigine-des-choses/" />
<meta property="og:site_name" content="Librairie 7L" />
<meta property="article:modified_time" content="2026-04-30T03:05:43+00:00" />
<meta property="og:image" content="https://librairie7l.com/wp-content/uploads/2023/04/9782373721782_1_75.jpg" />
	<meta property="og:image:width" content="770" />
	<meta property="og:image:height" content="600" />
	<meta property="og:image:type" content="image/jpeg" />
<meta name="twitter:card" content="summary_large_image" />
<meta name="twitter:label1" content="Est. reading time" />
	<meta name="twitter:data1" content="2 minutes" />
<script type="application/ld+json" class="yoast-schema-graph">{"@context":"https://schema.org","@graph":[{"@type":"WebPage","@id":"https://librairie7l.com/en/produit/edith-dekyndt-lorigine-des-choses/","url":"https://librairie7l.com/en/produit/edith-dekyndt-lorigine-des-choses/","name":"EDITH DEKYNDT : L'ORIGINE DES CHOSES - Librairie 7L","isPartOf":{"@id":"https://librairie7l.com/en/#website"},"datePublished":"2023-05-09T16:02:50+00:00","dateModified":"2026-04-30T03:05:43+00:00","breadcrumb":{"@id":"https://librairie7l.com/en/produit/edith-dekyndt-lorigine-des-choses/#breadcrumb"},"inLanguage":"en-US","potentialAction":[{"@type":"ReadAction","target":["https://librairie7l.com/en/produit/edith-dekyndt-lorigine-des-choses/"]}]},{"@type":"BreadcrumbList","@id":"https://librairie7l.com/en/produit/edith-dekyndt-lorigine-des-choses/#breadcrumb","itemListElement":[{"@type":"ListItem","position":1,"name":"Accueil","item":"https://librairie7l.com/en/"},{"@type":"ListItem","position":2,"name":"Shop","item":"https://librairie7l.com/en/shop/"},{"@type":"ListItem","position":3,"name":"EDITH DEKYNDT : L&#8217;ORIGINE DES CHOSES"}]},{"@type":"WebSite","@id":"https://librairie7l.com/en/#website","url":"https://librairie7l.com/en/","name":"Librairie 7L","description":"Librairie fondée en 1999 par Karl Lagerfeld à Paris","publisher":{"@id":"https://librairie7l.com/en/#organization"},"potentialAction":[{"@type":"SearchAction","target":{"@type":"EntryPoint","urlTemplate":"https://librairie7l.com/en/?s={search_term_string}"},"query-input":"required name=search_term_string"}],"inLanguage":"en-US"},{"@type":"Organization","@id":"https://librairie7l.com/en/#organization","name":"Librairie 7L","url":"https://librairie7l.com/en/","logo":{"@type":"ImageObject","inLanguage":"en-US","@id":"https://librairie7l.com/en/#/schema/logo/image/","url":"https://librairie7l.com/wp-content/uploads/2022/08/logo-1.png","contentUrl":"https://librairie7l.com/wp-content/uploads/2022/08/logo-1.png","width":227,"height":301,"caption":"Librairie 7L"},"image":{"@id":"https://librairie7l.com/en/#/schema/logo/image/"}}]}</script>
<!-- / Yoast SEO plugin. -->

Née en 1960 à Ypres (Belgique), Edith Dekyndt vit et travaille à Bruxelles et à Berlin. À travers ses oeuvres, l&#8217;artiste propose des expériences sensorielles fondées sur l&#8217;observation minutieuse de la matière et des contextes culturels qui l&#8217;englobent. Apres des études de communication, elle entre à l&#8217;école des Beaux-Arts de Mons. De nature processuelle et [&hellip;]

Librairie fondée en 1999 par Karl Lagerfeld à Paris
