{"id":20163,"date":"2023-05-09T18:08:24","date_gmt":"2023-05-09T16:08:24","guid":{"rendered":"https:\/\/librairie7l.com\/?post_type=product&#038;p=20163"},"modified":"2026-05-03T09:31:08","modified_gmt":"2026-05-03T07:31:08","slug":"haiti","status":"publish","type":"product","link":"https:\/\/librairie7l.com\/en\/produit\/haiti\/","title":{"rendered":"HA\u00cfTI"},"content":{"rendered":"<p>12 janvier 2010, un s\u00e9\u00efsme d\u00e9vaste Ha\u00efti et fait pr\u00e8s de 250 000 morts.<br \/>\nCorentin Fohlen, photographe, rejoint l&#8217;\u00eele pour couvrir la situation d&#8217;urgence humanitaire sur place pour la presse. En 2012, il retourne \u00e0 Ha\u00efti pour d\u00e9couvrir en profondeur le pays et montrer d&#8217;autres facettes de ce territoire pr\u00e9sent\u00e9 comme maudit et pauvre. Il axe son travail sur l&#8217;\u00e9nergie d\u00e9bordante qui existe sur l&#8217;\u00eele, y d\u00e9c\u00e8le les possibilit\u00e9s, les espoirs tout en observant les travers. Prenant le contrepied du fantasme v\u00e9hicul\u00e9 sur la mis\u00e8re des habitants, il d\u00e9cide de consacrer du temps (plus de douze voyages) pour dresser un portrait beaucoup plus complet et complexe de la r\u00e9alit\u00e9 ha\u00eftienne.<br \/>\nLe livre Ha\u00efti interroge l&#8217;afflux d&#8217;investissement engag\u00e9 de l&#8217;ext\u00e9rieur sur l&#8217;\u00eele. Le pays r\u00eave (ou on r\u00eave pour lui) de retrouver le mythe de sa grandeur pass\u00e9e et de rejoindre sa voisine, la R\u00e9publique Dominicaine, qui excelle dans le tourisme de masse. Corentin Fohlen relate les moyens et les effets de cette acc\u00e9l\u00e9ration \u00e9conomique destin\u00e9e \u00e0 rassurer une nouvelle client\u00e8le touristique. Profite t-elle r\u00e9ellement aux Ha\u00eftiens ?<\/p>\n","protected":false},"excerpt":{"rendered":"<p>12 janvier 2010, un s\u00e9\u00efsme d\u00e9vaste Ha\u00efti et fait pr\u00e8s de 250 000 morts. Corentin Fohlen, photographe, rejoint l&#8217;\u00eele pour couvrir la situation d&#8217;urgence humanitaire sur place pour la presse. En 2012, il retourne \u00e0 Ha\u00efti pour d\u00e9couvrir en profondeur le pays et montrer d&#8217;autres facettes de ce territoire pr\u00e9sent\u00e9 comme maudit et pauvre. Il [&hellip;]<\/p>\n","protected":false},"featured_media":20161,"template":"","meta":[],"product_cat":[2948,2958],"product_tag":[],"acf":[],"yoast_head":"<!-- This site is optimized with the Yoast SEO plugin v20.11 - https:\/\/yoast.com\/wordpress\/plugins\/seo\/ -->\n<title>HA\u00cfTI - Librairie 7L<\/title>\n<meta name=\"robots\" content=\"index, follow, max-snippet:-1, max-image-preview:large, max-video-preview:-1\" \/>\n<link rel=\"canonical\" href=\"https:\/\/librairie7l.com\/en\/produit\/haiti\/\" \/>\n<meta property=\"og:locale\" content=\"en_US\" \/>\n<meta property=\"og:type\" content=\"article\" \/>\n<meta property=\"og:title\" content=\"HA\u00cfTI - Librairie 7L\" \/>\n<meta property=\"og:description\" content=\"12 janvier 2010, un s\u00e9\u00efsme d\u00e9vaste Ha\u00efti et fait pr\u00e8s de 250 000 morts. Corentin Fohlen, photographe, rejoint l&#8217;\u00eele pour couvrir la situation d&#8217;urgence humanitaire sur place pour la presse. En 2012, il retourne \u00e0 Ha\u00efti pour d\u00e9couvrir en profondeur le pays et montrer d&#8217;autres facettes de ce territoire pr\u00e9sent\u00e9 comme maudit et pauvre. Il [&hellip;]\" \/>\n<meta property=\"og:url\" content=\"https:\/\/librairie7l.com\/en\/produit\/haiti\/\" \/>\n<meta property=\"og:site_name\" content=\"Librairie 7L\" \/>\n<meta property=\"article:modified_time\" content=\"2026-05-03T07:31:08+00:00\" \/>\n<meta property=\"og:image\" content=\"https:\/\/librairie7l.com\/wp-content\/uploads\/2016\/12\/9791095118039_1_75.jpg\" \/>\n\t<meta property=\"og:image:width\" content=\"600\" \/>\n\t<meta property=\"og:image:height\" content=\"789\" \/>\n\t<meta property=\"og:image:type\" content=\"image\/jpeg\" \/>\n<meta name=\"twitter:card\" content=\"summary_large_image\" \/>\n<meta name=\"twitter:label1\" content=\"Est. reading time\" \/>\n\t<meta name=\"twitter:data1\" content=\"1 minute\" \/>\n<script type=\"application\/ld+json\" class=\"yoast-schema-graph\">{\"@context\":\"https:\/\/schema.org\",\"@graph\":[{\"@type\":\"WebPage\",\"@id\":\"https:\/\/librairie7l.com\/en\/produit\/haiti\/\",\"url\":\"https:\/\/librairie7l.com\/en\/produit\/haiti\/\",\"name\":\"HA\u00cfTI - Librairie 7L\",\"isPartOf\":{\"@id\":\"https:\/\/librairie7l.com\/en\/#website\"},\"datePublished\":\"2023-05-09T16:08:24+00:00\",\"dateModified\":\"2026-05-03T07:31:08+00:00\",\"breadcrumb\":{\"@id\":\"https:\/\/librairie7l.com\/en\/produit\/haiti\/#breadcrumb\"},\"inLanguage\":\"en-US\",\"potentialAction\":[{\"@type\":\"ReadAction\",\"target\":[\"https:\/\/librairie7l.com\/en\/produit\/haiti\/\"]}]},{\"@type\":\"BreadcrumbList\",\"@id\":\"https:\/\/librairie7l.com\/en\/produit\/haiti\/#breadcrumb\",\"itemListElement\":[{\"@type\":\"ListItem\",\"position\":1,\"name\":\"Accueil\",\"item\":\"https:\/\/librairie7l.com\/en\/\"},{\"@type\":\"ListItem\",\"position\":2,\"name\":\"Shop\",\"item\":\"https:\/\/librairie7l.com\/en\/shop\/\"},{\"@type\":\"ListItem\",\"position\":3,\"name\":\"HA\u00cfTI\"}]},{\"@type\":\"WebSite\",\"@id\":\"https:\/\/librairie7l.com\/en\/#website\",\"url\":\"https:\/\/librairie7l.com\/en\/\",\"name\":\"Librairie 7L\",\"description\":\"Librairie fond\u00e9e en 1999 par Karl Lagerfeld \u00e0 Paris\",\"publisher\":{\"@id\":\"https:\/\/librairie7l.com\/en\/#organization\"},\"potentialAction\":[{\"@type\":\"SearchAction\",\"target\":{\"@type\":\"EntryPoint\",\"urlTemplate\":\"https:\/\/librairie7l.com\/en\/?s={search_term_string}\"},\"query-input\":\"required name=search_term_string\"}],\"inLanguage\":\"en-US\"},{\"@type\":\"Organization\",\"@id\":\"https:\/\/librairie7l.com\/en\/#organization\",\"name\":\"Librairie 7L\",\"url\":\"https:\/\/librairie7l.com\/en\/\",\"logo\":{\"@type\":\"ImageObject\",\"inLanguage\":\"en-US\",\"@id\":\"https:\/\/librairie7l.com\/en\/#\/schema\/logo\/image\/\",\"url\":\"https:\/\/librairie7l.com\/wp-content\/uploads\/2022\/08\/logo-1.png\",\"contentUrl\":\"https:\/\/librairie7l.com\/wp-content\/uploads\/2022\/08\/logo-1.png\",\"width\":227,\"height\":301,\"caption\":\"Librairie 7L\"},\"image\":{\"@id\":\"https:\/\/librairie7l.com\/en\/#\/schema\/logo\/image\/\"}}]}<\/script>\n<!-- \/ Yoast SEO plugin. -->","yoast_head_json":{"title":"HA\u00cfTI - Librairie 7L","robots":{"index":"index","follow":"follow","max-snippet":"max-snippet:-1","max-image-preview":"max-image-preview:large","max-video-preview":"max-video-preview:-1"},"canonical":"https:\/\/librairie7l.com\/en\/produit\/haiti\/","og_locale":"en_US","og_type":"article","og_title":"HA\u00cfTI - Librairie 7L","og_description":"12 janvier 2010, un s\u00e9\u00efsme d\u00e9vaste Ha\u00efti et fait pr\u00e8s de 250 000 morts. Corentin Fohlen, photographe, rejoint l&#8217;\u00eele pour couvrir la situation d&#8217;urgence humanitaire sur place pour la presse. En 2012, il retourne \u00e0 Ha\u00efti pour d\u00e9couvrir en profondeur le pays et montrer d&#8217;autres facettes de ce territoire pr\u00e9sent\u00e9 comme maudit et pauvre. Il [&hellip;]","og_url":"https:\/\/librairie7l.com\/en\/produit\/haiti\/","og_site_name":"Librairie 7L","article_modified_time":"2026-05-03T07:31:08+00:00","og_image":[{"width":600,"height":789,"url":"https:\/\/librairie7l.com\/wp-content\/uploads\/2016\/12\/9791095118039_1_75.jpg","type":"image\/jpeg"}],"twitter_card":"summary_large_image","twitter_misc":{"Est. reading time":"1 minute"},"schema":{"@context":"https:\/\/schema.org","@graph":[{"@type":"WebPage","@id":"https:\/\/librairie7l.com\/en\/produit\/haiti\/","url":"https:\/\/librairie7l.com\/en\/produit\/haiti\/","name":"HA\u00cfTI - Librairie 7L","isPartOf":{"@id":"https:\/\/librairie7l.com\/en\/#website"},"datePublished":"2023-05-09T16:08:24+00:00","dateModified":"2026-05-03T07:31:08+00:00","breadcrumb":{"@id":"https:\/\/librairie7l.com\/en\/produit\/haiti\/#breadcrumb"},"inLanguage":"en-US","potentialAction":[{"@type":"ReadAction","target":["https:\/\/librairie7l.com\/en\/produit\/haiti\/"]}]},{"@type":"BreadcrumbList","@id":"https:\/\/librairie7l.com\/en\/produit\/haiti\/#breadcrumb","itemListElement":[{"@type":"ListItem","position":1,"name":"Accueil","item":"https:\/\/librairie7l.com\/en\/"},{"@type":"ListItem","position":2,"name":"Shop","item":"https:\/\/librairie7l.com\/en\/shop\/"},{"@type":"ListItem","position":3,"name":"HA\u00cfTI"}]},{"@type":"WebSite","@id":"https:\/\/librairie7l.com\/en\/#website","url":"https:\/\/librairie7l.com\/en\/","name":"Librairie 7L","description":"Librairie fond\u00e9e en 1999 par Karl Lagerfeld \u00e0 Paris","publisher":{"@id":"https:\/\/librairie7l.com\/en\/#organization"},"potentialAction":[{"@type":"SearchAction","target":{"@type":"EntryPoint","urlTemplate":"https:\/\/librairie7l.com\/en\/?s={search_term_string}"},"query-input":"required name=search_term_string"}],"inLanguage":"en-US"},{"@type":"Organization","@id":"https:\/\/librairie7l.com\/en\/#organization","name":"Librairie 7L","url":"https:\/\/librairie7l.com\/en\/","logo":{"@type":"ImageObject","inLanguage":"en-US","@id":"https:\/\/librairie7l.com\/en\/#\/schema\/logo\/image\/","url":"https:\/\/librairie7l.com\/wp-content\/uploads\/2022\/08\/logo-1.png","contentUrl":"https:\/\/librairie7l.com\/wp-content\/uploads\/2022\/08\/logo-1.png","width":227,"height":301,"caption":"Librairie 7L"},"image":{"@id":"https:\/\/librairie7l.com\/en\/#\/schema\/logo\/image\/"}}]}},"_links":{"self":[{"href":"https:\/\/librairie7l.com\/en\/wp-json\/wp\/v2\/product\/20163"}],"collection":[{"href":"https:\/\/librairie7l.com\/en\/wp-json\/wp\/v2\/product"}],"about":[{"href":"https:\/\/librairie7l.com\/en\/wp-json\/wp\/v2\/types\/product"}],"wp:featuredmedia":[{"embeddable":true,"href":"https:\/\/librairie7l.com\/en\/wp-json\/wp\/v2\/media\/20161"}],"wp:attachment":[{"href":"https:\/\/librairie7l.com\/en\/wp-json\/wp\/v2\/media?parent=20163"}],"wp:term":[{"taxonomy":"product_cat","embeddable":true,"href":"https:\/\/librairie7l.com\/en\/wp-json\/wp\/v2\/product_cat?post=20163"},{"taxonomy":"product_tag","embeddable":true,"href":"https:\/\/librairie7l.com\/en\/wp-json\/wp\/v2\/product_tag?post=20163"}],"curies":[{"name":"wp","href":"https:\/\/api.w.org\/{rel}","templated":true}]}}

HAÏTI

<p>12 janvier 2010, un séïsme dévaste Haïti et fait près de 250 000 morts.<br />
Corentin Fohlen, photographe, rejoint l&#8217;île pour couvrir la situation d&#8217;urgence humanitaire sur place pour la presse. En 2012, il retourne à Haïti pour découvrir en profondeur le pays et montrer d&#8217;autres facettes de ce territoire présenté comme maudit et pauvre. Il axe son travail sur l&#8217;énergie débordante qui existe sur l&#8217;île, y décèle les possibilités, les espoirs tout en observant les travers. Prenant le contrepied du fantasme véhiculé sur la misère des habitants, il décide de consacrer du temps (plus de douze voyages) pour dresser un portrait beaucoup plus complet et complexe de la réalité haïtienne.<br />
Le livre Haïti interroge l&#8217;afflux d&#8217;investissement engagé de l&#8217;extérieur sur l&#8217;île. Le pays rêve (ou on rêve pour lui) de retrouver le mythe de sa grandeur passée et de rejoindre sa voisine, la République Dominicaine, qui excelle dans le tourisme de masse. Corentin Fohlen relate les moyens et les effets de cette accélération économique destinée à rassurer une nouvelle clientèle touristique. Profite t-elle réellement aux Haïtiens ?</p>

<p>12 janvier 2010, un séïsme dévaste Haïti et fait près de 250 000 morts. Corentin Fohlen, photographe, rejoint l&#8217;île pour couvrir la situation d&#8217;urgence humanitaire sur place pour la presse. En 2012, il retourne à Haïti pour découvrir en profondeur le pays et montrer d&#8217;autres facettes de ce territoire présenté comme maudit et pauvre. Il [&hellip;]</p>

<!-- This site is optimized with the Yoast SEO plugin v20.11 - https://yoast.com/wordpress/plugins/seo/ -->
<title>HAÏTI - Librairie 7L</title>
<meta name="robots" content="index, follow, max-snippet:-1, max-image-preview:large, max-video-preview:-1" />
<link rel="canonical" href="https://librairie7l.com/en/produit/haiti/" />
<meta property="og:locale" content="en_US" />
<meta property="og:type" content="article" />
<meta property="og:title" content="HAÏTI - Librairie 7L" />
<meta property="og:description" content="12 janvier 2010, un séïsme dévaste Haïti et fait près de 250 000 morts. Corentin Fohlen, photographe, rejoint l&#8217;île pour couvrir la situation d&#8217;urgence humanitaire sur place pour la presse. En 2012, il retourne à Haïti pour découvrir en profondeur le pays et montrer d&#8217;autres facettes de ce territoire présenté comme maudit et pauvre. Il [&hellip;]" />
<meta property="og:url" content="https://librairie7l.com/en/produit/haiti/" />
<meta property="og:site_name" content="Librairie 7L" />
<meta property="article:modified_time" content="2026-05-03T07:31:08+00:00" />
<meta property="og:image" content="https://librairie7l.com/wp-content/uploads/2016/12/9791095118039_1_75.jpg" />
	<meta property="og:image:width" content="600" />
	<meta property="og:image:height" content="789" />
	<meta property="og:image:type" content="image/jpeg" />
<meta name="twitter:card" content="summary_large_image" />
<meta name="twitter:label1" content="Est. reading time" />
	<meta name="twitter:data1" content="1 minute" />
<script type="application/ld+json" class="yoast-schema-graph">{"@context":"https://schema.org","@graph":[{"@type":"WebPage","@id":"https://librairie7l.com/en/produit/haiti/","url":"https://librairie7l.com/en/produit/haiti/","name":"HAÏTI - Librairie 7L","isPartOf":{"@id":"https://librairie7l.com/en/#website"},"datePublished":"2023-05-09T16:08:24+00:00","dateModified":"2026-05-03T07:31:08+00:00","breadcrumb":{"@id":"https://librairie7l.com/en/produit/haiti/#breadcrumb"},"inLanguage":"en-US","potentialAction":[{"@type":"ReadAction","target":["https://librairie7l.com/en/produit/haiti/"]}]},{"@type":"BreadcrumbList","@id":"https://librairie7l.com/en/produit/haiti/#breadcrumb","itemListElement":[{"@type":"ListItem","position":1,"name":"Accueil","item":"https://librairie7l.com/en/"},{"@type":"ListItem","position":2,"name":"Shop","item":"https://librairie7l.com/en/shop/"},{"@type":"ListItem","position":3,"name":"HAÏTI"}]},{"@type":"WebSite","@id":"https://librairie7l.com/en/#website","url":"https://librairie7l.com/en/","name":"Librairie 7L","description":"Librairie fondée en 1999 par Karl Lagerfeld à Paris","publisher":{"@id":"https://librairie7l.com/en/#organization"},"potentialAction":[{"@type":"SearchAction","target":{"@type":"EntryPoint","urlTemplate":"https://librairie7l.com/en/?s={search_term_string}"},"query-input":"required name=search_term_string"}],"inLanguage":"en-US"},{"@type":"Organization","@id":"https://librairie7l.com/en/#organization","name":"Librairie 7L","url":"https://librairie7l.com/en/","logo":{"@type":"ImageObject","inLanguage":"en-US","@id":"https://librairie7l.com/en/#/schema/logo/image/","url":"https://librairie7l.com/wp-content/uploads/2022/08/logo-1.png","contentUrl":"https://librairie7l.com/wp-content/uploads/2022/08/logo-1.png","width":227,"height":301,"caption":"Librairie 7L"},"image":{"@id":"https://librairie7l.com/en/#/schema/logo/image/"}}]}</script>
<!-- / Yoast SEO plugin. -->

HAÏTI - Librairie 7L

12 janvier 2010, un séïsme dévaste Haïti et fait près de 250 000 morts. Corentin Fohlen, photographe, rejoint l&#8217;île pour couvrir la situation d&#8217;urgence humanitaire sur place pour la presse. En 2012, il retourne à Haïti pour découvrir en profondeur le pays et montrer d&#8217;autres facettes de ce territoire présenté comme maudit et pauvre. Il [&hellip;]

Librairie fondée en 1999 par Karl Lagerfeld à Paris
