{"id":20387,"date":"2023-05-09T18:11:31","date_gmt":"2023-05-09T16:11:31","guid":{"rendered":"https:\/\/librairie7l.com\/?post_type=product&#038;p=20387"},"modified":"2026-05-03T11:21:25","modified_gmt":"2026-05-03T09:21:25","slug":"les-jardins-de-weleda","status":"publish","type":"product","link":"https:\/\/librairie7l.com\/en\/produit\/les-jardins-de-weleda\/","title":{"rendered":"LES JARDINS DE WELEDA"},"content":{"rendered":"<p>Un parcours en images au coeur des jardins \u00e9cologiques et biodynamiques de Weleda, pr\u00e9curseur de la cosm\u00e9tique naturelle et bio depuis 1921, \u00e0 la rencontre des hommes et des femmes qui travaillent la terre pour soigner l&#8217;\u00eatre humain tout en pr\u00e9servant l&#8217;environnement et la biodiversit\u00e9.<\/p>\n","protected":false},"excerpt":{"rendered":"<p>Un parcours en images au coeur des jardins \u00e9cologiques et biodynamiques de Weleda, pr\u00e9curseur de la cosm\u00e9tique naturelle et bio depuis 1921, \u00e0 la rencontre des hommes et des femmes qui travaillent la terre pour soigner l&#8217;\u00eatre humain tout en pr\u00e9servant l&#8217;environnement et la biodiversit\u00e9.<\/p>\n","protected":false},"featured_media":20385,"template":"","meta":[],"product_cat":[2948,2956],"product_tag":[],"acf":[],"yoast_head":"<!-- This site is optimized with the Yoast SEO plugin v20.11 - https:\/\/yoast.com\/wordpress\/plugins\/seo\/ -->\n<title>LES JARDINS DE WELEDA - Librairie 7L<\/title>\n<meta name=\"robots\" content=\"index, follow, max-snippet:-1, max-image-preview:large, max-video-preview:-1\" \/>\n<link rel=\"canonical\" href=\"https:\/\/librairie7l.com\/en\/produit\/les-jardins-de-weleda\/\" \/>\n<meta property=\"og:locale\" content=\"en_US\" \/>\n<meta property=\"og:type\" content=\"article\" \/>\n<meta property=\"og:title\" content=\"LES JARDINS DE WELEDA - Librairie 7L\" \/>\n<meta property=\"og:description\" content=\"Un parcours en images au coeur des jardins \u00e9cologiques et biodynamiques de Weleda, pr\u00e9curseur de la cosm\u00e9tique naturelle et bio depuis 1921, \u00e0 la rencontre des hommes et des femmes qui travaillent la terre pour soigner l&#8217;\u00eatre humain tout en pr\u00e9servant l&#8217;environnement et la biodiversit\u00e9.\" \/>\n<meta property=\"og:url\" content=\"https:\/\/librairie7l.com\/en\/produit\/les-jardins-de-weleda\/\" \/>\n<meta property=\"og:site_name\" content=\"Librairie 7L\" \/>\n<meta property=\"article:modified_time\" content=\"2026-05-03T09:21:25+00:00\" \/>\n<meta property=\"og:image\" content=\"https:\/\/librairie7l.com\/wp-content\/uploads\/2021\/02\/9782812621369_1_75.jpg\" \/>\n\t<meta property=\"og:image:width\" content=\"370\" \/>\n\t<meta property=\"og:image:height\" content=\"459\" \/>\n\t<meta property=\"og:image:type\" content=\"image\/jpeg\" \/>\n<meta name=\"twitter:card\" content=\"summary_large_image\" \/>\n<script type=\"application\/ld+json\" class=\"yoast-schema-graph\">{\"@context\":\"https:\/\/schema.org\",\"@graph\":[{\"@type\":\"WebPage\",\"@id\":\"https:\/\/librairie7l.com\/en\/produit\/les-jardins-de-weleda\/\",\"url\":\"https:\/\/librairie7l.com\/en\/produit\/les-jardins-de-weleda\/\",\"name\":\"LES JARDINS DE WELEDA - Librairie 7L\",\"isPartOf\":{\"@id\":\"https:\/\/librairie7l.com\/en\/#website\"},\"datePublished\":\"2023-05-09T16:11:31+00:00\",\"dateModified\":\"2026-05-03T09:21:25+00:00\",\"breadcrumb\":{\"@id\":\"https:\/\/librairie7l.com\/en\/produit\/les-jardins-de-weleda\/#breadcrumb\"},\"inLanguage\":\"en-US\",\"potentialAction\":[{\"@type\":\"ReadAction\",\"target\":[\"https:\/\/librairie7l.com\/en\/produit\/les-jardins-de-weleda\/\"]}]},{\"@type\":\"BreadcrumbList\",\"@id\":\"https:\/\/librairie7l.com\/en\/produit\/les-jardins-de-weleda\/#breadcrumb\",\"itemListElement\":[{\"@type\":\"ListItem\",\"position\":1,\"name\":\"Accueil\",\"item\":\"https:\/\/librairie7l.com\/en\/\"},{\"@type\":\"ListItem\",\"position\":2,\"name\":\"Shop\",\"item\":\"https:\/\/librairie7l.com\/en\/shop\/\"},{\"@type\":\"ListItem\",\"position\":3,\"name\":\"LES JARDINS DE WELEDA\"}]},{\"@type\":\"WebSite\",\"@id\":\"https:\/\/librairie7l.com\/en\/#website\",\"url\":\"https:\/\/librairie7l.com\/en\/\",\"name\":\"Librairie 7L\",\"description\":\"Librairie fond\u00e9e en 1999 par Karl Lagerfeld \u00e0 Paris\",\"publisher\":{\"@id\":\"https:\/\/librairie7l.com\/en\/#organization\"},\"potentialAction\":[{\"@type\":\"SearchAction\",\"target\":{\"@type\":\"EntryPoint\",\"urlTemplate\":\"https:\/\/librairie7l.com\/en\/?s={search_term_string}\"},\"query-input\":\"required name=search_term_string\"}],\"inLanguage\":\"en-US\"},{\"@type\":\"Organization\",\"@id\":\"https:\/\/librairie7l.com\/en\/#organization\",\"name\":\"Librairie 7L\",\"url\":\"https:\/\/librairie7l.com\/en\/\",\"logo\":{\"@type\":\"ImageObject\",\"inLanguage\":\"en-US\",\"@id\":\"https:\/\/librairie7l.com\/en\/#\/schema\/logo\/image\/\",\"url\":\"https:\/\/librairie7l.com\/wp-content\/uploads\/2022\/08\/logo-1.png\",\"contentUrl\":\"https:\/\/librairie7l.com\/wp-content\/uploads\/2022\/08\/logo-1.png\",\"width\":227,\"height\":301,\"caption\":\"Librairie 7L\"},\"image\":{\"@id\":\"https:\/\/librairie7l.com\/en\/#\/schema\/logo\/image\/\"}}]}<\/script>\n<!-- \/ Yoast SEO plugin. -->","yoast_head_json":{"title":"LES JARDINS DE WELEDA - Librairie 7L","robots":{"index":"index","follow":"follow","max-snippet":"max-snippet:-1","max-image-preview":"max-image-preview:large","max-video-preview":"max-video-preview:-1"},"canonical":"https:\/\/librairie7l.com\/en\/produit\/les-jardins-de-weleda\/","og_locale":"en_US","og_type":"article","og_title":"LES JARDINS DE WELEDA - Librairie 7L","og_description":"Un parcours en images au coeur des jardins \u00e9cologiques et biodynamiques de Weleda, pr\u00e9curseur de la cosm\u00e9tique naturelle et bio depuis 1921, \u00e0 la rencontre des hommes et des femmes qui travaillent la terre pour soigner l&#8217;\u00eatre humain tout en pr\u00e9servant l&#8217;environnement et la biodiversit\u00e9.","og_url":"https:\/\/librairie7l.com\/en\/produit\/les-jardins-de-weleda\/","og_site_name":"Librairie 7L","article_modified_time":"2026-05-03T09:21:25+00:00","og_image":[{"width":370,"height":459,"url":"https:\/\/librairie7l.com\/wp-content\/uploads\/2021\/02\/9782812621369_1_75.jpg","type":"image\/jpeg"}],"twitter_card":"summary_large_image","schema":{"@context":"https:\/\/schema.org","@graph":[{"@type":"WebPage","@id":"https:\/\/librairie7l.com\/en\/produit\/les-jardins-de-weleda\/","url":"https:\/\/librairie7l.com\/en\/produit\/les-jardins-de-weleda\/","name":"LES JARDINS DE WELEDA - Librairie 7L","isPartOf":{"@id":"https:\/\/librairie7l.com\/en\/#website"},"datePublished":"2023-05-09T16:11:31+00:00","dateModified":"2026-05-03T09:21:25+00:00","breadcrumb":{"@id":"https:\/\/librairie7l.com\/en\/produit\/les-jardins-de-weleda\/#breadcrumb"},"inLanguage":"en-US","potentialAction":[{"@type":"ReadAction","target":["https:\/\/librairie7l.com\/en\/produit\/les-jardins-de-weleda\/"]}]},{"@type":"BreadcrumbList","@id":"https:\/\/librairie7l.com\/en\/produit\/les-jardins-de-weleda\/#breadcrumb","itemListElement":[{"@type":"ListItem","position":1,"name":"Accueil","item":"https:\/\/librairie7l.com\/en\/"},{"@type":"ListItem","position":2,"name":"Shop","item":"https:\/\/librairie7l.com\/en\/shop\/"},{"@type":"ListItem","position":3,"name":"LES JARDINS DE WELEDA"}]},{"@type":"WebSite","@id":"https:\/\/librairie7l.com\/en\/#website","url":"https:\/\/librairie7l.com\/en\/","name":"Librairie 7L","description":"Librairie fond\u00e9e en 1999 par Karl Lagerfeld \u00e0 Paris","publisher":{"@id":"https:\/\/librairie7l.com\/en\/#organization"},"potentialAction":[{"@type":"SearchAction","target":{"@type":"EntryPoint","urlTemplate":"https:\/\/librairie7l.com\/en\/?s={search_term_string}"},"query-input":"required name=search_term_string"}],"inLanguage":"en-US"},{"@type":"Organization","@id":"https:\/\/librairie7l.com\/en\/#organization","name":"Librairie 7L","url":"https:\/\/librairie7l.com\/en\/","logo":{"@type":"ImageObject","inLanguage":"en-US","@id":"https:\/\/librairie7l.com\/en\/#\/schema\/logo\/image\/","url":"https:\/\/librairie7l.com\/wp-content\/uploads\/2022\/08\/logo-1.png","contentUrl":"https:\/\/librairie7l.com\/wp-content\/uploads\/2022\/08\/logo-1.png","width":227,"height":301,"caption":"Librairie 7L"},"image":{"@id":"https:\/\/librairie7l.com\/en\/#\/schema\/logo\/image\/"}}]}},"_links":{"self":[{"href":"https:\/\/librairie7l.com\/en\/wp-json\/wp\/v2\/product\/20387"}],"collection":[{"href":"https:\/\/librairie7l.com\/en\/wp-json\/wp\/v2\/product"}],"about":[{"href":"https:\/\/librairie7l.com\/en\/wp-json\/wp\/v2\/types\/product"}],"wp:featuredmedia":[{"embeddable":true,"href":"https:\/\/librairie7l.com\/en\/wp-json\/wp\/v2\/media\/20385"}],"wp:attachment":[{"href":"https:\/\/librairie7l.com\/en\/wp-json\/wp\/v2\/media?parent=20387"}],"wp:term":[{"taxonomy":"product_cat","embeddable":true,"href":"https:\/\/librairie7l.com\/en\/wp-json\/wp\/v2\/product_cat?post=20387"},{"taxonomy":"product_tag","embeddable":true,"href":"https:\/\/librairie7l.com\/en\/wp-json\/wp\/v2\/product_tag?post=20387"}],"curies":[{"name":"wp","href":"https:\/\/api.w.org\/{rel}","templated":true}]}}

<p>Un parcours en images au coeur des jardins écologiques et biodynamiques de Weleda, précurseur de la cosmétique naturelle et bio depuis 1921, à la rencontre des hommes et des femmes qui travaillent la terre pour soigner l&#8217;être humain tout en préservant l&#8217;environnement et la biodiversité.</p>

<!-- This site is optimized with the Yoast SEO plugin v20.11 - https://yoast.com/wordpress/plugins/seo/ -->
<title>LES JARDINS DE WELEDA - Librairie 7L</title>
<meta name="robots" content="index, follow, max-snippet:-1, max-image-preview:large, max-video-preview:-1" />
<link rel="canonical" href="https://librairie7l.com/en/produit/les-jardins-de-weleda/" />
<meta property="og:locale" content="en_US" />
<meta property="og:type" content="article" />
<meta property="og:title" content="LES JARDINS DE WELEDA - Librairie 7L" />
<meta property="og:description" content="Un parcours en images au coeur des jardins écologiques et biodynamiques de Weleda, précurseur de la cosmétique naturelle et bio depuis 1921, à la rencontre des hommes et des femmes qui travaillent la terre pour soigner l&#8217;être humain tout en préservant l&#8217;environnement et la biodiversité." />
<meta property="og:url" content="https://librairie7l.com/en/produit/les-jardins-de-weleda/" />
<meta property="og:site_name" content="Librairie 7L" />
<meta property="article:modified_time" content="2026-05-03T09:21:25+00:00" />
<meta property="og:image" content="https://librairie7l.com/wp-content/uploads/2021/02/9782812621369_1_75.jpg" />
	<meta property="og:image:width" content="370" />
	<meta property="og:image:height" content="459" />
	<meta property="og:image:type" content="image/jpeg" />
<meta name="twitter:card" content="summary_large_image" />
<script type="application/ld+json" class="yoast-schema-graph">{"@context":"https://schema.org","@graph":[{"@type":"WebPage","@id":"https://librairie7l.com/en/produit/les-jardins-de-weleda/","url":"https://librairie7l.com/en/produit/les-jardins-de-weleda/","name":"LES JARDINS DE WELEDA - Librairie 7L","isPartOf":{"@id":"https://librairie7l.com/en/#website"},"datePublished":"2023-05-09T16:11:31+00:00","dateModified":"2026-05-03T09:21:25+00:00","breadcrumb":{"@id":"https://librairie7l.com/en/produit/les-jardins-de-weleda/#breadcrumb"},"inLanguage":"en-US","potentialAction":[{"@type":"ReadAction","target":["https://librairie7l.com/en/produit/les-jardins-de-weleda/"]}]},{"@type":"BreadcrumbList","@id":"https://librairie7l.com/en/produit/les-jardins-de-weleda/#breadcrumb","itemListElement":[{"@type":"ListItem","position":1,"name":"Accueil","item":"https://librairie7l.com/en/"},{"@type":"ListItem","position":2,"name":"Shop","item":"https://librairie7l.com/en/shop/"},{"@type":"ListItem","position":3,"name":"LES JARDINS DE WELEDA"}]},{"@type":"WebSite","@id":"https://librairie7l.com/en/#website","url":"https://librairie7l.com/en/","name":"Librairie 7L","description":"Librairie fondée en 1999 par Karl Lagerfeld à Paris","publisher":{"@id":"https://librairie7l.com/en/#organization"},"potentialAction":[{"@type":"SearchAction","target":{"@type":"EntryPoint","urlTemplate":"https://librairie7l.com/en/?s={search_term_string}"},"query-input":"required name=search_term_string"}],"inLanguage":"en-US"},{"@type":"Organization","@id":"https://librairie7l.com/en/#organization","name":"Librairie 7L","url":"https://librairie7l.com/en/","logo":{"@type":"ImageObject","inLanguage":"en-US","@id":"https://librairie7l.com/en/#/schema/logo/image/","url":"https://librairie7l.com/wp-content/uploads/2022/08/logo-1.png","contentUrl":"https://librairie7l.com/wp-content/uploads/2022/08/logo-1.png","width":227,"height":301,"caption":"Librairie 7L"},"image":{"@id":"https://librairie7l.com/en/#/schema/logo/image/"}}]}</script>
<!-- / Yoast SEO plugin. -->

Un parcours en images au coeur des jardins écologiques et biodynamiques de Weleda, précurseur de la cosmétique naturelle et bio depuis 1921, à la rencontre des hommes et des femmes qui travaillent la terre pour soigner l&#8217;être humain tout en préservant l&#8217;environnement et la biodiversité.

Librairie fondée en 1999 par Karl Lagerfeld à Paris
