{"id":21027,"date":"2023-05-09T18:20:25","date_gmt":"2023-05-09T16:20:25","guid":{"rendered":"https:\/\/librairie7l.com\/?post_type=product&#038;p=21027"},"modified":"2026-05-03T16:12:05","modified_gmt":"2026-05-03T14:12:05","slug":"le-bleu-du-ciel","status":"publish","type":"product","link":"https:\/\/librairie7l.com\/en\/produit\/le-bleu-du-ciel\/","title":{"rendered":"LE BLEU DU CIEL"},"content":{"rendered":"<p>Le vol de l\u00b4hirondelle, un symbole de libert\u00e9 Le Bleu du Ciel prend pour point de d\u00e9part un souvenir d\u00b4enfance, celui du chant des hirondelles dans le ciel et de leur rassemblement sur les fils \u00e9lectriques avant leur voyage vers le Sahara. Associ\u00e9 aux id\u00e9es de voyage et de libert\u00e9, le vol de ces oiseaux a inspir\u00e9 \u00e0 \u00c9douard Taufenbach et R\u00e9gis Campo l\u00b4image d\u00b4une &#8220;&#8221;partition faite de ruptures, d\u00b4acc\u00e9l\u00e9rations et de silences&#8221;&#8221; o\u00f9 se dessinent &#8220;&#8221;des formes abstraites comme des signes \u00e0 interpr\u00e9ter&#8221;&#8221;. C\u00b4est autour de ce motif po\u00e9tique que se nouent les recherches artistiques des deux laur\u00e9ats, qui souhaitent cr\u00e9er \u00e0 quatre mains une &#8220;&#8221;repr\u00e9sentation sensible du passage du temps, du mouvement et des \u00e9changes et circulations au sein d\u00b4un espace&#8221;&#8221;, en alliant leurs pratiques de l\u00b4image et de la musique. \u00c9douard Taufenbach n\u00e9 en 1988. R\u00e9gis Campo, est de vingt ans son a\u00een\u00e9. Ils se sont rencontr\u00e9s au printemps dernier, suite \u00e0 l\u00b4annonce du lancement de la 4e \u00e9dition du Prix Swiss Life \u00e0 4 mains.<\/p>\n","protected":false},"excerpt":{"rendered":"<p>Le vol de l\u00b4hirondelle, un symbole de libert\u00e9 Le Bleu du Ciel prend pour point de d\u00e9part un souvenir d\u00b4enfance, celui du chant des hirondelles dans le ciel et de leur rassemblement sur les fils \u00e9lectriques avant leur voyage vers le Sahara. Associ\u00e9 aux id\u00e9es de voyage et de libert\u00e9, le vol de ces oiseaux [&hellip;]<\/p>\n","protected":false},"featured_media":21025,"template":"","meta":[],"product_cat":[2948,2958],"product_tag":[],"acf":[],"yoast_head":"<!-- This site is optimized with the Yoast SEO plugin v20.11 - https:\/\/yoast.com\/wordpress\/plugins\/seo\/ -->\n<title>LE BLEU DU CIEL - Librairie 7L<\/title>\n<meta name=\"robots\" content=\"index, follow, max-snippet:-1, max-image-preview:large, max-video-preview:-1\" \/>\n<link rel=\"canonical\" href=\"https:\/\/librairie7l.com\/en\/produit\/le-bleu-du-ciel\/\" \/>\n<meta property=\"og:locale\" content=\"en_US\" \/>\n<meta property=\"og:type\" content=\"article\" \/>\n<meta property=\"og:title\" content=\"LE BLEU DU CIEL - Librairie 7L\" \/>\n<meta property=\"og:description\" content=\"Le vol de l\u00b4hirondelle, un symbole de libert\u00e9 Le Bleu du Ciel prend pour point de d\u00e9part un souvenir d\u00b4enfance, celui du chant des hirondelles dans le ciel et de leur rassemblement sur les fils \u00e9lectriques avant leur voyage vers le Sahara. Associ\u00e9 aux id\u00e9es de voyage et de libert\u00e9, le vol de ces oiseaux [&hellip;]\" \/>\n<meta property=\"og:url\" content=\"https:\/\/librairie7l.com\/en\/produit\/le-bleu-du-ciel\/\" \/>\n<meta property=\"og:site_name\" content=\"Librairie 7L\" \/>\n<meta property=\"article:modified_time\" content=\"2026-05-03T14:12:05+00:00\" \/>\n<meta property=\"og:image\" content=\"https:\/\/librairie7l.com\/wp-content\/uploads\/2020\/10\/9782350465159_1_75.jpg\" \/>\n\t<meta property=\"og:image:width\" content=\"600\" \/>\n\t<meta property=\"og:image:height\" content=\"770\" \/>\n\t<meta property=\"og:image:type\" content=\"image\/jpeg\" \/>\n<meta name=\"twitter:card\" content=\"summary_large_image\" \/>\n<meta name=\"twitter:label1\" content=\"Est. reading time\" \/>\n\t<meta name=\"twitter:data1\" content=\"1 minute\" \/>\n<script type=\"application\/ld+json\" class=\"yoast-schema-graph\">{\"@context\":\"https:\/\/schema.org\",\"@graph\":[{\"@type\":\"WebPage\",\"@id\":\"https:\/\/librairie7l.com\/en\/produit\/le-bleu-du-ciel\/\",\"url\":\"https:\/\/librairie7l.com\/en\/produit\/le-bleu-du-ciel\/\",\"name\":\"LE BLEU DU CIEL - Librairie 7L\",\"isPartOf\":{\"@id\":\"https:\/\/librairie7l.com\/en\/#website\"},\"datePublished\":\"2023-05-09T16:20:25+00:00\",\"dateModified\":\"2026-05-03T14:12:05+00:00\",\"breadcrumb\":{\"@id\":\"https:\/\/librairie7l.com\/en\/produit\/le-bleu-du-ciel\/#breadcrumb\"},\"inLanguage\":\"en-US\",\"potentialAction\":[{\"@type\":\"ReadAction\",\"target\":[\"https:\/\/librairie7l.com\/en\/produit\/le-bleu-du-ciel\/\"]}]},{\"@type\":\"BreadcrumbList\",\"@id\":\"https:\/\/librairie7l.com\/en\/produit\/le-bleu-du-ciel\/#breadcrumb\",\"itemListElement\":[{\"@type\":\"ListItem\",\"position\":1,\"name\":\"Accueil\",\"item\":\"https:\/\/librairie7l.com\/en\/\"},{\"@type\":\"ListItem\",\"position\":2,\"name\":\"Shop\",\"item\":\"https:\/\/librairie7l.com\/en\/shop\/\"},{\"@type\":\"ListItem\",\"position\":3,\"name\":\"LE BLEU DU CIEL\"}]},{\"@type\":\"WebSite\",\"@id\":\"https:\/\/librairie7l.com\/en\/#website\",\"url\":\"https:\/\/librairie7l.com\/en\/\",\"name\":\"Librairie 7L\",\"description\":\"Librairie fond\u00e9e en 1999 par Karl Lagerfeld \u00e0 Paris\",\"publisher\":{\"@id\":\"https:\/\/librairie7l.com\/en\/#organization\"},\"potentialAction\":[{\"@type\":\"SearchAction\",\"target\":{\"@type\":\"EntryPoint\",\"urlTemplate\":\"https:\/\/librairie7l.com\/en\/?s={search_term_string}\"},\"query-input\":\"required name=search_term_string\"}],\"inLanguage\":\"en-US\"},{\"@type\":\"Organization\",\"@id\":\"https:\/\/librairie7l.com\/en\/#organization\",\"name\":\"Librairie 7L\",\"url\":\"https:\/\/librairie7l.com\/en\/\",\"logo\":{\"@type\":\"ImageObject\",\"inLanguage\":\"en-US\",\"@id\":\"https:\/\/librairie7l.com\/en\/#\/schema\/logo\/image\/\",\"url\":\"https:\/\/librairie7l.com\/wp-content\/uploads\/2022\/08\/logo-1.png\",\"contentUrl\":\"https:\/\/librairie7l.com\/wp-content\/uploads\/2022\/08\/logo-1.png\",\"width\":227,\"height\":301,\"caption\":\"Librairie 7L\"},\"image\":{\"@id\":\"https:\/\/librairie7l.com\/en\/#\/schema\/logo\/image\/\"}}]}<\/script>\n<!-- \/ Yoast SEO plugin. -->","yoast_head_json":{"title":"LE BLEU DU CIEL - Librairie 7L","robots":{"index":"index","follow":"follow","max-snippet":"max-snippet:-1","max-image-preview":"max-image-preview:large","max-video-preview":"max-video-preview:-1"},"canonical":"https:\/\/librairie7l.com\/en\/produit\/le-bleu-du-ciel\/","og_locale":"en_US","og_type":"article","og_title":"LE BLEU DU CIEL - Librairie 7L","og_description":"Le vol de l\u00b4hirondelle, un symbole de libert\u00e9 Le Bleu du Ciel prend pour point de d\u00e9part un souvenir d\u00b4enfance, celui du chant des hirondelles dans le ciel et de leur rassemblement sur les fils \u00e9lectriques avant leur voyage vers le Sahara. Associ\u00e9 aux id\u00e9es de voyage et de libert\u00e9, le vol de ces oiseaux [&hellip;]","og_url":"https:\/\/librairie7l.com\/en\/produit\/le-bleu-du-ciel\/","og_site_name":"Librairie 7L","article_modified_time":"2026-05-03T14:12:05+00:00","og_image":[{"width":600,"height":770,"url":"https:\/\/librairie7l.com\/wp-content\/uploads\/2020\/10\/9782350465159_1_75.jpg","type":"image\/jpeg"}],"twitter_card":"summary_large_image","twitter_misc":{"Est. reading time":"1 minute"},"schema":{"@context":"https:\/\/schema.org","@graph":[{"@type":"WebPage","@id":"https:\/\/librairie7l.com\/en\/produit\/le-bleu-du-ciel\/","url":"https:\/\/librairie7l.com\/en\/produit\/le-bleu-du-ciel\/","name":"LE BLEU DU CIEL - Librairie 7L","isPartOf":{"@id":"https:\/\/librairie7l.com\/en\/#website"},"datePublished":"2023-05-09T16:20:25+00:00","dateModified":"2026-05-03T14:12:05+00:00","breadcrumb":{"@id":"https:\/\/librairie7l.com\/en\/produit\/le-bleu-du-ciel\/#breadcrumb"},"inLanguage":"en-US","potentialAction":[{"@type":"ReadAction","target":["https:\/\/librairie7l.com\/en\/produit\/le-bleu-du-ciel\/"]}]},{"@type":"BreadcrumbList","@id":"https:\/\/librairie7l.com\/en\/produit\/le-bleu-du-ciel\/#breadcrumb","itemListElement":[{"@type":"ListItem","position":1,"name":"Accueil","item":"https:\/\/librairie7l.com\/en\/"},{"@type":"ListItem","position":2,"name":"Shop","item":"https:\/\/librairie7l.com\/en\/shop\/"},{"@type":"ListItem","position":3,"name":"LE BLEU DU CIEL"}]},{"@type":"WebSite","@id":"https:\/\/librairie7l.com\/en\/#website","url":"https:\/\/librairie7l.com\/en\/","name":"Librairie 7L","description":"Librairie fond\u00e9e en 1999 par Karl Lagerfeld \u00e0 Paris","publisher":{"@id":"https:\/\/librairie7l.com\/en\/#organization"},"potentialAction":[{"@type":"SearchAction","target":{"@type":"EntryPoint","urlTemplate":"https:\/\/librairie7l.com\/en\/?s={search_term_string}"},"query-input":"required name=search_term_string"}],"inLanguage":"en-US"},{"@type":"Organization","@id":"https:\/\/librairie7l.com\/en\/#organization","name":"Librairie 7L","url":"https:\/\/librairie7l.com\/en\/","logo":{"@type":"ImageObject","inLanguage":"en-US","@id":"https:\/\/librairie7l.com\/en\/#\/schema\/logo\/image\/","url":"https:\/\/librairie7l.com\/wp-content\/uploads\/2022\/08\/logo-1.png","contentUrl":"https:\/\/librairie7l.com\/wp-content\/uploads\/2022\/08\/logo-1.png","width":227,"height":301,"caption":"Librairie 7L"},"image":{"@id":"https:\/\/librairie7l.com\/en\/#\/schema\/logo\/image\/"}}]}},"_links":{"self":[{"href":"https:\/\/librairie7l.com\/en\/wp-json\/wp\/v2\/product\/21027"}],"collection":[{"href":"https:\/\/librairie7l.com\/en\/wp-json\/wp\/v2\/product"}],"about":[{"href":"https:\/\/librairie7l.com\/en\/wp-json\/wp\/v2\/types\/product"}],"wp:featuredmedia":[{"embeddable":true,"href":"https:\/\/librairie7l.com\/en\/wp-json\/wp\/v2\/media\/21025"}],"wp:attachment":[{"href":"https:\/\/librairie7l.com\/en\/wp-json\/wp\/v2\/media?parent=21027"}],"wp:term":[{"taxonomy":"product_cat","embeddable":true,"href":"https:\/\/librairie7l.com\/en\/wp-json\/wp\/v2\/product_cat?post=21027"},{"taxonomy":"product_tag","embeddable":true,"href":"https:\/\/librairie7l.com\/en\/wp-json\/wp\/v2\/product_tag?post=21027"}],"curies":[{"name":"wp","href":"https:\/\/api.w.org\/{rel}","templated":true}]}}

<p>Le vol de l´hirondelle, un symbole de liberté Le Bleu du Ciel prend pour point de départ un souvenir d´enfance, celui du chant des hirondelles dans le ciel et de leur rassemblement sur les fils électriques avant leur voyage vers le Sahara. Associé aux idées de voyage et de liberté, le vol de ces oiseaux a inspiré à Édouard Taufenbach et Régis Campo l´image d´une &#8220;&#8221;partition faite de ruptures, d´accélérations et de silences&#8221;&#8221; où se dessinent &#8220;&#8221;des formes abstraites comme des signes à interpréter&#8221;&#8221;. C´est autour de ce motif poétique que se nouent les recherches artistiques des deux lauréats, qui souhaitent créer à quatre mains une &#8220;&#8221;représentation sensible du passage du temps, du mouvement et des échanges et circulations au sein d´un espace&#8221;&#8221;, en alliant leurs pratiques de l´image et de la musique. Édouard Taufenbach né en 1988. Régis Campo, est de vingt ans son aîné. Ils se sont rencontrés au printemps dernier, suite à l´annonce du lancement de la 4e édition du Prix Swiss Life à 4 mains.</p>

<p>Le vol de l´hirondelle, un symbole de liberté Le Bleu du Ciel prend pour point de départ un souvenir d´enfance, celui du chant des hirondelles dans le ciel et de leur rassemblement sur les fils électriques avant leur voyage vers le Sahara. Associé aux idées de voyage et de liberté, le vol de ces oiseaux [&hellip;]</p>

<!-- This site is optimized with the Yoast SEO plugin v20.11 - https://yoast.com/wordpress/plugins/seo/ -->
<title>LE BLEU DU CIEL - Librairie 7L</title>
<meta name="robots" content="index, follow, max-snippet:-1, max-image-preview:large, max-video-preview:-1" />
<link rel="canonical" href="https://librairie7l.com/en/produit/le-bleu-du-ciel/" />
<meta property="og:locale" content="en_US" />
<meta property="og:type" content="article" />
<meta property="og:title" content="LE BLEU DU CIEL - Librairie 7L" />
<meta property="og:description" content="Le vol de l´hirondelle, un symbole de liberté Le Bleu du Ciel prend pour point de départ un souvenir d´enfance, celui du chant des hirondelles dans le ciel et de leur rassemblement sur les fils électriques avant leur voyage vers le Sahara. Associé aux idées de voyage et de liberté, le vol de ces oiseaux [&hellip;]" />
<meta property="og:url" content="https://librairie7l.com/en/produit/le-bleu-du-ciel/" />
<meta property="og:site_name" content="Librairie 7L" />
<meta property="article:modified_time" content="2026-05-03T14:12:05+00:00" />
<meta property="og:image" content="https://librairie7l.com/wp-content/uploads/2020/10/9782350465159_1_75.jpg" />
	<meta property="og:image:width" content="600" />
	<meta property="og:image:height" content="770" />
	<meta property="og:image:type" content="image/jpeg" />
<meta name="twitter:card" content="summary_large_image" />
<meta name="twitter:label1" content="Est. reading time" />
	<meta name="twitter:data1" content="1 minute" />
<script type="application/ld+json" class="yoast-schema-graph">{"@context":"https://schema.org","@graph":[{"@type":"WebPage","@id":"https://librairie7l.com/en/produit/le-bleu-du-ciel/","url":"https://librairie7l.com/en/produit/le-bleu-du-ciel/","name":"LE BLEU DU CIEL - Librairie 7L","isPartOf":{"@id":"https://librairie7l.com/en/#website"},"datePublished":"2023-05-09T16:20:25+00:00","dateModified":"2026-05-03T14:12:05+00:00","breadcrumb":{"@id":"https://librairie7l.com/en/produit/le-bleu-du-ciel/#breadcrumb"},"inLanguage":"en-US","potentialAction":[{"@type":"ReadAction","target":["https://librairie7l.com/en/produit/le-bleu-du-ciel/"]}]},{"@type":"BreadcrumbList","@id":"https://librairie7l.com/en/produit/le-bleu-du-ciel/#breadcrumb","itemListElement":[{"@type":"ListItem","position":1,"name":"Accueil","item":"https://librairie7l.com/en/"},{"@type":"ListItem","position":2,"name":"Shop","item":"https://librairie7l.com/en/shop/"},{"@type":"ListItem","position":3,"name":"LE BLEU DU CIEL"}]},{"@type":"WebSite","@id":"https://librairie7l.com/en/#website","url":"https://librairie7l.com/en/","name":"Librairie 7L","description":"Librairie fondée en 1999 par Karl Lagerfeld à Paris","publisher":{"@id":"https://librairie7l.com/en/#organization"},"potentialAction":[{"@type":"SearchAction","target":{"@type":"EntryPoint","urlTemplate":"https://librairie7l.com/en/?s={search_term_string}"},"query-input":"required name=search_term_string"}],"inLanguage":"en-US"},{"@type":"Organization","@id":"https://librairie7l.com/en/#organization","name":"Librairie 7L","url":"https://librairie7l.com/en/","logo":{"@type":"ImageObject","inLanguage":"en-US","@id":"https://librairie7l.com/en/#/schema/logo/image/","url":"https://librairie7l.com/wp-content/uploads/2022/08/logo-1.png","contentUrl":"https://librairie7l.com/wp-content/uploads/2022/08/logo-1.png","width":227,"height":301,"caption":"Librairie 7L"},"image":{"@id":"https://librairie7l.com/en/#/schema/logo/image/"}}]}</script>
<!-- / Yoast SEO plugin. -->

Le vol de l´hirondelle, un symbole de liberté Le Bleu du Ciel prend pour point de départ un souvenir d´enfance, celui du chant des hirondelles dans le ciel et de leur rassemblement sur les fils électriques avant leur voyage vers le Sahara. Associé aux idées de voyage et de liberté, le vol de ces oiseaux [&hellip;]

Librairie fondée en 1999 par Karl Lagerfeld à Paris
