{"id":21447,"date":"2023-05-09T18:26:30","date_gmt":"2023-05-09T16:26:30","guid":{"rendered":"https:\/\/librairie7l.com\/?post_type=product&#038;p=21447"},"modified":"2026-05-02T13:24:07","modified_gmt":"2026-05-02T11:24:07","slug":"le-champ-den-face","status":"publish","type":"product","link":"https:\/\/librairie7l.com\/en\/produit\/le-champ-den-face\/","title":{"rendered":"LE CHAMP D&#8217;EN FACE"},"content":{"rendered":"<p>Au travers d&#8217;un manuscrit tr\u00e8s personnel, Laure Quoniam \u00e9voque son engagement d&#8217;architecte et de paysagiste pour cr\u00e9er des lieux \u00e0 vivre, elle tente de mener une r\u00e9flexion sur l&#8217;\u00e9volution de son m\u00e9tier dans un contexte qui a profond\u00e9ment \u00e9volu\u00e9 depuis les ann\u00e9es 80.<br \/>\nIl s&#8217;agit d&#8217;un texte tr\u00e8s \u00e9crit abondamment illustr\u00e9 par une iconographie soigneusement s\u00e9lectionn\u00e9e qui renvoie \u00e0 la fois \u00e0 son univers et plus concr\u00e8tement \u00e0 ses r\u00e9alisations : Le Pont du Gard, les jardins d&#8217;Ancy-le-Franc, le Mont Beuvray, les jardins de la maison de la RATP, le quai de la Rap\u00e9e en bord de Seine, la place Perret \u00e0 Amiens, etc.<\/p>\n","protected":false},"excerpt":{"rendered":"<p>Au travers d&#8217;un manuscrit tr\u00e8s personnel, Laure Quoniam \u00e9voque son engagement d&#8217;architecte et de paysagiste pour cr\u00e9er des lieux \u00e0 vivre, elle tente de mener une r\u00e9flexion sur l&#8217;\u00e9volution de son m\u00e9tier dans un contexte qui a profond\u00e9ment \u00e9volu\u00e9 depuis les ann\u00e9es 80. Il s&#8217;agit d&#8217;un texte tr\u00e8s \u00e9crit abondamment illustr\u00e9 par une iconographie soigneusement [&hellip;]<\/p>\n","protected":false},"featured_media":21445,"template":"","meta":[],"product_cat":[2948,2956],"product_tag":[],"acf":[],"yoast_head":"<!-- This site is optimized with the Yoast SEO plugin v20.11 - https:\/\/yoast.com\/wordpress\/plugins\/seo\/ -->\n<title>LE CHAMP D&#039;EN FACE - Librairie 7L<\/title>\n<meta name=\"robots\" content=\"index, follow, max-snippet:-1, max-image-preview:large, max-video-preview:-1\" \/>\n<link rel=\"canonical\" href=\"https:\/\/librairie7l.com\/en\/produit\/le-champ-den-face\/\" \/>\n<meta property=\"og:locale\" content=\"en_US\" \/>\n<meta property=\"og:type\" content=\"article\" \/>\n<meta property=\"og:title\" content=\"LE CHAMP D&#039;EN FACE - Librairie 7L\" \/>\n<meta property=\"og:description\" content=\"Au travers d&#8217;un manuscrit tr\u00e8s personnel, Laure Quoniam \u00e9voque son engagement d&#8217;architecte et de paysagiste pour cr\u00e9er des lieux \u00e0 vivre, elle tente de mener une r\u00e9flexion sur l&#8217;\u00e9volution de son m\u00e9tier dans un contexte qui a profond\u00e9ment \u00e9volu\u00e9 depuis les ann\u00e9es 80. Il s&#8217;agit d&#8217;un texte tr\u00e8s \u00e9crit abondamment illustr\u00e9 par une iconographie soigneusement [&hellip;]\" \/>\n<meta property=\"og:url\" content=\"https:\/\/librairie7l.com\/en\/produit\/le-champ-den-face\/\" \/>\n<meta property=\"og:site_name\" content=\"Librairie 7L\" \/>\n<meta property=\"article:modified_time\" content=\"2026-05-02T11:24:07+00:00\" \/>\n<meta property=\"og:image\" content=\"https:\/\/librairie7l.com\/wp-content\/uploads\/2020\/08\/9782353403158_1_75.jpg\" \/>\n\t<meta property=\"og:image:width\" content=\"299\" \/>\n\t<meta property=\"og:image:height\" content=\"408\" \/>\n\t<meta property=\"og:image:type\" content=\"image\/jpeg\" \/>\n<meta name=\"twitter:card\" content=\"summary_large_image\" \/>\n<meta name=\"twitter:label1\" content=\"Est. reading time\" \/>\n\t<meta name=\"twitter:data1\" content=\"1 minute\" \/>\n<script type=\"application\/ld+json\" class=\"yoast-schema-graph\">{\"@context\":\"https:\/\/schema.org\",\"@graph\":[{\"@type\":\"WebPage\",\"@id\":\"https:\/\/librairie7l.com\/en\/produit\/le-champ-den-face\/\",\"url\":\"https:\/\/librairie7l.com\/en\/produit\/le-champ-den-face\/\",\"name\":\"LE CHAMP D'EN FACE - Librairie 7L\",\"isPartOf\":{\"@id\":\"https:\/\/librairie7l.com\/en\/#website\"},\"datePublished\":\"2023-05-09T16:26:30+00:00\",\"dateModified\":\"2026-05-02T11:24:07+00:00\",\"breadcrumb\":{\"@id\":\"https:\/\/librairie7l.com\/en\/produit\/le-champ-den-face\/#breadcrumb\"},\"inLanguage\":\"en-US\",\"potentialAction\":[{\"@type\":\"ReadAction\",\"target\":[\"https:\/\/librairie7l.com\/en\/produit\/le-champ-den-face\/\"]}]},{\"@type\":\"BreadcrumbList\",\"@id\":\"https:\/\/librairie7l.com\/en\/produit\/le-champ-den-face\/#breadcrumb\",\"itemListElement\":[{\"@type\":\"ListItem\",\"position\":1,\"name\":\"Accueil\",\"item\":\"https:\/\/librairie7l.com\/en\/\"},{\"@type\":\"ListItem\",\"position\":2,\"name\":\"Shop\",\"item\":\"https:\/\/librairie7l.com\/en\/shop\/\"},{\"@type\":\"ListItem\",\"position\":3,\"name\":\"LE CHAMP D&#8217;EN FACE\"}]},{\"@type\":\"WebSite\",\"@id\":\"https:\/\/librairie7l.com\/en\/#website\",\"url\":\"https:\/\/librairie7l.com\/en\/\",\"name\":\"Librairie 7L\",\"description\":\"Librairie fond\u00e9e en 1999 par Karl Lagerfeld \u00e0 Paris\",\"publisher\":{\"@id\":\"https:\/\/librairie7l.com\/en\/#organization\"},\"potentialAction\":[{\"@type\":\"SearchAction\",\"target\":{\"@type\":\"EntryPoint\",\"urlTemplate\":\"https:\/\/librairie7l.com\/en\/?s={search_term_string}\"},\"query-input\":\"required name=search_term_string\"}],\"inLanguage\":\"en-US\"},{\"@type\":\"Organization\",\"@id\":\"https:\/\/librairie7l.com\/en\/#organization\",\"name\":\"Librairie 7L\",\"url\":\"https:\/\/librairie7l.com\/en\/\",\"logo\":{\"@type\":\"ImageObject\",\"inLanguage\":\"en-US\",\"@id\":\"https:\/\/librairie7l.com\/en\/#\/schema\/logo\/image\/\",\"url\":\"https:\/\/librairie7l.com\/wp-content\/uploads\/2022\/08\/logo-1.png\",\"contentUrl\":\"https:\/\/librairie7l.com\/wp-content\/uploads\/2022\/08\/logo-1.png\",\"width\":227,\"height\":301,\"caption\":\"Librairie 7L\"},\"image\":{\"@id\":\"https:\/\/librairie7l.com\/en\/#\/schema\/logo\/image\/\"}}]}<\/script>\n<!-- \/ Yoast SEO plugin. -->","yoast_head_json":{"title":"LE CHAMP D'EN FACE - Librairie 7L","robots":{"index":"index","follow":"follow","max-snippet":"max-snippet:-1","max-image-preview":"max-image-preview:large","max-video-preview":"max-video-preview:-1"},"canonical":"https:\/\/librairie7l.com\/en\/produit\/le-champ-den-face\/","og_locale":"en_US","og_type":"article","og_title":"LE CHAMP D'EN FACE - Librairie 7L","og_description":"Au travers d&#8217;un manuscrit tr\u00e8s personnel, Laure Quoniam \u00e9voque son engagement d&#8217;architecte et de paysagiste pour cr\u00e9er des lieux \u00e0 vivre, elle tente de mener une r\u00e9flexion sur l&#8217;\u00e9volution de son m\u00e9tier dans un contexte qui a profond\u00e9ment \u00e9volu\u00e9 depuis les ann\u00e9es 80. Il s&#8217;agit d&#8217;un texte tr\u00e8s \u00e9crit abondamment illustr\u00e9 par une iconographie soigneusement [&hellip;]","og_url":"https:\/\/librairie7l.com\/en\/produit\/le-champ-den-face\/","og_site_name":"Librairie 7L","article_modified_time":"2026-05-02T11:24:07+00:00","og_image":[{"width":299,"height":408,"url":"https:\/\/librairie7l.com\/wp-content\/uploads\/2020\/08\/9782353403158_1_75.jpg","type":"image\/jpeg"}],"twitter_card":"summary_large_image","twitter_misc":{"Est. reading time":"1 minute"},"schema":{"@context":"https:\/\/schema.org","@graph":[{"@type":"WebPage","@id":"https:\/\/librairie7l.com\/en\/produit\/le-champ-den-face\/","url":"https:\/\/librairie7l.com\/en\/produit\/le-champ-den-face\/","name":"LE CHAMP D'EN FACE - Librairie 7L","isPartOf":{"@id":"https:\/\/librairie7l.com\/en\/#website"},"datePublished":"2023-05-09T16:26:30+00:00","dateModified":"2026-05-02T11:24:07+00:00","breadcrumb":{"@id":"https:\/\/librairie7l.com\/en\/produit\/le-champ-den-face\/#breadcrumb"},"inLanguage":"en-US","potentialAction":[{"@type":"ReadAction","target":["https:\/\/librairie7l.com\/en\/produit\/le-champ-den-face\/"]}]},{"@type":"BreadcrumbList","@id":"https:\/\/librairie7l.com\/en\/produit\/le-champ-den-face\/#breadcrumb","itemListElement":[{"@type":"ListItem","position":1,"name":"Accueil","item":"https:\/\/librairie7l.com\/en\/"},{"@type":"ListItem","position":2,"name":"Shop","item":"https:\/\/librairie7l.com\/en\/shop\/"},{"@type":"ListItem","position":3,"name":"LE CHAMP D&#8217;EN FACE"}]},{"@type":"WebSite","@id":"https:\/\/librairie7l.com\/en\/#website","url":"https:\/\/librairie7l.com\/en\/","name":"Librairie 7L","description":"Librairie fond\u00e9e en 1999 par Karl Lagerfeld \u00e0 Paris","publisher":{"@id":"https:\/\/librairie7l.com\/en\/#organization"},"potentialAction":[{"@type":"SearchAction","target":{"@type":"EntryPoint","urlTemplate":"https:\/\/librairie7l.com\/en\/?s={search_term_string}"},"query-input":"required name=search_term_string"}],"inLanguage":"en-US"},{"@type":"Organization","@id":"https:\/\/librairie7l.com\/en\/#organization","name":"Librairie 7L","url":"https:\/\/librairie7l.com\/en\/","logo":{"@type":"ImageObject","inLanguage":"en-US","@id":"https:\/\/librairie7l.com\/en\/#\/schema\/logo\/image\/","url":"https:\/\/librairie7l.com\/wp-content\/uploads\/2022\/08\/logo-1.png","contentUrl":"https:\/\/librairie7l.com\/wp-content\/uploads\/2022\/08\/logo-1.png","width":227,"height":301,"caption":"Librairie 7L"},"image":{"@id":"https:\/\/librairie7l.com\/en\/#\/schema\/logo\/image\/"}}]}},"_links":{"self":[{"href":"https:\/\/librairie7l.com\/en\/wp-json\/wp\/v2\/product\/21447"}],"collection":[{"href":"https:\/\/librairie7l.com\/en\/wp-json\/wp\/v2\/product"}],"about":[{"href":"https:\/\/librairie7l.com\/en\/wp-json\/wp\/v2\/types\/product"}],"wp:featuredmedia":[{"embeddable":true,"href":"https:\/\/librairie7l.com\/en\/wp-json\/wp\/v2\/media\/21445"}],"wp:attachment":[{"href":"https:\/\/librairie7l.com\/en\/wp-json\/wp\/v2\/media?parent=21447"}],"wp:term":[{"taxonomy":"product_cat","embeddable":true,"href":"https:\/\/librairie7l.com\/en\/wp-json\/wp\/v2\/product_cat?post=21447"},{"taxonomy":"product_tag","embeddable":true,"href":"https:\/\/librairie7l.com\/en\/wp-json\/wp\/v2\/product_tag?post=21447"}],"curies":[{"name":"wp","href":"https:\/\/api.w.org\/{rel}","templated":true}]}}

<p>Au travers d&#8217;un manuscrit très personnel, Laure Quoniam évoque son engagement d&#8217;architecte et de paysagiste pour créer des lieux à vivre, elle tente de mener une réflexion sur l&#8217;évolution de son métier dans un contexte qui a profondément évolué depuis les années 80.<br />
Il s&#8217;agit d&#8217;un texte très écrit abondamment illustré par une iconographie soigneusement sélectionnée qui renvoie à la fois à son univers et plus concrètement à ses réalisations : Le Pont du Gard, les jardins d&#8217;Ancy-le-Franc, le Mont Beuvray, les jardins de la maison de la RATP, le quai de la Rapée en bord de Seine, la place Perret à Amiens, etc.</p>

<p>Au travers d&#8217;un manuscrit très personnel, Laure Quoniam évoque son engagement d&#8217;architecte et de paysagiste pour créer des lieux à vivre, elle tente de mener une réflexion sur l&#8217;évolution de son métier dans un contexte qui a profondément évolué depuis les années 80. Il s&#8217;agit d&#8217;un texte très écrit abondamment illustré par une iconographie soigneusement [&hellip;]</p>

<!-- This site is optimized with the Yoast SEO plugin v20.11 - https://yoast.com/wordpress/plugins/seo/ -->
<title>LE CHAMP D&#039;EN FACE - Librairie 7L</title>
<meta name="robots" content="index, follow, max-snippet:-1, max-image-preview:large, max-video-preview:-1" />
<link rel="canonical" href="https://librairie7l.com/en/produit/le-champ-den-face/" />
<meta property="og:locale" content="en_US" />
<meta property="og:type" content="article" />
<meta property="og:title" content="LE CHAMP D&#039;EN FACE - Librairie 7L" />
<meta property="og:description" content="Au travers d&#8217;un manuscrit très personnel, Laure Quoniam évoque son engagement d&#8217;architecte et de paysagiste pour créer des lieux à vivre, elle tente de mener une réflexion sur l&#8217;évolution de son métier dans un contexte qui a profondément évolué depuis les années 80. Il s&#8217;agit d&#8217;un texte très écrit abondamment illustré par une iconographie soigneusement [&hellip;]" />
<meta property="og:url" content="https://librairie7l.com/en/produit/le-champ-den-face/" />
<meta property="og:site_name" content="Librairie 7L" />
<meta property="article:modified_time" content="2026-05-02T11:24:07+00:00" />
<meta property="og:image" content="https://librairie7l.com/wp-content/uploads/2020/08/9782353403158_1_75.jpg" />
	<meta property="og:image:width" content="299" />
	<meta property="og:image:height" content="408" />
	<meta property="og:image:type" content="image/jpeg" />
<meta name="twitter:card" content="summary_large_image" />
<meta name="twitter:label1" content="Est. reading time" />
	<meta name="twitter:data1" content="1 minute" />
<script type="application/ld+json" class="yoast-schema-graph">{"@context":"https://schema.org","@graph":[{"@type":"WebPage","@id":"https://librairie7l.com/en/produit/le-champ-den-face/","url":"https://librairie7l.com/en/produit/le-champ-den-face/","name":"LE CHAMP D'EN FACE - Librairie 7L","isPartOf":{"@id":"https://librairie7l.com/en/#website"},"datePublished":"2023-05-09T16:26:30+00:00","dateModified":"2026-05-02T11:24:07+00:00","breadcrumb":{"@id":"https://librairie7l.com/en/produit/le-champ-den-face/#breadcrumb"},"inLanguage":"en-US","potentialAction":[{"@type":"ReadAction","target":["https://librairie7l.com/en/produit/le-champ-den-face/"]}]},{"@type":"BreadcrumbList","@id":"https://librairie7l.com/en/produit/le-champ-den-face/#breadcrumb","itemListElement":[{"@type":"ListItem","position":1,"name":"Accueil","item":"https://librairie7l.com/en/"},{"@type":"ListItem","position":2,"name":"Shop","item":"https://librairie7l.com/en/shop/"},{"@type":"ListItem","position":3,"name":"LE CHAMP D&#8217;EN FACE"}]},{"@type":"WebSite","@id":"https://librairie7l.com/en/#website","url":"https://librairie7l.com/en/","name":"Librairie 7L","description":"Librairie fondée en 1999 par Karl Lagerfeld à Paris","publisher":{"@id":"https://librairie7l.com/en/#organization"},"potentialAction":[{"@type":"SearchAction","target":{"@type":"EntryPoint","urlTemplate":"https://librairie7l.com/en/?s={search_term_string}"},"query-input":"required name=search_term_string"}],"inLanguage":"en-US"},{"@type":"Organization","@id":"https://librairie7l.com/en/#organization","name":"Librairie 7L","url":"https://librairie7l.com/en/","logo":{"@type":"ImageObject","inLanguage":"en-US","@id":"https://librairie7l.com/en/#/schema/logo/image/","url":"https://librairie7l.com/wp-content/uploads/2022/08/logo-1.png","contentUrl":"https://librairie7l.com/wp-content/uploads/2022/08/logo-1.png","width":227,"height":301,"caption":"Librairie 7L"},"image":{"@id":"https://librairie7l.com/en/#/schema/logo/image/"}}]}</script>
<!-- / Yoast SEO plugin. -->

Au travers d&#8217;un manuscrit très personnel, Laure Quoniam évoque son engagement d&#8217;architecte et de paysagiste pour créer des lieux à vivre, elle tente de mener une réflexion sur l&#8217;évolution de son métier dans un contexte qui a profondément évolué depuis les années 80. Il s&#8217;agit d&#8217;un texte très écrit abondamment illustré par une iconographie soigneusement [&hellip;]

Librairie fondée en 1999 par Karl Lagerfeld à Paris
