{"id":21907,"date":"2023-05-09T18:33:10","date_gmt":"2023-05-09T16:33:10","guid":{"rendered":"https:\/\/librairie7l.com\/?post_type=product&#038;p=21907"},"modified":"2026-05-01T14:06:11","modified_gmt":"2026-05-01T12:06:11","slug":"ceramiques-de-latelier-dart-primavera-1912-1960","status":"publish","type":"product","link":"https:\/\/librairie7l.com\/en\/produit\/ceramiques-de-latelier-dart-primavera-1912-1960\/","title":{"rendered":"C\u00c9RAMIQUES DE L&#8217;ATELIER D&#8217;ART PRIMAVERA, 1912-1960"},"content":{"rendered":"<p>En cr\u00e9ant en 1912 \u00abPrimavera\u00bb, les grands magasins du Printemps d\u00e9cident de favoriser la cr\u00e9ation de meubles et d&#8217;objets pour la maison et de donner un statut artistique aux \u00abarts d\u00e9coratifs\u00bb.<\/p>\n<p>Dans son texte de pr\u00e9sentation, Jean-Louis Gaillemin, historien d&#8217;art, montre que Primavera s&#8217;inscrit dans l&#8217;histoire du design du XXe si\u00e8cle. Command\u00e9es \u00e0 des manufactures et des ateliers de toutes nos provinces, les c\u00e9ramiques de l&#8217;atelier d&#8217;art Primavera offrent un panorama complet des techniques traditionnelles et des tendances artistiques du XXe si\u00e8cle.<\/p>\n<p>S\u00e9lectionn\u00e9es et analys\u00e9es par Augustin David, historien d&#8217;art sp\u00e9cialiste de la c\u00e9ramique, parmi les 650 pi\u00e8ces de la collection de c\u00e9ramiques Primavera du Printemps, les 120 pi\u00e8ces de l&#8217;exposition \u00abC\u00e9ramiques de l&#8217;atelier d&#8217;art Primavera\u00bb sont pr\u00e9sent\u00e9es par cat\u00e9gories th\u00e9matiques. Chaque pi\u00e8ce est d\u00e9crite en vue de pr\u00e9ciser l&#8217;esth\u00e9tique de Primavera et de la situer dans les courants stylistiques du temps. Coh\u00e9rence o\u00f9 dialoguent quelques noms essentiels : Marcelle Thi\u00e9not, Claude L\u00e9vy, Paule Petitjean, Madeleine Sougez, ou encore Jean Besnard, Ren\u00e9 Buthaud et Colette Gueden.<\/p>\n","protected":false},"excerpt":{"rendered":"<p>En cr\u00e9ant en 1912 \u00abPrimavera\u00bb, les grands magasins du Printemps d\u00e9cident de favoriser la cr\u00e9ation de meubles et d&#8217;objets pour la maison et de donner un statut artistique aux \u00abarts d\u00e9coratifs\u00bb. Dans son texte de pr\u00e9sentation, Jean-Louis Gaillemin, historien d&#8217;art, montre que Primavera s&#8217;inscrit dans l&#8217;histoire du design du XXe si\u00e8cle. Command\u00e9es \u00e0 des manufactures [&hellip;]<\/p>\n","protected":false},"featured_media":21905,"template":"","meta":[],"product_cat":[2948,2952],"product_tag":[],"acf":[],"yoast_head":"<!-- This site is optimized with the Yoast SEO plugin v20.11 - https:\/\/yoast.com\/wordpress\/plugins\/seo\/ -->\n<title>C\u00c9RAMIQUES DE L&#039;ATELIER D&#039;ART PRIMAVERA, 1912-1960 - Librairie 7L<\/title>\n<meta name=\"robots\" content=\"index, follow, max-snippet:-1, max-image-preview:large, max-video-preview:-1\" \/>\n<link rel=\"canonical\" href=\"https:\/\/librairie7l.com\/en\/produit\/ceramiques-de-latelier-dart-primavera-1912-1960\/\" \/>\n<meta property=\"og:locale\" content=\"en_US\" \/>\n<meta property=\"og:type\" content=\"article\" \/>\n<meta property=\"og:title\" content=\"C\u00c9RAMIQUES DE L&#039;ATELIER D&#039;ART PRIMAVERA, 1912-1960 - Librairie 7L\" \/>\n<meta property=\"og:description\" content=\"En cr\u00e9ant en 1912 \u00abPrimavera\u00bb, les grands magasins du Printemps d\u00e9cident de favoriser la cr\u00e9ation de meubles et d&#8217;objets pour la maison et de donner un statut artistique aux \u00abarts d\u00e9coratifs\u00bb. Dans son texte de pr\u00e9sentation, Jean-Louis Gaillemin, historien d&#8217;art, montre que Primavera s&#8217;inscrit dans l&#8217;histoire du design du XXe si\u00e8cle. Command\u00e9es \u00e0 des manufactures [&hellip;]\" \/>\n<meta property=\"og:url\" content=\"https:\/\/librairie7l.com\/en\/produit\/ceramiques-de-latelier-dart-primavera-1912-1960\/\" \/>\n<meta property=\"og:site_name\" content=\"Librairie 7L\" \/>\n<meta property=\"article:modified_time\" content=\"2026-05-01T12:06:11+00:00\" \/>\n<meta property=\"og:image\" content=\"https:\/\/librairie7l.com\/wp-content\/uploads\/2015\/09\/9782847423204_1_75.jpg\" \/>\n\t<meta property=\"og:image:width\" content=\"1000\" \/>\n\t<meta property=\"og:image:height\" content=\"1421\" \/>\n\t<meta property=\"og:image:type\" content=\"image\/jpeg\" \/>\n<meta name=\"twitter:card\" content=\"summary_large_image\" \/>\n<meta name=\"twitter:label1\" content=\"Est. reading time\" \/>\n\t<meta name=\"twitter:data1\" content=\"1 minute\" \/>\n<script type=\"application\/ld+json\" class=\"yoast-schema-graph\">{\"@context\":\"https:\/\/schema.org\",\"@graph\":[{\"@type\":\"WebPage\",\"@id\":\"https:\/\/librairie7l.com\/en\/produit\/ceramiques-de-latelier-dart-primavera-1912-1960\/\",\"url\":\"https:\/\/librairie7l.com\/en\/produit\/ceramiques-de-latelier-dart-primavera-1912-1960\/\",\"name\":\"C\u00c9RAMIQUES DE L'ATELIER D'ART PRIMAVERA, 1912-1960 - Librairie 7L\",\"isPartOf\":{\"@id\":\"https:\/\/librairie7l.com\/en\/#website\"},\"datePublished\":\"2023-05-09T16:33:10+00:00\",\"dateModified\":\"2026-05-01T12:06:11+00:00\",\"breadcrumb\":{\"@id\":\"https:\/\/librairie7l.com\/en\/produit\/ceramiques-de-latelier-dart-primavera-1912-1960\/#breadcrumb\"},\"inLanguage\":\"en-US\",\"potentialAction\":[{\"@type\":\"ReadAction\",\"target\":[\"https:\/\/librairie7l.com\/en\/produit\/ceramiques-de-latelier-dart-primavera-1912-1960\/\"]}]},{\"@type\":\"BreadcrumbList\",\"@id\":\"https:\/\/librairie7l.com\/en\/produit\/ceramiques-de-latelier-dart-primavera-1912-1960\/#breadcrumb\",\"itemListElement\":[{\"@type\":\"ListItem\",\"position\":1,\"name\":\"Accueil\",\"item\":\"https:\/\/librairie7l.com\/en\/\"},{\"@type\":\"ListItem\",\"position\":2,\"name\":\"Shop\",\"item\":\"https:\/\/librairie7l.com\/en\/shop\/\"},{\"@type\":\"ListItem\",\"position\":3,\"name\":\"C\u00c9RAMIQUES DE L&#8217;ATELIER D&#8217;ART PRIMAVERA, 1912-1960\"}]},{\"@type\":\"WebSite\",\"@id\":\"https:\/\/librairie7l.com\/en\/#website\",\"url\":\"https:\/\/librairie7l.com\/en\/\",\"name\":\"Librairie 7L\",\"description\":\"Librairie fond\u00e9e en 1999 par Karl Lagerfeld \u00e0 Paris\",\"publisher\":{\"@id\":\"https:\/\/librairie7l.com\/en\/#organization\"},\"potentialAction\":[{\"@type\":\"SearchAction\",\"target\":{\"@type\":\"EntryPoint\",\"urlTemplate\":\"https:\/\/librairie7l.com\/en\/?s={search_term_string}\"},\"query-input\":\"required name=search_term_string\"}],\"inLanguage\":\"en-US\"},{\"@type\":\"Organization\",\"@id\":\"https:\/\/librairie7l.com\/en\/#organization\",\"name\":\"Librairie 7L\",\"url\":\"https:\/\/librairie7l.com\/en\/\",\"logo\":{\"@type\":\"ImageObject\",\"inLanguage\":\"en-US\",\"@id\":\"https:\/\/librairie7l.com\/en\/#\/schema\/logo\/image\/\",\"url\":\"https:\/\/librairie7l.com\/wp-content\/uploads\/2022\/08\/logo-1.png\",\"contentUrl\":\"https:\/\/librairie7l.com\/wp-content\/uploads\/2022\/08\/logo-1.png\",\"width\":227,\"height\":301,\"caption\":\"Librairie 7L\"},\"image\":{\"@id\":\"https:\/\/librairie7l.com\/en\/#\/schema\/logo\/image\/\"}}]}<\/script>\n<!-- \/ Yoast SEO plugin. -->","yoast_head_json":{"title":"C\u00c9RAMIQUES DE L'ATELIER D'ART PRIMAVERA, 1912-1960 - Librairie 7L","robots":{"index":"index","follow":"follow","max-snippet":"max-snippet:-1","max-image-preview":"max-image-preview:large","max-video-preview":"max-video-preview:-1"},"canonical":"https:\/\/librairie7l.com\/en\/produit\/ceramiques-de-latelier-dart-primavera-1912-1960\/","og_locale":"en_US","og_type":"article","og_title":"C\u00c9RAMIQUES DE L'ATELIER D'ART PRIMAVERA, 1912-1960 - Librairie 7L","og_description":"En cr\u00e9ant en 1912 \u00abPrimavera\u00bb, les grands magasins du Printemps d\u00e9cident de favoriser la cr\u00e9ation de meubles et d&#8217;objets pour la maison et de donner un statut artistique aux \u00abarts d\u00e9coratifs\u00bb. Dans son texte de pr\u00e9sentation, Jean-Louis Gaillemin, historien d&#8217;art, montre que Primavera s&#8217;inscrit dans l&#8217;histoire du design du XXe si\u00e8cle. Command\u00e9es \u00e0 des manufactures [&hellip;]","og_url":"https:\/\/librairie7l.com\/en\/produit\/ceramiques-de-latelier-dart-primavera-1912-1960\/","og_site_name":"Librairie 7L","article_modified_time":"2026-05-01T12:06:11+00:00","og_image":[{"width":1000,"height":1421,"url":"https:\/\/librairie7l.com\/wp-content\/uploads\/2015\/09\/9782847423204_1_75.jpg","type":"image\/jpeg"}],"twitter_card":"summary_large_image","twitter_misc":{"Est. reading time":"1 minute"},"schema":{"@context":"https:\/\/schema.org","@graph":[{"@type":"WebPage","@id":"https:\/\/librairie7l.com\/en\/produit\/ceramiques-de-latelier-dart-primavera-1912-1960\/","url":"https:\/\/librairie7l.com\/en\/produit\/ceramiques-de-latelier-dart-primavera-1912-1960\/","name":"C\u00c9RAMIQUES DE L'ATELIER D'ART PRIMAVERA, 1912-1960 - Librairie 7L","isPartOf":{"@id":"https:\/\/librairie7l.com\/en\/#website"},"datePublished":"2023-05-09T16:33:10+00:00","dateModified":"2026-05-01T12:06:11+00:00","breadcrumb":{"@id":"https:\/\/librairie7l.com\/en\/produit\/ceramiques-de-latelier-dart-primavera-1912-1960\/#breadcrumb"},"inLanguage":"en-US","potentialAction":[{"@type":"ReadAction","target":["https:\/\/librairie7l.com\/en\/produit\/ceramiques-de-latelier-dart-primavera-1912-1960\/"]}]},{"@type":"BreadcrumbList","@id":"https:\/\/librairie7l.com\/en\/produit\/ceramiques-de-latelier-dart-primavera-1912-1960\/#breadcrumb","itemListElement":[{"@type":"ListItem","position":1,"name":"Accueil","item":"https:\/\/librairie7l.com\/en\/"},{"@type":"ListItem","position":2,"name":"Shop","item":"https:\/\/librairie7l.com\/en\/shop\/"},{"@type":"ListItem","position":3,"name":"C\u00c9RAMIQUES DE L&#8217;ATELIER D&#8217;ART PRIMAVERA, 1912-1960"}]},{"@type":"WebSite","@id":"https:\/\/librairie7l.com\/en\/#website","url":"https:\/\/librairie7l.com\/en\/","name":"Librairie 7L","description":"Librairie fond\u00e9e en 1999 par Karl Lagerfeld \u00e0 Paris","publisher":{"@id":"https:\/\/librairie7l.com\/en\/#organization"},"potentialAction":[{"@type":"SearchAction","target":{"@type":"EntryPoint","urlTemplate":"https:\/\/librairie7l.com\/en\/?s={search_term_string}"},"query-input":"required name=search_term_string"}],"inLanguage":"en-US"},{"@type":"Organization","@id":"https:\/\/librairie7l.com\/en\/#organization","name":"Librairie 7L","url":"https:\/\/librairie7l.com\/en\/","logo":{"@type":"ImageObject","inLanguage":"en-US","@id":"https:\/\/librairie7l.com\/en\/#\/schema\/logo\/image\/","url":"https:\/\/librairie7l.com\/wp-content\/uploads\/2022\/08\/logo-1.png","contentUrl":"https:\/\/librairie7l.com\/wp-content\/uploads\/2022\/08\/logo-1.png","width":227,"height":301,"caption":"Librairie 7L"},"image":{"@id":"https:\/\/librairie7l.com\/en\/#\/schema\/logo\/image\/"}}]}},"_links":{"self":[{"href":"https:\/\/librairie7l.com\/en\/wp-json\/wp\/v2\/product\/21907"}],"collection":[{"href":"https:\/\/librairie7l.com\/en\/wp-json\/wp\/v2\/product"}],"about":[{"href":"https:\/\/librairie7l.com\/en\/wp-json\/wp\/v2\/types\/product"}],"wp:featuredmedia":[{"embeddable":true,"href":"https:\/\/librairie7l.com\/en\/wp-json\/wp\/v2\/media\/21905"}],"wp:attachment":[{"href":"https:\/\/librairie7l.com\/en\/wp-json\/wp\/v2\/media?parent=21907"}],"wp:term":[{"taxonomy":"product_cat","embeddable":true,"href":"https:\/\/librairie7l.com\/en\/wp-json\/wp\/v2\/product_cat?post=21907"},{"taxonomy":"product_tag","embeddable":true,"href":"https:\/\/librairie7l.com\/en\/wp-json\/wp\/v2\/product_tag?post=21907"}],"curies":[{"name":"wp","href":"https:\/\/api.w.org\/{rel}","templated":true}]}}

CÉRAMIQUES DE L&#8217;ATELIER D&#8217;ART PRIMAVERA, 1912-1960

<p>En créant en 1912 «Primavera», les grands magasins du Printemps décident de favoriser la création de meubles et d&#8217;objets pour la maison et de donner un statut artistique aux «arts décoratifs».</p>
<p>Dans son texte de présentation, Jean-Louis Gaillemin, historien d&#8217;art, montre que Primavera s&#8217;inscrit dans l&#8217;histoire du design du XXe siècle. Commandées à des manufactures et des ateliers de toutes nos provinces, les céramiques de l&#8217;atelier d&#8217;art Primavera offrent un panorama complet des techniques traditionnelles et des tendances artistiques du XXe siècle.</p>
<p>Sélectionnées et analysées par Augustin David, historien d&#8217;art spécialiste de la céramique, parmi les 650 pièces de la collection de céramiques Primavera du Printemps, les 120 pièces de l&#8217;exposition «Céramiques de l&#8217;atelier d&#8217;art Primavera» sont présentées par catégories thématiques. Chaque pièce est décrite en vue de préciser l&#8217;esthétique de Primavera et de la situer dans les courants stylistiques du temps. Cohérence où dialoguent quelques noms essentiels : Marcelle Thiénot, Claude Lévy, Paule Petitjean, Madeleine Sougez, ou encore Jean Besnard, René Buthaud et Colette Gueden.</p>

<p>En créant en 1912 «Primavera», les grands magasins du Printemps décident de favoriser la création de meubles et d&#8217;objets pour la maison et de donner un statut artistique aux «arts décoratifs». Dans son texte de présentation, Jean-Louis Gaillemin, historien d&#8217;art, montre que Primavera s&#8217;inscrit dans l&#8217;histoire du design du XXe siècle. Commandées à des manufactures [&hellip;]</p>

<!-- This site is optimized with the Yoast SEO plugin v20.11 - https://yoast.com/wordpress/plugins/seo/ -->
<title>CÉRAMIQUES DE L&#039;ATELIER D&#039;ART PRIMAVERA, 1912-1960 - Librairie 7L</title>
<meta name="robots" content="index, follow, max-snippet:-1, max-image-preview:large, max-video-preview:-1" />
<link rel="canonical" href="https://librairie7l.com/en/produit/ceramiques-de-latelier-dart-primavera-1912-1960/" />
<meta property="og:locale" content="en_US" />
<meta property="og:type" content="article" />
<meta property="og:title" content="CÉRAMIQUES DE L&#039;ATELIER D&#039;ART PRIMAVERA, 1912-1960 - Librairie 7L" />
<meta property="og:description" content="En créant en 1912 «Primavera», les grands magasins du Printemps décident de favoriser la création de meubles et d&#8217;objets pour la maison et de donner un statut artistique aux «arts décoratifs». Dans son texte de présentation, Jean-Louis Gaillemin, historien d&#8217;art, montre que Primavera s&#8217;inscrit dans l&#8217;histoire du design du XXe siècle. Commandées à des manufactures [&hellip;]" />
<meta property="og:url" content="https://librairie7l.com/en/produit/ceramiques-de-latelier-dart-primavera-1912-1960/" />
<meta property="og:site_name" content="Librairie 7L" />
<meta property="article:modified_time" content="2026-05-01T12:06:11+00:00" />
<meta property="og:image" content="https://librairie7l.com/wp-content/uploads/2015/09/9782847423204_1_75.jpg" />
	<meta property="og:image:width" content="1000" />
	<meta property="og:image:height" content="1421" />
	<meta property="og:image:type" content="image/jpeg" />
<meta name="twitter:card" content="summary_large_image" />
<meta name="twitter:label1" content="Est. reading time" />
	<meta name="twitter:data1" content="1 minute" />
<script type="application/ld+json" class="yoast-schema-graph">{"@context":"https://schema.org","@graph":[{"@type":"WebPage","@id":"https://librairie7l.com/en/produit/ceramiques-de-latelier-dart-primavera-1912-1960/","url":"https://librairie7l.com/en/produit/ceramiques-de-latelier-dart-primavera-1912-1960/","name":"CÉRAMIQUES DE L'ATELIER D'ART PRIMAVERA, 1912-1960 - Librairie 7L","isPartOf":{"@id":"https://librairie7l.com/en/#website"},"datePublished":"2023-05-09T16:33:10+00:00","dateModified":"2026-05-01T12:06:11+00:00","breadcrumb":{"@id":"https://librairie7l.com/en/produit/ceramiques-de-latelier-dart-primavera-1912-1960/#breadcrumb"},"inLanguage":"en-US","potentialAction":[{"@type":"ReadAction","target":["https://librairie7l.com/en/produit/ceramiques-de-latelier-dart-primavera-1912-1960/"]}]},{"@type":"BreadcrumbList","@id":"https://librairie7l.com/en/produit/ceramiques-de-latelier-dart-primavera-1912-1960/#breadcrumb","itemListElement":[{"@type":"ListItem","position":1,"name":"Accueil","item":"https://librairie7l.com/en/"},{"@type":"ListItem","position":2,"name":"Shop","item":"https://librairie7l.com/en/shop/"},{"@type":"ListItem","position":3,"name":"CÉRAMIQUES DE L&#8217;ATELIER D&#8217;ART PRIMAVERA, 1912-1960"}]},{"@type":"WebSite","@id":"https://librairie7l.com/en/#website","url":"https://librairie7l.com/en/","name":"Librairie 7L","description":"Librairie fondée en 1999 par Karl Lagerfeld à Paris","publisher":{"@id":"https://librairie7l.com/en/#organization"},"potentialAction":[{"@type":"SearchAction","target":{"@type":"EntryPoint","urlTemplate":"https://librairie7l.com/en/?s={search_term_string}"},"query-input":"required name=search_term_string"}],"inLanguage":"en-US"},{"@type":"Organization","@id":"https://librairie7l.com/en/#organization","name":"Librairie 7L","url":"https://librairie7l.com/en/","logo":{"@type":"ImageObject","inLanguage":"en-US","@id":"https://librairie7l.com/en/#/schema/logo/image/","url":"https://librairie7l.com/wp-content/uploads/2022/08/logo-1.png","contentUrl":"https://librairie7l.com/wp-content/uploads/2022/08/logo-1.png","width":227,"height":301,"caption":"Librairie 7L"},"image":{"@id":"https://librairie7l.com/en/#/schema/logo/image/"}}]}</script>
<!-- / Yoast SEO plugin. -->

CÉRAMIQUES DE L'ATELIER D'ART PRIMAVERA, 1912-1960 - Librairie 7L

En créant en 1912 «Primavera», les grands magasins du Printemps décident de favoriser la création de meubles et d&#8217;objets pour la maison et de donner un statut artistique aux «arts décoratifs». Dans son texte de présentation, Jean-Louis Gaillemin, historien d&#8217;art, montre que Primavera s&#8217;inscrit dans l&#8217;histoire du design du XXe siècle. Commandées à des manufactures [&hellip;]

Librairie fondée en 1999 par Karl Lagerfeld à Paris
