{"id":26839,"date":"2023-05-10T12:42:16","date_gmt":"2023-05-10T10:42:16","guid":{"rendered":"https:\/\/librairie7l.com\/?post_type=product&#038;p=26839"},"modified":"2026-04-30T04:05:45","modified_gmt":"2026-04-30T02:05:45","slug":"fernand-leger-et-les-toits-de-paris","status":"publish","type":"product","link":"https:\/\/librairie7l.com\/en\/produit\/fernand-leger-et-les-toits-de-paris\/","title":{"rendered":"FERNAND L\u00c9GER ET LES TOITS DE PARIS"},"content":{"rendered":"<p>Au fil des ann\u00e9es 1909 \u00e0 1914, Fernand L\u00e9ger est devenu un peintre cubiste de premi\u00e8re importance. Sa s\u00e9rie de tableaux Fum\u00e9es sur les toits, r\u00e9alis\u00e9e en 1911-1912, a jou\u00e9 un r\u00f4le capital dans cette \u00e9volution. L\u00e9ger a peint la vue depuis son atelier parisien, avec les panaches de fum\u00e9e flottant au-dessus des toits du Quartier latin. En combinant les formes douces des fum\u00e9es et les masses dures et anguleuses de l&#8217;architecture, il s&#8217;est fray\u00e9 un chemin vers une forme d&#8217;art radicale, plus abstraite. Il y a quelques ann\u00e9es, un tableau encore inconnu de la s\u00e9rie Fum\u00e9es sur les toits a \u00e9t\u00e9 d\u00e9couvert au dos d&#8217;une autre toile de L\u00e9ger, appartenant \u00e0 la Triton Collection Foundation. Cette d\u00e9couverte est \u00e0 l&#8217;origine de cet ouvrage, qui souligne \u00e9galement les influences exerc\u00e9es sur L\u00e9ger par C\u00e9zanne, Picasso et Braque, entre autres. En collaboration avec la Triton Collection Foundation et le Kr\u00f6ller-M\u00fcller Museum.<\/p>\n","protected":false},"excerpt":{"rendered":"<p>Au fil des ann\u00e9es 1909 \u00e0 1914, Fernand L\u00e9ger est devenu un peintre cubiste de premi\u00e8re importance. Sa s\u00e9rie de tableaux Fum\u00e9es sur les toits, r\u00e9alis\u00e9e en 1911-1912, a jou\u00e9 un r\u00f4le capital dans cette \u00e9volution. L\u00e9ger a peint la vue depuis son atelier parisien, avec les panaches de fum\u00e9e flottant au-dessus des toits du [&hellip;]<\/p>\n","protected":false},"featured_media":26837,"template":"","meta":[],"product_cat":[55,2948,47,2953],"product_tag":[],"acf":[],"yoast_head":"<!-- This site is optimized with the Yoast SEO plugin v20.11 - https:\/\/yoast.com\/wordpress\/plugins\/seo\/ -->\n<title>FERNAND L\u00c9GER ET LES TOITS DE PARIS - Librairie 7L<\/title>\n<meta name=\"robots\" content=\"index, follow, max-snippet:-1, max-image-preview:large, max-video-preview:-1\" \/>\n<link rel=\"canonical\" href=\"https:\/\/librairie7l.com\/en\/produit\/fernand-leger-et-les-toits-de-paris\/\" \/>\n<meta property=\"og:locale\" content=\"en_US\" \/>\n<meta property=\"og:type\" content=\"article\" \/>\n<meta property=\"og:title\" content=\"FERNAND L\u00c9GER ET LES TOITS DE PARIS - Librairie 7L\" \/>\n<meta property=\"og:description\" content=\"Au fil des ann\u00e9es 1909 \u00e0 1914, Fernand L\u00e9ger est devenu un peintre cubiste de premi\u00e8re importance. Sa s\u00e9rie de tableaux Fum\u00e9es sur les toits, r\u00e9alis\u00e9e en 1911-1912, a jou\u00e9 un r\u00f4le capital dans cette \u00e9volution. L\u00e9ger a peint la vue depuis son atelier parisien, avec les panaches de fum\u00e9e flottant au-dessus des toits du [&hellip;]\" \/>\n<meta property=\"og:url\" content=\"https:\/\/librairie7l.com\/en\/produit\/fernand-leger-et-les-toits-de-paris\/\" \/>\n<meta property=\"og:site_name\" content=\"Librairie 7L\" \/>\n<meta property=\"article:modified_time\" content=\"2026-04-30T02:05:45+00:00\" \/>\n<meta property=\"og:image\" content=\"https:\/\/librairie7l.com\/wp-content\/uploads\/2022\/08\/9789490880392_1_75.jpg\" \/>\n\t<meta property=\"og:image:width\" content=\"400\" \/>\n\t<meta property=\"og:image:height\" content=\"523\" \/>\n\t<meta property=\"og:image:type\" content=\"image\/jpeg\" \/>\n<meta name=\"twitter:card\" content=\"summary_large_image\" \/>\n<meta name=\"twitter:label1\" content=\"Est. reading time\" \/>\n\t<meta name=\"twitter:data1\" content=\"1 minute\" \/>\n<script type=\"application\/ld+json\" class=\"yoast-schema-graph\">{\"@context\":\"https:\/\/schema.org\",\"@graph\":[{\"@type\":\"WebPage\",\"@id\":\"https:\/\/librairie7l.com\/en\/produit\/fernand-leger-et-les-toits-de-paris\/\",\"url\":\"https:\/\/librairie7l.com\/en\/produit\/fernand-leger-et-les-toits-de-paris\/\",\"name\":\"FERNAND L\u00c9GER ET LES TOITS DE PARIS - Librairie 7L\",\"isPartOf\":{\"@id\":\"https:\/\/librairie7l.com\/en\/#website\"},\"datePublished\":\"2023-05-10T10:42:16+00:00\",\"dateModified\":\"2026-04-30T02:05:45+00:00\",\"breadcrumb\":{\"@id\":\"https:\/\/librairie7l.com\/en\/produit\/fernand-leger-et-les-toits-de-paris\/#breadcrumb\"},\"inLanguage\":\"en-US\",\"potentialAction\":[{\"@type\":\"ReadAction\",\"target\":[\"https:\/\/librairie7l.com\/en\/produit\/fernand-leger-et-les-toits-de-paris\/\"]}]},{\"@type\":\"BreadcrumbList\",\"@id\":\"https:\/\/librairie7l.com\/en\/produit\/fernand-leger-et-les-toits-de-paris\/#breadcrumb\",\"itemListElement\":[{\"@type\":\"ListItem\",\"position\":1,\"name\":\"Accueil\",\"item\":\"https:\/\/librairie7l.com\/en\/\"},{\"@type\":\"ListItem\",\"position\":2,\"name\":\"Shop\",\"item\":\"https:\/\/librairie7l.com\/en\/shop\/\"},{\"@type\":\"ListItem\",\"position\":3,\"name\":\"FERNAND L\u00c9GER ET LES TOITS DE PARIS\"}]},{\"@type\":\"WebSite\",\"@id\":\"https:\/\/librairie7l.com\/en\/#website\",\"url\":\"https:\/\/librairie7l.com\/en\/\",\"name\":\"Librairie 7L\",\"description\":\"Librairie fond\u00e9e en 1999 par Karl Lagerfeld \u00e0 Paris\",\"publisher\":{\"@id\":\"https:\/\/librairie7l.com\/en\/#organization\"},\"potentialAction\":[{\"@type\":\"SearchAction\",\"target\":{\"@type\":\"EntryPoint\",\"urlTemplate\":\"https:\/\/librairie7l.com\/en\/?s={search_term_string}\"},\"query-input\":\"required name=search_term_string\"}],\"inLanguage\":\"en-US\"},{\"@type\":\"Organization\",\"@id\":\"https:\/\/librairie7l.com\/en\/#organization\",\"name\":\"Librairie 7L\",\"url\":\"https:\/\/librairie7l.com\/en\/\",\"logo\":{\"@type\":\"ImageObject\",\"inLanguage\":\"en-US\",\"@id\":\"https:\/\/librairie7l.com\/en\/#\/schema\/logo\/image\/\",\"url\":\"https:\/\/librairie7l.com\/wp-content\/uploads\/2022\/08\/logo-1.png\",\"contentUrl\":\"https:\/\/librairie7l.com\/wp-content\/uploads\/2022\/08\/logo-1.png\",\"width\":227,\"height\":301,\"caption\":\"Librairie 7L\"},\"image\":{\"@id\":\"https:\/\/librairie7l.com\/en\/#\/schema\/logo\/image\/\"}}]}<\/script>\n<!-- \/ Yoast SEO plugin. -->","yoast_head_json":{"title":"FERNAND L\u00c9GER ET LES TOITS DE PARIS - Librairie 7L","robots":{"index":"index","follow":"follow","max-snippet":"max-snippet:-1","max-image-preview":"max-image-preview:large","max-video-preview":"max-video-preview:-1"},"canonical":"https:\/\/librairie7l.com\/en\/produit\/fernand-leger-et-les-toits-de-paris\/","og_locale":"en_US","og_type":"article","og_title":"FERNAND L\u00c9GER ET LES TOITS DE PARIS - Librairie 7L","og_description":"Au fil des ann\u00e9es 1909 \u00e0 1914, Fernand L\u00e9ger est devenu un peintre cubiste de premi\u00e8re importance. Sa s\u00e9rie de tableaux Fum\u00e9es sur les toits, r\u00e9alis\u00e9e en 1911-1912, a jou\u00e9 un r\u00f4le capital dans cette \u00e9volution. L\u00e9ger a peint la vue depuis son atelier parisien, avec les panaches de fum\u00e9e flottant au-dessus des toits du [&hellip;]","og_url":"https:\/\/librairie7l.com\/en\/produit\/fernand-leger-et-les-toits-de-paris\/","og_site_name":"Librairie 7L","article_modified_time":"2026-04-30T02:05:45+00:00","og_image":[{"width":400,"height":523,"url":"https:\/\/librairie7l.com\/wp-content\/uploads\/2022\/08\/9789490880392_1_75.jpg","type":"image\/jpeg"}],"twitter_card":"summary_large_image","twitter_misc":{"Est. reading time":"1 minute"},"schema":{"@context":"https:\/\/schema.org","@graph":[{"@type":"WebPage","@id":"https:\/\/librairie7l.com\/en\/produit\/fernand-leger-et-les-toits-de-paris\/","url":"https:\/\/librairie7l.com\/en\/produit\/fernand-leger-et-les-toits-de-paris\/","name":"FERNAND L\u00c9GER ET LES TOITS DE PARIS - Librairie 7L","isPartOf":{"@id":"https:\/\/librairie7l.com\/en\/#website"},"datePublished":"2023-05-10T10:42:16+00:00","dateModified":"2026-04-30T02:05:45+00:00","breadcrumb":{"@id":"https:\/\/librairie7l.com\/en\/produit\/fernand-leger-et-les-toits-de-paris\/#breadcrumb"},"inLanguage":"en-US","potentialAction":[{"@type":"ReadAction","target":["https:\/\/librairie7l.com\/en\/produit\/fernand-leger-et-les-toits-de-paris\/"]}]},{"@type":"BreadcrumbList","@id":"https:\/\/librairie7l.com\/en\/produit\/fernand-leger-et-les-toits-de-paris\/#breadcrumb","itemListElement":[{"@type":"ListItem","position":1,"name":"Accueil","item":"https:\/\/librairie7l.com\/en\/"},{"@type":"ListItem","position":2,"name":"Shop","item":"https:\/\/librairie7l.com\/en\/shop\/"},{"@type":"ListItem","position":3,"name":"FERNAND L\u00c9GER ET LES TOITS DE PARIS"}]},{"@type":"WebSite","@id":"https:\/\/librairie7l.com\/en\/#website","url":"https:\/\/librairie7l.com\/en\/","name":"Librairie 7L","description":"Librairie fond\u00e9e en 1999 par Karl Lagerfeld \u00e0 Paris","publisher":{"@id":"https:\/\/librairie7l.com\/en\/#organization"},"potentialAction":[{"@type":"SearchAction","target":{"@type":"EntryPoint","urlTemplate":"https:\/\/librairie7l.com\/en\/?s={search_term_string}"},"query-input":"required name=search_term_string"}],"inLanguage":"en-US"},{"@type":"Organization","@id":"https:\/\/librairie7l.com\/en\/#organization","name":"Librairie 7L","url":"https:\/\/librairie7l.com\/en\/","logo":{"@type":"ImageObject","inLanguage":"en-US","@id":"https:\/\/librairie7l.com\/en\/#\/schema\/logo\/image\/","url":"https:\/\/librairie7l.com\/wp-content\/uploads\/2022\/08\/logo-1.png","contentUrl":"https:\/\/librairie7l.com\/wp-content\/uploads\/2022\/08\/logo-1.png","width":227,"height":301,"caption":"Librairie 7L"},"image":{"@id":"https:\/\/librairie7l.com\/en\/#\/schema\/logo\/image\/"}}]}},"_links":{"self":[{"href":"https:\/\/librairie7l.com\/en\/wp-json\/wp\/v2\/product\/26839"}],"collection":[{"href":"https:\/\/librairie7l.com\/en\/wp-json\/wp\/v2\/product"}],"about":[{"href":"https:\/\/librairie7l.com\/en\/wp-json\/wp\/v2\/types\/product"}],"wp:featuredmedia":[{"embeddable":true,"href":"https:\/\/librairie7l.com\/en\/wp-json\/wp\/v2\/media\/26837"}],"wp:attachment":[{"href":"https:\/\/librairie7l.com\/en\/wp-json\/wp\/v2\/media?parent=26839"}],"wp:term":[{"taxonomy":"product_cat","embeddable":true,"href":"https:\/\/librairie7l.com\/en\/wp-json\/wp\/v2\/product_cat?post=26839"},{"taxonomy":"product_tag","embeddable":true,"href":"https:\/\/librairie7l.com\/en\/wp-json\/wp\/v2\/product_tag?post=26839"}],"curies":[{"name":"wp","href":"https:\/\/api.w.org\/{rel}","templated":true}]}}

FERNAND LÉGER ET LES TOITS DE PARIS

<p>Au fil des années 1909 à 1914, Fernand Léger est devenu un peintre cubiste de première importance. Sa série de tableaux Fumées sur les toits, réalisée en 1911-1912, a joué un rôle capital dans cette évolution. Léger a peint la vue depuis son atelier parisien, avec les panaches de fumée flottant au-dessus des toits du Quartier latin. En combinant les formes douces des fumées et les masses dures et anguleuses de l&#8217;architecture, il s&#8217;est frayé un chemin vers une forme d&#8217;art radicale, plus abstraite. Il y a quelques années, un tableau encore inconnu de la série Fumées sur les toits a été découvert au dos d&#8217;une autre toile de Léger, appartenant à la Triton Collection Foundation. Cette découverte est à l&#8217;origine de cet ouvrage, qui souligne également les influences exercées sur Léger par Cézanne, Picasso et Braque, entre autres. En collaboration avec la Triton Collection Foundation et le Kröller-Müller Museum.</p>

<p>Au fil des années 1909 à 1914, Fernand Léger est devenu un peintre cubiste de première importance. Sa série de tableaux Fumées sur les toits, réalisée en 1911-1912, a joué un rôle capital dans cette évolution. Léger a peint la vue depuis son atelier parisien, avec les panaches de fumée flottant au-dessus des toits du [&hellip;]</p>

<!-- This site is optimized with the Yoast SEO plugin v20.11 - https://yoast.com/wordpress/plugins/seo/ -->
<title>FERNAND LÉGER ET LES TOITS DE PARIS - Librairie 7L</title>
<meta name="robots" content="index, follow, max-snippet:-1, max-image-preview:large, max-video-preview:-1" />
<link rel="canonical" href="https://librairie7l.com/en/produit/fernand-leger-et-les-toits-de-paris/" />
<meta property="og:locale" content="en_US" />
<meta property="og:type" content="article" />
<meta property="og:title" content="FERNAND LÉGER ET LES TOITS DE PARIS - Librairie 7L" />
<meta property="og:description" content="Au fil des années 1909 à 1914, Fernand Léger est devenu un peintre cubiste de première importance. Sa série de tableaux Fumées sur les toits, réalisée en 1911-1912, a joué un rôle capital dans cette évolution. Léger a peint la vue depuis son atelier parisien, avec les panaches de fumée flottant au-dessus des toits du [&hellip;]" />
<meta property="og:url" content="https://librairie7l.com/en/produit/fernand-leger-et-les-toits-de-paris/" />
<meta property="og:site_name" content="Librairie 7L" />
<meta property="article:modified_time" content="2026-04-30T02:05:45+00:00" />
<meta property="og:image" content="https://librairie7l.com/wp-content/uploads/2022/08/9789490880392_1_75.jpg" />
	<meta property="og:image:width" content="400" />
	<meta property="og:image:height" content="523" />
	<meta property="og:image:type" content="image/jpeg" />
<meta name="twitter:card" content="summary_large_image" />
<meta name="twitter:label1" content="Est. reading time" />
	<meta name="twitter:data1" content="1 minute" />
<script type="application/ld+json" class="yoast-schema-graph">{"@context":"https://schema.org","@graph":[{"@type":"WebPage","@id":"https://librairie7l.com/en/produit/fernand-leger-et-les-toits-de-paris/","url":"https://librairie7l.com/en/produit/fernand-leger-et-les-toits-de-paris/","name":"FERNAND LÉGER ET LES TOITS DE PARIS - Librairie 7L","isPartOf":{"@id":"https://librairie7l.com/en/#website"},"datePublished":"2023-05-10T10:42:16+00:00","dateModified":"2026-04-30T02:05:45+00:00","breadcrumb":{"@id":"https://librairie7l.com/en/produit/fernand-leger-et-les-toits-de-paris/#breadcrumb"},"inLanguage":"en-US","potentialAction":[{"@type":"ReadAction","target":["https://librairie7l.com/en/produit/fernand-leger-et-les-toits-de-paris/"]}]},{"@type":"BreadcrumbList","@id":"https://librairie7l.com/en/produit/fernand-leger-et-les-toits-de-paris/#breadcrumb","itemListElement":[{"@type":"ListItem","position":1,"name":"Accueil","item":"https://librairie7l.com/en/"},{"@type":"ListItem","position":2,"name":"Shop","item":"https://librairie7l.com/en/shop/"},{"@type":"ListItem","position":3,"name":"FERNAND LÉGER ET LES TOITS DE PARIS"}]},{"@type":"WebSite","@id":"https://librairie7l.com/en/#website","url":"https://librairie7l.com/en/","name":"Librairie 7L","description":"Librairie fondée en 1999 par Karl Lagerfeld à Paris","publisher":{"@id":"https://librairie7l.com/en/#organization"},"potentialAction":[{"@type":"SearchAction","target":{"@type":"EntryPoint","urlTemplate":"https://librairie7l.com/en/?s={search_term_string}"},"query-input":"required name=search_term_string"}],"inLanguage":"en-US"},{"@type":"Organization","@id":"https://librairie7l.com/en/#organization","name":"Librairie 7L","url":"https://librairie7l.com/en/","logo":{"@type":"ImageObject","inLanguage":"en-US","@id":"https://librairie7l.com/en/#/schema/logo/image/","url":"https://librairie7l.com/wp-content/uploads/2022/08/logo-1.png","contentUrl":"https://librairie7l.com/wp-content/uploads/2022/08/logo-1.png","width":227,"height":301,"caption":"Librairie 7L"},"image":{"@id":"https://librairie7l.com/en/#/schema/logo/image/"}}]}</script>
<!-- / Yoast SEO plugin. -->

FERNAND LÉGER ET LES TOITS DE PARIS - Librairie 7L

Au fil des années 1909 à 1914, Fernand Léger est devenu un peintre cubiste de première importance. Sa série de tableaux Fumées sur les toits, réalisée en 1911-1912, a joué un rôle capital dans cette évolution. Léger a peint la vue depuis son atelier parisien, avec les panaches de fumée flottant au-dessus des toits du [&hellip;]

Librairie fondée en 1999 par Karl Lagerfeld à Paris
