{"id":26955,"date":"2023-05-10T12:45:59","date_gmt":"2023-05-10T10:45:59","guid":{"rendered":"https:\/\/librairie7l.com\/?post_type=product&#038;p=26955"},"modified":"2026-04-27T01:38:18","modified_gmt":"2026-04-26T23:38:18","slug":"elizabeth-ii-les-chapeaux-de-la-couronne","status":"publish","type":"product","link":"https:\/\/librairie7l.com\/en\/produit\/elizabeth-ii-les-chapeaux-de-la-couronne\/","title":{"rendered":"ELIZABETH II, LES CHAPEAUX DE LA COURONNE"},"content":{"rendered":"<p>En bient\u00f4t soixante-dix ans de r\u00e8gne et quatre-vingt-quinze ans de vie publique, la reine Elizabeth II a travers\u00e9 un si\u00e8cle et marqu\u00e9 l&#8217;histoire au point de devenir une figure de l\u00e9gende. Elle est aussi l&#8217;une des silhouettes les plus famili\u00e8res de notre \u00e9poque, en particulier gr\u00e2ce \u00e0 ses chapeaux. Devenus les accessoires iconiques de la souveraine, ses couvre-chefs, au-del\u00e0 de leurs qualit\u00e9s esth\u00e9tiques, sont un v\u00e9ritable \u00e9l\u00e9ment du  soft-power  britannique.<br \/>\nEn 1933, la petite Elizabeth, assise dans une cal\u00e8che aux c\u00f4t\u00e9s de son grand-p\u00e8re le roi George V, porte un chapeau rond, rose et ourl\u00e9 de fleurs. En 2020, apr\u00e8s un long confinement, la souveraine retrouve son peuple coiff\u00e9e d&#8217;un chapeau vieux rose \u00e9galement fleuri. Pr\u00e8s de cent ans ont pass\u00e9 entre ces deux images, un si\u00e8cle de politique, de diplomatie et de modes qui se raconte, dans ces pages, au travers de l&#8217;histoire, m\u00e9connue, des chapeaux de la reine.<\/p>\n","protected":false},"excerpt":{"rendered":"<p>En bient\u00f4t soixante-dix ans de r\u00e8gne et quatre-vingt-quinze ans de vie publique, la reine Elizabeth II a travers\u00e9 un si\u00e8cle et marqu\u00e9 l&#8217;histoire au point de devenir une figure de l\u00e9gende. Elle est aussi l&#8217;une des silhouettes les plus famili\u00e8res de notre \u00e9poque, en particulier gr\u00e2ce \u00e0 ses chapeaux. Devenus les accessoires iconiques de la [&hellip;]<\/p>\n","protected":false},"featured_media":26953,"template":"","meta":[],"product_cat":[55,2948,2957,19],"product_tag":[],"acf":[],"yoast_head":"<!-- This site is optimized with the Yoast SEO plugin v20.11 - https:\/\/yoast.com\/wordpress\/plugins\/seo\/ -->\n<title>ELIZABETH II, LES CHAPEAUX DE LA COURONNE - Librairie 7L<\/title>\n<meta name=\"robots\" content=\"index, follow, max-snippet:-1, max-image-preview:large, max-video-preview:-1\" \/>\n<link rel=\"canonical\" href=\"https:\/\/librairie7l.com\/en\/produit\/elizabeth-ii-les-chapeaux-de-la-couronne\/\" \/>\n<meta property=\"og:locale\" content=\"en_US\" \/>\n<meta property=\"og:type\" content=\"article\" \/>\n<meta property=\"og:title\" content=\"ELIZABETH II, LES CHAPEAUX DE LA COURONNE - Librairie 7L\" \/>\n<meta property=\"og:description\" content=\"En bient\u00f4t soixante-dix ans de r\u00e8gne et quatre-vingt-quinze ans de vie publique, la reine Elizabeth II a travers\u00e9 un si\u00e8cle et marqu\u00e9 l&#8217;histoire au point de devenir une figure de l\u00e9gende. Elle est aussi l&#8217;une des silhouettes les plus famili\u00e8res de notre \u00e9poque, en particulier gr\u00e2ce \u00e0 ses chapeaux. Devenus les accessoires iconiques de la [&hellip;]\" \/>\n<meta property=\"og:url\" content=\"https:\/\/librairie7l.com\/en\/produit\/elizabeth-ii-les-chapeaux-de-la-couronne\/\" \/>\n<meta property=\"og:site_name\" content=\"Librairie 7L\" \/>\n<meta property=\"article:modified_time\" content=\"2026-04-26T23:38:18+00:00\" \/>\n<meta property=\"og:image\" content=\"https:\/\/librairie7l.com\/wp-content\/uploads\/2021\/06\/9782376713241_1_75.jpg\" \/>\n\t<meta property=\"og:image:width\" content=\"600\" \/>\n\t<meta property=\"og:image:height\" content=\"862\" \/>\n\t<meta property=\"og:image:type\" content=\"image\/jpeg\" \/>\n<meta name=\"twitter:card\" content=\"summary_large_image\" \/>\n<meta name=\"twitter:label1\" content=\"Est. reading time\" \/>\n\t<meta name=\"twitter:data1\" content=\"1 minute\" \/>\n<script type=\"application\/ld+json\" class=\"yoast-schema-graph\">{\"@context\":\"https:\/\/schema.org\",\"@graph\":[{\"@type\":\"WebPage\",\"@id\":\"https:\/\/librairie7l.com\/en\/produit\/elizabeth-ii-les-chapeaux-de-la-couronne\/\",\"url\":\"https:\/\/librairie7l.com\/en\/produit\/elizabeth-ii-les-chapeaux-de-la-couronne\/\",\"name\":\"ELIZABETH II, LES CHAPEAUX DE LA COURONNE - Librairie 7L\",\"isPartOf\":{\"@id\":\"https:\/\/librairie7l.com\/en\/#website\"},\"datePublished\":\"2023-05-10T10:45:59+00:00\",\"dateModified\":\"2026-04-26T23:38:18+00:00\",\"breadcrumb\":{\"@id\":\"https:\/\/librairie7l.com\/en\/produit\/elizabeth-ii-les-chapeaux-de-la-couronne\/#breadcrumb\"},\"inLanguage\":\"en-US\",\"potentialAction\":[{\"@type\":\"ReadAction\",\"target\":[\"https:\/\/librairie7l.com\/en\/produit\/elizabeth-ii-les-chapeaux-de-la-couronne\/\"]}]},{\"@type\":\"BreadcrumbList\",\"@id\":\"https:\/\/librairie7l.com\/en\/produit\/elizabeth-ii-les-chapeaux-de-la-couronne\/#breadcrumb\",\"itemListElement\":[{\"@type\":\"ListItem\",\"position\":1,\"name\":\"Accueil\",\"item\":\"https:\/\/librairie7l.com\/en\/\"},{\"@type\":\"ListItem\",\"position\":2,\"name\":\"Shop\",\"item\":\"https:\/\/librairie7l.com\/en\/shop\/\"},{\"@type\":\"ListItem\",\"position\":3,\"name\":\"ELIZABETH II, LES CHAPEAUX DE LA COURONNE\"}]},{\"@type\":\"WebSite\",\"@id\":\"https:\/\/librairie7l.com\/en\/#website\",\"url\":\"https:\/\/librairie7l.com\/en\/\",\"name\":\"Librairie 7L\",\"description\":\"Librairie fond\u00e9e en 1999 par Karl Lagerfeld \u00e0 Paris\",\"publisher\":{\"@id\":\"https:\/\/librairie7l.com\/en\/#organization\"},\"potentialAction\":[{\"@type\":\"SearchAction\",\"target\":{\"@type\":\"EntryPoint\",\"urlTemplate\":\"https:\/\/librairie7l.com\/en\/?s={search_term_string}\"},\"query-input\":\"required name=search_term_string\"}],\"inLanguage\":\"en-US\"},{\"@type\":\"Organization\",\"@id\":\"https:\/\/librairie7l.com\/en\/#organization\",\"name\":\"Librairie 7L\",\"url\":\"https:\/\/librairie7l.com\/en\/\",\"logo\":{\"@type\":\"ImageObject\",\"inLanguage\":\"en-US\",\"@id\":\"https:\/\/librairie7l.com\/en\/#\/schema\/logo\/image\/\",\"url\":\"https:\/\/librairie7l.com\/wp-content\/uploads\/2022\/08\/logo-1.png\",\"contentUrl\":\"https:\/\/librairie7l.com\/wp-content\/uploads\/2022\/08\/logo-1.png\",\"width\":227,\"height\":301,\"caption\":\"Librairie 7L\"},\"image\":{\"@id\":\"https:\/\/librairie7l.com\/en\/#\/schema\/logo\/image\/\"}}]}<\/script>\n<!-- \/ Yoast SEO plugin. -->","yoast_head_json":{"title":"ELIZABETH II, LES CHAPEAUX DE LA COURONNE - Librairie 7L","robots":{"index":"index","follow":"follow","max-snippet":"max-snippet:-1","max-image-preview":"max-image-preview:large","max-video-preview":"max-video-preview:-1"},"canonical":"https:\/\/librairie7l.com\/en\/produit\/elizabeth-ii-les-chapeaux-de-la-couronne\/","og_locale":"en_US","og_type":"article","og_title":"ELIZABETH II, LES CHAPEAUX DE LA COURONNE - Librairie 7L","og_description":"En bient\u00f4t soixante-dix ans de r\u00e8gne et quatre-vingt-quinze ans de vie publique, la reine Elizabeth II a travers\u00e9 un si\u00e8cle et marqu\u00e9 l&#8217;histoire au point de devenir une figure de l\u00e9gende. Elle est aussi l&#8217;une des silhouettes les plus famili\u00e8res de notre \u00e9poque, en particulier gr\u00e2ce \u00e0 ses chapeaux. Devenus les accessoires iconiques de la [&hellip;]","og_url":"https:\/\/librairie7l.com\/en\/produit\/elizabeth-ii-les-chapeaux-de-la-couronne\/","og_site_name":"Librairie 7L","article_modified_time":"2026-04-26T23:38:18+00:00","og_image":[{"width":600,"height":862,"url":"https:\/\/librairie7l.com\/wp-content\/uploads\/2021\/06\/9782376713241_1_75.jpg","type":"image\/jpeg"}],"twitter_card":"summary_large_image","twitter_misc":{"Est. reading time":"1 minute"},"schema":{"@context":"https:\/\/schema.org","@graph":[{"@type":"WebPage","@id":"https:\/\/librairie7l.com\/en\/produit\/elizabeth-ii-les-chapeaux-de-la-couronne\/","url":"https:\/\/librairie7l.com\/en\/produit\/elizabeth-ii-les-chapeaux-de-la-couronne\/","name":"ELIZABETH II, LES CHAPEAUX DE LA COURONNE - Librairie 7L","isPartOf":{"@id":"https:\/\/librairie7l.com\/en\/#website"},"datePublished":"2023-05-10T10:45:59+00:00","dateModified":"2026-04-26T23:38:18+00:00","breadcrumb":{"@id":"https:\/\/librairie7l.com\/en\/produit\/elizabeth-ii-les-chapeaux-de-la-couronne\/#breadcrumb"},"inLanguage":"en-US","potentialAction":[{"@type":"ReadAction","target":["https:\/\/librairie7l.com\/en\/produit\/elizabeth-ii-les-chapeaux-de-la-couronne\/"]}]},{"@type":"BreadcrumbList","@id":"https:\/\/librairie7l.com\/en\/produit\/elizabeth-ii-les-chapeaux-de-la-couronne\/#breadcrumb","itemListElement":[{"@type":"ListItem","position":1,"name":"Accueil","item":"https:\/\/librairie7l.com\/en\/"},{"@type":"ListItem","position":2,"name":"Shop","item":"https:\/\/librairie7l.com\/en\/shop\/"},{"@type":"ListItem","position":3,"name":"ELIZABETH II, LES CHAPEAUX DE LA COURONNE"}]},{"@type":"WebSite","@id":"https:\/\/librairie7l.com\/en\/#website","url":"https:\/\/librairie7l.com\/en\/","name":"Librairie 7L","description":"Librairie fond\u00e9e en 1999 par Karl Lagerfeld \u00e0 Paris","publisher":{"@id":"https:\/\/librairie7l.com\/en\/#organization"},"potentialAction":[{"@type":"SearchAction","target":{"@type":"EntryPoint","urlTemplate":"https:\/\/librairie7l.com\/en\/?s={search_term_string}"},"query-input":"required name=search_term_string"}],"inLanguage":"en-US"},{"@type":"Organization","@id":"https:\/\/librairie7l.com\/en\/#organization","name":"Librairie 7L","url":"https:\/\/librairie7l.com\/en\/","logo":{"@type":"ImageObject","inLanguage":"en-US","@id":"https:\/\/librairie7l.com\/en\/#\/schema\/logo\/image\/","url":"https:\/\/librairie7l.com\/wp-content\/uploads\/2022\/08\/logo-1.png","contentUrl":"https:\/\/librairie7l.com\/wp-content\/uploads\/2022\/08\/logo-1.png","width":227,"height":301,"caption":"Librairie 7L"},"image":{"@id":"https:\/\/librairie7l.com\/en\/#\/schema\/logo\/image\/"}}]}},"_links":{"self":[{"href":"https:\/\/librairie7l.com\/en\/wp-json\/wp\/v2\/product\/26955"}],"collection":[{"href":"https:\/\/librairie7l.com\/en\/wp-json\/wp\/v2\/product"}],"about":[{"href":"https:\/\/librairie7l.com\/en\/wp-json\/wp\/v2\/types\/product"}],"wp:featuredmedia":[{"embeddable":true,"href":"https:\/\/librairie7l.com\/en\/wp-json\/wp\/v2\/media\/26953"}],"wp:attachment":[{"href":"https:\/\/librairie7l.com\/en\/wp-json\/wp\/v2\/media?parent=26955"}],"wp:term":[{"taxonomy":"product_cat","embeddable":true,"href":"https:\/\/librairie7l.com\/en\/wp-json\/wp\/v2\/product_cat?post=26955"},{"taxonomy":"product_tag","embeddable":true,"href":"https:\/\/librairie7l.com\/en\/wp-json\/wp\/v2\/product_tag?post=26955"}],"curies":[{"name":"wp","href":"https:\/\/api.w.org\/{rel}","templated":true}]}}

<p>En bientôt soixante-dix ans de règne et quatre-vingt-quinze ans de vie publique, la reine Elizabeth II a traversé un siècle et marqué l&#8217;histoire au point de devenir une figure de légende. Elle est aussi l&#8217;une des silhouettes les plus familières de notre époque, en particulier grâce à ses chapeaux. Devenus les accessoires iconiques de la souveraine, ses couvre-chefs, au-delà de leurs qualités esthétiques, sont un véritable élément du  soft-power  britannique.<br />
En 1933, la petite Elizabeth, assise dans une calèche aux côtés de son grand-père le roi George V, porte un chapeau rond, rose et ourlé de fleurs. En 2020, après un long confinement, la souveraine retrouve son peuple coiffée d&#8217;un chapeau vieux rose également fleuri. Près de cent ans ont passé entre ces deux images, un siècle de politique, de diplomatie et de modes qui se raconte, dans ces pages, au travers de l&#8217;histoire, méconnue, des chapeaux de la reine.</p>

<p>En bientôt soixante-dix ans de règne et quatre-vingt-quinze ans de vie publique, la reine Elizabeth II a traversé un siècle et marqué l&#8217;histoire au point de devenir une figure de légende. Elle est aussi l&#8217;une des silhouettes les plus familières de notre époque, en particulier grâce à ses chapeaux. Devenus les accessoires iconiques de la [&hellip;]</p>

<!-- This site is optimized with the Yoast SEO plugin v20.11 - https://yoast.com/wordpress/plugins/seo/ -->
<title>ELIZABETH II, LES CHAPEAUX DE LA COURONNE - Librairie 7L</title>
<meta name="robots" content="index, follow, max-snippet:-1, max-image-preview:large, max-video-preview:-1" />
<link rel="canonical" href="https://librairie7l.com/en/produit/elizabeth-ii-les-chapeaux-de-la-couronne/" />
<meta property="og:locale" content="en_US" />
<meta property="og:type" content="article" />
<meta property="og:title" content="ELIZABETH II, LES CHAPEAUX DE LA COURONNE - Librairie 7L" />
<meta property="og:description" content="En bientôt soixante-dix ans de règne et quatre-vingt-quinze ans de vie publique, la reine Elizabeth II a traversé un siècle et marqué l&#8217;histoire au point de devenir une figure de légende. Elle est aussi l&#8217;une des silhouettes les plus familières de notre époque, en particulier grâce à ses chapeaux. Devenus les accessoires iconiques de la [&hellip;]" />
<meta property="og:url" content="https://librairie7l.com/en/produit/elizabeth-ii-les-chapeaux-de-la-couronne/" />
<meta property="og:site_name" content="Librairie 7L" />
<meta property="article:modified_time" content="2026-04-26T23:38:18+00:00" />
<meta property="og:image" content="https://librairie7l.com/wp-content/uploads/2021/06/9782376713241_1_75.jpg" />
	<meta property="og:image:width" content="600" />
	<meta property="og:image:height" content="862" />
	<meta property="og:image:type" content="image/jpeg" />
<meta name="twitter:card" content="summary_large_image" />
<meta name="twitter:label1" content="Est. reading time" />
	<meta name="twitter:data1" content="1 minute" />
<script type="application/ld+json" class="yoast-schema-graph">{"@context":"https://schema.org","@graph":[{"@type":"WebPage","@id":"https://librairie7l.com/en/produit/elizabeth-ii-les-chapeaux-de-la-couronne/","url":"https://librairie7l.com/en/produit/elizabeth-ii-les-chapeaux-de-la-couronne/","name":"ELIZABETH II, LES CHAPEAUX DE LA COURONNE - Librairie 7L","isPartOf":{"@id":"https://librairie7l.com/en/#website"},"datePublished":"2023-05-10T10:45:59+00:00","dateModified":"2026-04-26T23:38:18+00:00","breadcrumb":{"@id":"https://librairie7l.com/en/produit/elizabeth-ii-les-chapeaux-de-la-couronne/#breadcrumb"},"inLanguage":"en-US","potentialAction":[{"@type":"ReadAction","target":["https://librairie7l.com/en/produit/elizabeth-ii-les-chapeaux-de-la-couronne/"]}]},{"@type":"BreadcrumbList","@id":"https://librairie7l.com/en/produit/elizabeth-ii-les-chapeaux-de-la-couronne/#breadcrumb","itemListElement":[{"@type":"ListItem","position":1,"name":"Accueil","item":"https://librairie7l.com/en/"},{"@type":"ListItem","position":2,"name":"Shop","item":"https://librairie7l.com/en/shop/"},{"@type":"ListItem","position":3,"name":"ELIZABETH II, LES CHAPEAUX DE LA COURONNE"}]},{"@type":"WebSite","@id":"https://librairie7l.com/en/#website","url":"https://librairie7l.com/en/","name":"Librairie 7L","description":"Librairie fondée en 1999 par Karl Lagerfeld à Paris","publisher":{"@id":"https://librairie7l.com/en/#organization"},"potentialAction":[{"@type":"SearchAction","target":{"@type":"EntryPoint","urlTemplate":"https://librairie7l.com/en/?s={search_term_string}"},"query-input":"required name=search_term_string"}],"inLanguage":"en-US"},{"@type":"Organization","@id":"https://librairie7l.com/en/#organization","name":"Librairie 7L","url":"https://librairie7l.com/en/","logo":{"@type":"ImageObject","inLanguage":"en-US","@id":"https://librairie7l.com/en/#/schema/logo/image/","url":"https://librairie7l.com/wp-content/uploads/2022/08/logo-1.png","contentUrl":"https://librairie7l.com/wp-content/uploads/2022/08/logo-1.png","width":227,"height":301,"caption":"Librairie 7L"},"image":{"@id":"https://librairie7l.com/en/#/schema/logo/image/"}}]}</script>
<!-- / Yoast SEO plugin. -->

En bientôt soixante-dix ans de règne et quatre-vingt-quinze ans de vie publique, la reine Elizabeth II a traversé un siècle et marqué l&#8217;histoire au point de devenir une figure de légende. Elle est aussi l&#8217;une des silhouettes les plus familières de notre époque, en particulier grâce à ses chapeaux. Devenus les accessoires iconiques de la [&hellip;]

Librairie fondée en 1999 par Karl Lagerfeld à Paris
