{"id":27489,"date":"2023-05-10T13:04:29","date_gmt":"2023-05-10T11:04:29","guid":{"rendered":"https:\/\/librairie7l.com\/?post_type=product&#038;p=27489"},"modified":"2026-05-01T16:05:58","modified_gmt":"2026-05-01T14:05:58","slug":"son-album","status":"publish","type":"product","link":"https:\/\/librairie7l.com\/en\/produit\/son-album\/","title":{"rendered":"SON ALBUM"},"content":{"rendered":"<p>Le village aux moutons &#8211; Yamamoto Masao Je marche dans le vent d&#8217;une route de montagne et j&#8217;\u00e9coute l&#8217;harmonie qui coule de la ligne de cr\u00eate. Un groupe de ch\u00e8vres dessine des points blancs sur la pente. Ceci est un peu difficile \u00e0 comprendre pour un japonais. Les brebis ne sont ici que du b\u00e9tail. S., le jeune \u00e9leveur qui m&#8217;a permis de photographier ses agneaux, m&#8217;a dit qu&#8217;il descendait travailler une partie de son temps \u00e0 la ville car il n&#8217;arrivait pas \u00e0 vivre de son \u00e9levage de moutons. Cependant, \u00e0 ma visite suivante, il commen\u00e7ait \u00e0 \u00e9lever aussi des poules pour les oeufs. Il avait finalement d\u00e9cid\u00e9 de rester dans la montagne et d&#8217;y gagner sa vie. M. et G. ont un troupeau de ch\u00e8vres mohair dans la montagne. Lui s&#8217;occupe des ch\u00e8vres et elle dessine et produit de beaux objets avec leur laine : couvertures, \u00e9charpes et chandails. Ils sont color\u00e9s et extr\u00eamement doux. J&#8217;ai pris quelques images de ce couple et de leurs ch\u00e8vres sur ces hauteurs. Le lieu faisait un magnifique studio de prise<\/p>\n","protected":false},"excerpt":{"rendered":"<p>Le village aux moutons &#8211; Yamamoto Masao Je marche dans le vent d&#8217;une route de montagne et j&#8217;\u00e9coute l&#8217;harmonie qui coule de la ligne de cr\u00eate. Un groupe de ch\u00e8vres dessine des points blancs sur la pente. Ceci est un peu difficile \u00e0 comprendre pour un japonais. Les brebis ne sont ici que du b\u00e9tail. [&hellip;]<\/p>\n","protected":false},"featured_media":27487,"template":"","meta":[],"product_cat":[55,2948,2958,17],"product_tag":[],"acf":[],"yoast_head":"<!-- This site is optimized with the Yoast SEO plugin v20.11 - https:\/\/yoast.com\/wordpress\/plugins\/seo\/ -->\n<title>SON ALBUM - Librairie 7L<\/title>\n<meta name=\"robots\" content=\"index, follow, max-snippet:-1, max-image-preview:large, max-video-preview:-1\" \/>\n<link rel=\"canonical\" href=\"https:\/\/librairie7l.com\/en\/produit\/son-album\/\" \/>\n<meta property=\"og:locale\" content=\"en_US\" \/>\n<meta property=\"og:type\" content=\"article\" \/>\n<meta property=\"og:title\" content=\"SON ALBUM - Librairie 7L\" \/>\n<meta property=\"og:description\" content=\"Le village aux moutons &#8211; Yamamoto Masao Je marche dans le vent d&#8217;une route de montagne et j&#8217;\u00e9coute l&#8217;harmonie qui coule de la ligne de cr\u00eate. Un groupe de ch\u00e8vres dessine des points blancs sur la pente. Ceci est un peu difficile \u00e0 comprendre pour un japonais. Les brebis ne sont ici que du b\u00e9tail. [&hellip;]\" \/>\n<meta property=\"og:url\" content=\"https:\/\/librairie7l.com\/en\/produit\/son-album\/\" \/>\n<meta property=\"og:site_name\" content=\"Librairie 7L\" \/>\n<meta property=\"article:modified_time\" content=\"2026-05-01T14:05:58+00:00\" \/>\n<meta property=\"og:image\" content=\"https:\/\/librairie7l.com\/wp-content\/uploads\/2021\/05\/9782350465388_1_75.jpg\" \/>\n\t<meta property=\"og:image:width\" content=\"600\" \/>\n\t<meta property=\"og:image:height\" content=\"858\" \/>\n\t<meta property=\"og:image:type\" content=\"image\/jpeg\" \/>\n<meta name=\"twitter:card\" content=\"summary_large_image\" \/>\n<meta name=\"twitter:label1\" content=\"Est. reading time\" \/>\n\t<meta name=\"twitter:data1\" content=\"1 minute\" \/>\n<script type=\"application\/ld+json\" class=\"yoast-schema-graph\">{\"@context\":\"https:\/\/schema.org\",\"@graph\":[{\"@type\":\"WebPage\",\"@id\":\"https:\/\/librairie7l.com\/en\/produit\/son-album\/\",\"url\":\"https:\/\/librairie7l.com\/en\/produit\/son-album\/\",\"name\":\"SON ALBUM - Librairie 7L\",\"isPartOf\":{\"@id\":\"https:\/\/librairie7l.com\/en\/#website\"},\"datePublished\":\"2023-05-10T11:04:29+00:00\",\"dateModified\":\"2026-05-01T14:05:58+00:00\",\"breadcrumb\":{\"@id\":\"https:\/\/librairie7l.com\/en\/produit\/son-album\/#breadcrumb\"},\"inLanguage\":\"en-US\",\"potentialAction\":[{\"@type\":\"ReadAction\",\"target\":[\"https:\/\/librairie7l.com\/en\/produit\/son-album\/\"]}]},{\"@type\":\"BreadcrumbList\",\"@id\":\"https:\/\/librairie7l.com\/en\/produit\/son-album\/#breadcrumb\",\"itemListElement\":[{\"@type\":\"ListItem\",\"position\":1,\"name\":\"Accueil\",\"item\":\"https:\/\/librairie7l.com\/en\/\"},{\"@type\":\"ListItem\",\"position\":2,\"name\":\"Shop\",\"item\":\"https:\/\/librairie7l.com\/en\/shop\/\"},{\"@type\":\"ListItem\",\"position\":3,\"name\":\"SON ALBUM\"}]},{\"@type\":\"WebSite\",\"@id\":\"https:\/\/librairie7l.com\/en\/#website\",\"url\":\"https:\/\/librairie7l.com\/en\/\",\"name\":\"Librairie 7L\",\"description\":\"Librairie fond\u00e9e en 1999 par Karl Lagerfeld \u00e0 Paris\",\"publisher\":{\"@id\":\"https:\/\/librairie7l.com\/en\/#organization\"},\"potentialAction\":[{\"@type\":\"SearchAction\",\"target\":{\"@type\":\"EntryPoint\",\"urlTemplate\":\"https:\/\/librairie7l.com\/en\/?s={search_term_string}\"},\"query-input\":\"required name=search_term_string\"}],\"inLanguage\":\"en-US\"},{\"@type\":\"Organization\",\"@id\":\"https:\/\/librairie7l.com\/en\/#organization\",\"name\":\"Librairie 7L\",\"url\":\"https:\/\/librairie7l.com\/en\/\",\"logo\":{\"@type\":\"ImageObject\",\"inLanguage\":\"en-US\",\"@id\":\"https:\/\/librairie7l.com\/en\/#\/schema\/logo\/image\/\",\"url\":\"https:\/\/librairie7l.com\/wp-content\/uploads\/2022\/08\/logo-1.png\",\"contentUrl\":\"https:\/\/librairie7l.com\/wp-content\/uploads\/2022\/08\/logo-1.png\",\"width\":227,\"height\":301,\"caption\":\"Librairie 7L\"},\"image\":{\"@id\":\"https:\/\/librairie7l.com\/en\/#\/schema\/logo\/image\/\"}}]}<\/script>\n<!-- \/ Yoast SEO plugin. -->","yoast_head_json":{"title":"SON ALBUM - Librairie 7L","robots":{"index":"index","follow":"follow","max-snippet":"max-snippet:-1","max-image-preview":"max-image-preview:large","max-video-preview":"max-video-preview:-1"},"canonical":"https:\/\/librairie7l.com\/en\/produit\/son-album\/","og_locale":"en_US","og_type":"article","og_title":"SON ALBUM - Librairie 7L","og_description":"Le village aux moutons &#8211; Yamamoto Masao Je marche dans le vent d&#8217;une route de montagne et j&#8217;\u00e9coute l&#8217;harmonie qui coule de la ligne de cr\u00eate. Un groupe de ch\u00e8vres dessine des points blancs sur la pente. Ceci est un peu difficile \u00e0 comprendre pour un japonais. Les brebis ne sont ici que du b\u00e9tail. [&hellip;]","og_url":"https:\/\/librairie7l.com\/en\/produit\/son-album\/","og_site_name":"Librairie 7L","article_modified_time":"2026-05-01T14:05:58+00:00","og_image":[{"width":600,"height":858,"url":"https:\/\/librairie7l.com\/wp-content\/uploads\/2021\/05\/9782350465388_1_75.jpg","type":"image\/jpeg"}],"twitter_card":"summary_large_image","twitter_misc":{"Est. reading time":"1 minute"},"schema":{"@context":"https:\/\/schema.org","@graph":[{"@type":"WebPage","@id":"https:\/\/librairie7l.com\/en\/produit\/son-album\/","url":"https:\/\/librairie7l.com\/en\/produit\/son-album\/","name":"SON ALBUM - Librairie 7L","isPartOf":{"@id":"https:\/\/librairie7l.com\/en\/#website"},"datePublished":"2023-05-10T11:04:29+00:00","dateModified":"2026-05-01T14:05:58+00:00","breadcrumb":{"@id":"https:\/\/librairie7l.com\/en\/produit\/son-album\/#breadcrumb"},"inLanguage":"en-US","potentialAction":[{"@type":"ReadAction","target":["https:\/\/librairie7l.com\/en\/produit\/son-album\/"]}]},{"@type":"BreadcrumbList","@id":"https:\/\/librairie7l.com\/en\/produit\/son-album\/#breadcrumb","itemListElement":[{"@type":"ListItem","position":1,"name":"Accueil","item":"https:\/\/librairie7l.com\/en\/"},{"@type":"ListItem","position":2,"name":"Shop","item":"https:\/\/librairie7l.com\/en\/shop\/"},{"@type":"ListItem","position":3,"name":"SON ALBUM"}]},{"@type":"WebSite","@id":"https:\/\/librairie7l.com\/en\/#website","url":"https:\/\/librairie7l.com\/en\/","name":"Librairie 7L","description":"Librairie fond\u00e9e en 1999 par Karl Lagerfeld \u00e0 Paris","publisher":{"@id":"https:\/\/librairie7l.com\/en\/#organization"},"potentialAction":[{"@type":"SearchAction","target":{"@type":"EntryPoint","urlTemplate":"https:\/\/librairie7l.com\/en\/?s={search_term_string}"},"query-input":"required name=search_term_string"}],"inLanguage":"en-US"},{"@type":"Organization","@id":"https:\/\/librairie7l.com\/en\/#organization","name":"Librairie 7L","url":"https:\/\/librairie7l.com\/en\/","logo":{"@type":"ImageObject","inLanguage":"en-US","@id":"https:\/\/librairie7l.com\/en\/#\/schema\/logo\/image\/","url":"https:\/\/librairie7l.com\/wp-content\/uploads\/2022\/08\/logo-1.png","contentUrl":"https:\/\/librairie7l.com\/wp-content\/uploads\/2022\/08\/logo-1.png","width":227,"height":301,"caption":"Librairie 7L"},"image":{"@id":"https:\/\/librairie7l.com\/en\/#\/schema\/logo\/image\/"}}]}},"_links":{"self":[{"href":"https:\/\/librairie7l.com\/en\/wp-json\/wp\/v2\/product\/27489"}],"collection":[{"href":"https:\/\/librairie7l.com\/en\/wp-json\/wp\/v2\/product"}],"about":[{"href":"https:\/\/librairie7l.com\/en\/wp-json\/wp\/v2\/types\/product"}],"wp:featuredmedia":[{"embeddable":true,"href":"https:\/\/librairie7l.com\/en\/wp-json\/wp\/v2\/media\/27487"}],"wp:attachment":[{"href":"https:\/\/librairie7l.com\/en\/wp-json\/wp\/v2\/media?parent=27489"}],"wp:term":[{"taxonomy":"product_cat","embeddable":true,"href":"https:\/\/librairie7l.com\/en\/wp-json\/wp\/v2\/product_cat?post=27489"},{"taxonomy":"product_tag","embeddable":true,"href":"https:\/\/librairie7l.com\/en\/wp-json\/wp\/v2\/product_tag?post=27489"}],"curies":[{"name":"wp","href":"https:\/\/api.w.org\/{rel}","templated":true}]}}

<p>Le village aux moutons &#8211; Yamamoto Masao Je marche dans le vent d&#8217;une route de montagne et j&#8217;écoute l&#8217;harmonie qui coule de la ligne de crête. Un groupe de chèvres dessine des points blancs sur la pente. Ceci est un peu difficile à comprendre pour un japonais. Les brebis ne sont ici que du bétail. S., le jeune éleveur qui m&#8217;a permis de photographier ses agneaux, m&#8217;a dit qu&#8217;il descendait travailler une partie de son temps à la ville car il n&#8217;arrivait pas à vivre de son élevage de moutons. Cependant, à ma visite suivante, il commençait à élever aussi des poules pour les oeufs. Il avait finalement décidé de rester dans la montagne et d&#8217;y gagner sa vie. M. et G. ont un troupeau de chèvres mohair dans la montagne. Lui s&#8217;occupe des chèvres et elle dessine et produit de beaux objets avec leur laine : couvertures, écharpes et chandails. Ils sont colorés et extrêmement doux. J&#8217;ai pris quelques images de ce couple et de leurs chèvres sur ces hauteurs. Le lieu faisait un magnifique studio de prise</p>

<p>Le village aux moutons &#8211; Yamamoto Masao Je marche dans le vent d&#8217;une route de montagne et j&#8217;écoute l&#8217;harmonie qui coule de la ligne de crête. Un groupe de chèvres dessine des points blancs sur la pente. Ceci est un peu difficile à comprendre pour un japonais. Les brebis ne sont ici que du bétail. [&hellip;]</p>

<!-- This site is optimized with the Yoast SEO plugin v20.11 - https://yoast.com/wordpress/plugins/seo/ -->
<title>SON ALBUM - Librairie 7L</title>
<meta name="robots" content="index, follow, max-snippet:-1, max-image-preview:large, max-video-preview:-1" />
<link rel="canonical" href="https://librairie7l.com/en/produit/son-album/" />
<meta property="og:locale" content="en_US" />
<meta property="og:type" content="article" />
<meta property="og:title" content="SON ALBUM - Librairie 7L" />
<meta property="og:description" content="Le village aux moutons &#8211; Yamamoto Masao Je marche dans le vent d&#8217;une route de montagne et j&#8217;écoute l&#8217;harmonie qui coule de la ligne de crête. Un groupe de chèvres dessine des points blancs sur la pente. Ceci est un peu difficile à comprendre pour un japonais. Les brebis ne sont ici que du bétail. [&hellip;]" />
<meta property="og:url" content="https://librairie7l.com/en/produit/son-album/" />
<meta property="og:site_name" content="Librairie 7L" />
<meta property="article:modified_time" content="2026-05-01T14:05:58+00:00" />
<meta property="og:image" content="https://librairie7l.com/wp-content/uploads/2021/05/9782350465388_1_75.jpg" />
	<meta property="og:image:width" content="600" />
	<meta property="og:image:height" content="858" />
	<meta property="og:image:type" content="image/jpeg" />
<meta name="twitter:card" content="summary_large_image" />
<meta name="twitter:label1" content="Est. reading time" />
	<meta name="twitter:data1" content="1 minute" />
<script type="application/ld+json" class="yoast-schema-graph">{"@context":"https://schema.org","@graph":[{"@type":"WebPage","@id":"https://librairie7l.com/en/produit/son-album/","url":"https://librairie7l.com/en/produit/son-album/","name":"SON ALBUM - Librairie 7L","isPartOf":{"@id":"https://librairie7l.com/en/#website"},"datePublished":"2023-05-10T11:04:29+00:00","dateModified":"2026-05-01T14:05:58+00:00","breadcrumb":{"@id":"https://librairie7l.com/en/produit/son-album/#breadcrumb"},"inLanguage":"en-US","potentialAction":[{"@type":"ReadAction","target":["https://librairie7l.com/en/produit/son-album/"]}]},{"@type":"BreadcrumbList","@id":"https://librairie7l.com/en/produit/son-album/#breadcrumb","itemListElement":[{"@type":"ListItem","position":1,"name":"Accueil","item":"https://librairie7l.com/en/"},{"@type":"ListItem","position":2,"name":"Shop","item":"https://librairie7l.com/en/shop/"},{"@type":"ListItem","position":3,"name":"SON ALBUM"}]},{"@type":"WebSite","@id":"https://librairie7l.com/en/#website","url":"https://librairie7l.com/en/","name":"Librairie 7L","description":"Librairie fondée en 1999 par Karl Lagerfeld à Paris","publisher":{"@id":"https://librairie7l.com/en/#organization"},"potentialAction":[{"@type":"SearchAction","target":{"@type":"EntryPoint","urlTemplate":"https://librairie7l.com/en/?s={search_term_string}"},"query-input":"required name=search_term_string"}],"inLanguage":"en-US"},{"@type":"Organization","@id":"https://librairie7l.com/en/#organization","name":"Librairie 7L","url":"https://librairie7l.com/en/","logo":{"@type":"ImageObject","inLanguage":"en-US","@id":"https://librairie7l.com/en/#/schema/logo/image/","url":"https://librairie7l.com/wp-content/uploads/2022/08/logo-1.png","contentUrl":"https://librairie7l.com/wp-content/uploads/2022/08/logo-1.png","width":227,"height":301,"caption":"Librairie 7L"},"image":{"@id":"https://librairie7l.com/en/#/schema/logo/image/"}}]}</script>
<!-- / Yoast SEO plugin. -->

Le village aux moutons &#8211; Yamamoto Masao Je marche dans le vent d&#8217;une route de montagne et j&#8217;écoute l&#8217;harmonie qui coule de la ligne de crête. Un groupe de chèvres dessine des points blancs sur la pente. Ceci est un peu difficile à comprendre pour un japonais. Les brebis ne sont ici que du bétail. [&hellip;]

Librairie fondée en 1999 par Karl Lagerfeld à Paris
