{"id":27525,"date":"2023-05-10T13:05:40","date_gmt":"2023-05-10T11:05:40","guid":{"rendered":"https:\/\/librairie7l.com\/?post_type=product&#038;p=27525"},"modified":"2026-04-27T03:27:32","modified_gmt":"2026-04-27T01:27:32","slug":"respirer-lart","status":"publish","type":"product","link":"https:\/\/librairie7l.com\/en\/produit\/respirer-lart\/","title":{"rendered":"RESPIRER L&#8217;ART"},"content":{"rendered":"<p>\u00ab Respirer l&#8217;art \u00bb est une exposition consacr\u00e9e aux liens entre parfumerie et cr\u00e9ation artistique contemporaine.<\/p>\n<p>Depuis plusieurs ann\u00e9es artistes, philosophes, parfumeurs et scientifiques affrontent les grands sujets li\u00e9s \u00e0 la place du parfum dans l&#8217;art : la d\u00e9finition d&#8217;un art olfactif, l&#8217;utilisation des odeurs par les plasticiens dans des installations immersives, l&#8217;oeuvre-parfum olfactive totalement immat\u00e9rielle, le parfumeur-artiste lib\u00e9r\u00e9 des contingences \u00e9conomiques, l&#8217;\u00e9vocation des mati\u00e8res premi\u00e8res, l&#8217;art du verre&#8230;<\/p>\n<p>Tous ces th\u00e8mes actuels sont ici abord\u00e9s par les regards crois\u00e9s d&#8217;artistes et de parfumeurs impliqu\u00e9s par le Mus\u00e9e International de la Parfumerie dans son exploration de l&#8217;univers de la parfumerie.<\/p>\n","protected":false},"excerpt":{"rendered":"<p>\u00ab Respirer l&#8217;art \u00bb est une exposition consacr\u00e9e aux liens entre parfumerie et cr\u00e9ation artistique contemporaine. Depuis plusieurs ann\u00e9es artistes, philosophes, parfumeurs et scientifiques affrontent les grands sujets li\u00e9s \u00e0 la place du parfum dans l&#8217;art : la d\u00e9finition d&#8217;un art olfactif, l&#8217;utilisation des odeurs par les plasticiens dans des installations immersives, l&#8217;oeuvre-parfum olfactive totalement [&hellip;]<\/p>\n","protected":false},"featured_media":27523,"template":"","meta":[],"product_cat":[55,2948,2957,19],"product_tag":[],"acf":[],"yoast_head":"<!-- This site is optimized with the Yoast SEO plugin v20.11 - https:\/\/yoast.com\/wordpress\/plugins\/seo\/ -->\n<title>RESPIRER L&#039;ART - Librairie 7L<\/title>\n<meta name=\"robots\" content=\"index, follow, max-snippet:-1, max-image-preview:large, max-video-preview:-1\" \/>\n<link rel=\"canonical\" href=\"https:\/\/librairie7l.com\/en\/produit\/respirer-lart\/\" \/>\n<meta property=\"og:locale\" content=\"en_US\" \/>\n<meta property=\"og:type\" content=\"article\" \/>\n<meta property=\"og:title\" content=\"RESPIRER L&#039;ART - Librairie 7L\" \/>\n<meta property=\"og:description\" content=\"\u00ab Respirer l&#8217;art \u00bb est une exposition consacr\u00e9e aux liens entre parfumerie et cr\u00e9ation artistique contemporaine. Depuis plusieurs ann\u00e9es artistes, philosophes, parfumeurs et scientifiques affrontent les grands sujets li\u00e9s \u00e0 la place du parfum dans l&#8217;art : la d\u00e9finition d&#8217;un art olfactif, l&#8217;utilisation des odeurs par les plasticiens dans des installations immersives, l&#8217;oeuvre-parfum olfactive totalement [&hellip;]\" \/>\n<meta property=\"og:url\" content=\"https:\/\/librairie7l.com\/en\/produit\/respirer-lart\/\" \/>\n<meta property=\"og:site_name\" content=\"Librairie 7L\" \/>\n<meta property=\"article:modified_time\" content=\"2026-04-27T01:27:32+00:00\" \/>\n<meta property=\"og:image\" content=\"https:\/\/librairie7l.com\/wp-content\/uploads\/2021\/12\/9788836650927_1_75.jpg\" \/>\n\t<meta property=\"og:image:width\" content=\"400\" \/>\n\t<meta property=\"og:image:height\" content=\"488\" \/>\n\t<meta property=\"og:image:type\" content=\"image\/jpeg\" \/>\n<meta name=\"twitter:card\" content=\"summary_large_image\" \/>\n<meta name=\"twitter:label1\" content=\"Est. reading time\" \/>\n\t<meta name=\"twitter:data1\" content=\"1 minute\" \/>\n<script type=\"application\/ld+json\" class=\"yoast-schema-graph\">{\"@context\":\"https:\/\/schema.org\",\"@graph\":[{\"@type\":\"WebPage\",\"@id\":\"https:\/\/librairie7l.com\/en\/produit\/respirer-lart\/\",\"url\":\"https:\/\/librairie7l.com\/en\/produit\/respirer-lart\/\",\"name\":\"RESPIRER L'ART - Librairie 7L\",\"isPartOf\":{\"@id\":\"https:\/\/librairie7l.com\/en\/#website\"},\"datePublished\":\"2023-05-10T11:05:40+00:00\",\"dateModified\":\"2026-04-27T01:27:32+00:00\",\"breadcrumb\":{\"@id\":\"https:\/\/librairie7l.com\/en\/produit\/respirer-lart\/#breadcrumb\"},\"inLanguage\":\"en-US\",\"potentialAction\":[{\"@type\":\"ReadAction\",\"target\":[\"https:\/\/librairie7l.com\/en\/produit\/respirer-lart\/\"]}]},{\"@type\":\"BreadcrumbList\",\"@id\":\"https:\/\/librairie7l.com\/en\/produit\/respirer-lart\/#breadcrumb\",\"itemListElement\":[{\"@type\":\"ListItem\",\"position\":1,\"name\":\"Accueil\",\"item\":\"https:\/\/librairie7l.com\/en\/\"},{\"@type\":\"ListItem\",\"position\":2,\"name\":\"Shop\",\"item\":\"https:\/\/librairie7l.com\/en\/shop\/\"},{\"@type\":\"ListItem\",\"position\":3,\"name\":\"RESPIRER L&#8217;ART\"}]},{\"@type\":\"WebSite\",\"@id\":\"https:\/\/librairie7l.com\/en\/#website\",\"url\":\"https:\/\/librairie7l.com\/en\/\",\"name\":\"Librairie 7L\",\"description\":\"Librairie fond\u00e9e en 1999 par Karl Lagerfeld \u00e0 Paris\",\"publisher\":{\"@id\":\"https:\/\/librairie7l.com\/en\/#organization\"},\"potentialAction\":[{\"@type\":\"SearchAction\",\"target\":{\"@type\":\"EntryPoint\",\"urlTemplate\":\"https:\/\/librairie7l.com\/en\/?s={search_term_string}\"},\"query-input\":\"required name=search_term_string\"}],\"inLanguage\":\"en-US\"},{\"@type\":\"Organization\",\"@id\":\"https:\/\/librairie7l.com\/en\/#organization\",\"name\":\"Librairie 7L\",\"url\":\"https:\/\/librairie7l.com\/en\/\",\"logo\":{\"@type\":\"ImageObject\",\"inLanguage\":\"en-US\",\"@id\":\"https:\/\/librairie7l.com\/en\/#\/schema\/logo\/image\/\",\"url\":\"https:\/\/librairie7l.com\/wp-content\/uploads\/2022\/08\/logo-1.png\",\"contentUrl\":\"https:\/\/librairie7l.com\/wp-content\/uploads\/2022\/08\/logo-1.png\",\"width\":227,\"height\":301,\"caption\":\"Librairie 7L\"},\"image\":{\"@id\":\"https:\/\/librairie7l.com\/en\/#\/schema\/logo\/image\/\"}}]}<\/script>\n<!-- \/ Yoast SEO plugin. -->","yoast_head_json":{"title":"RESPIRER L'ART - Librairie 7L","robots":{"index":"index","follow":"follow","max-snippet":"max-snippet:-1","max-image-preview":"max-image-preview:large","max-video-preview":"max-video-preview:-1"},"canonical":"https:\/\/librairie7l.com\/en\/produit\/respirer-lart\/","og_locale":"en_US","og_type":"article","og_title":"RESPIRER L'ART - Librairie 7L","og_description":"\u00ab Respirer l&#8217;art \u00bb est une exposition consacr\u00e9e aux liens entre parfumerie et cr\u00e9ation artistique contemporaine. Depuis plusieurs ann\u00e9es artistes, philosophes, parfumeurs et scientifiques affrontent les grands sujets li\u00e9s \u00e0 la place du parfum dans l&#8217;art : la d\u00e9finition d&#8217;un art olfactif, l&#8217;utilisation des odeurs par les plasticiens dans des installations immersives, l&#8217;oeuvre-parfum olfactive totalement [&hellip;]","og_url":"https:\/\/librairie7l.com\/en\/produit\/respirer-lart\/","og_site_name":"Librairie 7L","article_modified_time":"2026-04-27T01:27:32+00:00","og_image":[{"width":400,"height":488,"url":"https:\/\/librairie7l.com\/wp-content\/uploads\/2021\/12\/9788836650927_1_75.jpg","type":"image\/jpeg"}],"twitter_card":"summary_large_image","twitter_misc":{"Est. reading time":"1 minute"},"schema":{"@context":"https:\/\/schema.org","@graph":[{"@type":"WebPage","@id":"https:\/\/librairie7l.com\/en\/produit\/respirer-lart\/","url":"https:\/\/librairie7l.com\/en\/produit\/respirer-lart\/","name":"RESPIRER L'ART - Librairie 7L","isPartOf":{"@id":"https:\/\/librairie7l.com\/en\/#website"},"datePublished":"2023-05-10T11:05:40+00:00","dateModified":"2026-04-27T01:27:32+00:00","breadcrumb":{"@id":"https:\/\/librairie7l.com\/en\/produit\/respirer-lart\/#breadcrumb"},"inLanguage":"en-US","potentialAction":[{"@type":"ReadAction","target":["https:\/\/librairie7l.com\/en\/produit\/respirer-lart\/"]}]},{"@type":"BreadcrumbList","@id":"https:\/\/librairie7l.com\/en\/produit\/respirer-lart\/#breadcrumb","itemListElement":[{"@type":"ListItem","position":1,"name":"Accueil","item":"https:\/\/librairie7l.com\/en\/"},{"@type":"ListItem","position":2,"name":"Shop","item":"https:\/\/librairie7l.com\/en\/shop\/"},{"@type":"ListItem","position":3,"name":"RESPIRER L&#8217;ART"}]},{"@type":"WebSite","@id":"https:\/\/librairie7l.com\/en\/#website","url":"https:\/\/librairie7l.com\/en\/","name":"Librairie 7L","description":"Librairie fond\u00e9e en 1999 par Karl Lagerfeld \u00e0 Paris","publisher":{"@id":"https:\/\/librairie7l.com\/en\/#organization"},"potentialAction":[{"@type":"SearchAction","target":{"@type":"EntryPoint","urlTemplate":"https:\/\/librairie7l.com\/en\/?s={search_term_string}"},"query-input":"required name=search_term_string"}],"inLanguage":"en-US"},{"@type":"Organization","@id":"https:\/\/librairie7l.com\/en\/#organization","name":"Librairie 7L","url":"https:\/\/librairie7l.com\/en\/","logo":{"@type":"ImageObject","inLanguage":"en-US","@id":"https:\/\/librairie7l.com\/en\/#\/schema\/logo\/image\/","url":"https:\/\/librairie7l.com\/wp-content\/uploads\/2022\/08\/logo-1.png","contentUrl":"https:\/\/librairie7l.com\/wp-content\/uploads\/2022\/08\/logo-1.png","width":227,"height":301,"caption":"Librairie 7L"},"image":{"@id":"https:\/\/librairie7l.com\/en\/#\/schema\/logo\/image\/"}}]}},"_links":{"self":[{"href":"https:\/\/librairie7l.com\/en\/wp-json\/wp\/v2\/product\/27525"}],"collection":[{"href":"https:\/\/librairie7l.com\/en\/wp-json\/wp\/v2\/product"}],"about":[{"href":"https:\/\/librairie7l.com\/en\/wp-json\/wp\/v2\/types\/product"}],"wp:featuredmedia":[{"embeddable":true,"href":"https:\/\/librairie7l.com\/en\/wp-json\/wp\/v2\/media\/27523"}],"wp:attachment":[{"href":"https:\/\/librairie7l.com\/en\/wp-json\/wp\/v2\/media?parent=27525"}],"wp:term":[{"taxonomy":"product_cat","embeddable":true,"href":"https:\/\/librairie7l.com\/en\/wp-json\/wp\/v2\/product_cat?post=27525"},{"taxonomy":"product_tag","embeddable":true,"href":"https:\/\/librairie7l.com\/en\/wp-json\/wp\/v2\/product_tag?post=27525"}],"curies":[{"name":"wp","href":"https:\/\/api.w.org\/{rel}","templated":true}]}}

<p>« Respirer l&#8217;art » est une exposition consacrée aux liens entre parfumerie et création artistique contemporaine.</p>
<p>Depuis plusieurs années artistes, philosophes, parfumeurs et scientifiques affrontent les grands sujets liés à la place du parfum dans l&#8217;art : la définition d&#8217;un art olfactif, l&#8217;utilisation des odeurs par les plasticiens dans des installations immersives, l&#8217;oeuvre-parfum olfactive totalement immatérielle, le parfumeur-artiste libéré des contingences économiques, l&#8217;évocation des matières premières, l&#8217;art du verre&#8230;</p>
<p>Tous ces thèmes actuels sont ici abordés par les regards croisés d&#8217;artistes et de parfumeurs impliqués par le Musée International de la Parfumerie dans son exploration de l&#8217;univers de la parfumerie.</p>

<p>« Respirer l&#8217;art » est une exposition consacrée aux liens entre parfumerie et création artistique contemporaine. Depuis plusieurs années artistes, philosophes, parfumeurs et scientifiques affrontent les grands sujets liés à la place du parfum dans l&#8217;art : la définition d&#8217;un art olfactif, l&#8217;utilisation des odeurs par les plasticiens dans des installations immersives, l&#8217;oeuvre-parfum olfactive totalement [&hellip;]</p>

<!-- This site is optimized with the Yoast SEO plugin v20.11 - https://yoast.com/wordpress/plugins/seo/ -->
<title>RESPIRER L&#039;ART - Librairie 7L</title>
<meta name="robots" content="index, follow, max-snippet:-1, max-image-preview:large, max-video-preview:-1" />
<link rel="canonical" href="https://librairie7l.com/en/produit/respirer-lart/" />
<meta property="og:locale" content="en_US" />
<meta property="og:type" content="article" />
<meta property="og:title" content="RESPIRER L&#039;ART - Librairie 7L" />
<meta property="og:description" content="« Respirer l&#8217;art » est une exposition consacrée aux liens entre parfumerie et création artistique contemporaine. Depuis plusieurs années artistes, philosophes, parfumeurs et scientifiques affrontent les grands sujets liés à la place du parfum dans l&#8217;art : la définition d&#8217;un art olfactif, l&#8217;utilisation des odeurs par les plasticiens dans des installations immersives, l&#8217;oeuvre-parfum olfactive totalement [&hellip;]" />
<meta property="og:url" content="https://librairie7l.com/en/produit/respirer-lart/" />
<meta property="og:site_name" content="Librairie 7L" />
<meta property="article:modified_time" content="2026-04-27T01:27:32+00:00" />
<meta property="og:image" content="https://librairie7l.com/wp-content/uploads/2021/12/9788836650927_1_75.jpg" />
	<meta property="og:image:width" content="400" />
	<meta property="og:image:height" content="488" />
	<meta property="og:image:type" content="image/jpeg" />
<meta name="twitter:card" content="summary_large_image" />
<meta name="twitter:label1" content="Est. reading time" />
	<meta name="twitter:data1" content="1 minute" />
<script type="application/ld+json" class="yoast-schema-graph">{"@context":"https://schema.org","@graph":[{"@type":"WebPage","@id":"https://librairie7l.com/en/produit/respirer-lart/","url":"https://librairie7l.com/en/produit/respirer-lart/","name":"RESPIRER L'ART - Librairie 7L","isPartOf":{"@id":"https://librairie7l.com/en/#website"},"datePublished":"2023-05-10T11:05:40+00:00","dateModified":"2026-04-27T01:27:32+00:00","breadcrumb":{"@id":"https://librairie7l.com/en/produit/respirer-lart/#breadcrumb"},"inLanguage":"en-US","potentialAction":[{"@type":"ReadAction","target":["https://librairie7l.com/en/produit/respirer-lart/"]}]},{"@type":"BreadcrumbList","@id":"https://librairie7l.com/en/produit/respirer-lart/#breadcrumb","itemListElement":[{"@type":"ListItem","position":1,"name":"Accueil","item":"https://librairie7l.com/en/"},{"@type":"ListItem","position":2,"name":"Shop","item":"https://librairie7l.com/en/shop/"},{"@type":"ListItem","position":3,"name":"RESPIRER L&#8217;ART"}]},{"@type":"WebSite","@id":"https://librairie7l.com/en/#website","url":"https://librairie7l.com/en/","name":"Librairie 7L","description":"Librairie fondée en 1999 par Karl Lagerfeld à Paris","publisher":{"@id":"https://librairie7l.com/en/#organization"},"potentialAction":[{"@type":"SearchAction","target":{"@type":"EntryPoint","urlTemplate":"https://librairie7l.com/en/?s={search_term_string}"},"query-input":"required name=search_term_string"}],"inLanguage":"en-US"},{"@type":"Organization","@id":"https://librairie7l.com/en/#organization","name":"Librairie 7L","url":"https://librairie7l.com/en/","logo":{"@type":"ImageObject","inLanguage":"en-US","@id":"https://librairie7l.com/en/#/schema/logo/image/","url":"https://librairie7l.com/wp-content/uploads/2022/08/logo-1.png","contentUrl":"https://librairie7l.com/wp-content/uploads/2022/08/logo-1.png","width":227,"height":301,"caption":"Librairie 7L"},"image":{"@id":"https://librairie7l.com/en/#/schema/logo/image/"}}]}</script>
<!-- / Yoast SEO plugin. -->

« Respirer l&#8217;art » est une exposition consacrée aux liens entre parfumerie et création artistique contemporaine. Depuis plusieurs années artistes, philosophes, parfumeurs et scientifiques affrontent les grands sujets liés à la place du parfum dans l&#8217;art : la définition d&#8217;un art olfactif, l&#8217;utilisation des odeurs par les plasticiens dans des installations immersives, l&#8217;oeuvre-parfum olfactive totalement [&hellip;]

Librairie fondée en 1999 par Karl Lagerfeld à Paris
