{"id":27635,"date":"2023-05-10T13:08:35","date_gmt":"2023-05-10T11:08:35","guid":{"rendered":"https:\/\/librairie7l.com\/?post_type=product&#038;p=27635"},"modified":"2026-04-26T10:06:16","modified_gmt":"2026-04-26T08:06:16","slug":"juliette-derel-ceramiques","status":"publish","type":"product","link":"https:\/\/librairie7l.com\/en\/produit\/juliette-derel-ceramiques\/","title":{"rendered":"JULIETTE DEREL : C\u00c9RAMIQUES"},"content":{"rendered":"<p>C\u00e9ramiste Fran\u00e7aise n\u00e9e en Normandie au sortir de la premi\u00e8re guerre mondiale, Juliette Derel \u00e9tudie aux Beaux-Arts de Tours. Au d\u00e9but des ann\u00e9es 50, elle s&#8217;installe \u00e0 Vallauris et y \u00e9pouse Jean Rivier. Ils travaillent ensemble jusqu&#8217;\u00e0 leur s\u00e9paration en 1961. Vallauris est alors un haut lieu de l&#8217;art et de la c\u00e9ramique, elle y fr\u00e9quente Picasso ou encore son neveu Javier Vilato. Dans cette effervescence cr\u00e9ative, son oeuvre est prolifique : souvent cr\u00e9atrice de pi\u00e8ces utilitaires (miroirs, vaisselle, vases), elle s&#8217;oriente de plus en plus vers des oeuvres sculpturales, comme ces bougeoirs ou portemanteaux sur monture m\u00e9tallique. Install\u00e9e \u00e0 Gr\u00e9oli\u00e8res, elle continue son art et son travail remarquable des \u00e9maux, et ouvre sa porte \u00e0 quelques heureux \u00e9lus. Dans sa cuisine, faite de pi\u00e8ces de c\u00e9ramiques fabriqu\u00e9es et cuites par ses soins, elle aimait \u00e0 d\u00e9battre d&#8217;art, mais aussi des consid\u00e9rations de notre \u00e9poque. Elle d\u00e9c\u00e8de en 2007 dans un accident de voiture, en sortant de son village.<\/p>\n","protected":false},"excerpt":{"rendered":"<p>C\u00e9ramiste Fran\u00e7aise n\u00e9e en Normandie au sortir de la premi\u00e8re guerre mondiale, Juliette Derel \u00e9tudie aux Beaux-Arts de Tours. Au d\u00e9but des ann\u00e9es 50, elle s&#8217;installe \u00e0 Vallauris et y \u00e9pouse Jean Rivier. Ils travaillent ensemble jusqu&#8217;\u00e0 leur s\u00e9paration en 1961. Vallauris est alors un haut lieu de l&#8217;art et de la c\u00e9ramique, elle y [&hellip;]<\/p>\n","protected":false},"featured_media":27633,"template":"","meta":[],"product_cat":[55,2948,18,2952],"product_tag":[],"acf":[],"yoast_head":"<!-- This site is optimized with the Yoast SEO plugin v20.11 - https:\/\/yoast.com\/wordpress\/plugins\/seo\/ -->\n<title>JULIETTE DEREL : C\u00c9RAMIQUES - Librairie 7L<\/title>\n<meta name=\"robots\" content=\"index, follow, max-snippet:-1, max-image-preview:large, max-video-preview:-1\" \/>\n<link rel=\"canonical\" href=\"https:\/\/librairie7l.com\/en\/produit\/juliette-derel-ceramiques\/\" \/>\n<meta property=\"og:locale\" content=\"en_US\" \/>\n<meta property=\"og:type\" content=\"article\" \/>\n<meta property=\"og:title\" content=\"JULIETTE DEREL : C\u00c9RAMIQUES - Librairie 7L\" \/>\n<meta property=\"og:description\" content=\"C\u00e9ramiste Fran\u00e7aise n\u00e9e en Normandie au sortir de la premi\u00e8re guerre mondiale, Juliette Derel \u00e9tudie aux Beaux-Arts de Tours. Au d\u00e9but des ann\u00e9es 50, elle s&#8217;installe \u00e0 Vallauris et y \u00e9pouse Jean Rivier. Ils travaillent ensemble jusqu&#8217;\u00e0 leur s\u00e9paration en 1961. Vallauris est alors un haut lieu de l&#8217;art et de la c\u00e9ramique, elle y [&hellip;]\" \/>\n<meta property=\"og:url\" content=\"https:\/\/librairie7l.com\/en\/produit\/juliette-derel-ceramiques\/\" \/>\n<meta property=\"og:site_name\" content=\"Librairie 7L\" \/>\n<meta property=\"article:modified_time\" content=\"2026-04-26T08:06:16+00:00\" \/>\n<meta property=\"og:image\" content=\"https:\/\/librairie7l.com\/wp-content\/uploads\/2022\/05\/9789461618450_1_75.jpg\" \/>\n\t<meta property=\"og:image:width\" content=\"600\" \/>\n\t<meta property=\"og:image:height\" content=\"825\" \/>\n\t<meta property=\"og:image:type\" content=\"image\/jpeg\" \/>\n<meta name=\"twitter:card\" content=\"summary_large_image\" \/>\n<meta name=\"twitter:label1\" content=\"Est. reading time\" \/>\n\t<meta name=\"twitter:data1\" content=\"1 minute\" \/>\n<script type=\"application\/ld+json\" class=\"yoast-schema-graph\">{\"@context\":\"https:\/\/schema.org\",\"@graph\":[{\"@type\":\"WebPage\",\"@id\":\"https:\/\/librairie7l.com\/en\/produit\/juliette-derel-ceramiques\/\",\"url\":\"https:\/\/librairie7l.com\/en\/produit\/juliette-derel-ceramiques\/\",\"name\":\"JULIETTE DEREL : C\u00c9RAMIQUES - Librairie 7L\",\"isPartOf\":{\"@id\":\"https:\/\/librairie7l.com\/en\/#website\"},\"datePublished\":\"2023-05-10T11:08:35+00:00\",\"dateModified\":\"2026-04-26T08:06:16+00:00\",\"breadcrumb\":{\"@id\":\"https:\/\/librairie7l.com\/en\/produit\/juliette-derel-ceramiques\/#breadcrumb\"},\"inLanguage\":\"en-US\",\"potentialAction\":[{\"@type\":\"ReadAction\",\"target\":[\"https:\/\/librairie7l.com\/en\/produit\/juliette-derel-ceramiques\/\"]}]},{\"@type\":\"BreadcrumbList\",\"@id\":\"https:\/\/librairie7l.com\/en\/produit\/juliette-derel-ceramiques\/#breadcrumb\",\"itemListElement\":[{\"@type\":\"ListItem\",\"position\":1,\"name\":\"Accueil\",\"item\":\"https:\/\/librairie7l.com\/en\/\"},{\"@type\":\"ListItem\",\"position\":2,\"name\":\"Shop\",\"item\":\"https:\/\/librairie7l.com\/en\/shop\/\"},{\"@type\":\"ListItem\",\"position\":3,\"name\":\"JULIETTE DEREL : C\u00c9RAMIQUES\"}]},{\"@type\":\"WebSite\",\"@id\":\"https:\/\/librairie7l.com\/en\/#website\",\"url\":\"https:\/\/librairie7l.com\/en\/\",\"name\":\"Librairie 7L\",\"description\":\"Librairie fond\u00e9e en 1999 par Karl Lagerfeld \u00e0 Paris\",\"publisher\":{\"@id\":\"https:\/\/librairie7l.com\/en\/#organization\"},\"potentialAction\":[{\"@type\":\"SearchAction\",\"target\":{\"@type\":\"EntryPoint\",\"urlTemplate\":\"https:\/\/librairie7l.com\/en\/?s={search_term_string}\"},\"query-input\":\"required name=search_term_string\"}],\"inLanguage\":\"en-US\"},{\"@type\":\"Organization\",\"@id\":\"https:\/\/librairie7l.com\/en\/#organization\",\"name\":\"Librairie 7L\",\"url\":\"https:\/\/librairie7l.com\/en\/\",\"logo\":{\"@type\":\"ImageObject\",\"inLanguage\":\"en-US\",\"@id\":\"https:\/\/librairie7l.com\/en\/#\/schema\/logo\/image\/\",\"url\":\"https:\/\/librairie7l.com\/wp-content\/uploads\/2022\/08\/logo-1.png\",\"contentUrl\":\"https:\/\/librairie7l.com\/wp-content\/uploads\/2022\/08\/logo-1.png\",\"width\":227,\"height\":301,\"caption\":\"Librairie 7L\"},\"image\":{\"@id\":\"https:\/\/librairie7l.com\/en\/#\/schema\/logo\/image\/\"}}]}<\/script>\n<!-- \/ Yoast SEO plugin. -->","yoast_head_json":{"title":"JULIETTE DEREL : C\u00c9RAMIQUES - Librairie 7L","robots":{"index":"index","follow":"follow","max-snippet":"max-snippet:-1","max-image-preview":"max-image-preview:large","max-video-preview":"max-video-preview:-1"},"canonical":"https:\/\/librairie7l.com\/en\/produit\/juliette-derel-ceramiques\/","og_locale":"en_US","og_type":"article","og_title":"JULIETTE DEREL : C\u00c9RAMIQUES - Librairie 7L","og_description":"C\u00e9ramiste Fran\u00e7aise n\u00e9e en Normandie au sortir de la premi\u00e8re guerre mondiale, Juliette Derel \u00e9tudie aux Beaux-Arts de Tours. Au d\u00e9but des ann\u00e9es 50, elle s&#8217;installe \u00e0 Vallauris et y \u00e9pouse Jean Rivier. Ils travaillent ensemble jusqu&#8217;\u00e0 leur s\u00e9paration en 1961. Vallauris est alors un haut lieu de l&#8217;art et de la c\u00e9ramique, elle y [&hellip;]","og_url":"https:\/\/librairie7l.com\/en\/produit\/juliette-derel-ceramiques\/","og_site_name":"Librairie 7L","article_modified_time":"2026-04-26T08:06:16+00:00","og_image":[{"width":600,"height":825,"url":"https:\/\/librairie7l.com\/wp-content\/uploads\/2022\/05\/9789461618450_1_75.jpg","type":"image\/jpeg"}],"twitter_card":"summary_large_image","twitter_misc":{"Est. reading time":"1 minute"},"schema":{"@context":"https:\/\/schema.org","@graph":[{"@type":"WebPage","@id":"https:\/\/librairie7l.com\/en\/produit\/juliette-derel-ceramiques\/","url":"https:\/\/librairie7l.com\/en\/produit\/juliette-derel-ceramiques\/","name":"JULIETTE DEREL : C\u00c9RAMIQUES - Librairie 7L","isPartOf":{"@id":"https:\/\/librairie7l.com\/en\/#website"},"datePublished":"2023-05-10T11:08:35+00:00","dateModified":"2026-04-26T08:06:16+00:00","breadcrumb":{"@id":"https:\/\/librairie7l.com\/en\/produit\/juliette-derel-ceramiques\/#breadcrumb"},"inLanguage":"en-US","potentialAction":[{"@type":"ReadAction","target":["https:\/\/librairie7l.com\/en\/produit\/juliette-derel-ceramiques\/"]}]},{"@type":"BreadcrumbList","@id":"https:\/\/librairie7l.com\/en\/produit\/juliette-derel-ceramiques\/#breadcrumb","itemListElement":[{"@type":"ListItem","position":1,"name":"Accueil","item":"https:\/\/librairie7l.com\/en\/"},{"@type":"ListItem","position":2,"name":"Shop","item":"https:\/\/librairie7l.com\/en\/shop\/"},{"@type":"ListItem","position":3,"name":"JULIETTE DEREL : C\u00c9RAMIQUES"}]},{"@type":"WebSite","@id":"https:\/\/librairie7l.com\/en\/#website","url":"https:\/\/librairie7l.com\/en\/","name":"Librairie 7L","description":"Librairie fond\u00e9e en 1999 par Karl Lagerfeld \u00e0 Paris","publisher":{"@id":"https:\/\/librairie7l.com\/en\/#organization"},"potentialAction":[{"@type":"SearchAction","target":{"@type":"EntryPoint","urlTemplate":"https:\/\/librairie7l.com\/en\/?s={search_term_string}"},"query-input":"required name=search_term_string"}],"inLanguage":"en-US"},{"@type":"Organization","@id":"https:\/\/librairie7l.com\/en\/#organization","name":"Librairie 7L","url":"https:\/\/librairie7l.com\/en\/","logo":{"@type":"ImageObject","inLanguage":"en-US","@id":"https:\/\/librairie7l.com\/en\/#\/schema\/logo\/image\/","url":"https:\/\/librairie7l.com\/wp-content\/uploads\/2022\/08\/logo-1.png","contentUrl":"https:\/\/librairie7l.com\/wp-content\/uploads\/2022\/08\/logo-1.png","width":227,"height":301,"caption":"Librairie 7L"},"image":{"@id":"https:\/\/librairie7l.com\/en\/#\/schema\/logo\/image\/"}}]}},"_links":{"self":[{"href":"https:\/\/librairie7l.com\/en\/wp-json\/wp\/v2\/product\/27635"}],"collection":[{"href":"https:\/\/librairie7l.com\/en\/wp-json\/wp\/v2\/product"}],"about":[{"href":"https:\/\/librairie7l.com\/en\/wp-json\/wp\/v2\/types\/product"}],"wp:featuredmedia":[{"embeddable":true,"href":"https:\/\/librairie7l.com\/en\/wp-json\/wp\/v2\/media\/27633"}],"wp:attachment":[{"href":"https:\/\/librairie7l.com\/en\/wp-json\/wp\/v2\/media?parent=27635"}],"wp:term":[{"taxonomy":"product_cat","embeddable":true,"href":"https:\/\/librairie7l.com\/en\/wp-json\/wp\/v2\/product_cat?post=27635"},{"taxonomy":"product_tag","embeddable":true,"href":"https:\/\/librairie7l.com\/en\/wp-json\/wp\/v2\/product_tag?post=27635"}],"curies":[{"name":"wp","href":"https:\/\/api.w.org\/{rel}","templated":true}]}}

JULIETTE DEREL : CÉRAMIQUES

<p>Céramiste Française née en Normandie au sortir de la première guerre mondiale, Juliette Derel étudie aux Beaux-Arts de Tours. Au début des années 50, elle s&#8217;installe à Vallauris et y épouse Jean Rivier. Ils travaillent ensemble jusqu&#8217;à leur séparation en 1961. Vallauris est alors un haut lieu de l&#8217;art et de la céramique, elle y fréquente Picasso ou encore son neveu Javier Vilato. Dans cette effervescence créative, son oeuvre est prolifique : souvent créatrice de pièces utilitaires (miroirs, vaisselle, vases), elle s&#8217;oriente de plus en plus vers des oeuvres sculpturales, comme ces bougeoirs ou portemanteaux sur monture métallique. Installée à Gréolières, elle continue son art et son travail remarquable des émaux, et ouvre sa porte à quelques heureux élus. Dans sa cuisine, faite de pièces de céramiques fabriquées et cuites par ses soins, elle aimait à débattre d&#8217;art, mais aussi des considérations de notre époque. Elle décède en 2007 dans un accident de voiture, en sortant de son village.</p>

<p>Céramiste Française née en Normandie au sortir de la première guerre mondiale, Juliette Derel étudie aux Beaux-Arts de Tours. Au début des années 50, elle s&#8217;installe à Vallauris et y épouse Jean Rivier. Ils travaillent ensemble jusqu&#8217;à leur séparation en 1961. Vallauris est alors un haut lieu de l&#8217;art et de la céramique, elle y [&hellip;]</p>

<!-- This site is optimized with the Yoast SEO plugin v20.11 - https://yoast.com/wordpress/plugins/seo/ -->
<title>JULIETTE DEREL : CÉRAMIQUES - Librairie 7L</title>
<meta name="robots" content="index, follow, max-snippet:-1, max-image-preview:large, max-video-preview:-1" />
<link rel="canonical" href="https://librairie7l.com/en/produit/juliette-derel-ceramiques/" />
<meta property="og:locale" content="en_US" />
<meta property="og:type" content="article" />
<meta property="og:title" content="JULIETTE DEREL : CÉRAMIQUES - Librairie 7L" />
<meta property="og:description" content="Céramiste Française née en Normandie au sortir de la première guerre mondiale, Juliette Derel étudie aux Beaux-Arts de Tours. Au début des années 50, elle s&#8217;installe à Vallauris et y épouse Jean Rivier. Ils travaillent ensemble jusqu&#8217;à leur séparation en 1961. Vallauris est alors un haut lieu de l&#8217;art et de la céramique, elle y [&hellip;]" />
<meta property="og:url" content="https://librairie7l.com/en/produit/juliette-derel-ceramiques/" />
<meta property="og:site_name" content="Librairie 7L" />
<meta property="article:modified_time" content="2026-04-26T08:06:16+00:00" />
<meta property="og:image" content="https://librairie7l.com/wp-content/uploads/2022/05/9789461618450_1_75.jpg" />
	<meta property="og:image:width" content="600" />
	<meta property="og:image:height" content="825" />
	<meta property="og:image:type" content="image/jpeg" />
<meta name="twitter:card" content="summary_large_image" />
<meta name="twitter:label1" content="Est. reading time" />
	<meta name="twitter:data1" content="1 minute" />
<script type="application/ld+json" class="yoast-schema-graph">{"@context":"https://schema.org","@graph":[{"@type":"WebPage","@id":"https://librairie7l.com/en/produit/juliette-derel-ceramiques/","url":"https://librairie7l.com/en/produit/juliette-derel-ceramiques/","name":"JULIETTE DEREL : CÉRAMIQUES - Librairie 7L","isPartOf":{"@id":"https://librairie7l.com/en/#website"},"datePublished":"2023-05-10T11:08:35+00:00","dateModified":"2026-04-26T08:06:16+00:00","breadcrumb":{"@id":"https://librairie7l.com/en/produit/juliette-derel-ceramiques/#breadcrumb"},"inLanguage":"en-US","potentialAction":[{"@type":"ReadAction","target":["https://librairie7l.com/en/produit/juliette-derel-ceramiques/"]}]},{"@type":"BreadcrumbList","@id":"https://librairie7l.com/en/produit/juliette-derel-ceramiques/#breadcrumb","itemListElement":[{"@type":"ListItem","position":1,"name":"Accueil","item":"https://librairie7l.com/en/"},{"@type":"ListItem","position":2,"name":"Shop","item":"https://librairie7l.com/en/shop/"},{"@type":"ListItem","position":3,"name":"JULIETTE DEREL : CÉRAMIQUES"}]},{"@type":"WebSite","@id":"https://librairie7l.com/en/#website","url":"https://librairie7l.com/en/","name":"Librairie 7L","description":"Librairie fondée en 1999 par Karl Lagerfeld à Paris","publisher":{"@id":"https://librairie7l.com/en/#organization"},"potentialAction":[{"@type":"SearchAction","target":{"@type":"EntryPoint","urlTemplate":"https://librairie7l.com/en/?s={search_term_string}"},"query-input":"required name=search_term_string"}],"inLanguage":"en-US"},{"@type":"Organization","@id":"https://librairie7l.com/en/#organization","name":"Librairie 7L","url":"https://librairie7l.com/en/","logo":{"@type":"ImageObject","inLanguage":"en-US","@id":"https://librairie7l.com/en/#/schema/logo/image/","url":"https://librairie7l.com/wp-content/uploads/2022/08/logo-1.png","contentUrl":"https://librairie7l.com/wp-content/uploads/2022/08/logo-1.png","width":227,"height":301,"caption":"Librairie 7L"},"image":{"@id":"https://librairie7l.com/en/#/schema/logo/image/"}}]}</script>
<!-- / Yoast SEO plugin. -->

JULIETTE DEREL : CÉRAMIQUES - Librairie 7L

Céramiste Française née en Normandie au sortir de la première guerre mondiale, Juliette Derel étudie aux Beaux-Arts de Tours. Au début des années 50, elle s&#8217;installe à Vallauris et y épouse Jean Rivier. Ils travaillent ensemble jusqu&#8217;à leur séparation en 1961. Vallauris est alors un haut lieu de l&#8217;art et de la céramique, elle y [&hellip;]

Librairie fondée en 1999 par Karl Lagerfeld à Paris
