{"id":27719,"date":"2023-05-10T13:11:15","date_gmt":"2023-05-10T11:11:15","guid":{"rendered":"https:\/\/librairie7l.com\/?post_type=product&#038;p=27719"},"modified":"2026-04-30T00:22:25","modified_gmt":"2026-04-29T22:22:25","slug":"hans-hartung-la-peinture-pour-memoire","status":"publish","type":"product","link":"https:\/\/librairie7l.com\/en\/produit\/hans-hartung-la-peinture-pour-memoire\/","title":{"rendered":"HANS HARTUNG, LA PEINTURE POUR M\u00c9MOIRE"},"content":{"rendered":"<p>Figure incontournable de l&#8217;art moderne et acteur marquant de l&#8217;abstraction, Hans Hartung (1904-1989) n&#8217;a eu de cesse, sa vie durant, de laisser derri\u00e8re lui des souvenirs de son activit\u00e9  : un \u00ab  autoportrait  \u00bb en mots, qu&#8217;il publie en 1976, d&#8217;autres mots encore, des archives, des oeuvres, entrelac\u00e9s&#8230; Pour m\u00e9moire.<\/p>\n<p>Ecrire sur Hans Hartung c&#8217;est suivre cet homme \u00e0 la trace, c&#8217;est se confronter \u00e0 ce legs, conserv\u00e9 aujourd&#8217;hui dans le lieu m\u00eame de sa vie et de sa peinture  : la maison qu&#8217;il a construite avec sa femme, l&#8217;artiste Anna-Eva Bergman, devenue Fondation Hartung-Bergman. Hartung voulait que cet endroit, et ce qu&#8217;il contenait, soient d\u00e9di\u00e9s \u00e0 la recherche.<\/p>\n<p>Cette monographie, n\u00e9e de ce souhait, est la premi\u00e8re de cette ampleur. Pierre Wat l&#8217;a pens\u00e9e comme une longue conversation avec le peintre. Confrontant les dires, les archives et les oeuvres, quelque chose de cette v\u00e9rit\u00e9 de Hartung, celle qu&#8217;il voulait qu&#8217;on cherche, surgit.<\/p>\n<p>Artiste prolifique, Hartung a laiss\u00e9 une oeuvre immense, dont l&#8217;auteur a pu s&#8217;impr\u00e9gner, pas \u00e0 pas, ann\u00e9e apr\u00e8s ann\u00e9e, parfois heure par heure, des premi\u00e8res aquarelles abstraites de 1922 au derni\u00e8res toiles peintes \u00e0 la sulfateuse de jardin, en 1989. Ce choix d&#8217;appeler dans chaque oeuvre la m\u00e9moire d&#8217;un moment, d&#8217;un geste, d&#8217;une intention, a mis en \u00e9vidence, au-del\u00e0 des changements de rythme, de m\u00e9thode, d&#8217;instrument, la continuit\u00e9 profonde qui guide le peintre, d\u00e8s l&#8217;origine.<\/p>\n<p>Le temps de Hartung est spiral\u00e9, il avance en prenant en compte le pass\u00e9, afin d&#8217;en produire, sans cesse, la rel\u00e8ve. Dans ce jeu entre connaissance et sensation, un artiste incroyablement singulier, loin des clich\u00e9s \u00ab  lyriques  \u00bb qui lui ont longtemps coll\u00e9 \u00e0 la peau, \u00e9merge. Un homme pour qui l&#8217;art est \u00e0 la fois exploration et m\u00e9moire, enqu\u00eate sur soi et captation du monde, infiniment.<\/p>\n","protected":false},"excerpt":{"rendered":"<p>Figure incontournable de l&#8217;art moderne et acteur marquant de l&#8217;abstraction, Hans Hartung (1904-1989) n&#8217;a eu de cesse, sa vie durant, de laisser derri\u00e8re lui des souvenirs de son activit\u00e9 : un \u00ab autoportrait \u00bb en mots, qu&#8217;il publie en 1976, d&#8217;autres mots encore, des archives, des oeuvres, entrelac\u00e9s&#8230; Pour m\u00e9moire. Ecrire sur Hans Hartung c&#8217;est [&hellip;]<\/p>\n","protected":false},"featured_media":27717,"template":"","meta":[],"product_cat":[55,2948,47,2953],"product_tag":[],"acf":[],"yoast_head":"<!-- This site is optimized with the Yoast SEO plugin v20.11 - https:\/\/yoast.com\/wordpress\/plugins\/seo\/ -->\n<title>HANS HARTUNG, LA PEINTURE POUR M\u00c9MOIRE - Librairie 7L<\/title>\n<meta name=\"robots\" content=\"index, follow, max-snippet:-1, max-image-preview:large, max-video-preview:-1\" \/>\n<link rel=\"canonical\" href=\"https:\/\/librairie7l.com\/en\/produit\/hans-hartung-la-peinture-pour-memoire\/\" \/>\n<meta property=\"og:locale\" content=\"en_US\" \/>\n<meta property=\"og:type\" content=\"article\" \/>\n<meta property=\"og:title\" content=\"HANS HARTUNG, LA PEINTURE POUR M\u00c9MOIRE - Librairie 7L\" \/>\n<meta property=\"og:description\" content=\"Figure incontournable de l&#8217;art moderne et acteur marquant de l&#8217;abstraction, Hans Hartung (1904-1989) n&#8217;a eu de cesse, sa vie durant, de laisser derri\u00e8re lui des souvenirs de son activit\u00e9 : un \u00ab autoportrait \u00bb en mots, qu&#8217;il publie en 1976, d&#8217;autres mots encore, des archives, des oeuvres, entrelac\u00e9s&#8230; Pour m\u00e9moire. Ecrire sur Hans Hartung c&#8217;est [&hellip;]\" \/>\n<meta property=\"og:url\" content=\"https:\/\/librairie7l.com\/en\/produit\/hans-hartung-la-peinture-pour-memoire\/\" \/>\n<meta property=\"og:site_name\" content=\"Librairie 7L\" \/>\n<meta property=\"article:modified_time\" content=\"2026-04-29T22:22:25+00:00\" \/>\n<meta property=\"og:image\" content=\"https:\/\/librairie7l.com\/wp-content\/uploads\/2019\/05\/9782754110822_1_75.jpg\" \/>\n\t<meta property=\"og:image:width\" content=\"600\" \/>\n\t<meta property=\"og:image:height\" content=\"694\" \/>\n\t<meta property=\"og:image:type\" content=\"image\/jpeg\" \/>\n<meta name=\"twitter:card\" content=\"summary_large_image\" \/>\n<meta name=\"twitter:label1\" content=\"Est. reading time\" \/>\n\t<meta name=\"twitter:data1\" content=\"2 minutes\" \/>\n<script type=\"application\/ld+json\" class=\"yoast-schema-graph\">{\"@context\":\"https:\/\/schema.org\",\"@graph\":[{\"@type\":\"WebPage\",\"@id\":\"https:\/\/librairie7l.com\/en\/produit\/hans-hartung-la-peinture-pour-memoire\/\",\"url\":\"https:\/\/librairie7l.com\/en\/produit\/hans-hartung-la-peinture-pour-memoire\/\",\"name\":\"HANS HARTUNG, LA PEINTURE POUR M\u00c9MOIRE - Librairie 7L\",\"isPartOf\":{\"@id\":\"https:\/\/librairie7l.com\/en\/#website\"},\"datePublished\":\"2023-05-10T11:11:15+00:00\",\"dateModified\":\"2026-04-29T22:22:25+00:00\",\"breadcrumb\":{\"@id\":\"https:\/\/librairie7l.com\/en\/produit\/hans-hartung-la-peinture-pour-memoire\/#breadcrumb\"},\"inLanguage\":\"en-US\",\"potentialAction\":[{\"@type\":\"ReadAction\",\"target\":[\"https:\/\/librairie7l.com\/en\/produit\/hans-hartung-la-peinture-pour-memoire\/\"]}]},{\"@type\":\"BreadcrumbList\",\"@id\":\"https:\/\/librairie7l.com\/en\/produit\/hans-hartung-la-peinture-pour-memoire\/#breadcrumb\",\"itemListElement\":[{\"@type\":\"ListItem\",\"position\":1,\"name\":\"Accueil\",\"item\":\"https:\/\/librairie7l.com\/en\/\"},{\"@type\":\"ListItem\",\"position\":2,\"name\":\"Shop\",\"item\":\"https:\/\/librairie7l.com\/en\/shop\/\"},{\"@type\":\"ListItem\",\"position\":3,\"name\":\"HANS HARTUNG, LA PEINTURE POUR M\u00c9MOIRE\"}]},{\"@type\":\"WebSite\",\"@id\":\"https:\/\/librairie7l.com\/en\/#website\",\"url\":\"https:\/\/librairie7l.com\/en\/\",\"name\":\"Librairie 7L\",\"description\":\"Librairie fond\u00e9e en 1999 par Karl Lagerfeld \u00e0 Paris\",\"publisher\":{\"@id\":\"https:\/\/librairie7l.com\/en\/#organization\"},\"potentialAction\":[{\"@type\":\"SearchAction\",\"target\":{\"@type\":\"EntryPoint\",\"urlTemplate\":\"https:\/\/librairie7l.com\/en\/?s={search_term_string}\"},\"query-input\":\"required name=search_term_string\"}],\"inLanguage\":\"en-US\"},{\"@type\":\"Organization\",\"@id\":\"https:\/\/librairie7l.com\/en\/#organization\",\"name\":\"Librairie 7L\",\"url\":\"https:\/\/librairie7l.com\/en\/\",\"logo\":{\"@type\":\"ImageObject\",\"inLanguage\":\"en-US\",\"@id\":\"https:\/\/librairie7l.com\/en\/#\/schema\/logo\/image\/\",\"url\":\"https:\/\/librairie7l.com\/wp-content\/uploads\/2022\/08\/logo-1.png\",\"contentUrl\":\"https:\/\/librairie7l.com\/wp-content\/uploads\/2022\/08\/logo-1.png\",\"width\":227,\"height\":301,\"caption\":\"Librairie 7L\"},\"image\":{\"@id\":\"https:\/\/librairie7l.com\/en\/#\/schema\/logo\/image\/\"}}]}<\/script>\n<!-- \/ Yoast SEO plugin. -->","yoast_head_json":{"title":"HANS HARTUNG, LA PEINTURE POUR M\u00c9MOIRE - Librairie 7L","robots":{"index":"index","follow":"follow","max-snippet":"max-snippet:-1","max-image-preview":"max-image-preview:large","max-video-preview":"max-video-preview:-1"},"canonical":"https:\/\/librairie7l.com\/en\/produit\/hans-hartung-la-peinture-pour-memoire\/","og_locale":"en_US","og_type":"article","og_title":"HANS HARTUNG, LA PEINTURE POUR M\u00c9MOIRE - Librairie 7L","og_description":"Figure incontournable de l&#8217;art moderne et acteur marquant de l&#8217;abstraction, Hans Hartung (1904-1989) n&#8217;a eu de cesse, sa vie durant, de laisser derri\u00e8re lui des souvenirs de son activit\u00e9 : un \u00ab autoportrait \u00bb en mots, qu&#8217;il publie en 1976, d&#8217;autres mots encore, des archives, des oeuvres, entrelac\u00e9s&#8230; Pour m\u00e9moire. Ecrire sur Hans Hartung c&#8217;est [&hellip;]","og_url":"https:\/\/librairie7l.com\/en\/produit\/hans-hartung-la-peinture-pour-memoire\/","og_site_name":"Librairie 7L","article_modified_time":"2026-04-29T22:22:25+00:00","og_image":[{"width":600,"height":694,"url":"https:\/\/librairie7l.com\/wp-content\/uploads\/2019\/05\/9782754110822_1_75.jpg","type":"image\/jpeg"}],"twitter_card":"summary_large_image","twitter_misc":{"Est. reading time":"2 minutes"},"schema":{"@context":"https:\/\/schema.org","@graph":[{"@type":"WebPage","@id":"https:\/\/librairie7l.com\/en\/produit\/hans-hartung-la-peinture-pour-memoire\/","url":"https:\/\/librairie7l.com\/en\/produit\/hans-hartung-la-peinture-pour-memoire\/","name":"HANS HARTUNG, LA PEINTURE POUR M\u00c9MOIRE - Librairie 7L","isPartOf":{"@id":"https:\/\/librairie7l.com\/en\/#website"},"datePublished":"2023-05-10T11:11:15+00:00","dateModified":"2026-04-29T22:22:25+00:00","breadcrumb":{"@id":"https:\/\/librairie7l.com\/en\/produit\/hans-hartung-la-peinture-pour-memoire\/#breadcrumb"},"inLanguage":"en-US","potentialAction":[{"@type":"ReadAction","target":["https:\/\/librairie7l.com\/en\/produit\/hans-hartung-la-peinture-pour-memoire\/"]}]},{"@type":"BreadcrumbList","@id":"https:\/\/librairie7l.com\/en\/produit\/hans-hartung-la-peinture-pour-memoire\/#breadcrumb","itemListElement":[{"@type":"ListItem","position":1,"name":"Accueil","item":"https:\/\/librairie7l.com\/en\/"},{"@type":"ListItem","position":2,"name":"Shop","item":"https:\/\/librairie7l.com\/en\/shop\/"},{"@type":"ListItem","position":3,"name":"HANS HARTUNG, LA PEINTURE POUR M\u00c9MOIRE"}]},{"@type":"WebSite","@id":"https:\/\/librairie7l.com\/en\/#website","url":"https:\/\/librairie7l.com\/en\/","name":"Librairie 7L","description":"Librairie fond\u00e9e en 1999 par Karl Lagerfeld \u00e0 Paris","publisher":{"@id":"https:\/\/librairie7l.com\/en\/#organization"},"potentialAction":[{"@type":"SearchAction","target":{"@type":"EntryPoint","urlTemplate":"https:\/\/librairie7l.com\/en\/?s={search_term_string}"},"query-input":"required name=search_term_string"}],"inLanguage":"en-US"},{"@type":"Organization","@id":"https:\/\/librairie7l.com\/en\/#organization","name":"Librairie 7L","url":"https:\/\/librairie7l.com\/en\/","logo":{"@type":"ImageObject","inLanguage":"en-US","@id":"https:\/\/librairie7l.com\/en\/#\/schema\/logo\/image\/","url":"https:\/\/librairie7l.com\/wp-content\/uploads\/2022\/08\/logo-1.png","contentUrl":"https:\/\/librairie7l.com\/wp-content\/uploads\/2022\/08\/logo-1.png","width":227,"height":301,"caption":"Librairie 7L"},"image":{"@id":"https:\/\/librairie7l.com\/en\/#\/schema\/logo\/image\/"}}]}},"_links":{"self":[{"href":"https:\/\/librairie7l.com\/en\/wp-json\/wp\/v2\/product\/27719"}],"collection":[{"href":"https:\/\/librairie7l.com\/en\/wp-json\/wp\/v2\/product"}],"about":[{"href":"https:\/\/librairie7l.com\/en\/wp-json\/wp\/v2\/types\/product"}],"wp:featuredmedia":[{"embeddable":true,"href":"https:\/\/librairie7l.com\/en\/wp-json\/wp\/v2\/media\/27717"}],"wp:attachment":[{"href":"https:\/\/librairie7l.com\/en\/wp-json\/wp\/v2\/media?parent=27719"}],"wp:term":[{"taxonomy":"product_cat","embeddable":true,"href":"https:\/\/librairie7l.com\/en\/wp-json\/wp\/v2\/product_cat?post=27719"},{"taxonomy":"product_tag","embeddable":true,"href":"https:\/\/librairie7l.com\/en\/wp-json\/wp\/v2\/product_tag?post=27719"}],"curies":[{"name":"wp","href":"https:\/\/api.w.org\/{rel}","templated":true}]}}

HANS HARTUNG, LA PEINTURE POUR MÉMOIRE

<p>Figure incontournable de l&#8217;art moderne et acteur marquant de l&#8217;abstraction, Hans Hartung (1904-1989) n&#8217;a eu de cesse, sa vie durant, de laisser derrière lui des souvenirs de son activité  : un «  autoportrait  » en mots, qu&#8217;il publie en 1976, d&#8217;autres mots encore, des archives, des oeuvres, entrelacés&#8230; Pour mémoire.</p>
<p>Ecrire sur Hans Hartung c&#8217;est suivre cet homme à la trace, c&#8217;est se confronter à ce legs, conservé aujourd&#8217;hui dans le lieu même de sa vie et de sa peinture  : la maison qu&#8217;il a construite avec sa femme, l&#8217;artiste Anna-Eva Bergman, devenue Fondation Hartung-Bergman. Hartung voulait que cet endroit, et ce qu&#8217;il contenait, soient dédiés à la recherche.</p>
<p>Cette monographie, née de ce souhait, est la première de cette ampleur. Pierre Wat l&#8217;a pensée comme une longue conversation avec le peintre. Confrontant les dires, les archives et les oeuvres, quelque chose de cette vérité de Hartung, celle qu&#8217;il voulait qu&#8217;on cherche, surgit.</p>
<p>Artiste prolifique, Hartung a laissé une oeuvre immense, dont l&#8217;auteur a pu s&#8217;imprégner, pas à pas, année après année, parfois heure par heure, des premières aquarelles abstraites de 1922 au dernières toiles peintes à la sulfateuse de jardin, en 1989. Ce choix d&#8217;appeler dans chaque oeuvre la mémoire d&#8217;un moment, d&#8217;un geste, d&#8217;une intention, a mis en évidence, au-delà des changements de rythme, de méthode, d&#8217;instrument, la continuité profonde qui guide le peintre, dès l&#8217;origine.</p>
<p>Le temps de Hartung est spiralé, il avance en prenant en compte le passé, afin d&#8217;en produire, sans cesse, la relève. Dans ce jeu entre connaissance et sensation, un artiste incroyablement singulier, loin des clichés «  lyriques  » qui lui ont longtemps collé à la peau, émerge. Un homme pour qui l&#8217;art est à la fois exploration et mémoire, enquête sur soi et captation du monde, infiniment.</p>

<p>Figure incontournable de l&#8217;art moderne et acteur marquant de l&#8217;abstraction, Hans Hartung (1904-1989) n&#8217;a eu de cesse, sa vie durant, de laisser derrière lui des souvenirs de son activité : un « autoportrait » en mots, qu&#8217;il publie en 1976, d&#8217;autres mots encore, des archives, des oeuvres, entrelacés&#8230; Pour mémoire. Ecrire sur Hans Hartung c&#8217;est [&hellip;]</p>

<!-- This site is optimized with the Yoast SEO plugin v20.11 - https://yoast.com/wordpress/plugins/seo/ -->
<title>HANS HARTUNG, LA PEINTURE POUR MÉMOIRE - Librairie 7L</title>
<meta name="robots" content="index, follow, max-snippet:-1, max-image-preview:large, max-video-preview:-1" />
<link rel="canonical" href="https://librairie7l.com/en/produit/hans-hartung-la-peinture-pour-memoire/" />
<meta property="og:locale" content="en_US" />
<meta property="og:type" content="article" />
<meta property="og:title" content="HANS HARTUNG, LA PEINTURE POUR MÉMOIRE - Librairie 7L" />
<meta property="og:description" content="Figure incontournable de l&#8217;art moderne et acteur marquant de l&#8217;abstraction, Hans Hartung (1904-1989) n&#8217;a eu de cesse, sa vie durant, de laisser derrière lui des souvenirs de son activité : un « autoportrait » en mots, qu&#8217;il publie en 1976, d&#8217;autres mots encore, des archives, des oeuvres, entrelacés&#8230; Pour mémoire. Ecrire sur Hans Hartung c&#8217;est [&hellip;]" />
<meta property="og:url" content="https://librairie7l.com/en/produit/hans-hartung-la-peinture-pour-memoire/" />
<meta property="og:site_name" content="Librairie 7L" />
<meta property="article:modified_time" content="2026-04-29T22:22:25+00:00" />
<meta property="og:image" content="https://librairie7l.com/wp-content/uploads/2019/05/9782754110822_1_75.jpg" />
	<meta property="og:image:width" content="600" />
	<meta property="og:image:height" content="694" />
	<meta property="og:image:type" content="image/jpeg" />
<meta name="twitter:card" content="summary_large_image" />
<meta name="twitter:label1" content="Est. reading time" />
	<meta name="twitter:data1" content="2 minutes" />
<script type="application/ld+json" class="yoast-schema-graph">{"@context":"https://schema.org","@graph":[{"@type":"WebPage","@id":"https://librairie7l.com/en/produit/hans-hartung-la-peinture-pour-memoire/","url":"https://librairie7l.com/en/produit/hans-hartung-la-peinture-pour-memoire/","name":"HANS HARTUNG, LA PEINTURE POUR MÉMOIRE - Librairie 7L","isPartOf":{"@id":"https://librairie7l.com/en/#website"},"datePublished":"2023-05-10T11:11:15+00:00","dateModified":"2026-04-29T22:22:25+00:00","breadcrumb":{"@id":"https://librairie7l.com/en/produit/hans-hartung-la-peinture-pour-memoire/#breadcrumb"},"inLanguage":"en-US","potentialAction":[{"@type":"ReadAction","target":["https://librairie7l.com/en/produit/hans-hartung-la-peinture-pour-memoire/"]}]},{"@type":"BreadcrumbList","@id":"https://librairie7l.com/en/produit/hans-hartung-la-peinture-pour-memoire/#breadcrumb","itemListElement":[{"@type":"ListItem","position":1,"name":"Accueil","item":"https://librairie7l.com/en/"},{"@type":"ListItem","position":2,"name":"Shop","item":"https://librairie7l.com/en/shop/"},{"@type":"ListItem","position":3,"name":"HANS HARTUNG, LA PEINTURE POUR MÉMOIRE"}]},{"@type":"WebSite","@id":"https://librairie7l.com/en/#website","url":"https://librairie7l.com/en/","name":"Librairie 7L","description":"Librairie fondée en 1999 par Karl Lagerfeld à Paris","publisher":{"@id":"https://librairie7l.com/en/#organization"},"potentialAction":[{"@type":"SearchAction","target":{"@type":"EntryPoint","urlTemplate":"https://librairie7l.com/en/?s={search_term_string}"},"query-input":"required name=search_term_string"}],"inLanguage":"en-US"},{"@type":"Organization","@id":"https://librairie7l.com/en/#organization","name":"Librairie 7L","url":"https://librairie7l.com/en/","logo":{"@type":"ImageObject","inLanguage":"en-US","@id":"https://librairie7l.com/en/#/schema/logo/image/","url":"https://librairie7l.com/wp-content/uploads/2022/08/logo-1.png","contentUrl":"https://librairie7l.com/wp-content/uploads/2022/08/logo-1.png","width":227,"height":301,"caption":"Librairie 7L"},"image":{"@id":"https://librairie7l.com/en/#/schema/logo/image/"}}]}</script>
<!-- / Yoast SEO plugin. -->

HANS HARTUNG, LA PEINTURE POUR MÉMOIRE - Librairie 7L

Figure incontournable de l&#8217;art moderne et acteur marquant de l&#8217;abstraction, Hans Hartung (1904-1989) n&#8217;a eu de cesse, sa vie durant, de laisser derrière lui des souvenirs de son activité : un « autoportrait » en mots, qu&#8217;il publie en 1976, d&#8217;autres mots encore, des archives, des oeuvres, entrelacés&#8230; Pour mémoire. Ecrire sur Hans Hartung c&#8217;est [&hellip;]

Librairie fondée en 1999 par Karl Lagerfeld à Paris
