{"id":27743,"date":"2023-05-10T13:11:47","date_gmt":"2023-05-10T11:11:47","guid":{"rendered":"https:\/\/librairie7l.com\/?post_type=product&#038;p=27743"},"modified":"2026-04-29T03:06:49","modified_gmt":"2026-04-29T01:06:49","slug":"wim-wenders-instant-stories-compact-ed","status":"publish","type":"product","link":"https:\/\/librairie7l.com\/en\/produit\/wim-wenders-instant-stories-compact-ed\/","title":{"rendered":"WIM WENDERS INSTANT STORIES (COMPACT ED)"},"content":{"rendered":"<p>R\u00e9\u00e9dition en format compact pour ce catalogue d&#8217;une exposition pr\u00e9sent\u00e9e \u00e0 la Photographer?s Gallery en 2017 puis au C\/O \u00e0 Berlin en 2018. Des ann\u00e9es 1960 aux ann\u00e9es 1980, Wim Wenders s?est servi des Polaro\u00efds pour graver le quotidien, illustrant en couleur le mode de vie de ces ann\u00e9es-l\u00e0. Avec humour, m\u00e9lancolie ou po\u00e9sie, les clich\u00e9s sont le souvenir de shootings photo, des voyages, du charme de la vie en province ou encore de ses amis c\u00e9l\u00e8bres. Les 403 photographies arrang\u00e9es en 36 histoires illustrent les inspirations, l?esth\u00e9tique et parfois le processus cr\u00e9atif derri\u00e8re les films de ce r\u00e9alisateur nomm\u00e9 aux Oscars.<\/p>\n","protected":false},"excerpt":{"rendered":"<p>R\u00e9\u00e9dition en format compact pour ce catalogue d&#8217;une exposition pr\u00e9sent\u00e9e \u00e0 la Photographer?s Gallery en 2017 puis au C\/O \u00e0 Berlin en 2018. Des ann\u00e9es 1960 aux ann\u00e9es 1980, Wim Wenders s?est servi des Polaro\u00efds pour graver le quotidien, illustrant en couleur le mode de vie de ces ann\u00e9es-l\u00e0. Avec humour, m\u00e9lancolie ou po\u00e9sie, les [&hellip;]<\/p>\n","protected":false},"featured_media":27741,"template":"","meta":[],"product_cat":[55,2948,47,2953],"product_tag":[],"acf":[],"yoast_head":"<!-- This site is optimized with the Yoast SEO plugin v20.11 - https:\/\/yoast.com\/wordpress\/plugins\/seo\/ -->\n<title>WIM WENDERS INSTANT STORIES (COMPACT ED) - Librairie 7L<\/title>\n<meta name=\"robots\" content=\"index, follow, max-snippet:-1, max-image-preview:large, max-video-preview:-1\" \/>\n<link rel=\"canonical\" href=\"https:\/\/librairie7l.com\/en\/produit\/wim-wenders-instant-stories-compact-ed\/\" \/>\n<meta property=\"og:locale\" content=\"en_US\" \/>\n<meta property=\"og:type\" content=\"article\" \/>\n<meta property=\"og:title\" content=\"WIM WENDERS INSTANT STORIES (COMPACT ED) - Librairie 7L\" \/>\n<meta property=\"og:description\" content=\"R\u00e9\u00e9dition en format compact pour ce catalogue d&#8217;une exposition pr\u00e9sent\u00e9e \u00e0 la Photographer?s Gallery en 2017 puis au C\/O \u00e0 Berlin en 2018. Des ann\u00e9es 1960 aux ann\u00e9es 1980, Wim Wenders s?est servi des Polaro\u00efds pour graver le quotidien, illustrant en couleur le mode de vie de ces ann\u00e9es-l\u00e0. Avec humour, m\u00e9lancolie ou po\u00e9sie, les [&hellip;]\" \/>\n<meta property=\"og:url\" content=\"https:\/\/librairie7l.com\/en\/produit\/wim-wenders-instant-stories-compact-ed\/\" \/>\n<meta property=\"og:site_name\" content=\"Librairie 7L\" \/>\n<meta property=\"article:modified_time\" content=\"2026-04-29T01:06:49+00:00\" \/>\n<meta property=\"og:image\" content=\"https:\/\/librairie7l.com\/wp-content\/uploads\/2020\/01\/9780500295779_1_75.jpg\" \/>\n\t<meta property=\"og:image:width\" content=\"600\" \/>\n\t<meta property=\"og:image:height\" content=\"700\" \/>\n\t<meta property=\"og:image:type\" content=\"image\/jpeg\" \/>\n<meta name=\"twitter:card\" content=\"summary_large_image\" \/>\n<meta name=\"twitter:label1\" content=\"Est. reading time\" \/>\n\t<meta name=\"twitter:data1\" content=\"1 minute\" \/>\n<script type=\"application\/ld+json\" class=\"yoast-schema-graph\">{\"@context\":\"https:\/\/schema.org\",\"@graph\":[{\"@type\":\"WebPage\",\"@id\":\"https:\/\/librairie7l.com\/en\/produit\/wim-wenders-instant-stories-compact-ed\/\",\"url\":\"https:\/\/librairie7l.com\/en\/produit\/wim-wenders-instant-stories-compact-ed\/\",\"name\":\"WIM WENDERS INSTANT STORIES (COMPACT ED) - Librairie 7L\",\"isPartOf\":{\"@id\":\"https:\/\/librairie7l.com\/en\/#website\"},\"datePublished\":\"2023-05-10T11:11:47+00:00\",\"dateModified\":\"2026-04-29T01:06:49+00:00\",\"breadcrumb\":{\"@id\":\"https:\/\/librairie7l.com\/en\/produit\/wim-wenders-instant-stories-compact-ed\/#breadcrumb\"},\"inLanguage\":\"en-US\",\"potentialAction\":[{\"@type\":\"ReadAction\",\"target\":[\"https:\/\/librairie7l.com\/en\/produit\/wim-wenders-instant-stories-compact-ed\/\"]}]},{\"@type\":\"BreadcrumbList\",\"@id\":\"https:\/\/librairie7l.com\/en\/produit\/wim-wenders-instant-stories-compact-ed\/#breadcrumb\",\"itemListElement\":[{\"@type\":\"ListItem\",\"position\":1,\"name\":\"Accueil\",\"item\":\"https:\/\/librairie7l.com\/en\/\"},{\"@type\":\"ListItem\",\"position\":2,\"name\":\"Shop\",\"item\":\"https:\/\/librairie7l.com\/en\/shop\/\"},{\"@type\":\"ListItem\",\"position\":3,\"name\":\"WIM WENDERS INSTANT STORIES (COMPACT ED)\"}]},{\"@type\":\"WebSite\",\"@id\":\"https:\/\/librairie7l.com\/en\/#website\",\"url\":\"https:\/\/librairie7l.com\/en\/\",\"name\":\"Librairie 7L\",\"description\":\"Librairie fond\u00e9e en 1999 par Karl Lagerfeld \u00e0 Paris\",\"publisher\":{\"@id\":\"https:\/\/librairie7l.com\/en\/#organization\"},\"potentialAction\":[{\"@type\":\"SearchAction\",\"target\":{\"@type\":\"EntryPoint\",\"urlTemplate\":\"https:\/\/librairie7l.com\/en\/?s={search_term_string}\"},\"query-input\":\"required name=search_term_string\"}],\"inLanguage\":\"en-US\"},{\"@type\":\"Organization\",\"@id\":\"https:\/\/librairie7l.com\/en\/#organization\",\"name\":\"Librairie 7L\",\"url\":\"https:\/\/librairie7l.com\/en\/\",\"logo\":{\"@type\":\"ImageObject\",\"inLanguage\":\"en-US\",\"@id\":\"https:\/\/librairie7l.com\/en\/#\/schema\/logo\/image\/\",\"url\":\"https:\/\/librairie7l.com\/wp-content\/uploads\/2022\/08\/logo-1.png\",\"contentUrl\":\"https:\/\/librairie7l.com\/wp-content\/uploads\/2022\/08\/logo-1.png\",\"width\":227,\"height\":301,\"caption\":\"Librairie 7L\"},\"image\":{\"@id\":\"https:\/\/librairie7l.com\/en\/#\/schema\/logo\/image\/\"}}]}<\/script>\n<!-- \/ Yoast SEO plugin. -->","yoast_head_json":{"title":"WIM WENDERS INSTANT STORIES (COMPACT ED) - Librairie 7L","robots":{"index":"index","follow":"follow","max-snippet":"max-snippet:-1","max-image-preview":"max-image-preview:large","max-video-preview":"max-video-preview:-1"},"canonical":"https:\/\/librairie7l.com\/en\/produit\/wim-wenders-instant-stories-compact-ed\/","og_locale":"en_US","og_type":"article","og_title":"WIM WENDERS INSTANT STORIES (COMPACT ED) - Librairie 7L","og_description":"R\u00e9\u00e9dition en format compact pour ce catalogue d&#8217;une exposition pr\u00e9sent\u00e9e \u00e0 la Photographer?s Gallery en 2017 puis au C\/O \u00e0 Berlin en 2018. Des ann\u00e9es 1960 aux ann\u00e9es 1980, Wim Wenders s?est servi des Polaro\u00efds pour graver le quotidien, illustrant en couleur le mode de vie de ces ann\u00e9es-l\u00e0. Avec humour, m\u00e9lancolie ou po\u00e9sie, les [&hellip;]","og_url":"https:\/\/librairie7l.com\/en\/produit\/wim-wenders-instant-stories-compact-ed\/","og_site_name":"Librairie 7L","article_modified_time":"2026-04-29T01:06:49+00:00","og_image":[{"width":600,"height":700,"url":"https:\/\/librairie7l.com\/wp-content\/uploads\/2020\/01\/9780500295779_1_75.jpg","type":"image\/jpeg"}],"twitter_card":"summary_large_image","twitter_misc":{"Est. reading time":"1 minute"},"schema":{"@context":"https:\/\/schema.org","@graph":[{"@type":"WebPage","@id":"https:\/\/librairie7l.com\/en\/produit\/wim-wenders-instant-stories-compact-ed\/","url":"https:\/\/librairie7l.com\/en\/produit\/wim-wenders-instant-stories-compact-ed\/","name":"WIM WENDERS INSTANT STORIES (COMPACT ED) - Librairie 7L","isPartOf":{"@id":"https:\/\/librairie7l.com\/en\/#website"},"datePublished":"2023-05-10T11:11:47+00:00","dateModified":"2026-04-29T01:06:49+00:00","breadcrumb":{"@id":"https:\/\/librairie7l.com\/en\/produit\/wim-wenders-instant-stories-compact-ed\/#breadcrumb"},"inLanguage":"en-US","potentialAction":[{"@type":"ReadAction","target":["https:\/\/librairie7l.com\/en\/produit\/wim-wenders-instant-stories-compact-ed\/"]}]},{"@type":"BreadcrumbList","@id":"https:\/\/librairie7l.com\/en\/produit\/wim-wenders-instant-stories-compact-ed\/#breadcrumb","itemListElement":[{"@type":"ListItem","position":1,"name":"Accueil","item":"https:\/\/librairie7l.com\/en\/"},{"@type":"ListItem","position":2,"name":"Shop","item":"https:\/\/librairie7l.com\/en\/shop\/"},{"@type":"ListItem","position":3,"name":"WIM WENDERS INSTANT STORIES (COMPACT ED)"}]},{"@type":"WebSite","@id":"https:\/\/librairie7l.com\/en\/#website","url":"https:\/\/librairie7l.com\/en\/","name":"Librairie 7L","description":"Librairie fond\u00e9e en 1999 par Karl Lagerfeld \u00e0 Paris","publisher":{"@id":"https:\/\/librairie7l.com\/en\/#organization"},"potentialAction":[{"@type":"SearchAction","target":{"@type":"EntryPoint","urlTemplate":"https:\/\/librairie7l.com\/en\/?s={search_term_string}"},"query-input":"required name=search_term_string"}],"inLanguage":"en-US"},{"@type":"Organization","@id":"https:\/\/librairie7l.com\/en\/#organization","name":"Librairie 7L","url":"https:\/\/librairie7l.com\/en\/","logo":{"@type":"ImageObject","inLanguage":"en-US","@id":"https:\/\/librairie7l.com\/en\/#\/schema\/logo\/image\/","url":"https:\/\/librairie7l.com\/wp-content\/uploads\/2022\/08\/logo-1.png","contentUrl":"https:\/\/librairie7l.com\/wp-content\/uploads\/2022\/08\/logo-1.png","width":227,"height":301,"caption":"Librairie 7L"},"image":{"@id":"https:\/\/librairie7l.com\/en\/#\/schema\/logo\/image\/"}}]}},"_links":{"self":[{"href":"https:\/\/librairie7l.com\/en\/wp-json\/wp\/v2\/product\/27743"}],"collection":[{"href":"https:\/\/librairie7l.com\/en\/wp-json\/wp\/v2\/product"}],"about":[{"href":"https:\/\/librairie7l.com\/en\/wp-json\/wp\/v2\/types\/product"}],"wp:featuredmedia":[{"embeddable":true,"href":"https:\/\/librairie7l.com\/en\/wp-json\/wp\/v2\/media\/27741"}],"wp:attachment":[{"href":"https:\/\/librairie7l.com\/en\/wp-json\/wp\/v2\/media?parent=27743"}],"wp:term":[{"taxonomy":"product_cat","embeddable":true,"href":"https:\/\/librairie7l.com\/en\/wp-json\/wp\/v2\/product_cat?post=27743"},{"taxonomy":"product_tag","embeddable":true,"href":"https:\/\/librairie7l.com\/en\/wp-json\/wp\/v2\/product_tag?post=27743"}],"curies":[{"name":"wp","href":"https:\/\/api.w.org\/{rel}","templated":true}]}}

<p>Réédition en format compact pour ce catalogue d&#8217;une exposition présentée à la Photographer?s Gallery en 2017 puis au C/O à Berlin en 2018. Des années 1960 aux années 1980, Wim Wenders s?est servi des Polaroïds pour graver le quotidien, illustrant en couleur le mode de vie de ces années-là. Avec humour, mélancolie ou poésie, les clichés sont le souvenir de shootings photo, des voyages, du charme de la vie en province ou encore de ses amis célèbres. Les 403 photographies arrangées en 36 histoires illustrent les inspirations, l?esthétique et parfois le processus créatif derrière les films de ce réalisateur nommé aux Oscars.</p>

<p>Réédition en format compact pour ce catalogue d&#8217;une exposition présentée à la Photographer?s Gallery en 2017 puis au C/O à Berlin en 2018. Des années 1960 aux années 1980, Wim Wenders s?est servi des Polaroïds pour graver le quotidien, illustrant en couleur le mode de vie de ces années-là. Avec humour, mélancolie ou poésie, les [&hellip;]</p>

<!-- This site is optimized with the Yoast SEO plugin v20.11 - https://yoast.com/wordpress/plugins/seo/ -->
<title>WIM WENDERS INSTANT STORIES (COMPACT ED) - Librairie 7L</title>
<meta name="robots" content="index, follow, max-snippet:-1, max-image-preview:large, max-video-preview:-1" />
<link rel="canonical" href="https://librairie7l.com/en/produit/wim-wenders-instant-stories-compact-ed/" />
<meta property="og:locale" content="en_US" />
<meta property="og:type" content="article" />
<meta property="og:title" content="WIM WENDERS INSTANT STORIES (COMPACT ED) - Librairie 7L" />
<meta property="og:description" content="Réédition en format compact pour ce catalogue d&#8217;une exposition présentée à la Photographer?s Gallery en 2017 puis au C/O à Berlin en 2018. Des années 1960 aux années 1980, Wim Wenders s?est servi des Polaroïds pour graver le quotidien, illustrant en couleur le mode de vie de ces années-là. Avec humour, mélancolie ou poésie, les [&hellip;]" />
<meta property="og:url" content="https://librairie7l.com/en/produit/wim-wenders-instant-stories-compact-ed/" />
<meta property="og:site_name" content="Librairie 7L" />
<meta property="article:modified_time" content="2026-04-29T01:06:49+00:00" />
<meta property="og:image" content="https://librairie7l.com/wp-content/uploads/2020/01/9780500295779_1_75.jpg" />
	<meta property="og:image:width" content="600" />
	<meta property="og:image:height" content="700" />
	<meta property="og:image:type" content="image/jpeg" />
<meta name="twitter:card" content="summary_large_image" />
<meta name="twitter:label1" content="Est. reading time" />
	<meta name="twitter:data1" content="1 minute" />
<script type="application/ld+json" class="yoast-schema-graph">{"@context":"https://schema.org","@graph":[{"@type":"WebPage","@id":"https://librairie7l.com/en/produit/wim-wenders-instant-stories-compact-ed/","url":"https://librairie7l.com/en/produit/wim-wenders-instant-stories-compact-ed/","name":"WIM WENDERS INSTANT STORIES (COMPACT ED) - Librairie 7L","isPartOf":{"@id":"https://librairie7l.com/en/#website"},"datePublished":"2023-05-10T11:11:47+00:00","dateModified":"2026-04-29T01:06:49+00:00","breadcrumb":{"@id":"https://librairie7l.com/en/produit/wim-wenders-instant-stories-compact-ed/#breadcrumb"},"inLanguage":"en-US","potentialAction":[{"@type":"ReadAction","target":["https://librairie7l.com/en/produit/wim-wenders-instant-stories-compact-ed/"]}]},{"@type":"BreadcrumbList","@id":"https://librairie7l.com/en/produit/wim-wenders-instant-stories-compact-ed/#breadcrumb","itemListElement":[{"@type":"ListItem","position":1,"name":"Accueil","item":"https://librairie7l.com/en/"},{"@type":"ListItem","position":2,"name":"Shop","item":"https://librairie7l.com/en/shop/"},{"@type":"ListItem","position":3,"name":"WIM WENDERS INSTANT STORIES (COMPACT ED)"}]},{"@type":"WebSite","@id":"https://librairie7l.com/en/#website","url":"https://librairie7l.com/en/","name":"Librairie 7L","description":"Librairie fondée en 1999 par Karl Lagerfeld à Paris","publisher":{"@id":"https://librairie7l.com/en/#organization"},"potentialAction":[{"@type":"SearchAction","target":{"@type":"EntryPoint","urlTemplate":"https://librairie7l.com/en/?s={search_term_string}"},"query-input":"required name=search_term_string"}],"inLanguage":"en-US"},{"@type":"Organization","@id":"https://librairie7l.com/en/#organization","name":"Librairie 7L","url":"https://librairie7l.com/en/","logo":{"@type":"ImageObject","inLanguage":"en-US","@id":"https://librairie7l.com/en/#/schema/logo/image/","url":"https://librairie7l.com/wp-content/uploads/2022/08/logo-1.png","contentUrl":"https://librairie7l.com/wp-content/uploads/2022/08/logo-1.png","width":227,"height":301,"caption":"Librairie 7L"},"image":{"@id":"https://librairie7l.com/en/#/schema/logo/image/"}}]}</script>
<!-- / Yoast SEO plugin. -->

Réédition en format compact pour ce catalogue d&#8217;une exposition présentée à la Photographer?s Gallery en 2017 puis au C/O à Berlin en 2018. Des années 1960 aux années 1980, Wim Wenders s?est servi des Polaroïds pour graver le quotidien, illustrant en couleur le mode de vie de ces années-là. Avec humour, mélancolie ou poésie, les [&hellip;]

Librairie fondée en 1999 par Karl Lagerfeld à Paris
