{"id":29057,"date":"2023-05-10T13:51:49","date_gmt":"2023-05-10T11:51:49","guid":{"rendered":"https:\/\/librairie7l.com\/?post_type=product&#038;p=29057"},"modified":"2026-04-28T10:34:10","modified_gmt":"2026-04-28T08:34:10","slug":"album-architecture-abidjan","status":"publish","type":"product","link":"https:\/\/librairie7l.com\/en\/produit\/album-architecture-abidjan\/","title":{"rendered":"ALBUM ARCHITECTURE : ABIDJAN"},"content":{"rendered":"<p>Un ouvrage iconographique sur l&#8217;architecture moderne d&#8217;Abidjan qui entend proposer une recension photographique de trente b\u00e2timents repr\u00e9sentatifs de ce moment choisi d&#8217;architecture qui suivit les ind\u00e9pendances.<br \/>\nCeci n&#8217;est pas un livre d&#8217;architecture mais un livre de photographie sur une architecture qui s&#8217;exprime par le divers. Il s&#8217;agit d&#8217;un ouvrage qui entend proposer un regard photographique sur des b\u00e2timents d&#8217;Abidjan portant l&#8217;empreinte d&#8217;un certain \u00ab modernisme tropical \u00bb. Plus exactement, Album Architectures, Abidjan est le t\u00e9moignage d&#8217;une rencontre entre deux individus qui habitent et partagent un attachement esth\u00e9tique et \u00e9motionnel pour la cit\u00e9 lagunaire. Issa Diabat\u00e9, architecte, acteur contemporain du devenir architectural de cette ville qui ne cesse de se r\u00e9inventer. Fran\u00e7ois-Xavier Gbr\u00e9, photographe qui a fait de l&#8217;architecture son m\u00e9dium privil\u00e9gi\u00e9 d&#8217;appr\u00e9hension de l&#8217;histoire sourde des lieux en envisageant les architectures comme les traces s\u00e9dimentaires des changements sociaux et politiques d&#8217;un pays, la C\u00f4te d&#8217;Ivoire.<br \/>\nCet ouvrage, et la collection Album Architectures plus largement, souhaite initier une r\u00e9flexion sur la d\u00e9finition de la notion de patrimoine contemporain \u00e0 travers la valorisation de paysages architecturaux riches et singuliers, pas toujours identifi\u00e9s, souvent invisibilis\u00e9s, de villes en perp\u00e9tuelle mutation urbaine.<\/p>\n","protected":false},"excerpt":{"rendered":"<p>Un ouvrage iconographique sur l&#8217;architecture moderne d&#8217;Abidjan qui entend proposer une recension photographique de trente b\u00e2timents repr\u00e9sentatifs de ce moment choisi d&#8217;architecture qui suivit les ind\u00e9pendances. Ceci n&#8217;est pas un livre d&#8217;architecture mais un livre de photographie sur une architecture qui s&#8217;exprime par le divers. Il s&#8217;agit d&#8217;un ouvrage qui entend proposer un regard photographique [&hellip;]<\/p>\n","protected":false},"featured_media":29055,"template":"","meta":[],"product_cat":[55,2948,22,2950],"product_tag":[],"acf":[],"yoast_head":"<!-- This site is optimized with the Yoast SEO plugin v20.11 - https:\/\/yoast.com\/wordpress\/plugins\/seo\/ -->\n<title>ALBUM ARCHITECTURE : ABIDJAN - Librairie 7L<\/title>\n<meta name=\"robots\" content=\"index, follow, max-snippet:-1, max-image-preview:large, max-video-preview:-1\" \/>\n<link rel=\"canonical\" href=\"https:\/\/librairie7l.com\/en\/produit\/album-architecture-abidjan\/\" \/>\n<meta property=\"og:locale\" content=\"en_US\" \/>\n<meta property=\"og:type\" content=\"article\" \/>\n<meta property=\"og:title\" content=\"ALBUM ARCHITECTURE : ABIDJAN - Librairie 7L\" \/>\n<meta property=\"og:description\" content=\"Un ouvrage iconographique sur l&#8217;architecture moderne d&#8217;Abidjan qui entend proposer une recension photographique de trente b\u00e2timents repr\u00e9sentatifs de ce moment choisi d&#8217;architecture qui suivit les ind\u00e9pendances. Ceci n&#8217;est pas un livre d&#8217;architecture mais un livre de photographie sur une architecture qui s&#8217;exprime par le divers. Il s&#8217;agit d&#8217;un ouvrage qui entend proposer un regard photographique [&hellip;]\" \/>\n<meta property=\"og:url\" content=\"https:\/\/librairie7l.com\/en\/produit\/album-architecture-abidjan\/\" \/>\n<meta property=\"og:site_name\" content=\"Librairie 7L\" \/>\n<meta property=\"article:modified_time\" content=\"2026-04-28T08:34:10+00:00\" \/>\n<meta property=\"og:image\" content=\"https:\/\/librairie7l.com\/wp-content\/uploads\/2022\/11\/9782493283115_1_75.jpg\" \/>\n\t<meta property=\"og:image:width\" content=\"600\" \/>\n\t<meta property=\"og:image:height\" content=\"799\" \/>\n\t<meta property=\"og:image:type\" content=\"image\/jpeg\" \/>\n<meta name=\"twitter:card\" content=\"summary_large_image\" \/>\n<meta name=\"twitter:label1\" content=\"Est. reading time\" \/>\n\t<meta name=\"twitter:data1\" content=\"1 minute\" \/>\n<script type=\"application\/ld+json\" class=\"yoast-schema-graph\">{\"@context\":\"https:\/\/schema.org\",\"@graph\":[{\"@type\":\"WebPage\",\"@id\":\"https:\/\/librairie7l.com\/en\/produit\/album-architecture-abidjan\/\",\"url\":\"https:\/\/librairie7l.com\/en\/produit\/album-architecture-abidjan\/\",\"name\":\"ALBUM ARCHITECTURE : ABIDJAN - Librairie 7L\",\"isPartOf\":{\"@id\":\"https:\/\/librairie7l.com\/en\/#website\"},\"datePublished\":\"2023-05-10T11:51:49+00:00\",\"dateModified\":\"2026-04-28T08:34:10+00:00\",\"breadcrumb\":{\"@id\":\"https:\/\/librairie7l.com\/en\/produit\/album-architecture-abidjan\/#breadcrumb\"},\"inLanguage\":\"en-US\",\"potentialAction\":[{\"@type\":\"ReadAction\",\"target\":[\"https:\/\/librairie7l.com\/en\/produit\/album-architecture-abidjan\/\"]}]},{\"@type\":\"BreadcrumbList\",\"@id\":\"https:\/\/librairie7l.com\/en\/produit\/album-architecture-abidjan\/#breadcrumb\",\"itemListElement\":[{\"@type\":\"ListItem\",\"position\":1,\"name\":\"Accueil\",\"item\":\"https:\/\/librairie7l.com\/en\/\"},{\"@type\":\"ListItem\",\"position\":2,\"name\":\"Shop\",\"item\":\"https:\/\/librairie7l.com\/en\/shop\/\"},{\"@type\":\"ListItem\",\"position\":3,\"name\":\"ALBUM ARCHITECTURE : ABIDJAN\"}]},{\"@type\":\"WebSite\",\"@id\":\"https:\/\/librairie7l.com\/en\/#website\",\"url\":\"https:\/\/librairie7l.com\/en\/\",\"name\":\"Librairie 7L\",\"description\":\"Librairie fond\u00e9e en 1999 par Karl Lagerfeld \u00e0 Paris\",\"publisher\":{\"@id\":\"https:\/\/librairie7l.com\/en\/#organization\"},\"potentialAction\":[{\"@type\":\"SearchAction\",\"target\":{\"@type\":\"EntryPoint\",\"urlTemplate\":\"https:\/\/librairie7l.com\/en\/?s={search_term_string}\"},\"query-input\":\"required name=search_term_string\"}],\"inLanguage\":\"en-US\"},{\"@type\":\"Organization\",\"@id\":\"https:\/\/librairie7l.com\/en\/#organization\",\"name\":\"Librairie 7L\",\"url\":\"https:\/\/librairie7l.com\/en\/\",\"logo\":{\"@type\":\"ImageObject\",\"inLanguage\":\"en-US\",\"@id\":\"https:\/\/librairie7l.com\/en\/#\/schema\/logo\/image\/\",\"url\":\"https:\/\/librairie7l.com\/wp-content\/uploads\/2022\/08\/logo-1.png\",\"contentUrl\":\"https:\/\/librairie7l.com\/wp-content\/uploads\/2022\/08\/logo-1.png\",\"width\":227,\"height\":301,\"caption\":\"Librairie 7L\"},\"image\":{\"@id\":\"https:\/\/librairie7l.com\/en\/#\/schema\/logo\/image\/\"}}]}<\/script>\n<!-- \/ Yoast SEO plugin. -->","yoast_head_json":{"title":"ALBUM ARCHITECTURE : ABIDJAN - Librairie 7L","robots":{"index":"index","follow":"follow","max-snippet":"max-snippet:-1","max-image-preview":"max-image-preview:large","max-video-preview":"max-video-preview:-1"},"canonical":"https:\/\/librairie7l.com\/en\/produit\/album-architecture-abidjan\/","og_locale":"en_US","og_type":"article","og_title":"ALBUM ARCHITECTURE : ABIDJAN - Librairie 7L","og_description":"Un ouvrage iconographique sur l&#8217;architecture moderne d&#8217;Abidjan qui entend proposer une recension photographique de trente b\u00e2timents repr\u00e9sentatifs de ce moment choisi d&#8217;architecture qui suivit les ind\u00e9pendances. Ceci n&#8217;est pas un livre d&#8217;architecture mais un livre de photographie sur une architecture qui s&#8217;exprime par le divers. Il s&#8217;agit d&#8217;un ouvrage qui entend proposer un regard photographique [&hellip;]","og_url":"https:\/\/librairie7l.com\/en\/produit\/album-architecture-abidjan\/","og_site_name":"Librairie 7L","article_modified_time":"2026-04-28T08:34:10+00:00","og_image":[{"width":600,"height":799,"url":"https:\/\/librairie7l.com\/wp-content\/uploads\/2022\/11\/9782493283115_1_75.jpg","type":"image\/jpeg"}],"twitter_card":"summary_large_image","twitter_misc":{"Est. reading time":"1 minute"},"schema":{"@context":"https:\/\/schema.org","@graph":[{"@type":"WebPage","@id":"https:\/\/librairie7l.com\/en\/produit\/album-architecture-abidjan\/","url":"https:\/\/librairie7l.com\/en\/produit\/album-architecture-abidjan\/","name":"ALBUM ARCHITECTURE : ABIDJAN - Librairie 7L","isPartOf":{"@id":"https:\/\/librairie7l.com\/en\/#website"},"datePublished":"2023-05-10T11:51:49+00:00","dateModified":"2026-04-28T08:34:10+00:00","breadcrumb":{"@id":"https:\/\/librairie7l.com\/en\/produit\/album-architecture-abidjan\/#breadcrumb"},"inLanguage":"en-US","potentialAction":[{"@type":"ReadAction","target":["https:\/\/librairie7l.com\/en\/produit\/album-architecture-abidjan\/"]}]},{"@type":"BreadcrumbList","@id":"https:\/\/librairie7l.com\/en\/produit\/album-architecture-abidjan\/#breadcrumb","itemListElement":[{"@type":"ListItem","position":1,"name":"Accueil","item":"https:\/\/librairie7l.com\/en\/"},{"@type":"ListItem","position":2,"name":"Shop","item":"https:\/\/librairie7l.com\/en\/shop\/"},{"@type":"ListItem","position":3,"name":"ALBUM ARCHITECTURE : ABIDJAN"}]},{"@type":"WebSite","@id":"https:\/\/librairie7l.com\/en\/#website","url":"https:\/\/librairie7l.com\/en\/","name":"Librairie 7L","description":"Librairie fond\u00e9e en 1999 par Karl Lagerfeld \u00e0 Paris","publisher":{"@id":"https:\/\/librairie7l.com\/en\/#organization"},"potentialAction":[{"@type":"SearchAction","target":{"@type":"EntryPoint","urlTemplate":"https:\/\/librairie7l.com\/en\/?s={search_term_string}"},"query-input":"required name=search_term_string"}],"inLanguage":"en-US"},{"@type":"Organization","@id":"https:\/\/librairie7l.com\/en\/#organization","name":"Librairie 7L","url":"https:\/\/librairie7l.com\/en\/","logo":{"@type":"ImageObject","inLanguage":"en-US","@id":"https:\/\/librairie7l.com\/en\/#\/schema\/logo\/image\/","url":"https:\/\/librairie7l.com\/wp-content\/uploads\/2022\/08\/logo-1.png","contentUrl":"https:\/\/librairie7l.com\/wp-content\/uploads\/2022\/08\/logo-1.png","width":227,"height":301,"caption":"Librairie 7L"},"image":{"@id":"https:\/\/librairie7l.com\/en\/#\/schema\/logo\/image\/"}}]}},"_links":{"self":[{"href":"https:\/\/librairie7l.com\/en\/wp-json\/wp\/v2\/product\/29057"}],"collection":[{"href":"https:\/\/librairie7l.com\/en\/wp-json\/wp\/v2\/product"}],"about":[{"href":"https:\/\/librairie7l.com\/en\/wp-json\/wp\/v2\/types\/product"}],"wp:featuredmedia":[{"embeddable":true,"href":"https:\/\/librairie7l.com\/en\/wp-json\/wp\/v2\/media\/29055"}],"wp:attachment":[{"href":"https:\/\/librairie7l.com\/en\/wp-json\/wp\/v2\/media?parent=29057"}],"wp:term":[{"taxonomy":"product_cat","embeddable":true,"href":"https:\/\/librairie7l.com\/en\/wp-json\/wp\/v2\/product_cat?post=29057"},{"taxonomy":"product_tag","embeddable":true,"href":"https:\/\/librairie7l.com\/en\/wp-json\/wp\/v2\/product_tag?post=29057"}],"curies":[{"name":"wp","href":"https:\/\/api.w.org\/{rel}","templated":true}]}}

<p>Un ouvrage iconographique sur l&#8217;architecture moderne d&#8217;Abidjan qui entend proposer une recension photographique de trente bâtiments représentatifs de ce moment choisi d&#8217;architecture qui suivit les indépendances.<br />
Ceci n&#8217;est pas un livre d&#8217;architecture mais un livre de photographie sur une architecture qui s&#8217;exprime par le divers. Il s&#8217;agit d&#8217;un ouvrage qui entend proposer un regard photographique sur des bâtiments d&#8217;Abidjan portant l&#8217;empreinte d&#8217;un certain « modernisme tropical ». Plus exactement, Album Architectures, Abidjan est le témoignage d&#8217;une rencontre entre deux individus qui habitent et partagent un attachement esthétique et émotionnel pour la cité lagunaire. Issa Diabaté, architecte, acteur contemporain du devenir architectural de cette ville qui ne cesse de se réinventer. François-Xavier Gbré, photographe qui a fait de l&#8217;architecture son médium privilégié d&#8217;appréhension de l&#8217;histoire sourde des lieux en envisageant les architectures comme les traces sédimentaires des changements sociaux et politiques d&#8217;un pays, la Côte d&#8217;Ivoire.<br />
Cet ouvrage, et la collection Album Architectures plus largement, souhaite initier une réflexion sur la définition de la notion de patrimoine contemporain à travers la valorisation de paysages architecturaux riches et singuliers, pas toujours identifiés, souvent invisibilisés, de villes en perpétuelle mutation urbaine.</p>

<p>Un ouvrage iconographique sur l&#8217;architecture moderne d&#8217;Abidjan qui entend proposer une recension photographique de trente bâtiments représentatifs de ce moment choisi d&#8217;architecture qui suivit les indépendances. Ceci n&#8217;est pas un livre d&#8217;architecture mais un livre de photographie sur une architecture qui s&#8217;exprime par le divers. Il s&#8217;agit d&#8217;un ouvrage qui entend proposer un regard photographique [&hellip;]</p>

<!-- This site is optimized with the Yoast SEO plugin v20.11 - https://yoast.com/wordpress/plugins/seo/ -->
<title>ALBUM ARCHITECTURE : ABIDJAN - Librairie 7L</title>
<meta name="robots" content="index, follow, max-snippet:-1, max-image-preview:large, max-video-preview:-1" />
<link rel="canonical" href="https://librairie7l.com/en/produit/album-architecture-abidjan/" />
<meta property="og:locale" content="en_US" />
<meta property="og:type" content="article" />
<meta property="og:title" content="ALBUM ARCHITECTURE : ABIDJAN - Librairie 7L" />
<meta property="og:description" content="Un ouvrage iconographique sur l&#8217;architecture moderne d&#8217;Abidjan qui entend proposer une recension photographique de trente bâtiments représentatifs de ce moment choisi d&#8217;architecture qui suivit les indépendances. Ceci n&#8217;est pas un livre d&#8217;architecture mais un livre de photographie sur une architecture qui s&#8217;exprime par le divers. Il s&#8217;agit d&#8217;un ouvrage qui entend proposer un regard photographique [&hellip;]" />
<meta property="og:url" content="https://librairie7l.com/en/produit/album-architecture-abidjan/" />
<meta property="og:site_name" content="Librairie 7L" />
<meta property="article:modified_time" content="2026-04-28T08:34:10+00:00" />
<meta property="og:image" content="https://librairie7l.com/wp-content/uploads/2022/11/9782493283115_1_75.jpg" />
	<meta property="og:image:width" content="600" />
	<meta property="og:image:height" content="799" />
	<meta property="og:image:type" content="image/jpeg" />
<meta name="twitter:card" content="summary_large_image" />
<meta name="twitter:label1" content="Est. reading time" />
	<meta name="twitter:data1" content="1 minute" />
<script type="application/ld+json" class="yoast-schema-graph">{"@context":"https://schema.org","@graph":[{"@type":"WebPage","@id":"https://librairie7l.com/en/produit/album-architecture-abidjan/","url":"https://librairie7l.com/en/produit/album-architecture-abidjan/","name":"ALBUM ARCHITECTURE : ABIDJAN - Librairie 7L","isPartOf":{"@id":"https://librairie7l.com/en/#website"},"datePublished":"2023-05-10T11:51:49+00:00","dateModified":"2026-04-28T08:34:10+00:00","breadcrumb":{"@id":"https://librairie7l.com/en/produit/album-architecture-abidjan/#breadcrumb"},"inLanguage":"en-US","potentialAction":[{"@type":"ReadAction","target":["https://librairie7l.com/en/produit/album-architecture-abidjan/"]}]},{"@type":"BreadcrumbList","@id":"https://librairie7l.com/en/produit/album-architecture-abidjan/#breadcrumb","itemListElement":[{"@type":"ListItem","position":1,"name":"Accueil","item":"https://librairie7l.com/en/"},{"@type":"ListItem","position":2,"name":"Shop","item":"https://librairie7l.com/en/shop/"},{"@type":"ListItem","position":3,"name":"ALBUM ARCHITECTURE : ABIDJAN"}]},{"@type":"WebSite","@id":"https://librairie7l.com/en/#website","url":"https://librairie7l.com/en/","name":"Librairie 7L","description":"Librairie fondée en 1999 par Karl Lagerfeld à Paris","publisher":{"@id":"https://librairie7l.com/en/#organization"},"potentialAction":[{"@type":"SearchAction","target":{"@type":"EntryPoint","urlTemplate":"https://librairie7l.com/en/?s={search_term_string}"},"query-input":"required name=search_term_string"}],"inLanguage":"en-US"},{"@type":"Organization","@id":"https://librairie7l.com/en/#organization","name":"Librairie 7L","url":"https://librairie7l.com/en/","logo":{"@type":"ImageObject","inLanguage":"en-US","@id":"https://librairie7l.com/en/#/schema/logo/image/","url":"https://librairie7l.com/wp-content/uploads/2022/08/logo-1.png","contentUrl":"https://librairie7l.com/wp-content/uploads/2022/08/logo-1.png","width":227,"height":301,"caption":"Librairie 7L"},"image":{"@id":"https://librairie7l.com/en/#/schema/logo/image/"}}]}</script>
<!-- / Yoast SEO plugin. -->

Un ouvrage iconographique sur l&#8217;architecture moderne d&#8217;Abidjan qui entend proposer une recension photographique de trente bâtiments représentatifs de ce moment choisi d&#8217;architecture qui suivit les indépendances. Ceci n&#8217;est pas un livre d&#8217;architecture mais un livre de photographie sur une architecture qui s&#8217;exprime par le divers. Il s&#8217;agit d&#8217;un ouvrage qui entend proposer un regard photographique [&hellip;]

Librairie fondée en 1999 par Karl Lagerfeld à Paris
