{"id":29131,"date":"2023-05-10T13:54:27","date_gmt":"2023-05-10T11:54:27","guid":{"rendered":"https:\/\/librairie7l.com\/?post_type=product&#038;p=29131"},"modified":"2026-04-29T22:25:46","modified_gmt":"2026-04-29T20:25:46","slug":"reflexions-sur-la-couleur","status":"publish","type":"product","link":"https:\/\/librairie7l.com\/en\/produit\/reflexions-sur-la-couleur\/","title":{"rendered":"R\u00c9FLEXIONS SUR LA COULEUR"},"content":{"rendered":"<p>D\u00e9di\u00e9e au travail du c\u00e9l\u00e8bre artiste v\u00e9n\u00e9zu\u00e9lien Carlos Cruz-Diez, cette r\u00e9\u00e9dition en Fran\u00e7ais de Reflexi\u00f3n sobre el color, publi\u00e9e en espagnol en 1989 par la Fondation Juan March, offre une vue d&#8217;ensemble sur le travail de l&#8217;un des artistes les plus importants d&#8217;Am\u00e9rique Latine.<br \/>\nConnu pour ses recherches inscrites dans le mouvement cin\u00e9tique, ses exp\u00e9rimentations ont influenc\u00e9 les id\u00e9es sur la couleur.<br \/>\nCe livre inclu une section o\u00f9 la pens\u00e9e de Cruz diez s&#8217;inscrit dans le corpus th\u00e9orique sur la couleur qui va de Newton \u00e0 Young ou Maxwel, de Goethe \u00e0 Kandinsky ou Paul Klee pr\u00e9sentes par exemple dans pr\u00e8s de vingt oeuvres r\u00e9alis\u00e9es depuis 1954 ainsi qu&#8217;une section documentaire reprenant des photographies, et des exemples des proc\u00e9dures artistiques employ\u00e9es par l&#8217;artiste.<\/p>\n","protected":false},"excerpt":{"rendered":"<p>D\u00e9di\u00e9e au travail du c\u00e9l\u00e8bre artiste v\u00e9n\u00e9zu\u00e9lien Carlos Cruz-Diez, cette r\u00e9\u00e9dition en Fran\u00e7ais de Reflexi\u00f3n sobre el color, publi\u00e9e en espagnol en 1989 par la Fondation Juan March, offre une vue d&#8217;ensemble sur le travail de l&#8217;un des artistes les plus importants d&#8217;Am\u00e9rique Latine. Connu pour ses recherches inscrites dans le mouvement cin\u00e9tique, ses exp\u00e9rimentations [&hellip;]<\/p>\n","protected":false},"featured_media":29129,"template":"","meta":[],"product_cat":[55,2948,47,2953],"product_tag":[],"acf":[],"yoast_head":"<!-- This site is optimized with the Yoast SEO plugin v20.11 - https:\/\/yoast.com\/wordpress\/plugins\/seo\/ -->\n<title>R\u00c9FLEXIONS SUR LA COULEUR - Librairie 7L<\/title>\n<meta name=\"robots\" content=\"index, follow, max-snippet:-1, max-image-preview:large, max-video-preview:-1\" \/>\n<link rel=\"canonical\" href=\"https:\/\/librairie7l.com\/en\/produit\/reflexions-sur-la-couleur\/\" \/>\n<meta property=\"og:locale\" content=\"en_US\" \/>\n<meta property=\"og:type\" content=\"article\" \/>\n<meta property=\"og:title\" content=\"R\u00c9FLEXIONS SUR LA COULEUR - Librairie 7L\" \/>\n<meta property=\"og:description\" content=\"D\u00e9di\u00e9e au travail du c\u00e9l\u00e8bre artiste v\u00e9n\u00e9zu\u00e9lien Carlos Cruz-Diez, cette r\u00e9\u00e9dition en Fran\u00e7ais de Reflexi\u00f3n sobre el color, publi\u00e9e en espagnol en 1989 par la Fondation Juan March, offre une vue d&#8217;ensemble sur le travail de l&#8217;un des artistes les plus importants d&#8217;Am\u00e9rique Latine. Connu pour ses recherches inscrites dans le mouvement cin\u00e9tique, ses exp\u00e9rimentations [&hellip;]\" \/>\n<meta property=\"og:url\" content=\"https:\/\/librairie7l.com\/en\/produit\/reflexions-sur-la-couleur\/\" \/>\n<meta property=\"og:site_name\" content=\"Librairie 7L\" \/>\n<meta property=\"article:modified_time\" content=\"2026-04-29T20:25:46+00:00\" \/>\n<meta property=\"og:image\" content=\"https:\/\/librairie7l.com\/wp-content\/uploads\/2021\/07\/9782840568148_1_75.jpg\" \/>\n\t<meta property=\"og:image:width\" content=\"600\" \/>\n\t<meta property=\"og:image:height\" content=\"620\" \/>\n\t<meta property=\"og:image:type\" content=\"image\/jpeg\" \/>\n<meta name=\"twitter:card\" content=\"summary_large_image\" \/>\n<meta name=\"twitter:label1\" content=\"Est. reading time\" \/>\n\t<meta name=\"twitter:data1\" content=\"1 minute\" \/>\n<script type=\"application\/ld+json\" class=\"yoast-schema-graph\">{\"@context\":\"https:\/\/schema.org\",\"@graph\":[{\"@type\":\"WebPage\",\"@id\":\"https:\/\/librairie7l.com\/en\/produit\/reflexions-sur-la-couleur\/\",\"url\":\"https:\/\/librairie7l.com\/en\/produit\/reflexions-sur-la-couleur\/\",\"name\":\"R\u00c9FLEXIONS SUR LA COULEUR - Librairie 7L\",\"isPartOf\":{\"@id\":\"https:\/\/librairie7l.com\/en\/#website\"},\"datePublished\":\"2023-05-10T11:54:27+00:00\",\"dateModified\":\"2026-04-29T20:25:46+00:00\",\"breadcrumb\":{\"@id\":\"https:\/\/librairie7l.com\/en\/produit\/reflexions-sur-la-couleur\/#breadcrumb\"},\"inLanguage\":\"en-US\",\"potentialAction\":[{\"@type\":\"ReadAction\",\"target\":[\"https:\/\/librairie7l.com\/en\/produit\/reflexions-sur-la-couleur\/\"]}]},{\"@type\":\"BreadcrumbList\",\"@id\":\"https:\/\/librairie7l.com\/en\/produit\/reflexions-sur-la-couleur\/#breadcrumb\",\"itemListElement\":[{\"@type\":\"ListItem\",\"position\":1,\"name\":\"Accueil\",\"item\":\"https:\/\/librairie7l.com\/en\/\"},{\"@type\":\"ListItem\",\"position\":2,\"name\":\"Shop\",\"item\":\"https:\/\/librairie7l.com\/en\/shop\/\"},{\"@type\":\"ListItem\",\"position\":3,\"name\":\"R\u00c9FLEXIONS SUR LA COULEUR\"}]},{\"@type\":\"WebSite\",\"@id\":\"https:\/\/librairie7l.com\/en\/#website\",\"url\":\"https:\/\/librairie7l.com\/en\/\",\"name\":\"Librairie 7L\",\"description\":\"Librairie fond\u00e9e en 1999 par Karl Lagerfeld \u00e0 Paris\",\"publisher\":{\"@id\":\"https:\/\/librairie7l.com\/en\/#organization\"},\"potentialAction\":[{\"@type\":\"SearchAction\",\"target\":{\"@type\":\"EntryPoint\",\"urlTemplate\":\"https:\/\/librairie7l.com\/en\/?s={search_term_string}\"},\"query-input\":\"required name=search_term_string\"}],\"inLanguage\":\"en-US\"},{\"@type\":\"Organization\",\"@id\":\"https:\/\/librairie7l.com\/en\/#organization\",\"name\":\"Librairie 7L\",\"url\":\"https:\/\/librairie7l.com\/en\/\",\"logo\":{\"@type\":\"ImageObject\",\"inLanguage\":\"en-US\",\"@id\":\"https:\/\/librairie7l.com\/en\/#\/schema\/logo\/image\/\",\"url\":\"https:\/\/librairie7l.com\/wp-content\/uploads\/2022\/08\/logo-1.png\",\"contentUrl\":\"https:\/\/librairie7l.com\/wp-content\/uploads\/2022\/08\/logo-1.png\",\"width\":227,\"height\":301,\"caption\":\"Librairie 7L\"},\"image\":{\"@id\":\"https:\/\/librairie7l.com\/en\/#\/schema\/logo\/image\/\"}}]}<\/script>\n<!-- \/ Yoast SEO plugin. -->","yoast_head_json":{"title":"R\u00c9FLEXIONS SUR LA COULEUR - Librairie 7L","robots":{"index":"index","follow":"follow","max-snippet":"max-snippet:-1","max-image-preview":"max-image-preview:large","max-video-preview":"max-video-preview:-1"},"canonical":"https:\/\/librairie7l.com\/en\/produit\/reflexions-sur-la-couleur\/","og_locale":"en_US","og_type":"article","og_title":"R\u00c9FLEXIONS SUR LA COULEUR - Librairie 7L","og_description":"D\u00e9di\u00e9e au travail du c\u00e9l\u00e8bre artiste v\u00e9n\u00e9zu\u00e9lien Carlos Cruz-Diez, cette r\u00e9\u00e9dition en Fran\u00e7ais de Reflexi\u00f3n sobre el color, publi\u00e9e en espagnol en 1989 par la Fondation Juan March, offre une vue d&#8217;ensemble sur le travail de l&#8217;un des artistes les plus importants d&#8217;Am\u00e9rique Latine. Connu pour ses recherches inscrites dans le mouvement cin\u00e9tique, ses exp\u00e9rimentations [&hellip;]","og_url":"https:\/\/librairie7l.com\/en\/produit\/reflexions-sur-la-couleur\/","og_site_name":"Librairie 7L","article_modified_time":"2026-04-29T20:25:46+00:00","og_image":[{"width":600,"height":620,"url":"https:\/\/librairie7l.com\/wp-content\/uploads\/2021\/07\/9782840568148_1_75.jpg","type":"image\/jpeg"}],"twitter_card":"summary_large_image","twitter_misc":{"Est. reading time":"1 minute"},"schema":{"@context":"https:\/\/schema.org","@graph":[{"@type":"WebPage","@id":"https:\/\/librairie7l.com\/en\/produit\/reflexions-sur-la-couleur\/","url":"https:\/\/librairie7l.com\/en\/produit\/reflexions-sur-la-couleur\/","name":"R\u00c9FLEXIONS SUR LA COULEUR - Librairie 7L","isPartOf":{"@id":"https:\/\/librairie7l.com\/en\/#website"},"datePublished":"2023-05-10T11:54:27+00:00","dateModified":"2026-04-29T20:25:46+00:00","breadcrumb":{"@id":"https:\/\/librairie7l.com\/en\/produit\/reflexions-sur-la-couleur\/#breadcrumb"},"inLanguage":"en-US","potentialAction":[{"@type":"ReadAction","target":["https:\/\/librairie7l.com\/en\/produit\/reflexions-sur-la-couleur\/"]}]},{"@type":"BreadcrumbList","@id":"https:\/\/librairie7l.com\/en\/produit\/reflexions-sur-la-couleur\/#breadcrumb","itemListElement":[{"@type":"ListItem","position":1,"name":"Accueil","item":"https:\/\/librairie7l.com\/en\/"},{"@type":"ListItem","position":2,"name":"Shop","item":"https:\/\/librairie7l.com\/en\/shop\/"},{"@type":"ListItem","position":3,"name":"R\u00c9FLEXIONS SUR LA COULEUR"}]},{"@type":"WebSite","@id":"https:\/\/librairie7l.com\/en\/#website","url":"https:\/\/librairie7l.com\/en\/","name":"Librairie 7L","description":"Librairie fond\u00e9e en 1999 par Karl Lagerfeld \u00e0 Paris","publisher":{"@id":"https:\/\/librairie7l.com\/en\/#organization"},"potentialAction":[{"@type":"SearchAction","target":{"@type":"EntryPoint","urlTemplate":"https:\/\/librairie7l.com\/en\/?s={search_term_string}"},"query-input":"required name=search_term_string"}],"inLanguage":"en-US"},{"@type":"Organization","@id":"https:\/\/librairie7l.com\/en\/#organization","name":"Librairie 7L","url":"https:\/\/librairie7l.com\/en\/","logo":{"@type":"ImageObject","inLanguage":"en-US","@id":"https:\/\/librairie7l.com\/en\/#\/schema\/logo\/image\/","url":"https:\/\/librairie7l.com\/wp-content\/uploads\/2022\/08\/logo-1.png","contentUrl":"https:\/\/librairie7l.com\/wp-content\/uploads\/2022\/08\/logo-1.png","width":227,"height":301,"caption":"Librairie 7L"},"image":{"@id":"https:\/\/librairie7l.com\/en\/#\/schema\/logo\/image\/"}}]}},"_links":{"self":[{"href":"https:\/\/librairie7l.com\/en\/wp-json\/wp\/v2\/product\/29131"}],"collection":[{"href":"https:\/\/librairie7l.com\/en\/wp-json\/wp\/v2\/product"}],"about":[{"href":"https:\/\/librairie7l.com\/en\/wp-json\/wp\/v2\/types\/product"}],"wp:featuredmedia":[{"embeddable":true,"href":"https:\/\/librairie7l.com\/en\/wp-json\/wp\/v2\/media\/29129"}],"wp:attachment":[{"href":"https:\/\/librairie7l.com\/en\/wp-json\/wp\/v2\/media?parent=29131"}],"wp:term":[{"taxonomy":"product_cat","embeddable":true,"href":"https:\/\/librairie7l.com\/en\/wp-json\/wp\/v2\/product_cat?post=29131"},{"taxonomy":"product_tag","embeddable":true,"href":"https:\/\/librairie7l.com\/en\/wp-json\/wp\/v2\/product_tag?post=29131"}],"curies":[{"name":"wp","href":"https:\/\/api.w.org\/{rel}","templated":true}]}}

RÉFLEXIONS SUR LA COULEUR

<p>Dédiée au travail du célèbre artiste vénézuélien Carlos Cruz-Diez, cette réédition en Français de Reflexión sobre el color, publiée en espagnol en 1989 par la Fondation Juan March, offre une vue d&#8217;ensemble sur le travail de l&#8217;un des artistes les plus importants d&#8217;Amérique Latine.<br />
Connu pour ses recherches inscrites dans le mouvement cinétique, ses expérimentations ont influencé les idées sur la couleur.<br />
Ce livre inclu une section où la pensée de Cruz diez s&#8217;inscrit dans le corpus théorique sur la couleur qui va de Newton à Young ou Maxwel, de Goethe à Kandinsky ou Paul Klee présentes par exemple dans près de vingt oeuvres réalisées depuis 1954 ainsi qu&#8217;une section documentaire reprenant des photographies, et des exemples des procédures artistiques employées par l&#8217;artiste.</p>

<p>Dédiée au travail du célèbre artiste vénézuélien Carlos Cruz-Diez, cette réédition en Français de Reflexión sobre el color, publiée en espagnol en 1989 par la Fondation Juan March, offre une vue d&#8217;ensemble sur le travail de l&#8217;un des artistes les plus importants d&#8217;Amérique Latine. Connu pour ses recherches inscrites dans le mouvement cinétique, ses expérimentations [&hellip;]</p>

<!-- This site is optimized with the Yoast SEO plugin v20.11 - https://yoast.com/wordpress/plugins/seo/ -->
<title>RÉFLEXIONS SUR LA COULEUR - Librairie 7L</title>
<meta name="robots" content="index, follow, max-snippet:-1, max-image-preview:large, max-video-preview:-1" />
<link rel="canonical" href="https://librairie7l.com/en/produit/reflexions-sur-la-couleur/" />
<meta property="og:locale" content="en_US" />
<meta property="og:type" content="article" />
<meta property="og:title" content="RÉFLEXIONS SUR LA COULEUR - Librairie 7L" />
<meta property="og:description" content="Dédiée au travail du célèbre artiste vénézuélien Carlos Cruz-Diez, cette réédition en Français de Reflexión sobre el color, publiée en espagnol en 1989 par la Fondation Juan March, offre une vue d&#8217;ensemble sur le travail de l&#8217;un des artistes les plus importants d&#8217;Amérique Latine. Connu pour ses recherches inscrites dans le mouvement cinétique, ses expérimentations [&hellip;]" />
<meta property="og:url" content="https://librairie7l.com/en/produit/reflexions-sur-la-couleur/" />
<meta property="og:site_name" content="Librairie 7L" />
<meta property="article:modified_time" content="2026-04-29T20:25:46+00:00" />
<meta property="og:image" content="https://librairie7l.com/wp-content/uploads/2021/07/9782840568148_1_75.jpg" />
	<meta property="og:image:width" content="600" />
	<meta property="og:image:height" content="620" />
	<meta property="og:image:type" content="image/jpeg" />
<meta name="twitter:card" content="summary_large_image" />
<meta name="twitter:label1" content="Est. reading time" />
	<meta name="twitter:data1" content="1 minute" />
<script type="application/ld+json" class="yoast-schema-graph">{"@context":"https://schema.org","@graph":[{"@type":"WebPage","@id":"https://librairie7l.com/en/produit/reflexions-sur-la-couleur/","url":"https://librairie7l.com/en/produit/reflexions-sur-la-couleur/","name":"RÉFLEXIONS SUR LA COULEUR - Librairie 7L","isPartOf":{"@id":"https://librairie7l.com/en/#website"},"datePublished":"2023-05-10T11:54:27+00:00","dateModified":"2026-04-29T20:25:46+00:00","breadcrumb":{"@id":"https://librairie7l.com/en/produit/reflexions-sur-la-couleur/#breadcrumb"},"inLanguage":"en-US","potentialAction":[{"@type":"ReadAction","target":["https://librairie7l.com/en/produit/reflexions-sur-la-couleur/"]}]},{"@type":"BreadcrumbList","@id":"https://librairie7l.com/en/produit/reflexions-sur-la-couleur/#breadcrumb","itemListElement":[{"@type":"ListItem","position":1,"name":"Accueil","item":"https://librairie7l.com/en/"},{"@type":"ListItem","position":2,"name":"Shop","item":"https://librairie7l.com/en/shop/"},{"@type":"ListItem","position":3,"name":"RÉFLEXIONS SUR LA COULEUR"}]},{"@type":"WebSite","@id":"https://librairie7l.com/en/#website","url":"https://librairie7l.com/en/","name":"Librairie 7L","description":"Librairie fondée en 1999 par Karl Lagerfeld à Paris","publisher":{"@id":"https://librairie7l.com/en/#organization"},"potentialAction":[{"@type":"SearchAction","target":{"@type":"EntryPoint","urlTemplate":"https://librairie7l.com/en/?s={search_term_string}"},"query-input":"required name=search_term_string"}],"inLanguage":"en-US"},{"@type":"Organization","@id":"https://librairie7l.com/en/#organization","name":"Librairie 7L","url":"https://librairie7l.com/en/","logo":{"@type":"ImageObject","inLanguage":"en-US","@id":"https://librairie7l.com/en/#/schema/logo/image/","url":"https://librairie7l.com/wp-content/uploads/2022/08/logo-1.png","contentUrl":"https://librairie7l.com/wp-content/uploads/2022/08/logo-1.png","width":227,"height":301,"caption":"Librairie 7L"},"image":{"@id":"https://librairie7l.com/en/#/schema/logo/image/"}}]}</script>
<!-- / Yoast SEO plugin. -->

RÉFLEXIONS SUR LA COULEUR - Librairie 7L

Dédiée au travail du célèbre artiste vénézuélien Carlos Cruz-Diez, cette réédition en Français de Reflexión sobre el color, publiée en espagnol en 1989 par la Fondation Juan March, offre une vue d&#8217;ensemble sur le travail de l&#8217;un des artistes les plus importants d&#8217;Amérique Latine. Connu pour ses recherches inscrites dans le mouvement cinétique, ses expérimentations [&hellip;]

Librairie fondée en 1999 par Karl Lagerfeld à Paris
