{"id":29967,"date":"2023-05-10T14:20:16","date_gmt":"2023-05-10T12:20:16","guid":{"rendered":"https:\/\/librairie7l.com\/?post_type=product&#038;p=29967"},"modified":"2026-04-29T21:23:02","modified_gmt":"2026-04-29T19:23:02","slug":"bedroom-ensemble-ii","status":"publish","type":"product","link":"https:\/\/librairie7l.com\/en\/produit\/bedroom-ensemble-ii\/","title":{"rendered":"BEDROOM ENSEMBLE II"},"content":{"rendered":"<p>Une \u00e9tude compl\u00e8te de l&#8217;installation de Sylvie Fleury, hommage \u00e0 Claes Oldenburg.<br \/>\nL&#8217;installation Bedroom Ensemble II de Sylvie Fleury est compos\u00e9e de mobilier domestique o\u00f9 tous les meubles ont \u00e9t\u00e9 recouverts de fausse fourrure, un mat\u00e9riau, r\u00e9current dans l&#8217;oeuvre de l&#8217;artiste. Mais elle rend surtout hommage \u00e0 un artiste qui a, lui aussi, \u00e9lev\u00e9 le prosa\u00efsme d&#8217;objets d\u00e9risoires au rang de la sculpture monumentale : en 1963, Claes Oldenburg reconstituait, sous ce m\u00eame titre, des chambres \u00e0 coucher dont il d\u00e9formait les perspectives pour en accentuer l&#8217;effet de profondeur et les d\u00e9r\u00e9aliser. Cet ouvrage est la premi\u00e8re \u00e9tude globale de cette installation mais tente aussi de la situer par rapport aux autres oeuvres que poss\u00e8de le MAMCO.<\/p>\n","protected":false},"excerpt":{"rendered":"<p>Une \u00e9tude compl\u00e8te de l&#8217;installation de Sylvie Fleury, hommage \u00e0 Claes Oldenburg. L&#8217;installation Bedroom Ensemble II de Sylvie Fleury est compos\u00e9e de mobilier domestique o\u00f9 tous les meubles ont \u00e9t\u00e9 recouverts de fausse fourrure, un mat\u00e9riau, r\u00e9current dans l&#8217;oeuvre de l&#8217;artiste. Mais elle rend surtout hommage \u00e0 un artiste qui a, lui aussi, \u00e9lev\u00e9 le [&hellip;]<\/p>\n","protected":false},"featured_media":29965,"template":"","meta":[],"product_cat":[55,2948,47,2953],"product_tag":[],"acf":[],"yoast_head":"<!-- This site is optimized with the Yoast SEO plugin v20.11 - https:\/\/yoast.com\/wordpress\/plugins\/seo\/ -->\n<title>BEDROOM ENSEMBLE II - Librairie 7L<\/title>\n<meta name=\"robots\" content=\"index, follow, max-snippet:-1, max-image-preview:large, max-video-preview:-1\" \/>\n<link rel=\"canonical\" href=\"https:\/\/librairie7l.com\/en\/produit\/bedroom-ensemble-ii\/\" \/>\n<meta property=\"og:locale\" content=\"en_US\" \/>\n<meta property=\"og:type\" content=\"article\" \/>\n<meta property=\"og:title\" content=\"BEDROOM ENSEMBLE II - Librairie 7L\" \/>\n<meta property=\"og:description\" content=\"Une \u00e9tude compl\u00e8te de l&#8217;installation de Sylvie Fleury, hommage \u00e0 Claes Oldenburg. L&#8217;installation Bedroom Ensemble II de Sylvie Fleury est compos\u00e9e de mobilier domestique o\u00f9 tous les meubles ont \u00e9t\u00e9 recouverts de fausse fourrure, un mat\u00e9riau, r\u00e9current dans l&#8217;oeuvre de l&#8217;artiste. Mais elle rend surtout hommage \u00e0 un artiste qui a, lui aussi, \u00e9lev\u00e9 le [&hellip;]\" \/>\n<meta property=\"og:url\" content=\"https:\/\/librairie7l.com\/en\/produit\/bedroom-ensemble-ii\/\" \/>\n<meta property=\"og:site_name\" content=\"Librairie 7L\" \/>\n<meta property=\"article:modified_time\" content=\"2026-04-29T19:23:02+00:00\" \/>\n<meta property=\"og:image\" content=\"https:\/\/librairie7l.com\/wp-content\/uploads\/2021\/02\/9782940656066_1_75.jpg\" \/>\n\t<meta property=\"og:image:width\" content=\"600\" \/>\n\t<meta property=\"og:image:height\" content=\"841\" \/>\n\t<meta property=\"og:image:type\" content=\"image\/jpeg\" \/>\n<meta name=\"twitter:card\" content=\"summary_large_image\" \/>\n<meta name=\"twitter:label1\" content=\"Est. reading time\" \/>\n\t<meta name=\"twitter:data1\" content=\"1 minute\" \/>\n<script type=\"application\/ld+json\" class=\"yoast-schema-graph\">{\"@context\":\"https:\/\/schema.org\",\"@graph\":[{\"@type\":\"WebPage\",\"@id\":\"https:\/\/librairie7l.com\/en\/produit\/bedroom-ensemble-ii\/\",\"url\":\"https:\/\/librairie7l.com\/en\/produit\/bedroom-ensemble-ii\/\",\"name\":\"BEDROOM ENSEMBLE II - Librairie 7L\",\"isPartOf\":{\"@id\":\"https:\/\/librairie7l.com\/en\/#website\"},\"datePublished\":\"2023-05-10T12:20:16+00:00\",\"dateModified\":\"2026-04-29T19:23:02+00:00\",\"breadcrumb\":{\"@id\":\"https:\/\/librairie7l.com\/en\/produit\/bedroom-ensemble-ii\/#breadcrumb\"},\"inLanguage\":\"en-US\",\"potentialAction\":[{\"@type\":\"ReadAction\",\"target\":[\"https:\/\/librairie7l.com\/en\/produit\/bedroom-ensemble-ii\/\"]}]},{\"@type\":\"BreadcrumbList\",\"@id\":\"https:\/\/librairie7l.com\/en\/produit\/bedroom-ensemble-ii\/#breadcrumb\",\"itemListElement\":[{\"@type\":\"ListItem\",\"position\":1,\"name\":\"Accueil\",\"item\":\"https:\/\/librairie7l.com\/en\/\"},{\"@type\":\"ListItem\",\"position\":2,\"name\":\"Shop\",\"item\":\"https:\/\/librairie7l.com\/en\/shop\/\"},{\"@type\":\"ListItem\",\"position\":3,\"name\":\"BEDROOM ENSEMBLE II\"}]},{\"@type\":\"WebSite\",\"@id\":\"https:\/\/librairie7l.com\/en\/#website\",\"url\":\"https:\/\/librairie7l.com\/en\/\",\"name\":\"Librairie 7L\",\"description\":\"Librairie fond\u00e9e en 1999 par Karl Lagerfeld \u00e0 Paris\",\"publisher\":{\"@id\":\"https:\/\/librairie7l.com\/en\/#organization\"},\"potentialAction\":[{\"@type\":\"SearchAction\",\"target\":{\"@type\":\"EntryPoint\",\"urlTemplate\":\"https:\/\/librairie7l.com\/en\/?s={search_term_string}\"},\"query-input\":\"required name=search_term_string\"}],\"inLanguage\":\"en-US\"},{\"@type\":\"Organization\",\"@id\":\"https:\/\/librairie7l.com\/en\/#organization\",\"name\":\"Librairie 7L\",\"url\":\"https:\/\/librairie7l.com\/en\/\",\"logo\":{\"@type\":\"ImageObject\",\"inLanguage\":\"en-US\",\"@id\":\"https:\/\/librairie7l.com\/en\/#\/schema\/logo\/image\/\",\"url\":\"https:\/\/librairie7l.com\/wp-content\/uploads\/2022\/08\/logo-1.png\",\"contentUrl\":\"https:\/\/librairie7l.com\/wp-content\/uploads\/2022\/08\/logo-1.png\",\"width\":227,\"height\":301,\"caption\":\"Librairie 7L\"},\"image\":{\"@id\":\"https:\/\/librairie7l.com\/en\/#\/schema\/logo\/image\/\"}}]}<\/script>\n<!-- \/ Yoast SEO plugin. -->","yoast_head_json":{"title":"BEDROOM ENSEMBLE II - Librairie 7L","robots":{"index":"index","follow":"follow","max-snippet":"max-snippet:-1","max-image-preview":"max-image-preview:large","max-video-preview":"max-video-preview:-1"},"canonical":"https:\/\/librairie7l.com\/en\/produit\/bedroom-ensemble-ii\/","og_locale":"en_US","og_type":"article","og_title":"BEDROOM ENSEMBLE II - Librairie 7L","og_description":"Une \u00e9tude compl\u00e8te de l&#8217;installation de Sylvie Fleury, hommage \u00e0 Claes Oldenburg. L&#8217;installation Bedroom Ensemble II de Sylvie Fleury est compos\u00e9e de mobilier domestique o\u00f9 tous les meubles ont \u00e9t\u00e9 recouverts de fausse fourrure, un mat\u00e9riau, r\u00e9current dans l&#8217;oeuvre de l&#8217;artiste. Mais elle rend surtout hommage \u00e0 un artiste qui a, lui aussi, \u00e9lev\u00e9 le [&hellip;]","og_url":"https:\/\/librairie7l.com\/en\/produit\/bedroom-ensemble-ii\/","og_site_name":"Librairie 7L","article_modified_time":"2026-04-29T19:23:02+00:00","og_image":[{"width":600,"height":841,"url":"https:\/\/librairie7l.com\/wp-content\/uploads\/2021\/02\/9782940656066_1_75.jpg","type":"image\/jpeg"}],"twitter_card":"summary_large_image","twitter_misc":{"Est. reading time":"1 minute"},"schema":{"@context":"https:\/\/schema.org","@graph":[{"@type":"WebPage","@id":"https:\/\/librairie7l.com\/en\/produit\/bedroom-ensemble-ii\/","url":"https:\/\/librairie7l.com\/en\/produit\/bedroom-ensemble-ii\/","name":"BEDROOM ENSEMBLE II - Librairie 7L","isPartOf":{"@id":"https:\/\/librairie7l.com\/en\/#website"},"datePublished":"2023-05-10T12:20:16+00:00","dateModified":"2026-04-29T19:23:02+00:00","breadcrumb":{"@id":"https:\/\/librairie7l.com\/en\/produit\/bedroom-ensemble-ii\/#breadcrumb"},"inLanguage":"en-US","potentialAction":[{"@type":"ReadAction","target":["https:\/\/librairie7l.com\/en\/produit\/bedroom-ensemble-ii\/"]}]},{"@type":"BreadcrumbList","@id":"https:\/\/librairie7l.com\/en\/produit\/bedroom-ensemble-ii\/#breadcrumb","itemListElement":[{"@type":"ListItem","position":1,"name":"Accueil","item":"https:\/\/librairie7l.com\/en\/"},{"@type":"ListItem","position":2,"name":"Shop","item":"https:\/\/librairie7l.com\/en\/shop\/"},{"@type":"ListItem","position":3,"name":"BEDROOM ENSEMBLE II"}]},{"@type":"WebSite","@id":"https:\/\/librairie7l.com\/en\/#website","url":"https:\/\/librairie7l.com\/en\/","name":"Librairie 7L","description":"Librairie fond\u00e9e en 1999 par Karl Lagerfeld \u00e0 Paris","publisher":{"@id":"https:\/\/librairie7l.com\/en\/#organization"},"potentialAction":[{"@type":"SearchAction","target":{"@type":"EntryPoint","urlTemplate":"https:\/\/librairie7l.com\/en\/?s={search_term_string}"},"query-input":"required name=search_term_string"}],"inLanguage":"en-US"},{"@type":"Organization","@id":"https:\/\/librairie7l.com\/en\/#organization","name":"Librairie 7L","url":"https:\/\/librairie7l.com\/en\/","logo":{"@type":"ImageObject","inLanguage":"en-US","@id":"https:\/\/librairie7l.com\/en\/#\/schema\/logo\/image\/","url":"https:\/\/librairie7l.com\/wp-content\/uploads\/2022\/08\/logo-1.png","contentUrl":"https:\/\/librairie7l.com\/wp-content\/uploads\/2022\/08\/logo-1.png","width":227,"height":301,"caption":"Librairie 7L"},"image":{"@id":"https:\/\/librairie7l.com\/en\/#\/schema\/logo\/image\/"}}]}},"_links":{"self":[{"href":"https:\/\/librairie7l.com\/en\/wp-json\/wp\/v2\/product\/29967"}],"collection":[{"href":"https:\/\/librairie7l.com\/en\/wp-json\/wp\/v2\/product"}],"about":[{"href":"https:\/\/librairie7l.com\/en\/wp-json\/wp\/v2\/types\/product"}],"wp:featuredmedia":[{"embeddable":true,"href":"https:\/\/librairie7l.com\/en\/wp-json\/wp\/v2\/media\/29965"}],"wp:attachment":[{"href":"https:\/\/librairie7l.com\/en\/wp-json\/wp\/v2\/media?parent=29967"}],"wp:term":[{"taxonomy":"product_cat","embeddable":true,"href":"https:\/\/librairie7l.com\/en\/wp-json\/wp\/v2\/product_cat?post=29967"},{"taxonomy":"product_tag","embeddable":true,"href":"https:\/\/librairie7l.com\/en\/wp-json\/wp\/v2\/product_tag?post=29967"}],"curies":[{"name":"wp","href":"https:\/\/api.w.org\/{rel}","templated":true}]}}

<p>Une étude complète de l&#8217;installation de Sylvie Fleury, hommage à Claes Oldenburg.<br />
L&#8217;installation Bedroom Ensemble II de Sylvie Fleury est composée de mobilier domestique où tous les meubles ont été recouverts de fausse fourrure, un matériau, récurrent dans l&#8217;oeuvre de l&#8217;artiste. Mais elle rend surtout hommage à un artiste qui a, lui aussi, élevé le prosaïsme d&#8217;objets dérisoires au rang de la sculpture monumentale : en 1963, Claes Oldenburg reconstituait, sous ce même titre, des chambres à coucher dont il déformait les perspectives pour en accentuer l&#8217;effet de profondeur et les déréaliser. Cet ouvrage est la première étude globale de cette installation mais tente aussi de la situer par rapport aux autres oeuvres que possède le MAMCO.</p>

<p>Une étude complète de l&#8217;installation de Sylvie Fleury, hommage à Claes Oldenburg. L&#8217;installation Bedroom Ensemble II de Sylvie Fleury est composée de mobilier domestique où tous les meubles ont été recouverts de fausse fourrure, un matériau, récurrent dans l&#8217;oeuvre de l&#8217;artiste. Mais elle rend surtout hommage à un artiste qui a, lui aussi, élevé le [&hellip;]</p>

<!-- This site is optimized with the Yoast SEO plugin v20.11 - https://yoast.com/wordpress/plugins/seo/ -->
<title>BEDROOM ENSEMBLE II - Librairie 7L</title>
<meta name="robots" content="index, follow, max-snippet:-1, max-image-preview:large, max-video-preview:-1" />
<link rel="canonical" href="https://librairie7l.com/en/produit/bedroom-ensemble-ii/" />
<meta property="og:locale" content="en_US" />
<meta property="og:type" content="article" />
<meta property="og:title" content="BEDROOM ENSEMBLE II - Librairie 7L" />
<meta property="og:description" content="Une étude complète de l&#8217;installation de Sylvie Fleury, hommage à Claes Oldenburg. L&#8217;installation Bedroom Ensemble II de Sylvie Fleury est composée de mobilier domestique où tous les meubles ont été recouverts de fausse fourrure, un matériau, récurrent dans l&#8217;oeuvre de l&#8217;artiste. Mais elle rend surtout hommage à un artiste qui a, lui aussi, élevé le [&hellip;]" />
<meta property="og:url" content="https://librairie7l.com/en/produit/bedroom-ensemble-ii/" />
<meta property="og:site_name" content="Librairie 7L" />
<meta property="article:modified_time" content="2026-04-29T19:23:02+00:00" />
<meta property="og:image" content="https://librairie7l.com/wp-content/uploads/2021/02/9782940656066_1_75.jpg" />
	<meta property="og:image:width" content="600" />
	<meta property="og:image:height" content="841" />
	<meta property="og:image:type" content="image/jpeg" />
<meta name="twitter:card" content="summary_large_image" />
<meta name="twitter:label1" content="Est. reading time" />
	<meta name="twitter:data1" content="1 minute" />
<script type="application/ld+json" class="yoast-schema-graph">{"@context":"https://schema.org","@graph":[{"@type":"WebPage","@id":"https://librairie7l.com/en/produit/bedroom-ensemble-ii/","url":"https://librairie7l.com/en/produit/bedroom-ensemble-ii/","name":"BEDROOM ENSEMBLE II - Librairie 7L","isPartOf":{"@id":"https://librairie7l.com/en/#website"},"datePublished":"2023-05-10T12:20:16+00:00","dateModified":"2026-04-29T19:23:02+00:00","breadcrumb":{"@id":"https://librairie7l.com/en/produit/bedroom-ensemble-ii/#breadcrumb"},"inLanguage":"en-US","potentialAction":[{"@type":"ReadAction","target":["https://librairie7l.com/en/produit/bedroom-ensemble-ii/"]}]},{"@type":"BreadcrumbList","@id":"https://librairie7l.com/en/produit/bedroom-ensemble-ii/#breadcrumb","itemListElement":[{"@type":"ListItem","position":1,"name":"Accueil","item":"https://librairie7l.com/en/"},{"@type":"ListItem","position":2,"name":"Shop","item":"https://librairie7l.com/en/shop/"},{"@type":"ListItem","position":3,"name":"BEDROOM ENSEMBLE II"}]},{"@type":"WebSite","@id":"https://librairie7l.com/en/#website","url":"https://librairie7l.com/en/","name":"Librairie 7L","description":"Librairie fondée en 1999 par Karl Lagerfeld à Paris","publisher":{"@id":"https://librairie7l.com/en/#organization"},"potentialAction":[{"@type":"SearchAction","target":{"@type":"EntryPoint","urlTemplate":"https://librairie7l.com/en/?s={search_term_string}"},"query-input":"required name=search_term_string"}],"inLanguage":"en-US"},{"@type":"Organization","@id":"https://librairie7l.com/en/#organization","name":"Librairie 7L","url":"https://librairie7l.com/en/","logo":{"@type":"ImageObject","inLanguage":"en-US","@id":"https://librairie7l.com/en/#/schema/logo/image/","url":"https://librairie7l.com/wp-content/uploads/2022/08/logo-1.png","contentUrl":"https://librairie7l.com/wp-content/uploads/2022/08/logo-1.png","width":227,"height":301,"caption":"Librairie 7L"},"image":{"@id":"https://librairie7l.com/en/#/schema/logo/image/"}}]}</script>
<!-- / Yoast SEO plugin. -->

Une étude complète de l&#8217;installation de Sylvie Fleury, hommage à Claes Oldenburg. L&#8217;installation Bedroom Ensemble II de Sylvie Fleury est composée de mobilier domestique où tous les meubles ont été recouverts de fausse fourrure, un matériau, récurrent dans l&#8217;oeuvre de l&#8217;artiste. Mais elle rend surtout hommage à un artiste qui a, lui aussi, élevé le [&hellip;]

Librairie fondée en 1999 par Karl Lagerfeld à Paris
