{"id":29999,"date":"2023-05-10T14:21:00","date_gmt":"2023-05-10T12:21:00","guid":{"rendered":"https:\/\/librairie7l.com\/?post_type=product&#038;p=29999"},"modified":"2026-04-28T00:06:11","modified_gmt":"2026-04-27T22:06:11","slug":"jean-molitor-bau2haus-more-modernism-around-the-globe","status":"publish","type":"product","link":"https:\/\/librairie7l.com\/en\/produit\/jean-molitor-bau2haus-more-modernism-around-the-globe\/","title":{"rendered":"JEAN MOLITOR BAU2HAUS &#8211; MORE MODERNISM AROUND THE GLOBE"},"content":{"rendered":"<p>Un si\u00e8cle apr\u00e8s la fondation du Bauhaus, l?architecture imagin\u00e9e par cette \u00e9cole poss\u00e8de encore un pouvoir d?attraction fascinant. Le photographe Jean Molitor fait partie de ces admirateurs et parcourt la plan\u00e8te depuis 2009 \u00e0 la recherche de ces b\u00e2timents iconiques du modernisme architectural. Ce catalogue pr\u00e9sente le second volet de son travail, avec une nouvelle s\u00e9lection d&#8217;images prises entre l?Europe, l?Asie, l?Afrique et les \u00c9tats-Unis, pour montrer l?influence globale du Bauhaus \u00e0 travers le monde.<\/p>\n","protected":false},"excerpt":{"rendered":"<p>Un si\u00e8cle apr\u00e8s la fondation du Bauhaus, l?architecture imagin\u00e9e par cette \u00e9cole poss\u00e8de encore un pouvoir d?attraction fascinant. Le photographe Jean Molitor fait partie de ces admirateurs et parcourt la plan\u00e8te depuis 2009 \u00e0 la recherche de ces b\u00e2timents iconiques du modernisme architectural. Ce catalogue pr\u00e9sente le second volet de son travail, avec une nouvelle [&hellip;]<\/p>\n","protected":false},"featured_media":29997,"template":"","meta":[],"product_cat":[55,2948,22,2950],"product_tag":[],"acf":[],"yoast_head":"<!-- This site is optimized with the Yoast SEO plugin v20.11 - https:\/\/yoast.com\/wordpress\/plugins\/seo\/ -->\n<title>JEAN MOLITOR BAU2HAUS - MORE MODERNISM AROUND THE GLOBE - Librairie 7L<\/title>\n<meta name=\"robots\" content=\"index, follow, max-snippet:-1, max-image-preview:large, max-video-preview:-1\" \/>\n<link rel=\"canonical\" href=\"https:\/\/librairie7l.com\/en\/produit\/jean-molitor-bau2haus-more-modernism-around-the-globe\/\" \/>\n<meta property=\"og:locale\" content=\"en_US\" \/>\n<meta property=\"og:type\" content=\"article\" \/>\n<meta property=\"og:title\" content=\"JEAN MOLITOR BAU2HAUS - MORE MODERNISM AROUND THE GLOBE - Librairie 7L\" \/>\n<meta property=\"og:description\" content=\"Un si\u00e8cle apr\u00e8s la fondation du Bauhaus, l?architecture imagin\u00e9e par cette \u00e9cole poss\u00e8de encore un pouvoir d?attraction fascinant. Le photographe Jean Molitor fait partie de ces admirateurs et parcourt la plan\u00e8te depuis 2009 \u00e0 la recherche de ces b\u00e2timents iconiques du modernisme architectural. Ce catalogue pr\u00e9sente le second volet de son travail, avec une nouvelle [&hellip;]\" \/>\n<meta property=\"og:url\" content=\"https:\/\/librairie7l.com\/en\/produit\/jean-molitor-bau2haus-more-modernism-around-the-globe\/\" \/>\n<meta property=\"og:site_name\" content=\"Librairie 7L\" \/>\n<meta property=\"article:modified_time\" content=\"2026-04-27T22:06:11+00:00\" \/>\n<meta property=\"og:image\" content=\"https:\/\/librairie7l.com\/wp-content\/uploads\/2021\/07\/9783775750523_1_75.jpg\" \/>\n\t<meta property=\"og:image:width\" content=\"500\" \/>\n\t<meta property=\"og:image:height\" content=\"432\" \/>\n\t<meta property=\"og:image:type\" content=\"image\/jpeg\" \/>\n<meta name=\"twitter:card\" content=\"summary_large_image\" \/>\n<script type=\"application\/ld+json\" class=\"yoast-schema-graph\">{\"@context\":\"https:\/\/schema.org\",\"@graph\":[{\"@type\":\"WebPage\",\"@id\":\"https:\/\/librairie7l.com\/en\/produit\/jean-molitor-bau2haus-more-modernism-around-the-globe\/\",\"url\":\"https:\/\/librairie7l.com\/en\/produit\/jean-molitor-bau2haus-more-modernism-around-the-globe\/\",\"name\":\"JEAN MOLITOR BAU2HAUS - MORE MODERNISM AROUND THE GLOBE - Librairie 7L\",\"isPartOf\":{\"@id\":\"https:\/\/librairie7l.com\/en\/#website\"},\"datePublished\":\"2023-05-10T12:21:00+00:00\",\"dateModified\":\"2026-04-27T22:06:11+00:00\",\"breadcrumb\":{\"@id\":\"https:\/\/librairie7l.com\/en\/produit\/jean-molitor-bau2haus-more-modernism-around-the-globe\/#breadcrumb\"},\"inLanguage\":\"en-US\",\"potentialAction\":[{\"@type\":\"ReadAction\",\"target\":[\"https:\/\/librairie7l.com\/en\/produit\/jean-molitor-bau2haus-more-modernism-around-the-globe\/\"]}]},{\"@type\":\"BreadcrumbList\",\"@id\":\"https:\/\/librairie7l.com\/en\/produit\/jean-molitor-bau2haus-more-modernism-around-the-globe\/#breadcrumb\",\"itemListElement\":[{\"@type\":\"ListItem\",\"position\":1,\"name\":\"Accueil\",\"item\":\"https:\/\/librairie7l.com\/en\/\"},{\"@type\":\"ListItem\",\"position\":2,\"name\":\"Shop\",\"item\":\"https:\/\/librairie7l.com\/en\/shop\/\"},{\"@type\":\"ListItem\",\"position\":3,\"name\":\"JEAN MOLITOR BAU2HAUS &#8211; MORE MODERNISM AROUND THE GLOBE\"}]},{\"@type\":\"WebSite\",\"@id\":\"https:\/\/librairie7l.com\/en\/#website\",\"url\":\"https:\/\/librairie7l.com\/en\/\",\"name\":\"Librairie 7L\",\"description\":\"Librairie fond\u00e9e en 1999 par Karl Lagerfeld \u00e0 Paris\",\"publisher\":{\"@id\":\"https:\/\/librairie7l.com\/en\/#organization\"},\"potentialAction\":[{\"@type\":\"SearchAction\",\"target\":{\"@type\":\"EntryPoint\",\"urlTemplate\":\"https:\/\/librairie7l.com\/en\/?s={search_term_string}\"},\"query-input\":\"required name=search_term_string\"}],\"inLanguage\":\"en-US\"},{\"@type\":\"Organization\",\"@id\":\"https:\/\/librairie7l.com\/en\/#organization\",\"name\":\"Librairie 7L\",\"url\":\"https:\/\/librairie7l.com\/en\/\",\"logo\":{\"@type\":\"ImageObject\",\"inLanguage\":\"en-US\",\"@id\":\"https:\/\/librairie7l.com\/en\/#\/schema\/logo\/image\/\",\"url\":\"https:\/\/librairie7l.com\/wp-content\/uploads\/2022\/08\/logo-1.png\",\"contentUrl\":\"https:\/\/librairie7l.com\/wp-content\/uploads\/2022\/08\/logo-1.png\",\"width\":227,\"height\":301,\"caption\":\"Librairie 7L\"},\"image\":{\"@id\":\"https:\/\/librairie7l.com\/en\/#\/schema\/logo\/image\/\"}}]}<\/script>\n<!-- \/ Yoast SEO plugin. -->","yoast_head_json":{"title":"JEAN MOLITOR BAU2HAUS - MORE MODERNISM AROUND THE GLOBE - Librairie 7L","robots":{"index":"index","follow":"follow","max-snippet":"max-snippet:-1","max-image-preview":"max-image-preview:large","max-video-preview":"max-video-preview:-1"},"canonical":"https:\/\/librairie7l.com\/en\/produit\/jean-molitor-bau2haus-more-modernism-around-the-globe\/","og_locale":"en_US","og_type":"article","og_title":"JEAN MOLITOR BAU2HAUS - MORE MODERNISM AROUND THE GLOBE - Librairie 7L","og_description":"Un si\u00e8cle apr\u00e8s la fondation du Bauhaus, l?architecture imagin\u00e9e par cette \u00e9cole poss\u00e8de encore un pouvoir d?attraction fascinant. Le photographe Jean Molitor fait partie de ces admirateurs et parcourt la plan\u00e8te depuis 2009 \u00e0 la recherche de ces b\u00e2timents iconiques du modernisme architectural. Ce catalogue pr\u00e9sente le second volet de son travail, avec une nouvelle [&hellip;]","og_url":"https:\/\/librairie7l.com\/en\/produit\/jean-molitor-bau2haus-more-modernism-around-the-globe\/","og_site_name":"Librairie 7L","article_modified_time":"2026-04-27T22:06:11+00:00","og_image":[{"width":500,"height":432,"url":"https:\/\/librairie7l.com\/wp-content\/uploads\/2021\/07\/9783775750523_1_75.jpg","type":"image\/jpeg"}],"twitter_card":"summary_large_image","schema":{"@context":"https:\/\/schema.org","@graph":[{"@type":"WebPage","@id":"https:\/\/librairie7l.com\/en\/produit\/jean-molitor-bau2haus-more-modernism-around-the-globe\/","url":"https:\/\/librairie7l.com\/en\/produit\/jean-molitor-bau2haus-more-modernism-around-the-globe\/","name":"JEAN MOLITOR BAU2HAUS - MORE MODERNISM AROUND THE GLOBE - Librairie 7L","isPartOf":{"@id":"https:\/\/librairie7l.com\/en\/#website"},"datePublished":"2023-05-10T12:21:00+00:00","dateModified":"2026-04-27T22:06:11+00:00","breadcrumb":{"@id":"https:\/\/librairie7l.com\/en\/produit\/jean-molitor-bau2haus-more-modernism-around-the-globe\/#breadcrumb"},"inLanguage":"en-US","potentialAction":[{"@type":"ReadAction","target":["https:\/\/librairie7l.com\/en\/produit\/jean-molitor-bau2haus-more-modernism-around-the-globe\/"]}]},{"@type":"BreadcrumbList","@id":"https:\/\/librairie7l.com\/en\/produit\/jean-molitor-bau2haus-more-modernism-around-the-globe\/#breadcrumb","itemListElement":[{"@type":"ListItem","position":1,"name":"Accueil","item":"https:\/\/librairie7l.com\/en\/"},{"@type":"ListItem","position":2,"name":"Shop","item":"https:\/\/librairie7l.com\/en\/shop\/"},{"@type":"ListItem","position":3,"name":"JEAN MOLITOR BAU2HAUS &#8211; MORE MODERNISM AROUND THE GLOBE"}]},{"@type":"WebSite","@id":"https:\/\/librairie7l.com\/en\/#website","url":"https:\/\/librairie7l.com\/en\/","name":"Librairie 7L","description":"Librairie fond\u00e9e en 1999 par Karl Lagerfeld \u00e0 Paris","publisher":{"@id":"https:\/\/librairie7l.com\/en\/#organization"},"potentialAction":[{"@type":"SearchAction","target":{"@type":"EntryPoint","urlTemplate":"https:\/\/librairie7l.com\/en\/?s={search_term_string}"},"query-input":"required name=search_term_string"}],"inLanguage":"en-US"},{"@type":"Organization","@id":"https:\/\/librairie7l.com\/en\/#organization","name":"Librairie 7L","url":"https:\/\/librairie7l.com\/en\/","logo":{"@type":"ImageObject","inLanguage":"en-US","@id":"https:\/\/librairie7l.com\/en\/#\/schema\/logo\/image\/","url":"https:\/\/librairie7l.com\/wp-content\/uploads\/2022\/08\/logo-1.png","contentUrl":"https:\/\/librairie7l.com\/wp-content\/uploads\/2022\/08\/logo-1.png","width":227,"height":301,"caption":"Librairie 7L"},"image":{"@id":"https:\/\/librairie7l.com\/en\/#\/schema\/logo\/image\/"}}]}},"_links":{"self":[{"href":"https:\/\/librairie7l.com\/en\/wp-json\/wp\/v2\/product\/29999"}],"collection":[{"href":"https:\/\/librairie7l.com\/en\/wp-json\/wp\/v2\/product"}],"about":[{"href":"https:\/\/librairie7l.com\/en\/wp-json\/wp\/v2\/types\/product"}],"wp:featuredmedia":[{"embeddable":true,"href":"https:\/\/librairie7l.com\/en\/wp-json\/wp\/v2\/media\/29997"}],"wp:attachment":[{"href":"https:\/\/librairie7l.com\/en\/wp-json\/wp\/v2\/media?parent=29999"}],"wp:term":[{"taxonomy":"product_cat","embeddable":true,"href":"https:\/\/librairie7l.com\/en\/wp-json\/wp\/v2\/product_cat?post=29999"},{"taxonomy":"product_tag","embeddable":true,"href":"https:\/\/librairie7l.com\/en\/wp-json\/wp\/v2\/product_tag?post=29999"}],"curies":[{"name":"wp","href":"https:\/\/api.w.org\/{rel}","templated":true}]}}

<p>Un siècle après la fondation du Bauhaus, l?architecture imaginée par cette école possède encore un pouvoir d?attraction fascinant. Le photographe Jean Molitor fait partie de ces admirateurs et parcourt la planète depuis 2009 à la recherche de ces bâtiments iconiques du modernisme architectural. Ce catalogue présente le second volet de son travail, avec une nouvelle sélection d&#8217;images prises entre l?Europe, l?Asie, l?Afrique et les États-Unis, pour montrer l?influence globale du Bauhaus à travers le monde.</p>

<p>Un siècle après la fondation du Bauhaus, l?architecture imaginée par cette école possède encore un pouvoir d?attraction fascinant. Le photographe Jean Molitor fait partie de ces admirateurs et parcourt la planète depuis 2009 à la recherche de ces bâtiments iconiques du modernisme architectural. Ce catalogue présente le second volet de son travail, avec une nouvelle [&hellip;]</p>

<!-- This site is optimized with the Yoast SEO plugin v20.11 - https://yoast.com/wordpress/plugins/seo/ -->
<title>JEAN MOLITOR BAU2HAUS - MORE MODERNISM AROUND THE GLOBE - Librairie 7L</title>
<meta name="robots" content="index, follow, max-snippet:-1, max-image-preview:large, max-video-preview:-1" />
<link rel="canonical" href="https://librairie7l.com/en/produit/jean-molitor-bau2haus-more-modernism-around-the-globe/" />
<meta property="og:locale" content="en_US" />
<meta property="og:type" content="article" />
<meta property="og:title" content="JEAN MOLITOR BAU2HAUS - MORE MODERNISM AROUND THE GLOBE - Librairie 7L" />
<meta property="og:description" content="Un siècle après la fondation du Bauhaus, l?architecture imaginée par cette école possède encore un pouvoir d?attraction fascinant. Le photographe Jean Molitor fait partie de ces admirateurs et parcourt la planète depuis 2009 à la recherche de ces bâtiments iconiques du modernisme architectural. Ce catalogue présente le second volet de son travail, avec une nouvelle [&hellip;]" />
<meta property="og:url" content="https://librairie7l.com/en/produit/jean-molitor-bau2haus-more-modernism-around-the-globe/" />
<meta property="og:site_name" content="Librairie 7L" />
<meta property="article:modified_time" content="2026-04-27T22:06:11+00:00" />
<meta property="og:image" content="https://librairie7l.com/wp-content/uploads/2021/07/9783775750523_1_75.jpg" />
	<meta property="og:image:width" content="500" />
	<meta property="og:image:height" content="432" />
	<meta property="og:image:type" content="image/jpeg" />
<meta name="twitter:card" content="summary_large_image" />
<script type="application/ld+json" class="yoast-schema-graph">{"@context":"https://schema.org","@graph":[{"@type":"WebPage","@id":"https://librairie7l.com/en/produit/jean-molitor-bau2haus-more-modernism-around-the-globe/","url":"https://librairie7l.com/en/produit/jean-molitor-bau2haus-more-modernism-around-the-globe/","name":"JEAN MOLITOR BAU2HAUS - MORE MODERNISM AROUND THE GLOBE - Librairie 7L","isPartOf":{"@id":"https://librairie7l.com/en/#website"},"datePublished":"2023-05-10T12:21:00+00:00","dateModified":"2026-04-27T22:06:11+00:00","breadcrumb":{"@id":"https://librairie7l.com/en/produit/jean-molitor-bau2haus-more-modernism-around-the-globe/#breadcrumb"},"inLanguage":"en-US","potentialAction":[{"@type":"ReadAction","target":["https://librairie7l.com/en/produit/jean-molitor-bau2haus-more-modernism-around-the-globe/"]}]},{"@type":"BreadcrumbList","@id":"https://librairie7l.com/en/produit/jean-molitor-bau2haus-more-modernism-around-the-globe/#breadcrumb","itemListElement":[{"@type":"ListItem","position":1,"name":"Accueil","item":"https://librairie7l.com/en/"},{"@type":"ListItem","position":2,"name":"Shop","item":"https://librairie7l.com/en/shop/"},{"@type":"ListItem","position":3,"name":"JEAN MOLITOR BAU2HAUS &#8211; MORE MODERNISM AROUND THE GLOBE"}]},{"@type":"WebSite","@id":"https://librairie7l.com/en/#website","url":"https://librairie7l.com/en/","name":"Librairie 7L","description":"Librairie fondée en 1999 par Karl Lagerfeld à Paris","publisher":{"@id":"https://librairie7l.com/en/#organization"},"potentialAction":[{"@type":"SearchAction","target":{"@type":"EntryPoint","urlTemplate":"https://librairie7l.com/en/?s={search_term_string}"},"query-input":"required name=search_term_string"}],"inLanguage":"en-US"},{"@type":"Organization","@id":"https://librairie7l.com/en/#organization","name":"Librairie 7L","url":"https://librairie7l.com/en/","logo":{"@type":"ImageObject","inLanguage":"en-US","@id":"https://librairie7l.com/en/#/schema/logo/image/","url":"https://librairie7l.com/wp-content/uploads/2022/08/logo-1.png","contentUrl":"https://librairie7l.com/wp-content/uploads/2022/08/logo-1.png","width":227,"height":301,"caption":"Librairie 7L"},"image":{"@id":"https://librairie7l.com/en/#/schema/logo/image/"}}]}</script>
<!-- / Yoast SEO plugin. -->

Un siècle après la fondation du Bauhaus, l?architecture imaginée par cette école possède encore un pouvoir d?attraction fascinant. Le photographe Jean Molitor fait partie de ces admirateurs et parcourt la planète depuis 2009 à la recherche de ces bâtiments iconiques du modernisme architectural. Ce catalogue présente le second volet de son travail, avec une nouvelle [&hellip;]

Librairie fondée en 1999 par Karl Lagerfeld à Paris
