{"id":30299,"date":"2023-05-10T14:30:10","date_gmt":"2023-05-10T12:30:10","guid":{"rendered":"https:\/\/librairie7l.com\/?post_type=product&#038;p=30299"},"modified":"2026-04-30T10:54:29","modified_gmt":"2026-04-30T08:54:29","slug":"beistegui-avant-le-corbusier-genese-du-penthouse-des-champs-elysees","status":"publish","type":"product","link":"https:\/\/librairie7l.com\/en\/produit\/beistegui-avant-le-corbusier-genese-du-penthouse-des-champs-elysees\/","title":{"rendered":"BEISTEGUI AVANT LE CORBUSIER ; GEN\u00c8SE DU PENTHOUSE DES CHAMPS-ELYS\u00c9ES"},"content":{"rendered":"<p>Le 16 juillet 1929, l&#8217;aristocrate Charles de Beistegui passe commande \u00e0 Le Corbusier d&#8217;un appartement-terrasse au n\u00b0136 des Champs-\u00c9lys\u00e9es &#8211;\u00a0 l&#8217;ancien h\u00f4tel particulier de sa grand-m\u00e8re. Membre de la haute boh\u00e8me cosmopolite des Ann\u00e9es folles, ce jeune dandy entend s&#8217;inspirer des f\u00eates l\u00e9gendaires se d\u00e9roulant dans le penthouse de Cond\u00e9 Nast sur Madison Avenue (1925), et relat\u00e9es dans les titres \u00e0 la mode lui appartenant &#8211;\u00a0 dont Vogue et Vanity Fair. Mais pour Wim van den Bergh, la \u00ab\u00a0 machine \u00e0 amuser\u00a0 \u00bb dont r\u00eave Beistegui (avec p\u00e9riscope et baie motoris\u00e9e), aurait aussi \u00e0 voir avec le ch\u00e2teau et la \u00ab\u00a0 petite maison\u00a0 \u00bb Art D\u00e9co r\u00e9alis\u00e9s par Robert Mallet-Stevens pour ses amis Paul Poiret \u00ab\u00a0 Le Magnifique\u00a0 \u00bb (1921-1923, inachev\u00e9) ainsi que Charles et Marie-Laure de Noailles (1923-1933)&#8230;<\/p>\n","protected":false},"excerpt":{"rendered":"<p>Le 16 juillet 1929, l&#8217;aristocrate Charles de Beistegui passe commande \u00e0 Le Corbusier d&#8217;un appartement-terrasse au n\u00b0136 des Champs-\u00c9lys\u00e9es &#8211;\u00a0 l&#8217;ancien h\u00f4tel particulier de sa grand-m\u00e8re. Membre de la haute boh\u00e8me cosmopolite des Ann\u00e9es folles, ce jeune dandy entend s&#8217;inspirer des f\u00eates l\u00e9gendaires se d\u00e9roulant dans le penthouse de Cond\u00e9 Nast sur Madison Avenue (1925), [&hellip;]<\/p>\n","protected":false},"featured_media":30297,"template":"","meta":[],"product_cat":[55,2948,22,2950],"product_tag":[],"acf":[],"yoast_head":"<!-- This site is optimized with the Yoast SEO plugin v20.11 - https:\/\/yoast.com\/wordpress\/plugins\/seo\/ -->\n<title>BEISTEGUI AVANT LE CORBUSIER ; GEN\u00c8SE DU PENTHOUSE DES CHAMPS-ELYS\u00c9ES - Librairie 7L<\/title>\n<meta name=\"robots\" content=\"index, follow, max-snippet:-1, max-image-preview:large, max-video-preview:-1\" \/>\n<link rel=\"canonical\" href=\"https:\/\/librairie7l.com\/en\/produit\/beistegui-avant-le-corbusier-genese-du-penthouse-des-champs-elysees\/\" \/>\n<meta property=\"og:locale\" content=\"en_US\" \/>\n<meta property=\"og:type\" content=\"article\" \/>\n<meta property=\"og:title\" content=\"BEISTEGUI AVANT LE CORBUSIER ; GEN\u00c8SE DU PENTHOUSE DES CHAMPS-ELYS\u00c9ES - Librairie 7L\" \/>\n<meta property=\"og:description\" content=\"Le 16 juillet 1929, l&#8217;aristocrate Charles de Beistegui passe commande \u00e0 Le Corbusier d&#8217;un appartement-terrasse au n\u00b0136 des Champs-\u00c9lys\u00e9es &#8211;\u00a0 l&#8217;ancien h\u00f4tel particulier de sa grand-m\u00e8re. Membre de la haute boh\u00e8me cosmopolite des Ann\u00e9es folles, ce jeune dandy entend s&#8217;inspirer des f\u00eates l\u00e9gendaires se d\u00e9roulant dans le penthouse de Cond\u00e9 Nast sur Madison Avenue (1925), [&hellip;]\" \/>\n<meta property=\"og:url\" content=\"https:\/\/librairie7l.com\/en\/produit\/beistegui-avant-le-corbusier-genese-du-penthouse-des-champs-elysees\/\" \/>\n<meta property=\"og:site_name\" content=\"Librairie 7L\" \/>\n<meta property=\"article:modified_time\" content=\"2026-04-30T08:54:29+00:00\" \/>\n<meta property=\"og:image\" content=\"https:\/\/librairie7l.com\/wp-content\/uploads\/2015\/05\/9782365090483_1_75.jpg\" \/>\n\t<meta property=\"og:image:width\" content=\"600\" \/>\n\t<meta property=\"og:image:height\" content=\"896\" \/>\n\t<meta property=\"og:image:type\" content=\"image\/jpeg\" \/>\n<meta name=\"twitter:card\" content=\"summary_large_image\" \/>\n<meta name=\"twitter:label1\" content=\"Est. reading time\" \/>\n\t<meta name=\"twitter:data1\" content=\"1 minute\" \/>\n<script type=\"application\/ld+json\" class=\"yoast-schema-graph\">{\"@context\":\"https:\/\/schema.org\",\"@graph\":[{\"@type\":\"WebPage\",\"@id\":\"https:\/\/librairie7l.com\/en\/produit\/beistegui-avant-le-corbusier-genese-du-penthouse-des-champs-elysees\/\",\"url\":\"https:\/\/librairie7l.com\/en\/produit\/beistegui-avant-le-corbusier-genese-du-penthouse-des-champs-elysees\/\",\"name\":\"BEISTEGUI AVANT LE CORBUSIER ; GEN\u00c8SE DU PENTHOUSE DES CHAMPS-ELYS\u00c9ES - Librairie 7L\",\"isPartOf\":{\"@id\":\"https:\/\/librairie7l.com\/en\/#website\"},\"datePublished\":\"2023-05-10T12:30:10+00:00\",\"dateModified\":\"2026-04-30T08:54:29+00:00\",\"breadcrumb\":{\"@id\":\"https:\/\/librairie7l.com\/en\/produit\/beistegui-avant-le-corbusier-genese-du-penthouse-des-champs-elysees\/#breadcrumb\"},\"inLanguage\":\"en-US\",\"potentialAction\":[{\"@type\":\"ReadAction\",\"target\":[\"https:\/\/librairie7l.com\/en\/produit\/beistegui-avant-le-corbusier-genese-du-penthouse-des-champs-elysees\/\"]}]},{\"@type\":\"BreadcrumbList\",\"@id\":\"https:\/\/librairie7l.com\/en\/produit\/beistegui-avant-le-corbusier-genese-du-penthouse-des-champs-elysees\/#breadcrumb\",\"itemListElement\":[{\"@type\":\"ListItem\",\"position\":1,\"name\":\"Accueil\",\"item\":\"https:\/\/librairie7l.com\/en\/\"},{\"@type\":\"ListItem\",\"position\":2,\"name\":\"Shop\",\"item\":\"https:\/\/librairie7l.com\/en\/shop\/\"},{\"@type\":\"ListItem\",\"position\":3,\"name\":\"BEISTEGUI AVANT LE CORBUSIER ; GEN\u00c8SE DU PENTHOUSE DES CHAMPS-ELYS\u00c9ES\"}]},{\"@type\":\"WebSite\",\"@id\":\"https:\/\/librairie7l.com\/en\/#website\",\"url\":\"https:\/\/librairie7l.com\/en\/\",\"name\":\"Librairie 7L\",\"description\":\"Librairie fond\u00e9e en 1999 par Karl Lagerfeld \u00e0 Paris\",\"publisher\":{\"@id\":\"https:\/\/librairie7l.com\/en\/#organization\"},\"potentialAction\":[{\"@type\":\"SearchAction\",\"target\":{\"@type\":\"EntryPoint\",\"urlTemplate\":\"https:\/\/librairie7l.com\/en\/?s={search_term_string}\"},\"query-input\":\"required name=search_term_string\"}],\"inLanguage\":\"en-US\"},{\"@type\":\"Organization\",\"@id\":\"https:\/\/librairie7l.com\/en\/#organization\",\"name\":\"Librairie 7L\",\"url\":\"https:\/\/librairie7l.com\/en\/\",\"logo\":{\"@type\":\"ImageObject\",\"inLanguage\":\"en-US\",\"@id\":\"https:\/\/librairie7l.com\/en\/#\/schema\/logo\/image\/\",\"url\":\"https:\/\/librairie7l.com\/wp-content\/uploads\/2022\/08\/logo-1.png\",\"contentUrl\":\"https:\/\/librairie7l.com\/wp-content\/uploads\/2022\/08\/logo-1.png\",\"width\":227,\"height\":301,\"caption\":\"Librairie 7L\"},\"image\":{\"@id\":\"https:\/\/librairie7l.com\/en\/#\/schema\/logo\/image\/\"}}]}<\/script>\n<!-- \/ Yoast SEO plugin. -->","yoast_head_json":{"title":"BEISTEGUI AVANT LE CORBUSIER ; GEN\u00c8SE DU PENTHOUSE DES CHAMPS-ELYS\u00c9ES - Librairie 7L","robots":{"index":"index","follow":"follow","max-snippet":"max-snippet:-1","max-image-preview":"max-image-preview:large","max-video-preview":"max-video-preview:-1"},"canonical":"https:\/\/librairie7l.com\/en\/produit\/beistegui-avant-le-corbusier-genese-du-penthouse-des-champs-elysees\/","og_locale":"en_US","og_type":"article","og_title":"BEISTEGUI AVANT LE CORBUSIER ; GEN\u00c8SE DU PENTHOUSE DES CHAMPS-ELYS\u00c9ES - Librairie 7L","og_description":"Le 16 juillet 1929, l&#8217;aristocrate Charles de Beistegui passe commande \u00e0 Le Corbusier d&#8217;un appartement-terrasse au n\u00b0136 des Champs-\u00c9lys\u00e9es &#8211;\u00a0 l&#8217;ancien h\u00f4tel particulier de sa grand-m\u00e8re. Membre de la haute boh\u00e8me cosmopolite des Ann\u00e9es folles, ce jeune dandy entend s&#8217;inspirer des f\u00eates l\u00e9gendaires se d\u00e9roulant dans le penthouse de Cond\u00e9 Nast sur Madison Avenue (1925), [&hellip;]","og_url":"https:\/\/librairie7l.com\/en\/produit\/beistegui-avant-le-corbusier-genese-du-penthouse-des-champs-elysees\/","og_site_name":"Librairie 7L","article_modified_time":"2026-04-30T08:54:29+00:00","og_image":[{"width":600,"height":896,"url":"https:\/\/librairie7l.com\/wp-content\/uploads\/2015\/05\/9782365090483_1_75.jpg","type":"image\/jpeg"}],"twitter_card":"summary_large_image","twitter_misc":{"Est. reading time":"1 minute"},"schema":{"@context":"https:\/\/schema.org","@graph":[{"@type":"WebPage","@id":"https:\/\/librairie7l.com\/en\/produit\/beistegui-avant-le-corbusier-genese-du-penthouse-des-champs-elysees\/","url":"https:\/\/librairie7l.com\/en\/produit\/beistegui-avant-le-corbusier-genese-du-penthouse-des-champs-elysees\/","name":"BEISTEGUI AVANT LE CORBUSIER ; GEN\u00c8SE DU PENTHOUSE DES CHAMPS-ELYS\u00c9ES - Librairie 7L","isPartOf":{"@id":"https:\/\/librairie7l.com\/en\/#website"},"datePublished":"2023-05-10T12:30:10+00:00","dateModified":"2026-04-30T08:54:29+00:00","breadcrumb":{"@id":"https:\/\/librairie7l.com\/en\/produit\/beistegui-avant-le-corbusier-genese-du-penthouse-des-champs-elysees\/#breadcrumb"},"inLanguage":"en-US","potentialAction":[{"@type":"ReadAction","target":["https:\/\/librairie7l.com\/en\/produit\/beistegui-avant-le-corbusier-genese-du-penthouse-des-champs-elysees\/"]}]},{"@type":"BreadcrumbList","@id":"https:\/\/librairie7l.com\/en\/produit\/beistegui-avant-le-corbusier-genese-du-penthouse-des-champs-elysees\/#breadcrumb","itemListElement":[{"@type":"ListItem","position":1,"name":"Accueil","item":"https:\/\/librairie7l.com\/en\/"},{"@type":"ListItem","position":2,"name":"Shop","item":"https:\/\/librairie7l.com\/en\/shop\/"},{"@type":"ListItem","position":3,"name":"BEISTEGUI AVANT LE CORBUSIER ; GEN\u00c8SE DU PENTHOUSE DES CHAMPS-ELYS\u00c9ES"}]},{"@type":"WebSite","@id":"https:\/\/librairie7l.com\/en\/#website","url":"https:\/\/librairie7l.com\/en\/","name":"Librairie 7L","description":"Librairie fond\u00e9e en 1999 par Karl Lagerfeld \u00e0 Paris","publisher":{"@id":"https:\/\/librairie7l.com\/en\/#organization"},"potentialAction":[{"@type":"SearchAction","target":{"@type":"EntryPoint","urlTemplate":"https:\/\/librairie7l.com\/en\/?s={search_term_string}"},"query-input":"required name=search_term_string"}],"inLanguage":"en-US"},{"@type":"Organization","@id":"https:\/\/librairie7l.com\/en\/#organization","name":"Librairie 7L","url":"https:\/\/librairie7l.com\/en\/","logo":{"@type":"ImageObject","inLanguage":"en-US","@id":"https:\/\/librairie7l.com\/en\/#\/schema\/logo\/image\/","url":"https:\/\/librairie7l.com\/wp-content\/uploads\/2022\/08\/logo-1.png","contentUrl":"https:\/\/librairie7l.com\/wp-content\/uploads\/2022\/08\/logo-1.png","width":227,"height":301,"caption":"Librairie 7L"},"image":{"@id":"https:\/\/librairie7l.com\/en\/#\/schema\/logo\/image\/"}}]}},"_links":{"self":[{"href":"https:\/\/librairie7l.com\/en\/wp-json\/wp\/v2\/product\/30299"}],"collection":[{"href":"https:\/\/librairie7l.com\/en\/wp-json\/wp\/v2\/product"}],"about":[{"href":"https:\/\/librairie7l.com\/en\/wp-json\/wp\/v2\/types\/product"}],"wp:featuredmedia":[{"embeddable":true,"href":"https:\/\/librairie7l.com\/en\/wp-json\/wp\/v2\/media\/30297"}],"wp:attachment":[{"href":"https:\/\/librairie7l.com\/en\/wp-json\/wp\/v2\/media?parent=30299"}],"wp:term":[{"taxonomy":"product_cat","embeddable":true,"href":"https:\/\/librairie7l.com\/en\/wp-json\/wp\/v2\/product_cat?post=30299"},{"taxonomy":"product_tag","embeddable":true,"href":"https:\/\/librairie7l.com\/en\/wp-json\/wp\/v2\/product_tag?post=30299"}],"curies":[{"name":"wp","href":"https:\/\/api.w.org\/{rel}","templated":true}]}}

BEISTEGUI AVANT LE CORBUSIER ; GENÈSE DU PENTHOUSE DES CHAMPS-ELYSÉES

<p>Le 16 juillet 1929, l&#8217;aristocrate Charles de Beistegui passe commande à Le Corbusier d&#8217;un appartement-terrasse au n°136 des Champs-Élysées &#8211;  l&#8217;ancien hôtel particulier de sa grand-mère. Membre de la haute bohème cosmopolite des Années folles, ce jeune dandy entend s&#8217;inspirer des fêtes légendaires se déroulant dans le penthouse de Condé Nast sur Madison Avenue (1925), et relatées dans les titres à la mode lui appartenant &#8211;  dont Vogue et Vanity Fair. Mais pour Wim van den Bergh, la «  machine à amuser  » dont rêve Beistegui (avec périscope et baie motorisée), aurait aussi à voir avec le château et la «  petite maison  » Art Déco réalisés par Robert Mallet-Stevens pour ses amis Paul Poiret «  Le Magnifique  » (1921-1923, inachevé) ainsi que Charles et Marie-Laure de Noailles (1923-1933)&#8230;</p>

<p>Le 16 juillet 1929, l&#8217;aristocrate Charles de Beistegui passe commande à Le Corbusier d&#8217;un appartement-terrasse au n°136 des Champs-Élysées &#8211;  l&#8217;ancien hôtel particulier de sa grand-mère. Membre de la haute bohème cosmopolite des Années folles, ce jeune dandy entend s&#8217;inspirer des fêtes légendaires se déroulant dans le penthouse de Condé Nast sur Madison Avenue (1925), [&hellip;]</p>

<!-- This site is optimized with the Yoast SEO plugin v20.11 - https://yoast.com/wordpress/plugins/seo/ -->
<title>BEISTEGUI AVANT LE CORBUSIER ; GENÈSE DU PENTHOUSE DES CHAMPS-ELYSÉES - Librairie 7L</title>
<meta name="robots" content="index, follow, max-snippet:-1, max-image-preview:large, max-video-preview:-1" />
<link rel="canonical" href="https://librairie7l.com/en/produit/beistegui-avant-le-corbusier-genese-du-penthouse-des-champs-elysees/" />
<meta property="og:locale" content="en_US" />
<meta property="og:type" content="article" />
<meta property="og:title" content="BEISTEGUI AVANT LE CORBUSIER ; GENÈSE DU PENTHOUSE DES CHAMPS-ELYSÉES - Librairie 7L" />
<meta property="og:description" content="Le 16 juillet 1929, l&#8217;aristocrate Charles de Beistegui passe commande à Le Corbusier d&#8217;un appartement-terrasse au n°136 des Champs-Élysées &#8211;  l&#8217;ancien hôtel particulier de sa grand-mère. Membre de la haute bohème cosmopolite des Années folles, ce jeune dandy entend s&#8217;inspirer des fêtes légendaires se déroulant dans le penthouse de Condé Nast sur Madison Avenue (1925), [&hellip;]" />
<meta property="og:url" content="https://librairie7l.com/en/produit/beistegui-avant-le-corbusier-genese-du-penthouse-des-champs-elysees/" />
<meta property="og:site_name" content="Librairie 7L" />
<meta property="article:modified_time" content="2026-04-30T08:54:29+00:00" />
<meta property="og:image" content="https://librairie7l.com/wp-content/uploads/2015/05/9782365090483_1_75.jpg" />
	<meta property="og:image:width" content="600" />
	<meta property="og:image:height" content="896" />
	<meta property="og:image:type" content="image/jpeg" />
<meta name="twitter:card" content="summary_large_image" />
<meta name="twitter:label1" content="Est. reading time" />
	<meta name="twitter:data1" content="1 minute" />
<script type="application/ld+json" class="yoast-schema-graph">{"@context":"https://schema.org","@graph":[{"@type":"WebPage","@id":"https://librairie7l.com/en/produit/beistegui-avant-le-corbusier-genese-du-penthouse-des-champs-elysees/","url":"https://librairie7l.com/en/produit/beistegui-avant-le-corbusier-genese-du-penthouse-des-champs-elysees/","name":"BEISTEGUI AVANT LE CORBUSIER ; GENÈSE DU PENTHOUSE DES CHAMPS-ELYSÉES - Librairie 7L","isPartOf":{"@id":"https://librairie7l.com/en/#website"},"datePublished":"2023-05-10T12:30:10+00:00","dateModified":"2026-04-30T08:54:29+00:00","breadcrumb":{"@id":"https://librairie7l.com/en/produit/beistegui-avant-le-corbusier-genese-du-penthouse-des-champs-elysees/#breadcrumb"},"inLanguage":"en-US","potentialAction":[{"@type":"ReadAction","target":["https://librairie7l.com/en/produit/beistegui-avant-le-corbusier-genese-du-penthouse-des-champs-elysees/"]}]},{"@type":"BreadcrumbList","@id":"https://librairie7l.com/en/produit/beistegui-avant-le-corbusier-genese-du-penthouse-des-champs-elysees/#breadcrumb","itemListElement":[{"@type":"ListItem","position":1,"name":"Accueil","item":"https://librairie7l.com/en/"},{"@type":"ListItem","position":2,"name":"Shop","item":"https://librairie7l.com/en/shop/"},{"@type":"ListItem","position":3,"name":"BEISTEGUI AVANT LE CORBUSIER ; GENÈSE DU PENTHOUSE DES CHAMPS-ELYSÉES"}]},{"@type":"WebSite","@id":"https://librairie7l.com/en/#website","url":"https://librairie7l.com/en/","name":"Librairie 7L","description":"Librairie fondée en 1999 par Karl Lagerfeld à Paris","publisher":{"@id":"https://librairie7l.com/en/#organization"},"potentialAction":[{"@type":"SearchAction","target":{"@type":"EntryPoint","urlTemplate":"https://librairie7l.com/en/?s={search_term_string}"},"query-input":"required name=search_term_string"}],"inLanguage":"en-US"},{"@type":"Organization","@id":"https://librairie7l.com/en/#organization","name":"Librairie 7L","url":"https://librairie7l.com/en/","logo":{"@type":"ImageObject","inLanguage":"en-US","@id":"https://librairie7l.com/en/#/schema/logo/image/","url":"https://librairie7l.com/wp-content/uploads/2022/08/logo-1.png","contentUrl":"https://librairie7l.com/wp-content/uploads/2022/08/logo-1.png","width":227,"height":301,"caption":"Librairie 7L"},"image":{"@id":"https://librairie7l.com/en/#/schema/logo/image/"}}]}</script>
<!-- / Yoast SEO plugin. -->

BEISTEGUI AVANT LE CORBUSIER ; GENÈSE DU PENTHOUSE DES CHAMPS-ELYSÉES - Librairie 7L

Le 16 juillet 1929, l&#8217;aristocrate Charles de Beistegui passe commande à Le Corbusier d&#8217;un appartement-terrasse au n°136 des Champs-Élysées &#8211;  l&#8217;ancien hôtel particulier de sa grand-mère. Membre de la haute bohème cosmopolite des Années folles, ce jeune dandy entend s&#8217;inspirer des fêtes légendaires se déroulant dans le penthouse de Condé Nast sur Madison Avenue (1925), [&hellip;]

Librairie fondée en 1999 par Karl Lagerfeld à Paris
