{"id":32275,"date":"2023-06-03T01:16:25","date_gmt":"2023-06-02T23:16:25","guid":{"rendered":"https:\/\/librairie7l.com\/?post_type=product&#038;p=32275"},"modified":"2026-04-26T15:37:42","modified_gmt":"2026-04-26T13:37:42","slug":"l-idee-de-mode-une-nouvelle-histoire","status":"publish","type":"product","link":"https:\/\/librairie7l.com\/en\/produit\/l-idee-de-mode-une-nouvelle-histoire\/","title":{"rendered":"L&#8217; ID\u00c9E DE MODE : UNE NOUVELLE HISTOIRE"},"content":{"rendered":"<p>Cet ouvrage propose d&#8217;\u00e9crire l&#8217;histoire de la mode sous un angle inhabituel, sans se focaliser sur ses  cr\u00e9ateurs ou ses pi\u00e8ces, mais en analysant les discours qui, sous diverses formes, ont permis \u00e0 la mode  de se constituer comme discipline \u00e0 part enti\u00e8re. L&#8217;Id\u00e9e de mode m\u00eale analyse de textes, histoire, et \u00e9tudes  visuelles dans le but d&#8217;int\u00e9grer cette discipline au champ plus large du design. \u00c9milie Hammen replace ainsi  la mode dans une histoire des id\u00e9es qui prend sa source dans la p\u00e9riode postr\u00e9volutionnaire en France, pour  s&#8217;achever avec l&#8217;\u00e2ge des avant-gardes au d\u00e9but du XXe si\u00e8cle. \u00c0 travers ce long XIXe si\u00e8cle se dessine une  historiographie qui s&#8217;attache avant tout \u00e0 identifier certains \u00e9nonciateurs &#8211; ceux qui parlent et d\u00e9finissent  ainsi successivement la mode au cours de cette p\u00e9riode. Il s&#8217;agit ainsi moins de consid\u00e9rer la mode comme  manifestation mat\u00e9rielle ou visuelle, que comme un ensemble de discours produits et pris en charge par des  groupes socio-professionnels diff\u00e9rents. Sans pour autant renoncer aux sources historiographiques qui ont  compos\u00e9 les belles heures des histoires du costume, cet ouvrage entreprend plut\u00f4t de les \u00e9clairer d&#8217;un jour  nouveau.<\/p>\n","protected":false},"excerpt":{"rendered":"<p>Cet ouvrage propose d&#8217;\u00e9crire l&#8217;histoire de la mode sous un angle inhabituel, sans se focaliser sur ses cr\u00e9ateurs ou ses pi\u00e8ces, mais en analysant les discours qui, sous diverses formes, ont permis \u00e0 la mode de se constituer comme discipline \u00e0 part enti\u00e8re. L&#8217;Id\u00e9e de mode m\u00eale analyse de textes, histoire, et \u00e9tudes visuelles dans [&hellip;]<\/p>\n","protected":false},"featured_media":32355,"template":"","meta":[],"product_cat":[2948,2957],"product_tag":[],"acf":[],"yoast_head":"<!-- This site is optimized with the Yoast SEO plugin v20.11 - https:\/\/yoast.com\/wordpress\/plugins\/seo\/ -->\n<title>L&#039; ID\u00c9E DE MODE : UNE NOUVELLE HISTOIRE - Librairie 7L<\/title>\n<meta name=\"robots\" content=\"index, follow, max-snippet:-1, max-image-preview:large, max-video-preview:-1\" \/>\n<link rel=\"canonical\" href=\"https:\/\/librairie7l.com\/en\/produit\/l-idee-de-mode-une-nouvelle-histoire\/\" \/>\n<meta property=\"og:locale\" content=\"en_US\" \/>\n<meta property=\"og:type\" content=\"article\" \/>\n<meta property=\"og:title\" content=\"L&#039; ID\u00c9E DE MODE : UNE NOUVELLE HISTOIRE - Librairie 7L\" \/>\n<meta property=\"og:description\" content=\"Cet ouvrage propose d&#8217;\u00e9crire l&#8217;histoire de la mode sous un angle inhabituel, sans se focaliser sur ses cr\u00e9ateurs ou ses pi\u00e8ces, mais en analysant les discours qui, sous diverses formes, ont permis \u00e0 la mode de se constituer comme discipline \u00e0 part enti\u00e8re. L&#8217;Id\u00e9e de mode m\u00eale analyse de textes, histoire, et \u00e9tudes visuelles dans [&hellip;]\" \/>\n<meta property=\"og:url\" content=\"https:\/\/librairie7l.com\/en\/produit\/l-idee-de-mode-une-nouvelle-histoire\/\" \/>\n<meta property=\"og:site_name\" content=\"Librairie 7L\" \/>\n<meta property=\"article:modified_time\" content=\"2026-04-26T13:37:42+00:00\" \/>\n<meta property=\"og:image\" content=\"https:\/\/librairie7l.com\/wp-content\/uploads\/2022\/11\/9782490077861_1_75.jpg\" \/>\n\t<meta property=\"og:image:width\" content=\"302\" \/>\n\t<meta property=\"og:image:height\" content=\"479\" \/>\n\t<meta property=\"og:image:type\" content=\"image\/jpeg\" \/>\n<meta name=\"twitter:card\" content=\"summary_large_image\" \/>\n<meta name=\"twitter:label1\" content=\"Est. reading time\" \/>\n\t<meta name=\"twitter:data1\" content=\"1 minute\" \/>\n<script type=\"application\/ld+json\" class=\"yoast-schema-graph\">{\"@context\":\"https:\/\/schema.org\",\"@graph\":[{\"@type\":\"WebPage\",\"@id\":\"https:\/\/librairie7l.com\/en\/produit\/l-idee-de-mode-une-nouvelle-histoire\/\",\"url\":\"https:\/\/librairie7l.com\/en\/produit\/l-idee-de-mode-une-nouvelle-histoire\/\",\"name\":\"L' ID\u00c9E DE MODE : UNE NOUVELLE HISTOIRE - Librairie 7L\",\"isPartOf\":{\"@id\":\"https:\/\/librairie7l.com\/en\/#website\"},\"datePublished\":\"2023-06-02T23:16:25+00:00\",\"dateModified\":\"2026-04-26T13:37:42+00:00\",\"breadcrumb\":{\"@id\":\"https:\/\/librairie7l.com\/en\/produit\/l-idee-de-mode-une-nouvelle-histoire\/#breadcrumb\"},\"inLanguage\":\"en-US\",\"potentialAction\":[{\"@type\":\"ReadAction\",\"target\":[\"https:\/\/librairie7l.com\/en\/produit\/l-idee-de-mode-une-nouvelle-histoire\/\"]}]},{\"@type\":\"BreadcrumbList\",\"@id\":\"https:\/\/librairie7l.com\/en\/produit\/l-idee-de-mode-une-nouvelle-histoire\/#breadcrumb\",\"itemListElement\":[{\"@type\":\"ListItem\",\"position\":1,\"name\":\"Accueil\",\"item\":\"https:\/\/librairie7l.com\/en\/\"},{\"@type\":\"ListItem\",\"position\":2,\"name\":\"Shop\",\"item\":\"https:\/\/librairie7l.com\/en\/shop\/\"},{\"@type\":\"ListItem\",\"position\":3,\"name\":\"L&#8217; ID\u00c9E DE MODE : UNE NOUVELLE HISTOIRE\"}]},{\"@type\":\"WebSite\",\"@id\":\"https:\/\/librairie7l.com\/en\/#website\",\"url\":\"https:\/\/librairie7l.com\/en\/\",\"name\":\"Librairie 7L\",\"description\":\"Librairie fond\u00e9e en 1999 par Karl Lagerfeld \u00e0 Paris\",\"publisher\":{\"@id\":\"https:\/\/librairie7l.com\/en\/#organization\"},\"potentialAction\":[{\"@type\":\"SearchAction\",\"target\":{\"@type\":\"EntryPoint\",\"urlTemplate\":\"https:\/\/librairie7l.com\/en\/?s={search_term_string}\"},\"query-input\":\"required name=search_term_string\"}],\"inLanguage\":\"en-US\"},{\"@type\":\"Organization\",\"@id\":\"https:\/\/librairie7l.com\/en\/#organization\",\"name\":\"Librairie 7L\",\"url\":\"https:\/\/librairie7l.com\/en\/\",\"logo\":{\"@type\":\"ImageObject\",\"inLanguage\":\"en-US\",\"@id\":\"https:\/\/librairie7l.com\/en\/#\/schema\/logo\/image\/\",\"url\":\"https:\/\/librairie7l.com\/wp-content\/uploads\/2022\/08\/logo-1.png\",\"contentUrl\":\"https:\/\/librairie7l.com\/wp-content\/uploads\/2022\/08\/logo-1.png\",\"width\":227,\"height\":301,\"caption\":\"Librairie 7L\"},\"image\":{\"@id\":\"https:\/\/librairie7l.com\/en\/#\/schema\/logo\/image\/\"}}]}<\/script>\n<!-- \/ Yoast SEO plugin. -->","yoast_head_json":{"title":"L' ID\u00c9E DE MODE : UNE NOUVELLE HISTOIRE - Librairie 7L","robots":{"index":"index","follow":"follow","max-snippet":"max-snippet:-1","max-image-preview":"max-image-preview:large","max-video-preview":"max-video-preview:-1"},"canonical":"https:\/\/librairie7l.com\/en\/produit\/l-idee-de-mode-une-nouvelle-histoire\/","og_locale":"en_US","og_type":"article","og_title":"L' ID\u00c9E DE MODE : UNE NOUVELLE HISTOIRE - Librairie 7L","og_description":"Cet ouvrage propose d&#8217;\u00e9crire l&#8217;histoire de la mode sous un angle inhabituel, sans se focaliser sur ses cr\u00e9ateurs ou ses pi\u00e8ces, mais en analysant les discours qui, sous diverses formes, ont permis \u00e0 la mode de se constituer comme discipline \u00e0 part enti\u00e8re. L&#8217;Id\u00e9e de mode m\u00eale analyse de textes, histoire, et \u00e9tudes visuelles dans [&hellip;]","og_url":"https:\/\/librairie7l.com\/en\/produit\/l-idee-de-mode-une-nouvelle-histoire\/","og_site_name":"Librairie 7L","article_modified_time":"2026-04-26T13:37:42+00:00","og_image":[{"width":302,"height":479,"url":"https:\/\/librairie7l.com\/wp-content\/uploads\/2022\/11\/9782490077861_1_75.jpg","type":"image\/jpeg"}],"twitter_card":"summary_large_image","twitter_misc":{"Est. reading time":"1 minute"},"schema":{"@context":"https:\/\/schema.org","@graph":[{"@type":"WebPage","@id":"https:\/\/librairie7l.com\/en\/produit\/l-idee-de-mode-une-nouvelle-histoire\/","url":"https:\/\/librairie7l.com\/en\/produit\/l-idee-de-mode-une-nouvelle-histoire\/","name":"L' ID\u00c9E DE MODE : UNE NOUVELLE HISTOIRE - Librairie 7L","isPartOf":{"@id":"https:\/\/librairie7l.com\/en\/#website"},"datePublished":"2023-06-02T23:16:25+00:00","dateModified":"2026-04-26T13:37:42+00:00","breadcrumb":{"@id":"https:\/\/librairie7l.com\/en\/produit\/l-idee-de-mode-une-nouvelle-histoire\/#breadcrumb"},"inLanguage":"en-US","potentialAction":[{"@type":"ReadAction","target":["https:\/\/librairie7l.com\/en\/produit\/l-idee-de-mode-une-nouvelle-histoire\/"]}]},{"@type":"BreadcrumbList","@id":"https:\/\/librairie7l.com\/en\/produit\/l-idee-de-mode-une-nouvelle-histoire\/#breadcrumb","itemListElement":[{"@type":"ListItem","position":1,"name":"Accueil","item":"https:\/\/librairie7l.com\/en\/"},{"@type":"ListItem","position":2,"name":"Shop","item":"https:\/\/librairie7l.com\/en\/shop\/"},{"@type":"ListItem","position":3,"name":"L&#8217; ID\u00c9E DE MODE : UNE NOUVELLE HISTOIRE"}]},{"@type":"WebSite","@id":"https:\/\/librairie7l.com\/en\/#website","url":"https:\/\/librairie7l.com\/en\/","name":"Librairie 7L","description":"Librairie fond\u00e9e en 1999 par Karl Lagerfeld \u00e0 Paris","publisher":{"@id":"https:\/\/librairie7l.com\/en\/#organization"},"potentialAction":[{"@type":"SearchAction","target":{"@type":"EntryPoint","urlTemplate":"https:\/\/librairie7l.com\/en\/?s={search_term_string}"},"query-input":"required name=search_term_string"}],"inLanguage":"en-US"},{"@type":"Organization","@id":"https:\/\/librairie7l.com\/en\/#organization","name":"Librairie 7L","url":"https:\/\/librairie7l.com\/en\/","logo":{"@type":"ImageObject","inLanguage":"en-US","@id":"https:\/\/librairie7l.com\/en\/#\/schema\/logo\/image\/","url":"https:\/\/librairie7l.com\/wp-content\/uploads\/2022\/08\/logo-1.png","contentUrl":"https:\/\/librairie7l.com\/wp-content\/uploads\/2022\/08\/logo-1.png","width":227,"height":301,"caption":"Librairie 7L"},"image":{"@id":"https:\/\/librairie7l.com\/en\/#\/schema\/logo\/image\/"}}]}},"_links":{"self":[{"href":"https:\/\/librairie7l.com\/en\/wp-json\/wp\/v2\/product\/32275"}],"collection":[{"href":"https:\/\/librairie7l.com\/en\/wp-json\/wp\/v2\/product"}],"about":[{"href":"https:\/\/librairie7l.com\/en\/wp-json\/wp\/v2\/types\/product"}],"wp:featuredmedia":[{"embeddable":true,"href":"https:\/\/librairie7l.com\/en\/wp-json\/wp\/v2\/media\/32355"}],"wp:attachment":[{"href":"https:\/\/librairie7l.com\/en\/wp-json\/wp\/v2\/media?parent=32275"}],"wp:term":[{"taxonomy":"product_cat","embeddable":true,"href":"https:\/\/librairie7l.com\/en\/wp-json\/wp\/v2\/product_cat?post=32275"},{"taxonomy":"product_tag","embeddable":true,"href":"https:\/\/librairie7l.com\/en\/wp-json\/wp\/v2\/product_tag?post=32275"}],"curies":[{"name":"wp","href":"https:\/\/api.w.org\/{rel}","templated":true}]}}

L&#8217; IDÉE DE MODE : UNE NOUVELLE HISTOIRE

<p>Cet ouvrage propose d&#8217;écrire l&#8217;histoire de la mode sous un angle inhabituel, sans se focaliser sur ses  créateurs ou ses pièces, mais en analysant les discours qui, sous diverses formes, ont permis à la mode  de se constituer comme discipline à part entière. L&#8217;Idée de mode mêle analyse de textes, histoire, et études  visuelles dans le but d&#8217;intégrer cette discipline au champ plus large du design. Émilie Hammen replace ainsi  la mode dans une histoire des idées qui prend sa source dans la période postrévolutionnaire en France, pour  s&#8217;achever avec l&#8217;âge des avant-gardes au début du XXe siècle. À travers ce long XIXe siècle se dessine une  historiographie qui s&#8217;attache avant tout à identifier certains énonciateurs &#8211; ceux qui parlent et définissent  ainsi successivement la mode au cours de cette période. Il s&#8217;agit ainsi moins de considérer la mode comme  manifestation matérielle ou visuelle, que comme un ensemble de discours produits et pris en charge par des  groupes socio-professionnels différents. Sans pour autant renoncer aux sources historiographiques qui ont  composé les belles heures des histoires du costume, cet ouvrage entreprend plutôt de les éclairer d&#8217;un jour  nouveau.</p>

<p>Cet ouvrage propose d&#8217;écrire l&#8217;histoire de la mode sous un angle inhabituel, sans se focaliser sur ses créateurs ou ses pièces, mais en analysant les discours qui, sous diverses formes, ont permis à la mode de se constituer comme discipline à part entière. L&#8217;Idée de mode mêle analyse de textes, histoire, et études visuelles dans [&hellip;]</p>

<!-- This site is optimized with the Yoast SEO plugin v20.11 - https://yoast.com/wordpress/plugins/seo/ -->
<title>L&#039; IDÉE DE MODE : UNE NOUVELLE HISTOIRE - Librairie 7L</title>
<meta name="robots" content="index, follow, max-snippet:-1, max-image-preview:large, max-video-preview:-1" />
<link rel="canonical" href="https://librairie7l.com/en/produit/l-idee-de-mode-une-nouvelle-histoire/" />
<meta property="og:locale" content="en_US" />
<meta property="og:type" content="article" />
<meta property="og:title" content="L&#039; IDÉE DE MODE : UNE NOUVELLE HISTOIRE - Librairie 7L" />
<meta property="og:description" content="Cet ouvrage propose d&#8217;écrire l&#8217;histoire de la mode sous un angle inhabituel, sans se focaliser sur ses créateurs ou ses pièces, mais en analysant les discours qui, sous diverses formes, ont permis à la mode de se constituer comme discipline à part entière. L&#8217;Idée de mode mêle analyse de textes, histoire, et études visuelles dans [&hellip;]" />
<meta property="og:url" content="https://librairie7l.com/en/produit/l-idee-de-mode-une-nouvelle-histoire/" />
<meta property="og:site_name" content="Librairie 7L" />
<meta property="article:modified_time" content="2026-04-26T13:37:42+00:00" />
<meta property="og:image" content="https://librairie7l.com/wp-content/uploads/2022/11/9782490077861_1_75.jpg" />
	<meta property="og:image:width" content="302" />
	<meta property="og:image:height" content="479" />
	<meta property="og:image:type" content="image/jpeg" />
<meta name="twitter:card" content="summary_large_image" />
<meta name="twitter:label1" content="Est. reading time" />
	<meta name="twitter:data1" content="1 minute" />
<script type="application/ld+json" class="yoast-schema-graph">{"@context":"https://schema.org","@graph":[{"@type":"WebPage","@id":"https://librairie7l.com/en/produit/l-idee-de-mode-une-nouvelle-histoire/","url":"https://librairie7l.com/en/produit/l-idee-de-mode-une-nouvelle-histoire/","name":"L' IDÉE DE MODE : UNE NOUVELLE HISTOIRE - Librairie 7L","isPartOf":{"@id":"https://librairie7l.com/en/#website"},"datePublished":"2023-06-02T23:16:25+00:00","dateModified":"2026-04-26T13:37:42+00:00","breadcrumb":{"@id":"https://librairie7l.com/en/produit/l-idee-de-mode-une-nouvelle-histoire/#breadcrumb"},"inLanguage":"en-US","potentialAction":[{"@type":"ReadAction","target":["https://librairie7l.com/en/produit/l-idee-de-mode-une-nouvelle-histoire/"]}]},{"@type":"BreadcrumbList","@id":"https://librairie7l.com/en/produit/l-idee-de-mode-une-nouvelle-histoire/#breadcrumb","itemListElement":[{"@type":"ListItem","position":1,"name":"Accueil","item":"https://librairie7l.com/en/"},{"@type":"ListItem","position":2,"name":"Shop","item":"https://librairie7l.com/en/shop/"},{"@type":"ListItem","position":3,"name":"L&#8217; IDÉE DE MODE : UNE NOUVELLE HISTOIRE"}]},{"@type":"WebSite","@id":"https://librairie7l.com/en/#website","url":"https://librairie7l.com/en/","name":"Librairie 7L","description":"Librairie fondée en 1999 par Karl Lagerfeld à Paris","publisher":{"@id":"https://librairie7l.com/en/#organization"},"potentialAction":[{"@type":"SearchAction","target":{"@type":"EntryPoint","urlTemplate":"https://librairie7l.com/en/?s={search_term_string}"},"query-input":"required name=search_term_string"}],"inLanguage":"en-US"},{"@type":"Organization","@id":"https://librairie7l.com/en/#organization","name":"Librairie 7L","url":"https://librairie7l.com/en/","logo":{"@type":"ImageObject","inLanguage":"en-US","@id":"https://librairie7l.com/en/#/schema/logo/image/","url":"https://librairie7l.com/wp-content/uploads/2022/08/logo-1.png","contentUrl":"https://librairie7l.com/wp-content/uploads/2022/08/logo-1.png","width":227,"height":301,"caption":"Librairie 7L"},"image":{"@id":"https://librairie7l.com/en/#/schema/logo/image/"}}]}</script>
<!-- / Yoast SEO plugin. -->

L' IDÉE DE MODE : UNE NOUVELLE HISTOIRE - Librairie 7L

Cet ouvrage propose d&#8217;écrire l&#8217;histoire de la mode sous un angle inhabituel, sans se focaliser sur ses créateurs ou ses pièces, mais en analysant les discours qui, sous diverses formes, ont permis à la mode de se constituer comme discipline à part entière. L&#8217;Idée de mode mêle analyse de textes, histoire, et études visuelles dans [&hellip;]

Librairie fondée en 1999 par Karl Lagerfeld à Paris
