{"id":32781,"date":"2023-06-23T01:16:18","date_gmt":"2023-06-22T23:16:18","guid":{"rendered":"https:\/\/librairie7l.com\/?post_type=product&#038;p=32781"},"modified":"2026-05-01T00:38:13","modified_gmt":"2026-04-30T22:38:13","slug":"mineral-vegetal-fleurs-de-pierre","status":"publish","type":"product","link":"https:\/\/librairie7l.com\/en\/produit\/mineral-vegetal-fleurs-de-pierre\/","title":{"rendered":"MIN\u00c9RAL-V\u00c9G\u00c9TAL. FLEURS DE PIERRE"},"content":{"rendered":"<p>Volontiers oppos\u00e9s, distincts par essence, le min\u00e9ral et le v\u00e9g\u00e9tal entretiennent pourtant des relations trop souvent r\u00e9duites \u00e0 l&#8217;image d&#8217;une v\u00e9g\u00e9tation alt\u00e9rant la noblesse des \u00e9difices.<br \/>\nVolontiers oppos\u00e9s, distincts par essence, le min\u00e9ral et le v\u00e9g\u00e9tal entretiennent pourtant des relations trop souvent r\u00e9duites \u00e0 l&#8217;image d&#8217;une v\u00e9g\u00e9tation alt\u00e9rant la noblesse des \u00e9difices. Les plantes des premiers temps ne nous sont-elles pas cependant parvenues p\u00e9trifi\u00e9es ? Sensibles \u00e0 la beaut\u00e9 infinie des esp\u00e8ces v\u00e9g\u00e9tales, nombre d&#8217;architectes, artistes et cr\u00e9ateurs ont trouv\u00e9 dans leurs formes une source d&#8217;inspiration f\u00e9conde \u00e0 travers les \u00e9poques et jusqu&#8217;\u00e0 nos jours : ornement architectural, tapisserie, photographie, sculpture, dessin, herbier&#8230; Dans les pages de cet ouvrage, o\u00f9 se c\u00f4toient toutes sortes d&#8217;influences, la botanique croise l&#8217;histoire de l&#8217;art pour r\u00e9v\u00e9ler les liens intimes qui unissent les r\u00e8gnes min\u00e9ral et v\u00e9g\u00e9tal. Marc Jeanson et Rapha\u00eblle Reynaud nous entra\u00eenent dans une d\u00e9ambulation po\u00e9tique, menant un dialogue aussi surprenant que singulier.<\/p>\n","protected":false},"excerpt":{"rendered":"<p>Volontiers oppos\u00e9s, distincts par essence, le min\u00e9ral et le v\u00e9g\u00e9tal entretiennent pourtant des relations trop souvent r\u00e9duites \u00e0 l&#8217;image d&#8217;une v\u00e9g\u00e9tation alt\u00e9rant la noblesse des \u00e9difices. Volontiers oppos\u00e9s, distincts par essence, le min\u00e9ral et le v\u00e9g\u00e9tal entretiennent pourtant des relations trop souvent r\u00e9duites \u00e0 l&#8217;image d&#8217;une v\u00e9g\u00e9tation alt\u00e9rant la noblesse des \u00e9difices. Les plantes des [&hellip;]<\/p>\n","protected":false},"featured_media":32779,"template":"","meta":[],"product_cat":[2948,2956],"product_tag":[],"acf":[],"yoast_head":"<!-- This site is optimized with the Yoast SEO plugin v20.11 - https:\/\/yoast.com\/wordpress\/plugins\/seo\/ -->\n<title>MIN\u00c9RAL-V\u00c9G\u00c9TAL. FLEURS DE PIERRE - Librairie 7L<\/title>\n<meta name=\"robots\" content=\"index, follow, max-snippet:-1, max-image-preview:large, max-video-preview:-1\" \/>\n<link rel=\"canonical\" href=\"https:\/\/librairie7l.com\/en\/produit\/mineral-vegetal-fleurs-de-pierre\/\" \/>\n<meta property=\"og:locale\" content=\"en_US\" \/>\n<meta property=\"og:type\" content=\"article\" \/>\n<meta property=\"og:title\" content=\"MIN\u00c9RAL-V\u00c9G\u00c9TAL. FLEURS DE PIERRE - Librairie 7L\" \/>\n<meta property=\"og:description\" content=\"Volontiers oppos\u00e9s, distincts par essence, le min\u00e9ral et le v\u00e9g\u00e9tal entretiennent pourtant des relations trop souvent r\u00e9duites \u00e0 l&#8217;image d&#8217;une v\u00e9g\u00e9tation alt\u00e9rant la noblesse des \u00e9difices. Volontiers oppos\u00e9s, distincts par essence, le min\u00e9ral et le v\u00e9g\u00e9tal entretiennent pourtant des relations trop souvent r\u00e9duites \u00e0 l&#8217;image d&#8217;une v\u00e9g\u00e9tation alt\u00e9rant la noblesse des \u00e9difices. Les plantes des [&hellip;]\" \/>\n<meta property=\"og:url\" content=\"https:\/\/librairie7l.com\/en\/produit\/mineral-vegetal-fleurs-de-pierre\/\" \/>\n<meta property=\"og:site_name\" content=\"Librairie 7L\" \/>\n<meta property=\"article:modified_time\" content=\"2026-04-30T22:38:13+00:00\" \/>\n<meta property=\"og:image\" content=\"https:\/\/librairie7l.com\/wp-content\/uploads\/2023\/02\/9782757708934_1_75.jpg\" \/>\n\t<meta property=\"og:image:width\" content=\"600\" \/>\n\t<meta property=\"og:image:height\" content=\"930\" \/>\n\t<meta property=\"og:image:type\" content=\"image\/jpeg\" \/>\n<meta name=\"twitter:card\" content=\"summary_large_image\" \/>\n<meta name=\"twitter:label1\" content=\"Est. reading time\" \/>\n\t<meta name=\"twitter:data1\" content=\"1 minute\" \/>\n<script type=\"application\/ld+json\" class=\"yoast-schema-graph\">{\"@context\":\"https:\/\/schema.org\",\"@graph\":[{\"@type\":\"WebPage\",\"@id\":\"https:\/\/librairie7l.com\/en\/produit\/mineral-vegetal-fleurs-de-pierre\/\",\"url\":\"https:\/\/librairie7l.com\/en\/produit\/mineral-vegetal-fleurs-de-pierre\/\",\"name\":\"MIN\u00c9RAL-V\u00c9G\u00c9TAL. FLEURS DE PIERRE - Librairie 7L\",\"isPartOf\":{\"@id\":\"https:\/\/librairie7l.com\/en\/#website\"},\"datePublished\":\"2023-06-22T23:16:18+00:00\",\"dateModified\":\"2026-04-30T22:38:13+00:00\",\"breadcrumb\":{\"@id\":\"https:\/\/librairie7l.com\/en\/produit\/mineral-vegetal-fleurs-de-pierre\/#breadcrumb\"},\"inLanguage\":\"en-US\",\"potentialAction\":[{\"@type\":\"ReadAction\",\"target\":[\"https:\/\/librairie7l.com\/en\/produit\/mineral-vegetal-fleurs-de-pierre\/\"]}]},{\"@type\":\"BreadcrumbList\",\"@id\":\"https:\/\/librairie7l.com\/en\/produit\/mineral-vegetal-fleurs-de-pierre\/#breadcrumb\",\"itemListElement\":[{\"@type\":\"ListItem\",\"position\":1,\"name\":\"Accueil\",\"item\":\"https:\/\/librairie7l.com\/en\/\"},{\"@type\":\"ListItem\",\"position\":2,\"name\":\"Shop\",\"item\":\"https:\/\/librairie7l.com\/en\/shop\/\"},{\"@type\":\"ListItem\",\"position\":3,\"name\":\"MIN\u00c9RAL-V\u00c9G\u00c9TAL. FLEURS DE PIERRE\"}]},{\"@type\":\"WebSite\",\"@id\":\"https:\/\/librairie7l.com\/en\/#website\",\"url\":\"https:\/\/librairie7l.com\/en\/\",\"name\":\"Librairie 7L\",\"description\":\"Librairie fond\u00e9e en 1999 par Karl Lagerfeld \u00e0 Paris\",\"publisher\":{\"@id\":\"https:\/\/librairie7l.com\/en\/#organization\"},\"potentialAction\":[{\"@type\":\"SearchAction\",\"target\":{\"@type\":\"EntryPoint\",\"urlTemplate\":\"https:\/\/librairie7l.com\/en\/?s={search_term_string}\"},\"query-input\":\"required name=search_term_string\"}],\"inLanguage\":\"en-US\"},{\"@type\":\"Organization\",\"@id\":\"https:\/\/librairie7l.com\/en\/#organization\",\"name\":\"Librairie 7L\",\"url\":\"https:\/\/librairie7l.com\/en\/\",\"logo\":{\"@type\":\"ImageObject\",\"inLanguage\":\"en-US\",\"@id\":\"https:\/\/librairie7l.com\/en\/#\/schema\/logo\/image\/\",\"url\":\"https:\/\/librairie7l.com\/wp-content\/uploads\/2022\/08\/logo-1.png\",\"contentUrl\":\"https:\/\/librairie7l.com\/wp-content\/uploads\/2022\/08\/logo-1.png\",\"width\":227,\"height\":301,\"caption\":\"Librairie 7L\"},\"image\":{\"@id\":\"https:\/\/librairie7l.com\/en\/#\/schema\/logo\/image\/\"}}]}<\/script>\n<!-- \/ Yoast SEO plugin. -->","yoast_head_json":{"title":"MIN\u00c9RAL-V\u00c9G\u00c9TAL. FLEURS DE PIERRE - Librairie 7L","robots":{"index":"index","follow":"follow","max-snippet":"max-snippet:-1","max-image-preview":"max-image-preview:large","max-video-preview":"max-video-preview:-1"},"canonical":"https:\/\/librairie7l.com\/en\/produit\/mineral-vegetal-fleurs-de-pierre\/","og_locale":"en_US","og_type":"article","og_title":"MIN\u00c9RAL-V\u00c9G\u00c9TAL. FLEURS DE PIERRE - Librairie 7L","og_description":"Volontiers oppos\u00e9s, distincts par essence, le min\u00e9ral et le v\u00e9g\u00e9tal entretiennent pourtant des relations trop souvent r\u00e9duites \u00e0 l&#8217;image d&#8217;une v\u00e9g\u00e9tation alt\u00e9rant la noblesse des \u00e9difices. Volontiers oppos\u00e9s, distincts par essence, le min\u00e9ral et le v\u00e9g\u00e9tal entretiennent pourtant des relations trop souvent r\u00e9duites \u00e0 l&#8217;image d&#8217;une v\u00e9g\u00e9tation alt\u00e9rant la noblesse des \u00e9difices. Les plantes des [&hellip;]","og_url":"https:\/\/librairie7l.com\/en\/produit\/mineral-vegetal-fleurs-de-pierre\/","og_site_name":"Librairie 7L","article_modified_time":"2026-04-30T22:38:13+00:00","og_image":[{"width":600,"height":930,"url":"https:\/\/librairie7l.com\/wp-content\/uploads\/2023\/02\/9782757708934_1_75.jpg","type":"image\/jpeg"}],"twitter_card":"summary_large_image","twitter_misc":{"Est. reading time":"1 minute"},"schema":{"@context":"https:\/\/schema.org","@graph":[{"@type":"WebPage","@id":"https:\/\/librairie7l.com\/en\/produit\/mineral-vegetal-fleurs-de-pierre\/","url":"https:\/\/librairie7l.com\/en\/produit\/mineral-vegetal-fleurs-de-pierre\/","name":"MIN\u00c9RAL-V\u00c9G\u00c9TAL. FLEURS DE PIERRE - Librairie 7L","isPartOf":{"@id":"https:\/\/librairie7l.com\/en\/#website"},"datePublished":"2023-06-22T23:16:18+00:00","dateModified":"2026-04-30T22:38:13+00:00","breadcrumb":{"@id":"https:\/\/librairie7l.com\/en\/produit\/mineral-vegetal-fleurs-de-pierre\/#breadcrumb"},"inLanguage":"en-US","potentialAction":[{"@type":"ReadAction","target":["https:\/\/librairie7l.com\/en\/produit\/mineral-vegetal-fleurs-de-pierre\/"]}]},{"@type":"BreadcrumbList","@id":"https:\/\/librairie7l.com\/en\/produit\/mineral-vegetal-fleurs-de-pierre\/#breadcrumb","itemListElement":[{"@type":"ListItem","position":1,"name":"Accueil","item":"https:\/\/librairie7l.com\/en\/"},{"@type":"ListItem","position":2,"name":"Shop","item":"https:\/\/librairie7l.com\/en\/shop\/"},{"@type":"ListItem","position":3,"name":"MIN\u00c9RAL-V\u00c9G\u00c9TAL. FLEURS DE PIERRE"}]},{"@type":"WebSite","@id":"https:\/\/librairie7l.com\/en\/#website","url":"https:\/\/librairie7l.com\/en\/","name":"Librairie 7L","description":"Librairie fond\u00e9e en 1999 par Karl Lagerfeld \u00e0 Paris","publisher":{"@id":"https:\/\/librairie7l.com\/en\/#organization"},"potentialAction":[{"@type":"SearchAction","target":{"@type":"EntryPoint","urlTemplate":"https:\/\/librairie7l.com\/en\/?s={search_term_string}"},"query-input":"required name=search_term_string"}],"inLanguage":"en-US"},{"@type":"Organization","@id":"https:\/\/librairie7l.com\/en\/#organization","name":"Librairie 7L","url":"https:\/\/librairie7l.com\/en\/","logo":{"@type":"ImageObject","inLanguage":"en-US","@id":"https:\/\/librairie7l.com\/en\/#\/schema\/logo\/image\/","url":"https:\/\/librairie7l.com\/wp-content\/uploads\/2022\/08\/logo-1.png","contentUrl":"https:\/\/librairie7l.com\/wp-content\/uploads\/2022\/08\/logo-1.png","width":227,"height":301,"caption":"Librairie 7L"},"image":{"@id":"https:\/\/librairie7l.com\/en\/#\/schema\/logo\/image\/"}}]}},"_links":{"self":[{"href":"https:\/\/librairie7l.com\/en\/wp-json\/wp\/v2\/product\/32781"}],"collection":[{"href":"https:\/\/librairie7l.com\/en\/wp-json\/wp\/v2\/product"}],"about":[{"href":"https:\/\/librairie7l.com\/en\/wp-json\/wp\/v2\/types\/product"}],"wp:featuredmedia":[{"embeddable":true,"href":"https:\/\/librairie7l.com\/en\/wp-json\/wp\/v2\/media\/32779"}],"wp:attachment":[{"href":"https:\/\/librairie7l.com\/en\/wp-json\/wp\/v2\/media?parent=32781"}],"wp:term":[{"taxonomy":"product_cat","embeddable":true,"href":"https:\/\/librairie7l.com\/en\/wp-json\/wp\/v2\/product_cat?post=32781"},{"taxonomy":"product_tag","embeddable":true,"href":"https:\/\/librairie7l.com\/en\/wp-json\/wp\/v2\/product_tag?post=32781"}],"curies":[{"name":"wp","href":"https:\/\/api.w.org\/{rel}","templated":true}]}}

MINÉRAL-VÉGÉTAL. FLEURS DE PIERRE

<p>Volontiers opposés, distincts par essence, le minéral et le végétal entretiennent pourtant des relations trop souvent réduites à l&#8217;image d&#8217;une végétation altérant la noblesse des édifices.<br />
Volontiers opposés, distincts par essence, le minéral et le végétal entretiennent pourtant des relations trop souvent réduites à l&#8217;image d&#8217;une végétation altérant la noblesse des édifices. Les plantes des premiers temps ne nous sont-elles pas cependant parvenues pétrifiées ? Sensibles à la beauté infinie des espèces végétales, nombre d&#8217;architectes, artistes et créateurs ont trouvé dans leurs formes une source d&#8217;inspiration féconde à travers les époques et jusqu&#8217;à nos jours : ornement architectural, tapisserie, photographie, sculpture, dessin, herbier&#8230; Dans les pages de cet ouvrage, où se côtoient toutes sortes d&#8217;influences, la botanique croise l&#8217;histoire de l&#8217;art pour révéler les liens intimes qui unissent les règnes minéral et végétal. Marc Jeanson et Raphaëlle Reynaud nous entraînent dans une déambulation poétique, menant un dialogue aussi surprenant que singulier.</p>

<p>Volontiers opposés, distincts par essence, le minéral et le végétal entretiennent pourtant des relations trop souvent réduites à l&#8217;image d&#8217;une végétation altérant la noblesse des édifices. Volontiers opposés, distincts par essence, le minéral et le végétal entretiennent pourtant des relations trop souvent réduites à l&#8217;image d&#8217;une végétation altérant la noblesse des édifices. Les plantes des [&hellip;]</p>

<!-- This site is optimized with the Yoast SEO plugin v20.11 - https://yoast.com/wordpress/plugins/seo/ -->
<title>MINÉRAL-VÉGÉTAL. FLEURS DE PIERRE - Librairie 7L</title>
<meta name="robots" content="index, follow, max-snippet:-1, max-image-preview:large, max-video-preview:-1" />
<link rel="canonical" href="https://librairie7l.com/en/produit/mineral-vegetal-fleurs-de-pierre/" />
<meta property="og:locale" content="en_US" />
<meta property="og:type" content="article" />
<meta property="og:title" content="MINÉRAL-VÉGÉTAL. FLEURS DE PIERRE - Librairie 7L" />
<meta property="og:description" content="Volontiers opposés, distincts par essence, le minéral et le végétal entretiennent pourtant des relations trop souvent réduites à l&#8217;image d&#8217;une végétation altérant la noblesse des édifices. Volontiers opposés, distincts par essence, le minéral et le végétal entretiennent pourtant des relations trop souvent réduites à l&#8217;image d&#8217;une végétation altérant la noblesse des édifices. Les plantes des [&hellip;]" />
<meta property="og:url" content="https://librairie7l.com/en/produit/mineral-vegetal-fleurs-de-pierre/" />
<meta property="og:site_name" content="Librairie 7L" />
<meta property="article:modified_time" content="2026-04-30T22:38:13+00:00" />
<meta property="og:image" content="https://librairie7l.com/wp-content/uploads/2023/02/9782757708934_1_75.jpg" />
	<meta property="og:image:width" content="600" />
	<meta property="og:image:height" content="930" />
	<meta property="og:image:type" content="image/jpeg" />
<meta name="twitter:card" content="summary_large_image" />
<meta name="twitter:label1" content="Est. reading time" />
	<meta name="twitter:data1" content="1 minute" />
<script type="application/ld+json" class="yoast-schema-graph">{"@context":"https://schema.org","@graph":[{"@type":"WebPage","@id":"https://librairie7l.com/en/produit/mineral-vegetal-fleurs-de-pierre/","url":"https://librairie7l.com/en/produit/mineral-vegetal-fleurs-de-pierre/","name":"MINÉRAL-VÉGÉTAL. FLEURS DE PIERRE - Librairie 7L","isPartOf":{"@id":"https://librairie7l.com/en/#website"},"datePublished":"2023-06-22T23:16:18+00:00","dateModified":"2026-04-30T22:38:13+00:00","breadcrumb":{"@id":"https://librairie7l.com/en/produit/mineral-vegetal-fleurs-de-pierre/#breadcrumb"},"inLanguage":"en-US","potentialAction":[{"@type":"ReadAction","target":["https://librairie7l.com/en/produit/mineral-vegetal-fleurs-de-pierre/"]}]},{"@type":"BreadcrumbList","@id":"https://librairie7l.com/en/produit/mineral-vegetal-fleurs-de-pierre/#breadcrumb","itemListElement":[{"@type":"ListItem","position":1,"name":"Accueil","item":"https://librairie7l.com/en/"},{"@type":"ListItem","position":2,"name":"Shop","item":"https://librairie7l.com/en/shop/"},{"@type":"ListItem","position":3,"name":"MINÉRAL-VÉGÉTAL. FLEURS DE PIERRE"}]},{"@type":"WebSite","@id":"https://librairie7l.com/en/#website","url":"https://librairie7l.com/en/","name":"Librairie 7L","description":"Librairie fondée en 1999 par Karl Lagerfeld à Paris","publisher":{"@id":"https://librairie7l.com/en/#organization"},"potentialAction":[{"@type":"SearchAction","target":{"@type":"EntryPoint","urlTemplate":"https://librairie7l.com/en/?s={search_term_string}"},"query-input":"required name=search_term_string"}],"inLanguage":"en-US"},{"@type":"Organization","@id":"https://librairie7l.com/en/#organization","name":"Librairie 7L","url":"https://librairie7l.com/en/","logo":{"@type":"ImageObject","inLanguage":"en-US","@id":"https://librairie7l.com/en/#/schema/logo/image/","url":"https://librairie7l.com/wp-content/uploads/2022/08/logo-1.png","contentUrl":"https://librairie7l.com/wp-content/uploads/2022/08/logo-1.png","width":227,"height":301,"caption":"Librairie 7L"},"image":{"@id":"https://librairie7l.com/en/#/schema/logo/image/"}}]}</script>
<!-- / Yoast SEO plugin. -->

MINÉRAL-VÉGÉTAL. FLEURS DE PIERRE - Librairie 7L

Volontiers opposés, distincts par essence, le minéral et le végétal entretiennent pourtant des relations trop souvent réduites à l&#8217;image d&#8217;une végétation altérant la noblesse des édifices. Volontiers opposés, distincts par essence, le minéral et le végétal entretiennent pourtant des relations trop souvent réduites à l&#8217;image d&#8217;une végétation altérant la noblesse des édifices. Les plantes des [&hellip;]

Librairie fondée en 1999 par Karl Lagerfeld à Paris
