{"id":34545,"date":"2023-09-28T01:16:23","date_gmt":"2023-09-27T23:16:23","guid":{"rendered":"https:\/\/librairie7l.com\/?post_type=product&#038;p=34545"},"modified":"2026-04-28T03:02:33","modified_gmt":"2026-04-28T01:02:33","slug":"faire-la-ville-autrement-conversation-entre-deux-architectes-iconoclastes-ent","status":"publish","type":"product","link":"https:\/\/librairie7l.com\/en\/produit\/faire-la-ville-autrement-conversation-entre-deux-architectes-iconoclastes-ent\/","title":{"rendered":"FAIRE LA VILLE AUTREMENT : CONVERSATION ENTRE DEUX ARCHITECTES ICONOCLASTES, ENTRETIEN AVEC DAVID ABITTAN"},"content":{"rendered":"<p>Les architectes Patrick Bouchain (le Lieu Unique, La Grange au Lac ou le th\u00e9\u00e2tre Zingaro) et Philippe Chiambaretta (le Centre Pompidou francilien, R\u00e9enchanter les Champs-\u00c9lys\u00e9es ou le Stream Building), qui d\u00e9tonnent dans le milieu par leur formation et leurs pratiques, offrent une r\u00e9flexion sur la n\u00e9cessaire r\u00e9invention des pratiques architecturales. Le lecteur d\u00e9couvrira un \u00abbricoleur\u00bb et un \u00abing\u00e9nieur\u00bb r\u00e9unis dans une vision collaborative de l&#8217;architecture, \u00e0 la crois\u00e9e des arts et des sciences, sous-tendue par une forte conscience des enjeux environnementaux. Une complicit\u00e9 intellectuelle et des compl\u00e9mentarit\u00e9s qu&#8217;ils exp\u00e9rimentent en coconcevant La Source Vive, nouvelle salle de musique de chambre \u00e0 \u00c9vian.<\/p>\n","protected":false},"excerpt":{"rendered":"<p>Les architectes Patrick Bouchain (le Lieu Unique, La Grange au Lac ou le th\u00e9\u00e2tre Zingaro) et Philippe Chiambaretta (le Centre Pompidou francilien, R\u00e9enchanter les Champs-\u00c9lys\u00e9es ou le Stream Building), qui d\u00e9tonnent dans le milieu par leur formation et leurs pratiques, offrent une r\u00e9flexion sur la n\u00e9cessaire r\u00e9invention des pratiques architecturales. Le lecteur d\u00e9couvrira un \u00abbricoleur\u00bb [&hellip;]<\/p>\n","protected":false},"featured_media":34543,"template":"","meta":[],"product_cat":[2948,2950],"product_tag":[],"acf":[],"yoast_head":"<!-- This site is optimized with the Yoast SEO plugin v20.11 - https:\/\/yoast.com\/wordpress\/plugins\/seo\/ -->\n<title>FAIRE LA VILLE AUTREMENT : CONVERSATION ENTRE DEUX ARCHITECTES ICONOCLASTES, ENTRETIEN AVEC DAVID ABITTAN - Librairie 7L<\/title>\n<meta name=\"robots\" content=\"index, follow, max-snippet:-1, max-image-preview:large, max-video-preview:-1\" \/>\n<link rel=\"canonical\" href=\"https:\/\/librairie7l.com\/en\/produit\/faire-la-ville-autrement-conversation-entre-deux-architectes-iconoclastes-ent\/\" \/>\n<meta property=\"og:locale\" content=\"en_US\" \/>\n<meta property=\"og:type\" content=\"article\" \/>\n<meta property=\"og:title\" content=\"FAIRE LA VILLE AUTREMENT : CONVERSATION ENTRE DEUX ARCHITECTES ICONOCLASTES, ENTRETIEN AVEC DAVID ABITTAN - Librairie 7L\" \/>\n<meta property=\"og:description\" content=\"Les architectes Patrick Bouchain (le Lieu Unique, La Grange au Lac ou le th\u00e9\u00e2tre Zingaro) et Philippe Chiambaretta (le Centre Pompidou francilien, R\u00e9enchanter les Champs-\u00c9lys\u00e9es ou le Stream Building), qui d\u00e9tonnent dans le milieu par leur formation et leurs pratiques, offrent une r\u00e9flexion sur la n\u00e9cessaire r\u00e9invention des pratiques architecturales. Le lecteur d\u00e9couvrira un \u00abbricoleur\u00bb [&hellip;]\" \/>\n<meta property=\"og:url\" content=\"https:\/\/librairie7l.com\/en\/produit\/faire-la-ville-autrement-conversation-entre-deux-architectes-iconoclastes-ent\/\" \/>\n<meta property=\"og:site_name\" content=\"Librairie 7L\" \/>\n<meta property=\"article:modified_time\" content=\"2026-04-28T01:02:33+00:00\" \/>\n<meta property=\"og:image\" content=\"https:\/\/librairie7l.com\/wp-content\/uploads\/2023\/02\/9782080427236_1_75.jpg\" \/>\n\t<meta property=\"og:image:width\" content=\"600\" \/>\n\t<meta property=\"og:image:height\" content=\"930\" \/>\n\t<meta property=\"og:image:type\" content=\"image\/jpeg\" \/>\n<meta name=\"twitter:card\" content=\"summary_large_image\" \/>\n<meta name=\"twitter:label1\" content=\"Est. reading time\" \/>\n\t<meta name=\"twitter:data1\" content=\"1 minute\" \/>\n<script type=\"application\/ld+json\" class=\"yoast-schema-graph\">{\"@context\":\"https:\/\/schema.org\",\"@graph\":[{\"@type\":\"WebPage\",\"@id\":\"https:\/\/librairie7l.com\/en\/produit\/faire-la-ville-autrement-conversation-entre-deux-architectes-iconoclastes-ent\/\",\"url\":\"https:\/\/librairie7l.com\/en\/produit\/faire-la-ville-autrement-conversation-entre-deux-architectes-iconoclastes-ent\/\",\"name\":\"FAIRE LA VILLE AUTREMENT : CONVERSATION ENTRE DEUX ARCHITECTES ICONOCLASTES, ENTRETIEN AVEC DAVID ABITTAN - Librairie 7L\",\"isPartOf\":{\"@id\":\"https:\/\/librairie7l.com\/en\/#website\"},\"datePublished\":\"2023-09-27T23:16:23+00:00\",\"dateModified\":\"2026-04-28T01:02:33+00:00\",\"breadcrumb\":{\"@id\":\"https:\/\/librairie7l.com\/en\/produit\/faire-la-ville-autrement-conversation-entre-deux-architectes-iconoclastes-ent\/#breadcrumb\"},\"inLanguage\":\"en-US\",\"potentialAction\":[{\"@type\":\"ReadAction\",\"target\":[\"https:\/\/librairie7l.com\/en\/produit\/faire-la-ville-autrement-conversation-entre-deux-architectes-iconoclastes-ent\/\"]}]},{\"@type\":\"BreadcrumbList\",\"@id\":\"https:\/\/librairie7l.com\/en\/produit\/faire-la-ville-autrement-conversation-entre-deux-architectes-iconoclastes-ent\/#breadcrumb\",\"itemListElement\":[{\"@type\":\"ListItem\",\"position\":1,\"name\":\"Accueil\",\"item\":\"https:\/\/librairie7l.com\/en\/\"},{\"@type\":\"ListItem\",\"position\":2,\"name\":\"Shop\",\"item\":\"https:\/\/librairie7l.com\/en\/shop\/\"},{\"@type\":\"ListItem\",\"position\":3,\"name\":\"FAIRE LA VILLE AUTREMENT : CONVERSATION ENTRE DEUX ARCHITECTES ICONOCLASTES, ENTRETIEN AVEC DAVID ABITTAN\"}]},{\"@type\":\"WebSite\",\"@id\":\"https:\/\/librairie7l.com\/en\/#website\",\"url\":\"https:\/\/librairie7l.com\/en\/\",\"name\":\"Librairie 7L\",\"description\":\"Librairie fond\u00e9e en 1999 par Karl Lagerfeld \u00e0 Paris\",\"publisher\":{\"@id\":\"https:\/\/librairie7l.com\/en\/#organization\"},\"potentialAction\":[{\"@type\":\"SearchAction\",\"target\":{\"@type\":\"EntryPoint\",\"urlTemplate\":\"https:\/\/librairie7l.com\/en\/?s={search_term_string}\"},\"query-input\":\"required name=search_term_string\"}],\"inLanguage\":\"en-US\"},{\"@type\":\"Organization\",\"@id\":\"https:\/\/librairie7l.com\/en\/#organization\",\"name\":\"Librairie 7L\",\"url\":\"https:\/\/librairie7l.com\/en\/\",\"logo\":{\"@type\":\"ImageObject\",\"inLanguage\":\"en-US\",\"@id\":\"https:\/\/librairie7l.com\/en\/#\/schema\/logo\/image\/\",\"url\":\"https:\/\/librairie7l.com\/wp-content\/uploads\/2022\/08\/logo-1.png\",\"contentUrl\":\"https:\/\/librairie7l.com\/wp-content\/uploads\/2022\/08\/logo-1.png\",\"width\":227,\"height\":301,\"caption\":\"Librairie 7L\"},\"image\":{\"@id\":\"https:\/\/librairie7l.com\/en\/#\/schema\/logo\/image\/\"}}]}<\/script>\n<!-- \/ Yoast SEO plugin. -->","yoast_head_json":{"title":"FAIRE LA VILLE AUTREMENT : CONVERSATION ENTRE DEUX ARCHITECTES ICONOCLASTES, ENTRETIEN AVEC DAVID ABITTAN - Librairie 7L","robots":{"index":"index","follow":"follow","max-snippet":"max-snippet:-1","max-image-preview":"max-image-preview:large","max-video-preview":"max-video-preview:-1"},"canonical":"https:\/\/librairie7l.com\/en\/produit\/faire-la-ville-autrement-conversation-entre-deux-architectes-iconoclastes-ent\/","og_locale":"en_US","og_type":"article","og_title":"FAIRE LA VILLE AUTREMENT : CONVERSATION ENTRE DEUX ARCHITECTES ICONOCLASTES, ENTRETIEN AVEC DAVID ABITTAN - Librairie 7L","og_description":"Les architectes Patrick Bouchain (le Lieu Unique, La Grange au Lac ou le th\u00e9\u00e2tre Zingaro) et Philippe Chiambaretta (le Centre Pompidou francilien, R\u00e9enchanter les Champs-\u00c9lys\u00e9es ou le Stream Building), qui d\u00e9tonnent dans le milieu par leur formation et leurs pratiques, offrent une r\u00e9flexion sur la n\u00e9cessaire r\u00e9invention des pratiques architecturales. Le lecteur d\u00e9couvrira un \u00abbricoleur\u00bb [&hellip;]","og_url":"https:\/\/librairie7l.com\/en\/produit\/faire-la-ville-autrement-conversation-entre-deux-architectes-iconoclastes-ent\/","og_site_name":"Librairie 7L","article_modified_time":"2026-04-28T01:02:33+00:00","og_image":[{"width":600,"height":930,"url":"https:\/\/librairie7l.com\/wp-content\/uploads\/2023\/02\/9782080427236_1_75.jpg","type":"image\/jpeg"}],"twitter_card":"summary_large_image","twitter_misc":{"Est. reading time":"1 minute"},"schema":{"@context":"https:\/\/schema.org","@graph":[{"@type":"WebPage","@id":"https:\/\/librairie7l.com\/en\/produit\/faire-la-ville-autrement-conversation-entre-deux-architectes-iconoclastes-ent\/","url":"https:\/\/librairie7l.com\/en\/produit\/faire-la-ville-autrement-conversation-entre-deux-architectes-iconoclastes-ent\/","name":"FAIRE LA VILLE AUTREMENT : CONVERSATION ENTRE DEUX ARCHITECTES ICONOCLASTES, ENTRETIEN AVEC DAVID ABITTAN - Librairie 7L","isPartOf":{"@id":"https:\/\/librairie7l.com\/en\/#website"},"datePublished":"2023-09-27T23:16:23+00:00","dateModified":"2026-04-28T01:02:33+00:00","breadcrumb":{"@id":"https:\/\/librairie7l.com\/en\/produit\/faire-la-ville-autrement-conversation-entre-deux-architectes-iconoclastes-ent\/#breadcrumb"},"inLanguage":"en-US","potentialAction":[{"@type":"ReadAction","target":["https:\/\/librairie7l.com\/en\/produit\/faire-la-ville-autrement-conversation-entre-deux-architectes-iconoclastes-ent\/"]}]},{"@type":"BreadcrumbList","@id":"https:\/\/librairie7l.com\/en\/produit\/faire-la-ville-autrement-conversation-entre-deux-architectes-iconoclastes-ent\/#breadcrumb","itemListElement":[{"@type":"ListItem","position":1,"name":"Accueil","item":"https:\/\/librairie7l.com\/en\/"},{"@type":"ListItem","position":2,"name":"Shop","item":"https:\/\/librairie7l.com\/en\/shop\/"},{"@type":"ListItem","position":3,"name":"FAIRE LA VILLE AUTREMENT : CONVERSATION ENTRE DEUX ARCHITECTES ICONOCLASTES, ENTRETIEN AVEC DAVID ABITTAN"}]},{"@type":"WebSite","@id":"https:\/\/librairie7l.com\/en\/#website","url":"https:\/\/librairie7l.com\/en\/","name":"Librairie 7L","description":"Librairie fond\u00e9e en 1999 par Karl Lagerfeld \u00e0 Paris","publisher":{"@id":"https:\/\/librairie7l.com\/en\/#organization"},"potentialAction":[{"@type":"SearchAction","target":{"@type":"EntryPoint","urlTemplate":"https:\/\/librairie7l.com\/en\/?s={search_term_string}"},"query-input":"required name=search_term_string"}],"inLanguage":"en-US"},{"@type":"Organization","@id":"https:\/\/librairie7l.com\/en\/#organization","name":"Librairie 7L","url":"https:\/\/librairie7l.com\/en\/","logo":{"@type":"ImageObject","inLanguage":"en-US","@id":"https:\/\/librairie7l.com\/en\/#\/schema\/logo\/image\/","url":"https:\/\/librairie7l.com\/wp-content\/uploads\/2022\/08\/logo-1.png","contentUrl":"https:\/\/librairie7l.com\/wp-content\/uploads\/2022\/08\/logo-1.png","width":227,"height":301,"caption":"Librairie 7L"},"image":{"@id":"https:\/\/librairie7l.com\/en\/#\/schema\/logo\/image\/"}}]}},"_links":{"self":[{"href":"https:\/\/librairie7l.com\/en\/wp-json\/wp\/v2\/product\/34545"}],"collection":[{"href":"https:\/\/librairie7l.com\/en\/wp-json\/wp\/v2\/product"}],"about":[{"href":"https:\/\/librairie7l.com\/en\/wp-json\/wp\/v2\/types\/product"}],"wp:featuredmedia":[{"embeddable":true,"href":"https:\/\/librairie7l.com\/en\/wp-json\/wp\/v2\/media\/34543"}],"wp:attachment":[{"href":"https:\/\/librairie7l.com\/en\/wp-json\/wp\/v2\/media?parent=34545"}],"wp:term":[{"taxonomy":"product_cat","embeddable":true,"href":"https:\/\/librairie7l.com\/en\/wp-json\/wp\/v2\/product_cat?post=34545"},{"taxonomy":"product_tag","embeddable":true,"href":"https:\/\/librairie7l.com\/en\/wp-json\/wp\/v2\/product_tag?post=34545"}],"curies":[{"name":"wp","href":"https:\/\/api.w.org\/{rel}","templated":true}]}}

<p>Les architectes Patrick Bouchain (le Lieu Unique, La Grange au Lac ou le théâtre Zingaro) et Philippe Chiambaretta (le Centre Pompidou francilien, Réenchanter les Champs-Élysées ou le Stream Building), qui détonnent dans le milieu par leur formation et leurs pratiques, offrent une réflexion sur la nécessaire réinvention des pratiques architecturales. Le lecteur découvrira un «bricoleur» et un «ingénieur» réunis dans une vision collaborative de l&#8217;architecture, à la croisée des arts et des sciences, sous-tendue par une forte conscience des enjeux environnementaux. Une complicité intellectuelle et des complémentarités qu&#8217;ils expérimentent en coconcevant La Source Vive, nouvelle salle de musique de chambre à Évian.</p>

<p>Les architectes Patrick Bouchain (le Lieu Unique, La Grange au Lac ou le théâtre Zingaro) et Philippe Chiambaretta (le Centre Pompidou francilien, Réenchanter les Champs-Élysées ou le Stream Building), qui détonnent dans le milieu par leur formation et leurs pratiques, offrent une réflexion sur la nécessaire réinvention des pratiques architecturales. Le lecteur découvrira un «bricoleur» [&hellip;]</p>

<!-- This site is optimized with the Yoast SEO plugin v20.11 - https://yoast.com/wordpress/plugins/seo/ -->
<title>FAIRE LA VILLE AUTREMENT : CONVERSATION ENTRE DEUX ARCHITECTES ICONOCLASTES, ENTRETIEN AVEC DAVID ABITTAN - Librairie 7L</title>
<meta name="robots" content="index, follow, max-snippet:-1, max-image-preview:large, max-video-preview:-1" />
<link rel="canonical" href="https://librairie7l.com/en/produit/faire-la-ville-autrement-conversation-entre-deux-architectes-iconoclastes-ent/" />
<meta property="og:locale" content="en_US" />
<meta property="og:type" content="article" />
<meta property="og:title" content="FAIRE LA VILLE AUTREMENT : CONVERSATION ENTRE DEUX ARCHITECTES ICONOCLASTES, ENTRETIEN AVEC DAVID ABITTAN - Librairie 7L" />
<meta property="og:description" content="Les architectes Patrick Bouchain (le Lieu Unique, La Grange au Lac ou le théâtre Zingaro) et Philippe Chiambaretta (le Centre Pompidou francilien, Réenchanter les Champs-Élysées ou le Stream Building), qui détonnent dans le milieu par leur formation et leurs pratiques, offrent une réflexion sur la nécessaire réinvention des pratiques architecturales. Le lecteur découvrira un «bricoleur» [&hellip;]" />
<meta property="og:url" content="https://librairie7l.com/en/produit/faire-la-ville-autrement-conversation-entre-deux-architectes-iconoclastes-ent/" />
<meta property="og:site_name" content="Librairie 7L" />
<meta property="article:modified_time" content="2026-04-28T01:02:33+00:00" />
<meta property="og:image" content="https://librairie7l.com/wp-content/uploads/2023/02/9782080427236_1_75.jpg" />
	<meta property="og:image:width" content="600" />
	<meta property="og:image:height" content="930" />
	<meta property="og:image:type" content="image/jpeg" />
<meta name="twitter:card" content="summary_large_image" />
<meta name="twitter:label1" content="Est. reading time" />
	<meta name="twitter:data1" content="1 minute" />
<script type="application/ld+json" class="yoast-schema-graph">{"@context":"https://schema.org","@graph":[{"@type":"WebPage","@id":"https://librairie7l.com/en/produit/faire-la-ville-autrement-conversation-entre-deux-architectes-iconoclastes-ent/","url":"https://librairie7l.com/en/produit/faire-la-ville-autrement-conversation-entre-deux-architectes-iconoclastes-ent/","name":"FAIRE LA VILLE AUTREMENT : CONVERSATION ENTRE DEUX ARCHITECTES ICONOCLASTES, ENTRETIEN AVEC DAVID ABITTAN - Librairie 7L","isPartOf":{"@id":"https://librairie7l.com/en/#website"},"datePublished":"2023-09-27T23:16:23+00:00","dateModified":"2026-04-28T01:02:33+00:00","breadcrumb":{"@id":"https://librairie7l.com/en/produit/faire-la-ville-autrement-conversation-entre-deux-architectes-iconoclastes-ent/#breadcrumb"},"inLanguage":"en-US","potentialAction":[{"@type":"ReadAction","target":["https://librairie7l.com/en/produit/faire-la-ville-autrement-conversation-entre-deux-architectes-iconoclastes-ent/"]}]},{"@type":"BreadcrumbList","@id":"https://librairie7l.com/en/produit/faire-la-ville-autrement-conversation-entre-deux-architectes-iconoclastes-ent/#breadcrumb","itemListElement":[{"@type":"ListItem","position":1,"name":"Accueil","item":"https://librairie7l.com/en/"},{"@type":"ListItem","position":2,"name":"Shop","item":"https://librairie7l.com/en/shop/"},{"@type":"ListItem","position":3,"name":"FAIRE LA VILLE AUTREMENT : CONVERSATION ENTRE DEUX ARCHITECTES ICONOCLASTES, ENTRETIEN AVEC DAVID ABITTAN"}]},{"@type":"WebSite","@id":"https://librairie7l.com/en/#website","url":"https://librairie7l.com/en/","name":"Librairie 7L","description":"Librairie fondée en 1999 par Karl Lagerfeld à Paris","publisher":{"@id":"https://librairie7l.com/en/#organization"},"potentialAction":[{"@type":"SearchAction","target":{"@type":"EntryPoint","urlTemplate":"https://librairie7l.com/en/?s={search_term_string}"},"query-input":"required name=search_term_string"}],"inLanguage":"en-US"},{"@type":"Organization","@id":"https://librairie7l.com/en/#organization","name":"Librairie 7L","url":"https://librairie7l.com/en/","logo":{"@type":"ImageObject","inLanguage":"en-US","@id":"https://librairie7l.com/en/#/schema/logo/image/","url":"https://librairie7l.com/wp-content/uploads/2022/08/logo-1.png","contentUrl":"https://librairie7l.com/wp-content/uploads/2022/08/logo-1.png","width":227,"height":301,"caption":"Librairie 7L"},"image":{"@id":"https://librairie7l.com/en/#/schema/logo/image/"}}]}</script>
<!-- / Yoast SEO plugin. -->

Les architectes Patrick Bouchain (le Lieu Unique, La Grange au Lac ou le théâtre Zingaro) et Philippe Chiambaretta (le Centre Pompidou francilien, Réenchanter les Champs-Élysées ou le Stream Building), qui détonnent dans le milieu par leur formation et leurs pratiques, offrent une réflexion sur la nécessaire réinvention des pratiques architecturales. Le lecteur découvrira un «bricoleur» [&hellip;]

Librairie fondée en 1999 par Karl Lagerfeld à Paris
