{"id":34574,"date":"2023-09-29T01:16:24","date_gmt":"2023-09-28T23:16:24","guid":{"rendered":"https:\/\/librairie7l.com\/?post_type=product&#038;p=34574"},"modified":"2026-04-30T02:51:20","modified_gmt":"2026-04-30T00:51:20","slug":"le-temps-de-giacometti","status":"publish","type":"product","link":"https:\/\/librairie7l.com\/en\/produit\/le-temps-de-giacometti\/","title":{"rendered":"LE TEMPS DE GIACOMETTI"},"content":{"rendered":"<p>Alberto Giacometti (1901-1966), artiste embl\u00e9matique du XXe si\u00e8cle, fr\u00e9quente, dans le contexte de l&#8217;apr\u00e8s-guerre et jusqu&#8217;\u00e0 la fin de sa vie, diff\u00e9rents cercles artistiques, des photographes, des \u00e9crivains et des philosophes, \u00e9changeant avec toute une nouvelle g\u00e9n\u00e9ration d&#8217;intellectuels, du surr\u00e9alisme finissant \u00e0 l&#8217;engagement existentialiste naissant. Ouvert sur son \u00e9poque, sociable, actif et cr\u00e9atif dans la diffusion de son oeuvre, il est ainsi regard\u00e9 par ses contemporains et admir\u00e9 pour sa sculpture et sa peinture, d&#8217;une figuration expressive, qui semblent rendre compte d&#8217;un monde meurtri, en reconstruction mais aussi en plein questionnement.<\/p>\n<p>M\u00ealant sculptures, peintures, gravures, photographies et documents d&#8217;archives, cet ouvrage invite \u00e0 une plong\u00e9e dans ces ann\u00e9es essentielles pour la compr\u00e9hension des mutations artistiques et intellectuelles de l&#8217;apr\u00e8s-guerre. Giacometti y appara\u00eet comme un homme pleinement de son temps.<\/p>\n","protected":false},"excerpt":{"rendered":"<p>Alberto Giacometti (1901-1966), artiste embl\u00e9matique du XXe si\u00e8cle, fr\u00e9quente, dans le contexte de l&#8217;apr\u00e8s-guerre et jusqu&#8217;\u00e0 la fin de sa vie, diff\u00e9rents cercles artistiques, des photographes, des \u00e9crivains et des philosophes, \u00e9changeant avec toute une nouvelle g\u00e9n\u00e9ration d&#8217;intellectuels, du surr\u00e9alisme finissant \u00e0 l&#8217;engagement existentialiste naissant. Ouvert sur son \u00e9poque, sociable, actif et cr\u00e9atif dans la [&hellip;]<\/p>\n","protected":false},"featured_media":34572,"template":"","meta":[],"product_cat":[2948,2953],"product_tag":[],"acf":[],"yoast_head":"<!-- This site is optimized with the Yoast SEO plugin v20.11 - https:\/\/yoast.com\/wordpress\/plugins\/seo\/ -->\n<title>LE TEMPS DE GIACOMETTI - Librairie 7L<\/title>\n<meta name=\"robots\" content=\"index, follow, max-snippet:-1, max-image-preview:large, max-video-preview:-1\" \/>\n<link rel=\"canonical\" href=\"https:\/\/librairie7l.com\/en\/produit\/le-temps-de-giacometti\/\" \/>\n<meta property=\"og:locale\" content=\"en_US\" \/>\n<meta property=\"og:type\" content=\"article\" \/>\n<meta property=\"og:title\" content=\"LE TEMPS DE GIACOMETTI - Librairie 7L\" \/>\n<meta property=\"og:description\" content=\"Alberto Giacometti (1901-1966), artiste embl\u00e9matique du XXe si\u00e8cle, fr\u00e9quente, dans le contexte de l&#8217;apr\u00e8s-guerre et jusqu&#8217;\u00e0 la fin de sa vie, diff\u00e9rents cercles artistiques, des photographes, des \u00e9crivains et des philosophes, \u00e9changeant avec toute une nouvelle g\u00e9n\u00e9ration d&#8217;intellectuels, du surr\u00e9alisme finissant \u00e0 l&#8217;engagement existentialiste naissant. Ouvert sur son \u00e9poque, sociable, actif et cr\u00e9atif dans la [&hellip;]\" \/>\n<meta property=\"og:url\" content=\"https:\/\/librairie7l.com\/en\/produit\/le-temps-de-giacometti\/\" \/>\n<meta property=\"og:site_name\" content=\"Librairie 7L\" \/>\n<meta property=\"article:modified_time\" content=\"2026-04-30T00:51:20+00:00\" \/>\n<meta property=\"og:image\" content=\"https:\/\/librairie7l.com\/wp-content\/uploads\/2023\/04\/9782073036537_1_75.jpg\" \/>\n\t<meta property=\"og:image:width\" content=\"600\" \/>\n\t<meta property=\"og:image:height\" content=\"751\" \/>\n\t<meta property=\"og:image:type\" content=\"image\/jpeg\" \/>\n<meta name=\"twitter:card\" content=\"summary_large_image\" \/>\n<meta name=\"twitter:label1\" content=\"Est. reading time\" \/>\n\t<meta name=\"twitter:data1\" content=\"1 minute\" \/>\n<script type=\"application\/ld+json\" class=\"yoast-schema-graph\">{\"@context\":\"https:\/\/schema.org\",\"@graph\":[{\"@type\":\"WebPage\",\"@id\":\"https:\/\/librairie7l.com\/en\/produit\/le-temps-de-giacometti\/\",\"url\":\"https:\/\/librairie7l.com\/en\/produit\/le-temps-de-giacometti\/\",\"name\":\"LE TEMPS DE GIACOMETTI - Librairie 7L\",\"isPartOf\":{\"@id\":\"https:\/\/librairie7l.com\/en\/#website\"},\"datePublished\":\"2023-09-28T23:16:24+00:00\",\"dateModified\":\"2026-04-30T00:51:20+00:00\",\"breadcrumb\":{\"@id\":\"https:\/\/librairie7l.com\/en\/produit\/le-temps-de-giacometti\/#breadcrumb\"},\"inLanguage\":\"en-US\",\"potentialAction\":[{\"@type\":\"ReadAction\",\"target\":[\"https:\/\/librairie7l.com\/en\/produit\/le-temps-de-giacometti\/\"]}]},{\"@type\":\"BreadcrumbList\",\"@id\":\"https:\/\/librairie7l.com\/en\/produit\/le-temps-de-giacometti\/#breadcrumb\",\"itemListElement\":[{\"@type\":\"ListItem\",\"position\":1,\"name\":\"Accueil\",\"item\":\"https:\/\/librairie7l.com\/en\/\"},{\"@type\":\"ListItem\",\"position\":2,\"name\":\"Shop\",\"item\":\"https:\/\/librairie7l.com\/en\/shop\/\"},{\"@type\":\"ListItem\",\"position\":3,\"name\":\"LE TEMPS DE GIACOMETTI\"}]},{\"@type\":\"WebSite\",\"@id\":\"https:\/\/librairie7l.com\/en\/#website\",\"url\":\"https:\/\/librairie7l.com\/en\/\",\"name\":\"Librairie 7L\",\"description\":\"Librairie fond\u00e9e en 1999 par Karl Lagerfeld \u00e0 Paris\",\"publisher\":{\"@id\":\"https:\/\/librairie7l.com\/en\/#organization\"},\"potentialAction\":[{\"@type\":\"SearchAction\",\"target\":{\"@type\":\"EntryPoint\",\"urlTemplate\":\"https:\/\/librairie7l.com\/en\/?s={search_term_string}\"},\"query-input\":\"required name=search_term_string\"}],\"inLanguage\":\"en-US\"},{\"@type\":\"Organization\",\"@id\":\"https:\/\/librairie7l.com\/en\/#organization\",\"name\":\"Librairie 7L\",\"url\":\"https:\/\/librairie7l.com\/en\/\",\"logo\":{\"@type\":\"ImageObject\",\"inLanguage\":\"en-US\",\"@id\":\"https:\/\/librairie7l.com\/en\/#\/schema\/logo\/image\/\",\"url\":\"https:\/\/librairie7l.com\/wp-content\/uploads\/2022\/08\/logo-1.png\",\"contentUrl\":\"https:\/\/librairie7l.com\/wp-content\/uploads\/2022\/08\/logo-1.png\",\"width\":227,\"height\":301,\"caption\":\"Librairie 7L\"},\"image\":{\"@id\":\"https:\/\/librairie7l.com\/en\/#\/schema\/logo\/image\/\"}}]}<\/script>\n<!-- \/ Yoast SEO plugin. -->","yoast_head_json":{"title":"LE TEMPS DE GIACOMETTI - Librairie 7L","robots":{"index":"index","follow":"follow","max-snippet":"max-snippet:-1","max-image-preview":"max-image-preview:large","max-video-preview":"max-video-preview:-1"},"canonical":"https:\/\/librairie7l.com\/en\/produit\/le-temps-de-giacometti\/","og_locale":"en_US","og_type":"article","og_title":"LE TEMPS DE GIACOMETTI - Librairie 7L","og_description":"Alberto Giacometti (1901-1966), artiste embl\u00e9matique du XXe si\u00e8cle, fr\u00e9quente, dans le contexte de l&#8217;apr\u00e8s-guerre et jusqu&#8217;\u00e0 la fin de sa vie, diff\u00e9rents cercles artistiques, des photographes, des \u00e9crivains et des philosophes, \u00e9changeant avec toute une nouvelle g\u00e9n\u00e9ration d&#8217;intellectuels, du surr\u00e9alisme finissant \u00e0 l&#8217;engagement existentialiste naissant. Ouvert sur son \u00e9poque, sociable, actif et cr\u00e9atif dans la [&hellip;]","og_url":"https:\/\/librairie7l.com\/en\/produit\/le-temps-de-giacometti\/","og_site_name":"Librairie 7L","article_modified_time":"2026-04-30T00:51:20+00:00","og_image":[{"width":600,"height":751,"url":"https:\/\/librairie7l.com\/wp-content\/uploads\/2023\/04\/9782073036537_1_75.jpg","type":"image\/jpeg"}],"twitter_card":"summary_large_image","twitter_misc":{"Est. reading time":"1 minute"},"schema":{"@context":"https:\/\/schema.org","@graph":[{"@type":"WebPage","@id":"https:\/\/librairie7l.com\/en\/produit\/le-temps-de-giacometti\/","url":"https:\/\/librairie7l.com\/en\/produit\/le-temps-de-giacometti\/","name":"LE TEMPS DE GIACOMETTI - Librairie 7L","isPartOf":{"@id":"https:\/\/librairie7l.com\/en\/#website"},"datePublished":"2023-09-28T23:16:24+00:00","dateModified":"2026-04-30T00:51:20+00:00","breadcrumb":{"@id":"https:\/\/librairie7l.com\/en\/produit\/le-temps-de-giacometti\/#breadcrumb"},"inLanguage":"en-US","potentialAction":[{"@type":"ReadAction","target":["https:\/\/librairie7l.com\/en\/produit\/le-temps-de-giacometti\/"]}]},{"@type":"BreadcrumbList","@id":"https:\/\/librairie7l.com\/en\/produit\/le-temps-de-giacometti\/#breadcrumb","itemListElement":[{"@type":"ListItem","position":1,"name":"Accueil","item":"https:\/\/librairie7l.com\/en\/"},{"@type":"ListItem","position":2,"name":"Shop","item":"https:\/\/librairie7l.com\/en\/shop\/"},{"@type":"ListItem","position":3,"name":"LE TEMPS DE GIACOMETTI"}]},{"@type":"WebSite","@id":"https:\/\/librairie7l.com\/en\/#website","url":"https:\/\/librairie7l.com\/en\/","name":"Librairie 7L","description":"Librairie fond\u00e9e en 1999 par Karl Lagerfeld \u00e0 Paris","publisher":{"@id":"https:\/\/librairie7l.com\/en\/#organization"},"potentialAction":[{"@type":"SearchAction","target":{"@type":"EntryPoint","urlTemplate":"https:\/\/librairie7l.com\/en\/?s={search_term_string}"},"query-input":"required name=search_term_string"}],"inLanguage":"en-US"},{"@type":"Organization","@id":"https:\/\/librairie7l.com\/en\/#organization","name":"Librairie 7L","url":"https:\/\/librairie7l.com\/en\/","logo":{"@type":"ImageObject","inLanguage":"en-US","@id":"https:\/\/librairie7l.com\/en\/#\/schema\/logo\/image\/","url":"https:\/\/librairie7l.com\/wp-content\/uploads\/2022\/08\/logo-1.png","contentUrl":"https:\/\/librairie7l.com\/wp-content\/uploads\/2022\/08\/logo-1.png","width":227,"height":301,"caption":"Librairie 7L"},"image":{"@id":"https:\/\/librairie7l.com\/en\/#\/schema\/logo\/image\/"}}]}},"_links":{"self":[{"href":"https:\/\/librairie7l.com\/en\/wp-json\/wp\/v2\/product\/34574"}],"collection":[{"href":"https:\/\/librairie7l.com\/en\/wp-json\/wp\/v2\/product"}],"about":[{"href":"https:\/\/librairie7l.com\/en\/wp-json\/wp\/v2\/types\/product"}],"wp:featuredmedia":[{"embeddable":true,"href":"https:\/\/librairie7l.com\/en\/wp-json\/wp\/v2\/media\/34572"}],"wp:attachment":[{"href":"https:\/\/librairie7l.com\/en\/wp-json\/wp\/v2\/media?parent=34574"}],"wp:term":[{"taxonomy":"product_cat","embeddable":true,"href":"https:\/\/librairie7l.com\/en\/wp-json\/wp\/v2\/product_cat?post=34574"},{"taxonomy":"product_tag","embeddable":true,"href":"https:\/\/librairie7l.com\/en\/wp-json\/wp\/v2\/product_tag?post=34574"}],"curies":[{"name":"wp","href":"https:\/\/api.w.org\/{rel}","templated":true}]}}

<p>Alberto Giacometti (1901-1966), artiste emblématique du XXe siècle, fréquente, dans le contexte de l&#8217;après-guerre et jusqu&#8217;à la fin de sa vie, différents cercles artistiques, des photographes, des écrivains et des philosophes, échangeant avec toute une nouvelle génération d&#8217;intellectuels, du surréalisme finissant à l&#8217;engagement existentialiste naissant. Ouvert sur son époque, sociable, actif et créatif dans la diffusion de son oeuvre, il est ainsi regardé par ses contemporains et admiré pour sa sculpture et sa peinture, d&#8217;une figuration expressive, qui semblent rendre compte d&#8217;un monde meurtri, en reconstruction mais aussi en plein questionnement.</p>
<p>Mêlant sculptures, peintures, gravures, photographies et documents d&#8217;archives, cet ouvrage invite à une plongée dans ces années essentielles pour la compréhension des mutations artistiques et intellectuelles de l&#8217;après-guerre. Giacometti y apparaît comme un homme pleinement de son temps.</p>

<p>Alberto Giacometti (1901-1966), artiste emblématique du XXe siècle, fréquente, dans le contexte de l&#8217;après-guerre et jusqu&#8217;à la fin de sa vie, différents cercles artistiques, des photographes, des écrivains et des philosophes, échangeant avec toute une nouvelle génération d&#8217;intellectuels, du surréalisme finissant à l&#8217;engagement existentialiste naissant. Ouvert sur son époque, sociable, actif et créatif dans la [&hellip;]</p>

<!-- This site is optimized with the Yoast SEO plugin v20.11 - https://yoast.com/wordpress/plugins/seo/ -->
<title>LE TEMPS DE GIACOMETTI - Librairie 7L</title>
<meta name="robots" content="index, follow, max-snippet:-1, max-image-preview:large, max-video-preview:-1" />
<link rel="canonical" href="https://librairie7l.com/en/produit/le-temps-de-giacometti/" />
<meta property="og:locale" content="en_US" />
<meta property="og:type" content="article" />
<meta property="og:title" content="LE TEMPS DE GIACOMETTI - Librairie 7L" />
<meta property="og:description" content="Alberto Giacometti (1901-1966), artiste emblématique du XXe siècle, fréquente, dans le contexte de l&#8217;après-guerre et jusqu&#8217;à la fin de sa vie, différents cercles artistiques, des photographes, des écrivains et des philosophes, échangeant avec toute une nouvelle génération d&#8217;intellectuels, du surréalisme finissant à l&#8217;engagement existentialiste naissant. Ouvert sur son époque, sociable, actif et créatif dans la [&hellip;]" />
<meta property="og:url" content="https://librairie7l.com/en/produit/le-temps-de-giacometti/" />
<meta property="og:site_name" content="Librairie 7L" />
<meta property="article:modified_time" content="2026-04-30T00:51:20+00:00" />
<meta property="og:image" content="https://librairie7l.com/wp-content/uploads/2023/04/9782073036537_1_75.jpg" />
	<meta property="og:image:width" content="600" />
	<meta property="og:image:height" content="751" />
	<meta property="og:image:type" content="image/jpeg" />
<meta name="twitter:card" content="summary_large_image" />
<meta name="twitter:label1" content="Est. reading time" />
	<meta name="twitter:data1" content="1 minute" />
<script type="application/ld+json" class="yoast-schema-graph">{"@context":"https://schema.org","@graph":[{"@type":"WebPage","@id":"https://librairie7l.com/en/produit/le-temps-de-giacometti/","url":"https://librairie7l.com/en/produit/le-temps-de-giacometti/","name":"LE TEMPS DE GIACOMETTI - Librairie 7L","isPartOf":{"@id":"https://librairie7l.com/en/#website"},"datePublished":"2023-09-28T23:16:24+00:00","dateModified":"2026-04-30T00:51:20+00:00","breadcrumb":{"@id":"https://librairie7l.com/en/produit/le-temps-de-giacometti/#breadcrumb"},"inLanguage":"en-US","potentialAction":[{"@type":"ReadAction","target":["https://librairie7l.com/en/produit/le-temps-de-giacometti/"]}]},{"@type":"BreadcrumbList","@id":"https://librairie7l.com/en/produit/le-temps-de-giacometti/#breadcrumb","itemListElement":[{"@type":"ListItem","position":1,"name":"Accueil","item":"https://librairie7l.com/en/"},{"@type":"ListItem","position":2,"name":"Shop","item":"https://librairie7l.com/en/shop/"},{"@type":"ListItem","position":3,"name":"LE TEMPS DE GIACOMETTI"}]},{"@type":"WebSite","@id":"https://librairie7l.com/en/#website","url":"https://librairie7l.com/en/","name":"Librairie 7L","description":"Librairie fondée en 1999 par Karl Lagerfeld à Paris","publisher":{"@id":"https://librairie7l.com/en/#organization"},"potentialAction":[{"@type":"SearchAction","target":{"@type":"EntryPoint","urlTemplate":"https://librairie7l.com/en/?s={search_term_string}"},"query-input":"required name=search_term_string"}],"inLanguage":"en-US"},{"@type":"Organization","@id":"https://librairie7l.com/en/#organization","name":"Librairie 7L","url":"https://librairie7l.com/en/","logo":{"@type":"ImageObject","inLanguage":"en-US","@id":"https://librairie7l.com/en/#/schema/logo/image/","url":"https://librairie7l.com/wp-content/uploads/2022/08/logo-1.png","contentUrl":"https://librairie7l.com/wp-content/uploads/2022/08/logo-1.png","width":227,"height":301,"caption":"Librairie 7L"},"image":{"@id":"https://librairie7l.com/en/#/schema/logo/image/"}}]}</script>
<!-- / Yoast SEO plugin. -->

Alberto Giacometti (1901-1966), artiste emblématique du XXe siècle, fréquente, dans le contexte de l&#8217;après-guerre et jusqu&#8217;à la fin de sa vie, différents cercles artistiques, des photographes, des écrivains et des philosophes, échangeant avec toute une nouvelle génération d&#8217;intellectuels, du surréalisme finissant à l&#8217;engagement existentialiste naissant. Ouvert sur son époque, sociable, actif et créatif dans la [&hellip;]

Librairie fondée en 1999 par Karl Lagerfeld à Paris
