{"id":34733,"date":"2023-10-05T09:16:13","date_gmt":"2023-10-05T07:16:13","guid":{"rendered":"https:\/\/librairie7l.com\/?post_type=product&#038;p=34733"},"modified":"2026-04-28T03:02:48","modified_gmt":"2026-04-28T01:02:48","slug":"aino-alvar-aalto-une-vie-ensemble","status":"publish","type":"product","link":"https:\/\/librairie7l.com\/en\/produit\/aino-alvar-aalto-une-vie-ensemble\/","title":{"rendered":"AINO + ALVAR AALTO : UNE VIE ENSEMBLE"},"content":{"rendered":"<p>Une biographie visuelle et intime d&#8217;Aino et Alvar Aalto, le couple d&#8217;architectes \u00e0 l&#8217;origine de certains des \u00e9difices et objets les plus embl\u00e9matiques du XXe si\u00e8cle.<\/p>\n<p>Aino?+?Alvar Aalto est la premi\u00e8re monographie rendant hommage \u00e0 l&#8217;oeuvre publique et \u00e0 la vie intime de ce couple remarquable. Gr\u00e2ce aux nombreuses lettres in\u00e9dites qu&#8217;ils \u00e9chang\u00e8rent ou envoy\u00e8rent \u00e0 leurs amis, leur famille et leurs confr\u00e8res, Heikki Aalto-Alanen, petit-fils d&#8217;Aino et Alvar, raconte leur vie commune jusqu&#8217;au d\u00e9c\u00e8s d&#8217;Aino, en 1949.<\/p>\n<p>Cet ouvrage \u00e9mouvant et accessible retrace l&#8217;histoire d&#8217;un amour et d&#8217;une vie de famille intenses, mais aussi celle d&#8217;un partenariat professionnel unique et ambitieux. Les nombreux documents, esquisses et portraits de famille, accompagn\u00e9s de photographies des superbes cr\u00e9ations d&#8217;Aino et Alvar, donnent une vision exhaustive de leur oeuvre et de leur vie ensemble.<\/p>\n","protected":false},"excerpt":{"rendered":"<p>Une biographie visuelle et intime d&#8217;Aino et Alvar Aalto, le couple d&#8217;architectes \u00e0 l&#8217;origine de certains des \u00e9difices et objets les plus embl\u00e9matiques du XXe si\u00e8cle. Aino?+?Alvar Aalto est la premi\u00e8re monographie rendant hommage \u00e0 l&#8217;oeuvre publique et \u00e0 la vie intime de ce couple remarquable. Gr\u00e2ce aux nombreuses lettres in\u00e9dites qu&#8217;ils \u00e9chang\u00e8rent ou envoy\u00e8rent [&hellip;]<\/p>\n","protected":false},"featured_media":34732,"template":"","meta":[],"product_cat":[2948,2950],"product_tag":[],"acf":[],"yoast_head":"<!-- This site is optimized with the Yoast SEO plugin v20.11 - https:\/\/yoast.com\/wordpress\/plugins\/seo\/ -->\n<title>Aino + Alvar Aalto : une vie ensemble - Librairie 7L<\/title>\n<meta name=\"robots\" content=\"index, follow, max-snippet:-1, max-image-preview:large, max-video-preview:-1\" \/>\n<link rel=\"canonical\" href=\"https:\/\/librairie7l.com\/en\/produit\/aino-alvar-aalto-une-vie-ensemble\/\" \/>\n<meta property=\"og:locale\" content=\"en_US\" \/>\n<meta property=\"og:type\" content=\"article\" \/>\n<meta property=\"og:title\" content=\"Aino + Alvar Aalto : une vie ensemble - Librairie 7L\" \/>\n<meta property=\"og:description\" content=\"Une biographie visuelle et intime d&#8217;Aino et Alvar Aalto, le couple d&#8217;architectes \u00e0 l&#8217;origine de certains des \u00e9difices et objets les plus embl\u00e9matiques du XXe si\u00e8cle. Aino?+?Alvar Aalto est la premi\u00e8re monographie rendant hommage \u00e0 l&#8217;oeuvre publique et \u00e0 la vie intime de ce couple remarquable. Gr\u00e2ce aux nombreuses lettres in\u00e9dites qu&#8217;ils \u00e9chang\u00e8rent ou envoy\u00e8rent [&hellip;]\" \/>\n<meta property=\"og:url\" content=\"https:\/\/librairie7l.com\/en\/produit\/aino-alvar-aalto-une-vie-ensemble\/\" \/>\n<meta property=\"og:site_name\" content=\"Librairie 7L\" \/>\n<meta property=\"article:modified_time\" content=\"2026-04-28T01:02:48+00:00\" \/>\n<meta property=\"og:image\" content=\"https:\/\/librairie7l.com\/wp-content\/uploads\/2023\/05\/9781838667443_1_75.jpg\" \/>\n\t<meta property=\"og:image:width\" content=\"600\" \/>\n\t<meta property=\"og:image:height\" content=\"800\" \/>\n\t<meta property=\"og:image:type\" content=\"image\/jpeg\" \/>\n<meta name=\"twitter:card\" content=\"summary_large_image\" \/>\n<meta name=\"twitter:label1\" content=\"Est. reading time\" \/>\n\t<meta name=\"twitter:data1\" content=\"1 minute\" \/>\n<script type=\"application\/ld+json\" class=\"yoast-schema-graph\">{\"@context\":\"https:\/\/schema.org\",\"@graph\":[{\"@type\":\"WebPage\",\"@id\":\"https:\/\/librairie7l.com\/en\/produit\/aino-alvar-aalto-une-vie-ensemble\/\",\"url\":\"https:\/\/librairie7l.com\/en\/produit\/aino-alvar-aalto-une-vie-ensemble\/\",\"name\":\"Aino + Alvar Aalto : une vie ensemble - Librairie 7L\",\"isPartOf\":{\"@id\":\"https:\/\/librairie7l.com\/en\/#website\"},\"datePublished\":\"2023-10-05T07:16:13+00:00\",\"dateModified\":\"2026-04-28T01:02:48+00:00\",\"breadcrumb\":{\"@id\":\"https:\/\/librairie7l.com\/en\/produit\/aino-alvar-aalto-une-vie-ensemble\/#breadcrumb\"},\"inLanguage\":\"en-US\",\"potentialAction\":[{\"@type\":\"ReadAction\",\"target\":[\"https:\/\/librairie7l.com\/en\/produit\/aino-alvar-aalto-une-vie-ensemble\/\"]}]},{\"@type\":\"BreadcrumbList\",\"@id\":\"https:\/\/librairie7l.com\/en\/produit\/aino-alvar-aalto-une-vie-ensemble\/#breadcrumb\",\"itemListElement\":[{\"@type\":\"ListItem\",\"position\":1,\"name\":\"Accueil\",\"item\":\"https:\/\/librairie7l.com\/en\/\"},{\"@type\":\"ListItem\",\"position\":2,\"name\":\"Shop\",\"item\":\"https:\/\/librairie7l.com\/en\/shop\/\"},{\"@type\":\"ListItem\",\"position\":3,\"name\":\"AINO + ALVAR AALTO : UNE VIE ENSEMBLE\"}]},{\"@type\":\"WebSite\",\"@id\":\"https:\/\/librairie7l.com\/en\/#website\",\"url\":\"https:\/\/librairie7l.com\/en\/\",\"name\":\"Librairie 7L\",\"description\":\"Librairie fond\u00e9e en 1999 par Karl Lagerfeld \u00e0 Paris\",\"publisher\":{\"@id\":\"https:\/\/librairie7l.com\/en\/#organization\"},\"potentialAction\":[{\"@type\":\"SearchAction\",\"target\":{\"@type\":\"EntryPoint\",\"urlTemplate\":\"https:\/\/librairie7l.com\/en\/?s={search_term_string}\"},\"query-input\":\"required name=search_term_string\"}],\"inLanguage\":\"en-US\"},{\"@type\":\"Organization\",\"@id\":\"https:\/\/librairie7l.com\/en\/#organization\",\"name\":\"Librairie 7L\",\"url\":\"https:\/\/librairie7l.com\/en\/\",\"logo\":{\"@type\":\"ImageObject\",\"inLanguage\":\"en-US\",\"@id\":\"https:\/\/librairie7l.com\/en\/#\/schema\/logo\/image\/\",\"url\":\"https:\/\/librairie7l.com\/wp-content\/uploads\/2022\/08\/logo-1.png\",\"contentUrl\":\"https:\/\/librairie7l.com\/wp-content\/uploads\/2022\/08\/logo-1.png\",\"width\":227,\"height\":301,\"caption\":\"Librairie 7L\"},\"image\":{\"@id\":\"https:\/\/librairie7l.com\/en\/#\/schema\/logo\/image\/\"}}]}<\/script>\n<!-- \/ Yoast SEO plugin. -->","yoast_head_json":{"title":"Aino + Alvar Aalto : une vie ensemble - Librairie 7L","robots":{"index":"index","follow":"follow","max-snippet":"max-snippet:-1","max-image-preview":"max-image-preview:large","max-video-preview":"max-video-preview:-1"},"canonical":"https:\/\/librairie7l.com\/en\/produit\/aino-alvar-aalto-une-vie-ensemble\/","og_locale":"en_US","og_type":"article","og_title":"Aino + Alvar Aalto : une vie ensemble - Librairie 7L","og_description":"Une biographie visuelle et intime d&#8217;Aino et Alvar Aalto, le couple d&#8217;architectes \u00e0 l&#8217;origine de certains des \u00e9difices et objets les plus embl\u00e9matiques du XXe si\u00e8cle. Aino?+?Alvar Aalto est la premi\u00e8re monographie rendant hommage \u00e0 l&#8217;oeuvre publique et \u00e0 la vie intime de ce couple remarquable. Gr\u00e2ce aux nombreuses lettres in\u00e9dites qu&#8217;ils \u00e9chang\u00e8rent ou envoy\u00e8rent [&hellip;]","og_url":"https:\/\/librairie7l.com\/en\/produit\/aino-alvar-aalto-une-vie-ensemble\/","og_site_name":"Librairie 7L","article_modified_time":"2026-04-28T01:02:48+00:00","og_image":[{"width":600,"height":800,"url":"https:\/\/librairie7l.com\/wp-content\/uploads\/2023\/05\/9781838667443_1_75.jpg","type":"image\/jpeg"}],"twitter_card":"summary_large_image","twitter_misc":{"Est. reading time":"1 minute"},"schema":{"@context":"https:\/\/schema.org","@graph":[{"@type":"WebPage","@id":"https:\/\/librairie7l.com\/en\/produit\/aino-alvar-aalto-une-vie-ensemble\/","url":"https:\/\/librairie7l.com\/en\/produit\/aino-alvar-aalto-une-vie-ensemble\/","name":"Aino + Alvar Aalto : une vie ensemble - Librairie 7L","isPartOf":{"@id":"https:\/\/librairie7l.com\/en\/#website"},"datePublished":"2023-10-05T07:16:13+00:00","dateModified":"2026-04-28T01:02:48+00:00","breadcrumb":{"@id":"https:\/\/librairie7l.com\/en\/produit\/aino-alvar-aalto-une-vie-ensemble\/#breadcrumb"},"inLanguage":"en-US","potentialAction":[{"@type":"ReadAction","target":["https:\/\/librairie7l.com\/en\/produit\/aino-alvar-aalto-une-vie-ensemble\/"]}]},{"@type":"BreadcrumbList","@id":"https:\/\/librairie7l.com\/en\/produit\/aino-alvar-aalto-une-vie-ensemble\/#breadcrumb","itemListElement":[{"@type":"ListItem","position":1,"name":"Accueil","item":"https:\/\/librairie7l.com\/en\/"},{"@type":"ListItem","position":2,"name":"Shop","item":"https:\/\/librairie7l.com\/en\/shop\/"},{"@type":"ListItem","position":3,"name":"AINO + ALVAR AALTO : UNE VIE ENSEMBLE"}]},{"@type":"WebSite","@id":"https:\/\/librairie7l.com\/en\/#website","url":"https:\/\/librairie7l.com\/en\/","name":"Librairie 7L","description":"Librairie fond\u00e9e en 1999 par Karl Lagerfeld \u00e0 Paris","publisher":{"@id":"https:\/\/librairie7l.com\/en\/#organization"},"potentialAction":[{"@type":"SearchAction","target":{"@type":"EntryPoint","urlTemplate":"https:\/\/librairie7l.com\/en\/?s={search_term_string}"},"query-input":"required name=search_term_string"}],"inLanguage":"en-US"},{"@type":"Organization","@id":"https:\/\/librairie7l.com\/en\/#organization","name":"Librairie 7L","url":"https:\/\/librairie7l.com\/en\/","logo":{"@type":"ImageObject","inLanguage":"en-US","@id":"https:\/\/librairie7l.com\/en\/#\/schema\/logo\/image\/","url":"https:\/\/librairie7l.com\/wp-content\/uploads\/2022\/08\/logo-1.png","contentUrl":"https:\/\/librairie7l.com\/wp-content\/uploads\/2022\/08\/logo-1.png","width":227,"height":301,"caption":"Librairie 7L"},"image":{"@id":"https:\/\/librairie7l.com\/en\/#\/schema\/logo\/image\/"}}]}},"_links":{"self":[{"href":"https:\/\/librairie7l.com\/en\/wp-json\/wp\/v2\/product\/34733"}],"collection":[{"href":"https:\/\/librairie7l.com\/en\/wp-json\/wp\/v2\/product"}],"about":[{"href":"https:\/\/librairie7l.com\/en\/wp-json\/wp\/v2\/types\/product"}],"wp:featuredmedia":[{"embeddable":true,"href":"https:\/\/librairie7l.com\/en\/wp-json\/wp\/v2\/media\/34732"}],"wp:attachment":[{"href":"https:\/\/librairie7l.com\/en\/wp-json\/wp\/v2\/media?parent=34733"}],"wp:term":[{"taxonomy":"product_cat","embeddable":true,"href":"https:\/\/librairie7l.com\/en\/wp-json\/wp\/v2\/product_cat?post=34733"},{"taxonomy":"product_tag","embeddable":true,"href":"https:\/\/librairie7l.com\/en\/wp-json\/wp\/v2\/product_tag?post=34733"}],"curies":[{"name":"wp","href":"https:\/\/api.w.org\/{rel}","templated":true}]}}

<p>Une biographie visuelle et intime d&#8217;Aino et Alvar Aalto, le couple d&#8217;architectes à l&#8217;origine de certains des édifices et objets les plus emblématiques du XXe siècle.</p>
<p>Aino?+?Alvar Aalto est la première monographie rendant hommage à l&#8217;oeuvre publique et à la vie intime de ce couple remarquable. Grâce aux nombreuses lettres inédites qu&#8217;ils échangèrent ou envoyèrent à leurs amis, leur famille et leurs confrères, Heikki Aalto-Alanen, petit-fils d&#8217;Aino et Alvar, raconte leur vie commune jusqu&#8217;au décès d&#8217;Aino, en 1949.</p>
<p>Cet ouvrage émouvant et accessible retrace l&#8217;histoire d&#8217;un amour et d&#8217;une vie de famille intenses, mais aussi celle d&#8217;un partenariat professionnel unique et ambitieux. Les nombreux documents, esquisses et portraits de famille, accompagnés de photographies des superbes créations d&#8217;Aino et Alvar, donnent une vision exhaustive de leur oeuvre et de leur vie ensemble.</p>

<p>Une biographie visuelle et intime d&#8217;Aino et Alvar Aalto, le couple d&#8217;architectes à l&#8217;origine de certains des édifices et objets les plus emblématiques du XXe siècle. Aino?+?Alvar Aalto est la première monographie rendant hommage à l&#8217;oeuvre publique et à la vie intime de ce couple remarquable. Grâce aux nombreuses lettres inédites qu&#8217;ils échangèrent ou envoyèrent [&hellip;]</p>

<!-- This site is optimized with the Yoast SEO plugin v20.11 - https://yoast.com/wordpress/plugins/seo/ -->
<title>Aino + Alvar Aalto : une vie ensemble - Librairie 7L</title>
<meta name="robots" content="index, follow, max-snippet:-1, max-image-preview:large, max-video-preview:-1" />
<link rel="canonical" href="https://librairie7l.com/en/produit/aino-alvar-aalto-une-vie-ensemble/" />
<meta property="og:locale" content="en_US" />
<meta property="og:type" content="article" />
<meta property="og:title" content="Aino + Alvar Aalto : une vie ensemble - Librairie 7L" />
<meta property="og:description" content="Une biographie visuelle et intime d&#8217;Aino et Alvar Aalto, le couple d&#8217;architectes à l&#8217;origine de certains des édifices et objets les plus emblématiques du XXe siècle. Aino?+?Alvar Aalto est la première monographie rendant hommage à l&#8217;oeuvre publique et à la vie intime de ce couple remarquable. Grâce aux nombreuses lettres inédites qu&#8217;ils échangèrent ou envoyèrent [&hellip;]" />
<meta property="og:url" content="https://librairie7l.com/en/produit/aino-alvar-aalto-une-vie-ensemble/" />
<meta property="og:site_name" content="Librairie 7L" />
<meta property="article:modified_time" content="2026-04-28T01:02:48+00:00" />
<meta property="og:image" content="https://librairie7l.com/wp-content/uploads/2023/05/9781838667443_1_75.jpg" />
	<meta property="og:image:width" content="600" />
	<meta property="og:image:height" content="800" />
	<meta property="og:image:type" content="image/jpeg" />
<meta name="twitter:card" content="summary_large_image" />
<meta name="twitter:label1" content="Est. reading time" />
	<meta name="twitter:data1" content="1 minute" />
<script type="application/ld+json" class="yoast-schema-graph">{"@context":"https://schema.org","@graph":[{"@type":"WebPage","@id":"https://librairie7l.com/en/produit/aino-alvar-aalto-une-vie-ensemble/","url":"https://librairie7l.com/en/produit/aino-alvar-aalto-une-vie-ensemble/","name":"Aino + Alvar Aalto : une vie ensemble - Librairie 7L","isPartOf":{"@id":"https://librairie7l.com/en/#website"},"datePublished":"2023-10-05T07:16:13+00:00","dateModified":"2026-04-28T01:02:48+00:00","breadcrumb":{"@id":"https://librairie7l.com/en/produit/aino-alvar-aalto-une-vie-ensemble/#breadcrumb"},"inLanguage":"en-US","potentialAction":[{"@type":"ReadAction","target":["https://librairie7l.com/en/produit/aino-alvar-aalto-une-vie-ensemble/"]}]},{"@type":"BreadcrumbList","@id":"https://librairie7l.com/en/produit/aino-alvar-aalto-une-vie-ensemble/#breadcrumb","itemListElement":[{"@type":"ListItem","position":1,"name":"Accueil","item":"https://librairie7l.com/en/"},{"@type":"ListItem","position":2,"name":"Shop","item":"https://librairie7l.com/en/shop/"},{"@type":"ListItem","position":3,"name":"AINO + ALVAR AALTO : UNE VIE ENSEMBLE"}]},{"@type":"WebSite","@id":"https://librairie7l.com/en/#website","url":"https://librairie7l.com/en/","name":"Librairie 7L","description":"Librairie fondée en 1999 par Karl Lagerfeld à Paris","publisher":{"@id":"https://librairie7l.com/en/#organization"},"potentialAction":[{"@type":"SearchAction","target":{"@type":"EntryPoint","urlTemplate":"https://librairie7l.com/en/?s={search_term_string}"},"query-input":"required name=search_term_string"}],"inLanguage":"en-US"},{"@type":"Organization","@id":"https://librairie7l.com/en/#organization","name":"Librairie 7L","url":"https://librairie7l.com/en/","logo":{"@type":"ImageObject","inLanguage":"en-US","@id":"https://librairie7l.com/en/#/schema/logo/image/","url":"https://librairie7l.com/wp-content/uploads/2022/08/logo-1.png","contentUrl":"https://librairie7l.com/wp-content/uploads/2022/08/logo-1.png","width":227,"height":301,"caption":"Librairie 7L"},"image":{"@id":"https://librairie7l.com/en/#/schema/logo/image/"}}]}</script>
<!-- / Yoast SEO plugin. -->

Une biographie visuelle et intime d&#8217;Aino et Alvar Aalto, le couple d&#8217;architectes à l&#8217;origine de certains des édifices et objets les plus emblématiques du XXe siècle. Aino?+?Alvar Aalto est la première monographie rendant hommage à l&#8217;oeuvre publique et à la vie intime de ce couple remarquable. Grâce aux nombreuses lettres inédites qu&#8217;ils échangèrent ou envoyèrent [&hellip;]

Librairie fondée en 1999 par Karl Lagerfeld à Paris
