{"id":35039,"date":"2023-10-10T09:20:16","date_gmt":"2023-10-10T07:20:16","guid":{"rendered":"https:\/\/librairie7l.com\/?post_type=product&#038;p=35039"},"modified":"2026-04-28T01:27:37","modified_gmt":"2026-04-27T23:27:37","slug":"en-perspective-philippe-de-gobert-a-la-villa-cavrois","status":"publish","type":"product","link":"https:\/\/librairie7l.com\/en\/produit\/en-perspective-philippe-de-gobert-a-la-villa-cavrois\/","title":{"rendered":"EN PERSPECTIVE : PHILIPPE DE GOBERT \u00c0 LA VILLA CAVROIS"},"content":{"rendered":"<p>Cet ouvrage de la collection propose une nouvelle rencontre entre l&#8217;art contemporain et le patrimoine. L&#8217;artiste belge Philippe De Gobert expose ses maquettes et ses photographies au sein de la villa Cavrois, oeuvre embl\u00e9matique de l&#8217;architecte Robert Mallet-Stevens con\u00e7ue entre 1929 et 1932 et class\u00e9e monument historique en 1990.<br \/>\nCet ouvrage de la collection propose une nouvelle rencontre entre l&#8217;art contemporain et le patrimoine. L&#8217;artiste belge Philippe De Gobert expose ses maquettes et ses photographies au sein de la villa Cavrois, oeuvre embl\u00e9matique de l&#8217;architecte Robert Mallet-Stevens con\u00e7ue entre 1929 et 1932 et class\u00e9e monument historique en 1990. <\/p>\n<p>Apr\u00e8s avoir model\u00e9 quelques monuments d&#8217;architecture du XXe si\u00e8cle comme la Cit\u00e9 radieuse de Marseille (Le Corbusier), la maison de verre (Pierre Chareau et Bernard Bijvoet), ou encore les immeubles de la reconstruction du Havre (Auguste Perret), Philippe De Gobert pr\u00e9sente aujourd&#8217;hui sa vision des espaces int\u00e9rieurs de la villa que l&#8217;on surnomme : le ch\u00e2teau moderne. Comme dans un ensemble de matriochkas, l&#8217;installation En perspective est un ensemble de sc\u00e8nes miniatures cr\u00e9\u00e9es pour l&#8217;occasion, imitant et r\u00e9v\u00e9lant une r\u00e9alit\u00e9 souhait\u00e9e par l&#8217;artiste.<\/p>\n<p>Gr\u00e2ce \u00e0 deux niveaux de lecture, on d\u00e9couvre d&#8217;abord un ensemble d&#8217;images accompagn\u00e9 d&#8217;un essai de l&#8217;architecte et historien Richard Klein, et d&#8217;une interview de Philippe De Gobert par Carine Guimbard, administratrice du monument. Une fois d\u00e9pli\u00e9, ce catalogue offre au lecteur une immersion totale dans l&#8217;exposition En perspective gr\u00e2ce \u00e0 des photographies in situ.<\/p>\n","protected":false},"excerpt":{"rendered":"<p>Cet ouvrage de la collection propose une nouvelle rencontre entre l&#8217;art contemporain et le patrimoine. L&#8217;artiste belge Philippe De Gobert expose ses maquettes et ses photographies au sein de la villa Cavrois, oeuvre embl\u00e9matique de l&#8217;architecte Robert Mallet-Stevens con\u00e7ue entre 1929 et 1932 et class\u00e9e monument historique en 1990. Cet ouvrage de la collection propose [&hellip;]<\/p>\n","protected":false},"featured_media":35037,"template":"","meta":[],"product_cat":[2948,2950],"product_tag":[],"acf":[],"yoast_head":"<!-- This site is optimized with the Yoast SEO plugin v20.11 - https:\/\/yoast.com\/wordpress\/plugins\/seo\/ -->\n<title>En perspective : Philippe de Gobert \u00e0 la Villa Cavrois - Librairie 7L<\/title>\n<meta name=\"robots\" content=\"index, follow, max-snippet:-1, max-image-preview:large, max-video-preview:-1\" \/>\n<link rel=\"canonical\" href=\"https:\/\/librairie7l.com\/en\/produit\/en-perspective-philippe-de-gobert-a-la-villa-cavrois\/\" \/>\n<meta property=\"og:locale\" content=\"en_US\" \/>\n<meta property=\"og:type\" content=\"article\" \/>\n<meta property=\"og:title\" content=\"En perspective : Philippe de Gobert \u00e0 la Villa Cavrois - Librairie 7L\" \/>\n<meta property=\"og:description\" content=\"Cet ouvrage de la collection propose une nouvelle rencontre entre l&#8217;art contemporain et le patrimoine. L&#8217;artiste belge Philippe De Gobert expose ses maquettes et ses photographies au sein de la villa Cavrois, oeuvre embl\u00e9matique de l&#8217;architecte Robert Mallet-Stevens con\u00e7ue entre 1929 et 1932 et class\u00e9e monument historique en 1990. Cet ouvrage de la collection propose [&hellip;]\" \/>\n<meta property=\"og:url\" content=\"https:\/\/librairie7l.com\/en\/produit\/en-perspective-philippe-de-gobert-a-la-villa-cavrois\/\" \/>\n<meta property=\"og:site_name\" content=\"Librairie 7L\" \/>\n<meta property=\"article:modified_time\" content=\"2026-04-27T23:27:37+00:00\" \/>\n<meta property=\"og:image\" content=\"https:\/\/librairie7l.com\/wp-content\/uploads\/2023\/02\/9782757708941_1_75.jpg\" \/>\n\t<meta property=\"og:image:width\" content=\"600\" \/>\n\t<meta property=\"og:image:height\" content=\"923\" \/>\n\t<meta property=\"og:image:type\" content=\"image\/jpeg\" \/>\n<meta name=\"twitter:card\" content=\"summary_large_image\" \/>\n<meta name=\"twitter:label1\" content=\"Est. reading time\" \/>\n\t<meta name=\"twitter:data1\" content=\"1 minute\" \/>\n<script type=\"application\/ld+json\" class=\"yoast-schema-graph\">{\"@context\":\"https:\/\/schema.org\",\"@graph\":[{\"@type\":\"WebPage\",\"@id\":\"https:\/\/librairie7l.com\/en\/produit\/en-perspective-philippe-de-gobert-a-la-villa-cavrois\/\",\"url\":\"https:\/\/librairie7l.com\/en\/produit\/en-perspective-philippe-de-gobert-a-la-villa-cavrois\/\",\"name\":\"En perspective : Philippe de Gobert \u00e0 la Villa Cavrois - Librairie 7L\",\"isPartOf\":{\"@id\":\"https:\/\/librairie7l.com\/en\/#website\"},\"datePublished\":\"2023-10-10T07:20:16+00:00\",\"dateModified\":\"2026-04-27T23:27:37+00:00\",\"breadcrumb\":{\"@id\":\"https:\/\/librairie7l.com\/en\/produit\/en-perspective-philippe-de-gobert-a-la-villa-cavrois\/#breadcrumb\"},\"inLanguage\":\"en-US\",\"potentialAction\":[{\"@type\":\"ReadAction\",\"target\":[\"https:\/\/librairie7l.com\/en\/produit\/en-perspective-philippe-de-gobert-a-la-villa-cavrois\/\"]}]},{\"@type\":\"BreadcrumbList\",\"@id\":\"https:\/\/librairie7l.com\/en\/produit\/en-perspective-philippe-de-gobert-a-la-villa-cavrois\/#breadcrumb\",\"itemListElement\":[{\"@type\":\"ListItem\",\"position\":1,\"name\":\"Accueil\",\"item\":\"https:\/\/librairie7l.com\/en\/\"},{\"@type\":\"ListItem\",\"position\":2,\"name\":\"Shop\",\"item\":\"https:\/\/librairie7l.com\/en\/shop\/\"},{\"@type\":\"ListItem\",\"position\":3,\"name\":\"EN PERSPECTIVE : PHILIPPE DE GOBERT \u00c0 LA VILLA CAVROIS\"}]},{\"@type\":\"WebSite\",\"@id\":\"https:\/\/librairie7l.com\/en\/#website\",\"url\":\"https:\/\/librairie7l.com\/en\/\",\"name\":\"Librairie 7L\",\"description\":\"Librairie fond\u00e9e en 1999 par Karl Lagerfeld \u00e0 Paris\",\"publisher\":{\"@id\":\"https:\/\/librairie7l.com\/en\/#organization\"},\"potentialAction\":[{\"@type\":\"SearchAction\",\"target\":{\"@type\":\"EntryPoint\",\"urlTemplate\":\"https:\/\/librairie7l.com\/en\/?s={search_term_string}\"},\"query-input\":\"required name=search_term_string\"}],\"inLanguage\":\"en-US\"},{\"@type\":\"Organization\",\"@id\":\"https:\/\/librairie7l.com\/en\/#organization\",\"name\":\"Librairie 7L\",\"url\":\"https:\/\/librairie7l.com\/en\/\",\"logo\":{\"@type\":\"ImageObject\",\"inLanguage\":\"en-US\",\"@id\":\"https:\/\/librairie7l.com\/en\/#\/schema\/logo\/image\/\",\"url\":\"https:\/\/librairie7l.com\/wp-content\/uploads\/2022\/08\/logo-1.png\",\"contentUrl\":\"https:\/\/librairie7l.com\/wp-content\/uploads\/2022\/08\/logo-1.png\",\"width\":227,\"height\":301,\"caption\":\"Librairie 7L\"},\"image\":{\"@id\":\"https:\/\/librairie7l.com\/en\/#\/schema\/logo\/image\/\"}}]}<\/script>\n<!-- \/ Yoast SEO plugin. -->","yoast_head_json":{"title":"En perspective : Philippe de Gobert \u00e0 la Villa Cavrois - Librairie 7L","robots":{"index":"index","follow":"follow","max-snippet":"max-snippet:-1","max-image-preview":"max-image-preview:large","max-video-preview":"max-video-preview:-1"},"canonical":"https:\/\/librairie7l.com\/en\/produit\/en-perspective-philippe-de-gobert-a-la-villa-cavrois\/","og_locale":"en_US","og_type":"article","og_title":"En perspective : Philippe de Gobert \u00e0 la Villa Cavrois - Librairie 7L","og_description":"Cet ouvrage de la collection propose une nouvelle rencontre entre l&#8217;art contemporain et le patrimoine. L&#8217;artiste belge Philippe De Gobert expose ses maquettes et ses photographies au sein de la villa Cavrois, oeuvre embl\u00e9matique de l&#8217;architecte Robert Mallet-Stevens con\u00e7ue entre 1929 et 1932 et class\u00e9e monument historique en 1990. Cet ouvrage de la collection propose [&hellip;]","og_url":"https:\/\/librairie7l.com\/en\/produit\/en-perspective-philippe-de-gobert-a-la-villa-cavrois\/","og_site_name":"Librairie 7L","article_modified_time":"2026-04-27T23:27:37+00:00","og_image":[{"width":600,"height":923,"url":"https:\/\/librairie7l.com\/wp-content\/uploads\/2023\/02\/9782757708941_1_75.jpg","type":"image\/jpeg"}],"twitter_card":"summary_large_image","twitter_misc":{"Est. reading time":"1 minute"},"schema":{"@context":"https:\/\/schema.org","@graph":[{"@type":"WebPage","@id":"https:\/\/librairie7l.com\/en\/produit\/en-perspective-philippe-de-gobert-a-la-villa-cavrois\/","url":"https:\/\/librairie7l.com\/en\/produit\/en-perspective-philippe-de-gobert-a-la-villa-cavrois\/","name":"En perspective : Philippe de Gobert \u00e0 la Villa Cavrois - Librairie 7L","isPartOf":{"@id":"https:\/\/librairie7l.com\/en\/#website"},"datePublished":"2023-10-10T07:20:16+00:00","dateModified":"2026-04-27T23:27:37+00:00","breadcrumb":{"@id":"https:\/\/librairie7l.com\/en\/produit\/en-perspective-philippe-de-gobert-a-la-villa-cavrois\/#breadcrumb"},"inLanguage":"en-US","potentialAction":[{"@type":"ReadAction","target":["https:\/\/librairie7l.com\/en\/produit\/en-perspective-philippe-de-gobert-a-la-villa-cavrois\/"]}]},{"@type":"BreadcrumbList","@id":"https:\/\/librairie7l.com\/en\/produit\/en-perspective-philippe-de-gobert-a-la-villa-cavrois\/#breadcrumb","itemListElement":[{"@type":"ListItem","position":1,"name":"Accueil","item":"https:\/\/librairie7l.com\/en\/"},{"@type":"ListItem","position":2,"name":"Shop","item":"https:\/\/librairie7l.com\/en\/shop\/"},{"@type":"ListItem","position":3,"name":"EN PERSPECTIVE : PHILIPPE DE GOBERT \u00c0 LA VILLA CAVROIS"}]},{"@type":"WebSite","@id":"https:\/\/librairie7l.com\/en\/#website","url":"https:\/\/librairie7l.com\/en\/","name":"Librairie 7L","description":"Librairie fond\u00e9e en 1999 par Karl Lagerfeld \u00e0 Paris","publisher":{"@id":"https:\/\/librairie7l.com\/en\/#organization"},"potentialAction":[{"@type":"SearchAction","target":{"@type":"EntryPoint","urlTemplate":"https:\/\/librairie7l.com\/en\/?s={search_term_string}"},"query-input":"required name=search_term_string"}],"inLanguage":"en-US"},{"@type":"Organization","@id":"https:\/\/librairie7l.com\/en\/#organization","name":"Librairie 7L","url":"https:\/\/librairie7l.com\/en\/","logo":{"@type":"ImageObject","inLanguage":"en-US","@id":"https:\/\/librairie7l.com\/en\/#\/schema\/logo\/image\/","url":"https:\/\/librairie7l.com\/wp-content\/uploads\/2022\/08\/logo-1.png","contentUrl":"https:\/\/librairie7l.com\/wp-content\/uploads\/2022\/08\/logo-1.png","width":227,"height":301,"caption":"Librairie 7L"},"image":{"@id":"https:\/\/librairie7l.com\/en\/#\/schema\/logo\/image\/"}}]}},"_links":{"self":[{"href":"https:\/\/librairie7l.com\/en\/wp-json\/wp\/v2\/product\/35039"}],"collection":[{"href":"https:\/\/librairie7l.com\/en\/wp-json\/wp\/v2\/product"}],"about":[{"href":"https:\/\/librairie7l.com\/en\/wp-json\/wp\/v2\/types\/product"}],"wp:featuredmedia":[{"embeddable":true,"href":"https:\/\/librairie7l.com\/en\/wp-json\/wp\/v2\/media\/35037"}],"wp:attachment":[{"href":"https:\/\/librairie7l.com\/en\/wp-json\/wp\/v2\/media?parent=35039"}],"wp:term":[{"taxonomy":"product_cat","embeddable":true,"href":"https:\/\/librairie7l.com\/en\/wp-json\/wp\/v2\/product_cat?post=35039"},{"taxonomy":"product_tag","embeddable":true,"href":"https:\/\/librairie7l.com\/en\/wp-json\/wp\/v2\/product_tag?post=35039"}],"curies":[{"name":"wp","href":"https:\/\/api.w.org\/{rel}","templated":true}]}}

EN PERSPECTIVE : PHILIPPE DE GOBERT À LA VILLA CAVROIS

<p>Cet ouvrage de la collection propose une nouvelle rencontre entre l&#8217;art contemporain et le patrimoine. L&#8217;artiste belge Philippe De Gobert expose ses maquettes et ses photographies au sein de la villa Cavrois, oeuvre emblématique de l&#8217;architecte Robert Mallet-Stevens conçue entre 1929 et 1932 et classée monument historique en 1990.<br />
Cet ouvrage de la collection propose une nouvelle rencontre entre l&#8217;art contemporain et le patrimoine. L&#8217;artiste belge Philippe De Gobert expose ses maquettes et ses photographies au sein de la villa Cavrois, oeuvre emblématique de l&#8217;architecte Robert Mallet-Stevens conçue entre 1929 et 1932 et classée monument historique en 1990. </p>
<p>Après avoir modelé quelques monuments d&#8217;architecture du XXe siècle comme la Cité radieuse de Marseille (Le Corbusier), la maison de verre (Pierre Chareau et Bernard Bijvoet), ou encore les immeubles de la reconstruction du Havre (Auguste Perret), Philippe De Gobert présente aujourd&#8217;hui sa vision des espaces intérieurs de la villa que l&#8217;on surnomme : le château moderne. Comme dans un ensemble de matriochkas, l&#8217;installation En perspective est un ensemble de scènes miniatures créées pour l&#8217;occasion, imitant et révélant une réalité souhaitée par l&#8217;artiste.</p>
<p>Grâce à deux niveaux de lecture, on découvre d&#8217;abord un ensemble d&#8217;images accompagné d&#8217;un essai de l&#8217;architecte et historien Richard Klein, et d&#8217;une interview de Philippe De Gobert par Carine Guimbard, administratrice du monument. Une fois déplié, ce catalogue offre au lecteur une immersion totale dans l&#8217;exposition En perspective grâce à des photographies in situ.</p>

<p>Cet ouvrage de la collection propose une nouvelle rencontre entre l&#8217;art contemporain et le patrimoine. L&#8217;artiste belge Philippe De Gobert expose ses maquettes et ses photographies au sein de la villa Cavrois, oeuvre emblématique de l&#8217;architecte Robert Mallet-Stevens conçue entre 1929 et 1932 et classée monument historique en 1990. Cet ouvrage de la collection propose [&hellip;]</p>

<!-- This site is optimized with the Yoast SEO plugin v20.11 - https://yoast.com/wordpress/plugins/seo/ -->
<title>En perspective : Philippe de Gobert à la Villa Cavrois - Librairie 7L</title>
<meta name="robots" content="index, follow, max-snippet:-1, max-image-preview:large, max-video-preview:-1" />
<link rel="canonical" href="https://librairie7l.com/en/produit/en-perspective-philippe-de-gobert-a-la-villa-cavrois/" />
<meta property="og:locale" content="en_US" />
<meta property="og:type" content="article" />
<meta property="og:title" content="En perspective : Philippe de Gobert à la Villa Cavrois - Librairie 7L" />
<meta property="og:description" content="Cet ouvrage de la collection propose une nouvelle rencontre entre l&#8217;art contemporain et le patrimoine. L&#8217;artiste belge Philippe De Gobert expose ses maquettes et ses photographies au sein de la villa Cavrois, oeuvre emblématique de l&#8217;architecte Robert Mallet-Stevens conçue entre 1929 et 1932 et classée monument historique en 1990. Cet ouvrage de la collection propose [&hellip;]" />
<meta property="og:url" content="https://librairie7l.com/en/produit/en-perspective-philippe-de-gobert-a-la-villa-cavrois/" />
<meta property="og:site_name" content="Librairie 7L" />
<meta property="article:modified_time" content="2026-04-27T23:27:37+00:00" />
<meta property="og:image" content="https://librairie7l.com/wp-content/uploads/2023/02/9782757708941_1_75.jpg" />
	<meta property="og:image:width" content="600" />
	<meta property="og:image:height" content="923" />
	<meta property="og:image:type" content="image/jpeg" />
<meta name="twitter:card" content="summary_large_image" />
<meta name="twitter:label1" content="Est. reading time" />
	<meta name="twitter:data1" content="1 minute" />
<script type="application/ld+json" class="yoast-schema-graph">{"@context":"https://schema.org","@graph":[{"@type":"WebPage","@id":"https://librairie7l.com/en/produit/en-perspective-philippe-de-gobert-a-la-villa-cavrois/","url":"https://librairie7l.com/en/produit/en-perspective-philippe-de-gobert-a-la-villa-cavrois/","name":"En perspective : Philippe de Gobert à la Villa Cavrois - Librairie 7L","isPartOf":{"@id":"https://librairie7l.com/en/#website"},"datePublished":"2023-10-10T07:20:16+00:00","dateModified":"2026-04-27T23:27:37+00:00","breadcrumb":{"@id":"https://librairie7l.com/en/produit/en-perspective-philippe-de-gobert-a-la-villa-cavrois/#breadcrumb"},"inLanguage":"en-US","potentialAction":[{"@type":"ReadAction","target":["https://librairie7l.com/en/produit/en-perspective-philippe-de-gobert-a-la-villa-cavrois/"]}]},{"@type":"BreadcrumbList","@id":"https://librairie7l.com/en/produit/en-perspective-philippe-de-gobert-a-la-villa-cavrois/#breadcrumb","itemListElement":[{"@type":"ListItem","position":1,"name":"Accueil","item":"https://librairie7l.com/en/"},{"@type":"ListItem","position":2,"name":"Shop","item":"https://librairie7l.com/en/shop/"},{"@type":"ListItem","position":3,"name":"EN PERSPECTIVE : PHILIPPE DE GOBERT À LA VILLA CAVROIS"}]},{"@type":"WebSite","@id":"https://librairie7l.com/en/#website","url":"https://librairie7l.com/en/","name":"Librairie 7L","description":"Librairie fondée en 1999 par Karl Lagerfeld à Paris","publisher":{"@id":"https://librairie7l.com/en/#organization"},"potentialAction":[{"@type":"SearchAction","target":{"@type":"EntryPoint","urlTemplate":"https://librairie7l.com/en/?s={search_term_string}"},"query-input":"required name=search_term_string"}],"inLanguage":"en-US"},{"@type":"Organization","@id":"https://librairie7l.com/en/#organization","name":"Librairie 7L","url":"https://librairie7l.com/en/","logo":{"@type":"ImageObject","inLanguage":"en-US","@id":"https://librairie7l.com/en/#/schema/logo/image/","url":"https://librairie7l.com/wp-content/uploads/2022/08/logo-1.png","contentUrl":"https://librairie7l.com/wp-content/uploads/2022/08/logo-1.png","width":227,"height":301,"caption":"Librairie 7L"},"image":{"@id":"https://librairie7l.com/en/#/schema/logo/image/"}}]}</script>
<!-- / Yoast SEO plugin. -->

En perspective : Philippe de Gobert à la Villa Cavrois - Librairie 7L

Cet ouvrage de la collection propose une nouvelle rencontre entre l&#8217;art contemporain et le patrimoine. L&#8217;artiste belge Philippe De Gobert expose ses maquettes et ses photographies au sein de la villa Cavrois, oeuvre emblématique de l&#8217;architecte Robert Mallet-Stevens conçue entre 1929 et 1932 et classée monument historique en 1990. Cet ouvrage de la collection propose [&hellip;]

Librairie fondée en 1999 par Karl Lagerfeld à Paris
