{"id":35223,"date":"2023-10-10T09:19:14","date_gmt":"2023-10-10T07:19:14","guid":{"rendered":"https:\/\/librairie7l.com\/?post_type=product&#038;p=35223"},"modified":"2026-04-26T21:42:10","modified_gmt":"2026-04-26T19:42:10","slug":"the-van-hoe-collection-grammar-of-textiles-edition-multilingue","status":"publish","type":"product","link":"https:\/\/librairie7l.com\/en\/produit\/the-van-hoe-collection-grammar-of-textiles-edition-multilingue\/","title":{"rendered":"THE VAN HOE COLLECTION GRAMMAR OF TEXTILES &#8211; EDITION MULTILINGUE"},"content":{"rendered":"<p>\u00ab The Van Hoe Collection Grammar of Textiles \u00bb pr\u00e9sente une s\u00e9lection d&#8217;environ 80 \u00e9tudes et dessins de la fin du 19e si\u00e8cle au milieu du 20e si\u00e8cle provenant de la collection du designer, textilliste et artiste Marc Van Hoe. Une petite s\u00e9lection de la collection sera expos\u00e9e \u00e0 Bruxelles (Mus\u00e9e Horta) et \u00e0 Riga (Lituanie) en 2020. Avec cette collection, j&#8217;essaie de faire comprendre qu&#8217;il ne s&#8217;agit pas seulement de dessins pour des textiles, il y a plus que cela : faire des liens avec les d\u00e9veloppements dans l&#8217;art, la culture, la politique est logique et au moins aussi important. Avant tout, ma collection vise \u00e0 \u00e9veiller la curiosit\u00e9 pour (apprendre \u00e0) lire les images. Marc Van Hoe&#8221; &#8230; L&#8217;homme, ou plut\u00f4t l&#8217;artiste, qui se cache derri\u00e8re cette riche collection compos\u00e9e de fragments, d&#8217;esquisses, de dessins, d&#8217;agrandissements pour tissus et papiers peints, n&#8217;est pas du genre \u00e0 garder sa collection sous cl\u00e9. Parfois, les dessins sont simplement accroch\u00e9s au mur \u00e0 l&#8217;aide d&#8217;aimants, sans cadre ni vitre. Leur peau est en contact avec l&#8217;air et la lumi\u00e8re, ils sont vivants. Elles ne sont pas rang\u00e9es dans des tiroirs. Avec enthousiasme, Van Hoe les laisse bourgeonner, un terme dont le dictionnaire dit : ouvrir le calice, se d\u00e9verrouiller. Car cette collection engage la conversation. Marc Van Hoe, cr\u00e9ateur de motifs et de tissus, dialogue en permanence avec les dessins qu&#8217;il a sauv\u00e9s d&#8217;une mort certaine. Parfois, le collectionneur devient aussi cr\u00e9ateur. Et laisse fleurir ses dessins, du chardon au dahlia. Derri\u00e8re la collection, jardin o\u00f9 les motifs s&#8217;\u00e9panouissent, se trouvent les artistes et artisans avec lesquels Marc Van Hoe dialogue. Il ne stylise plus et ne dessine plus les plantes, il les scanne litt\u00e9ralement avant de les travailler. Du calque au scanner, du pixel au pigment. La stylisation n&#8217;a pas d&#8217;importance, tant qu&#8217;il y a de la passion \u00bb.<\/p>\n","protected":false},"excerpt":{"rendered":"<p>\u00ab The Van Hoe Collection Grammar of Textiles \u00bb pr\u00e9sente une s\u00e9lection d&#8217;environ 80 \u00e9tudes et dessins de la fin du 19e si\u00e8cle au milieu du 20e si\u00e8cle provenant de la collection du designer, textilliste et artiste Marc Van Hoe. Une petite s\u00e9lection de la collection sera expos\u00e9e \u00e0 Bruxelles (Mus\u00e9e Horta) et \u00e0 Riga [&hellip;]<\/p>\n","protected":false},"featured_media":37151,"template":"","meta":[],"product_cat":[2948,2957],"product_tag":[],"acf":[],"yoast_head":"<!-- This site is optimized with the Yoast SEO plugin v20.11 - https:\/\/yoast.com\/wordpress\/plugins\/seo\/ -->\n<title>The van hoe collection grammar of textiles - edition multilingue - Librairie 7L<\/title>\n<meta name=\"robots\" content=\"index, follow, max-snippet:-1, max-image-preview:large, max-video-preview:-1\" \/>\n<link rel=\"canonical\" href=\"https:\/\/librairie7l.com\/en\/produit\/the-van-hoe-collection-grammar-of-textiles-edition-multilingue\/\" \/>\n<meta property=\"og:locale\" content=\"en_US\" \/>\n<meta property=\"og:type\" content=\"article\" \/>\n<meta property=\"og:title\" content=\"The van hoe collection grammar of textiles - edition multilingue - Librairie 7L\" \/>\n<meta property=\"og:description\" content=\"\u00ab The Van Hoe Collection Grammar of Textiles \u00bb pr\u00e9sente une s\u00e9lection d&#8217;environ 80 \u00e9tudes et dessins de la fin du 19e si\u00e8cle au milieu du 20e si\u00e8cle provenant de la collection du designer, textilliste et artiste Marc Van Hoe. Une petite s\u00e9lection de la collection sera expos\u00e9e \u00e0 Bruxelles (Mus\u00e9e Horta) et \u00e0 Riga [&hellip;]\" \/>\n<meta property=\"og:url\" content=\"https:\/\/librairie7l.com\/en\/produit\/the-van-hoe-collection-grammar-of-textiles-edition-multilingue\/\" \/>\n<meta property=\"og:site_name\" content=\"Librairie 7L\" \/>\n<meta property=\"article:modified_time\" content=\"2026-04-26T19:42:10+00:00\" \/>\n<meta property=\"og:image\" content=\"https:\/\/librairie7l.com\/wp-content\/uploads\/2023\/11\/9789464002027_1_75.jpg\" \/>\n\t<meta property=\"og:image:width\" content=\"600\" \/>\n\t<meta property=\"og:image:height\" content=\"768\" \/>\n\t<meta property=\"og:image:type\" content=\"image\/jpeg\" \/>\n<meta name=\"twitter:card\" content=\"summary_large_image\" \/>\n<meta name=\"twitter:label1\" content=\"Est. reading time\" \/>\n\t<meta name=\"twitter:data1\" content=\"2 minutes\" \/>\n<script type=\"application\/ld+json\" class=\"yoast-schema-graph\">{\"@context\":\"https:\/\/schema.org\",\"@graph\":[{\"@type\":\"WebPage\",\"@id\":\"https:\/\/librairie7l.com\/en\/produit\/the-van-hoe-collection-grammar-of-textiles-edition-multilingue\/\",\"url\":\"https:\/\/librairie7l.com\/en\/produit\/the-van-hoe-collection-grammar-of-textiles-edition-multilingue\/\",\"name\":\"The van hoe collection grammar of textiles - edition multilingue - Librairie 7L\",\"isPartOf\":{\"@id\":\"https:\/\/librairie7l.com\/en\/#website\"},\"datePublished\":\"2023-10-10T07:19:14+00:00\",\"dateModified\":\"2026-04-26T19:42:10+00:00\",\"breadcrumb\":{\"@id\":\"https:\/\/librairie7l.com\/en\/produit\/the-van-hoe-collection-grammar-of-textiles-edition-multilingue\/#breadcrumb\"},\"inLanguage\":\"en-US\",\"potentialAction\":[{\"@type\":\"ReadAction\",\"target\":[\"https:\/\/librairie7l.com\/en\/produit\/the-van-hoe-collection-grammar-of-textiles-edition-multilingue\/\"]}]},{\"@type\":\"BreadcrumbList\",\"@id\":\"https:\/\/librairie7l.com\/en\/produit\/the-van-hoe-collection-grammar-of-textiles-edition-multilingue\/#breadcrumb\",\"itemListElement\":[{\"@type\":\"ListItem\",\"position\":1,\"name\":\"Accueil\",\"item\":\"https:\/\/librairie7l.com\/en\/\"},{\"@type\":\"ListItem\",\"position\":2,\"name\":\"Shop\",\"item\":\"https:\/\/librairie7l.com\/en\/shop\/\"},{\"@type\":\"ListItem\",\"position\":3,\"name\":\"THE VAN HOE COLLECTION GRAMMAR OF TEXTILES &#8211; EDITION MULTILINGUE\"}]},{\"@type\":\"WebSite\",\"@id\":\"https:\/\/librairie7l.com\/en\/#website\",\"url\":\"https:\/\/librairie7l.com\/en\/\",\"name\":\"Librairie 7L\",\"description\":\"Librairie fond\u00e9e en 1999 par Karl Lagerfeld \u00e0 Paris\",\"publisher\":{\"@id\":\"https:\/\/librairie7l.com\/en\/#organization\"},\"potentialAction\":[{\"@type\":\"SearchAction\",\"target\":{\"@type\":\"EntryPoint\",\"urlTemplate\":\"https:\/\/librairie7l.com\/en\/?s={search_term_string}\"},\"query-input\":\"required name=search_term_string\"}],\"inLanguage\":\"en-US\"},{\"@type\":\"Organization\",\"@id\":\"https:\/\/librairie7l.com\/en\/#organization\",\"name\":\"Librairie 7L\",\"url\":\"https:\/\/librairie7l.com\/en\/\",\"logo\":{\"@type\":\"ImageObject\",\"inLanguage\":\"en-US\",\"@id\":\"https:\/\/librairie7l.com\/en\/#\/schema\/logo\/image\/\",\"url\":\"https:\/\/librairie7l.com\/wp-content\/uploads\/2022\/08\/logo-1.png\",\"contentUrl\":\"https:\/\/librairie7l.com\/wp-content\/uploads\/2022\/08\/logo-1.png\",\"width\":227,\"height\":301,\"caption\":\"Librairie 7L\"},\"image\":{\"@id\":\"https:\/\/librairie7l.com\/en\/#\/schema\/logo\/image\/\"}}]}<\/script>\n<!-- \/ Yoast SEO plugin. -->","yoast_head_json":{"title":"The van hoe collection grammar of textiles - edition multilingue - Librairie 7L","robots":{"index":"index","follow":"follow","max-snippet":"max-snippet:-1","max-image-preview":"max-image-preview:large","max-video-preview":"max-video-preview:-1"},"canonical":"https:\/\/librairie7l.com\/en\/produit\/the-van-hoe-collection-grammar-of-textiles-edition-multilingue\/","og_locale":"en_US","og_type":"article","og_title":"The van hoe collection grammar of textiles - edition multilingue - Librairie 7L","og_description":"\u00ab The Van Hoe Collection Grammar of Textiles \u00bb pr\u00e9sente une s\u00e9lection d&#8217;environ 80 \u00e9tudes et dessins de la fin du 19e si\u00e8cle au milieu du 20e si\u00e8cle provenant de la collection du designer, textilliste et artiste Marc Van Hoe. Une petite s\u00e9lection de la collection sera expos\u00e9e \u00e0 Bruxelles (Mus\u00e9e Horta) et \u00e0 Riga [&hellip;]","og_url":"https:\/\/librairie7l.com\/en\/produit\/the-van-hoe-collection-grammar-of-textiles-edition-multilingue\/","og_site_name":"Librairie 7L","article_modified_time":"2026-04-26T19:42:10+00:00","og_image":[{"width":600,"height":768,"url":"https:\/\/librairie7l.com\/wp-content\/uploads\/2023\/11\/9789464002027_1_75.jpg","type":"image\/jpeg"}],"twitter_card":"summary_large_image","twitter_misc":{"Est. reading time":"2 minutes"},"schema":{"@context":"https:\/\/schema.org","@graph":[{"@type":"WebPage","@id":"https:\/\/librairie7l.com\/en\/produit\/the-van-hoe-collection-grammar-of-textiles-edition-multilingue\/","url":"https:\/\/librairie7l.com\/en\/produit\/the-van-hoe-collection-grammar-of-textiles-edition-multilingue\/","name":"The van hoe collection grammar of textiles - edition multilingue - Librairie 7L","isPartOf":{"@id":"https:\/\/librairie7l.com\/en\/#website"},"datePublished":"2023-10-10T07:19:14+00:00","dateModified":"2026-04-26T19:42:10+00:00","breadcrumb":{"@id":"https:\/\/librairie7l.com\/en\/produit\/the-van-hoe-collection-grammar-of-textiles-edition-multilingue\/#breadcrumb"},"inLanguage":"en-US","potentialAction":[{"@type":"ReadAction","target":["https:\/\/librairie7l.com\/en\/produit\/the-van-hoe-collection-grammar-of-textiles-edition-multilingue\/"]}]},{"@type":"BreadcrumbList","@id":"https:\/\/librairie7l.com\/en\/produit\/the-van-hoe-collection-grammar-of-textiles-edition-multilingue\/#breadcrumb","itemListElement":[{"@type":"ListItem","position":1,"name":"Accueil","item":"https:\/\/librairie7l.com\/en\/"},{"@type":"ListItem","position":2,"name":"Shop","item":"https:\/\/librairie7l.com\/en\/shop\/"},{"@type":"ListItem","position":3,"name":"THE VAN HOE COLLECTION GRAMMAR OF TEXTILES &#8211; EDITION MULTILINGUE"}]},{"@type":"WebSite","@id":"https:\/\/librairie7l.com\/en\/#website","url":"https:\/\/librairie7l.com\/en\/","name":"Librairie 7L","description":"Librairie fond\u00e9e en 1999 par Karl Lagerfeld \u00e0 Paris","publisher":{"@id":"https:\/\/librairie7l.com\/en\/#organization"},"potentialAction":[{"@type":"SearchAction","target":{"@type":"EntryPoint","urlTemplate":"https:\/\/librairie7l.com\/en\/?s={search_term_string}"},"query-input":"required name=search_term_string"}],"inLanguage":"en-US"},{"@type":"Organization","@id":"https:\/\/librairie7l.com\/en\/#organization","name":"Librairie 7L","url":"https:\/\/librairie7l.com\/en\/","logo":{"@type":"ImageObject","inLanguage":"en-US","@id":"https:\/\/librairie7l.com\/en\/#\/schema\/logo\/image\/","url":"https:\/\/librairie7l.com\/wp-content\/uploads\/2022\/08\/logo-1.png","contentUrl":"https:\/\/librairie7l.com\/wp-content\/uploads\/2022\/08\/logo-1.png","width":227,"height":301,"caption":"Librairie 7L"},"image":{"@id":"https:\/\/librairie7l.com\/en\/#\/schema\/logo\/image\/"}}]}},"_links":{"self":[{"href":"https:\/\/librairie7l.com\/en\/wp-json\/wp\/v2\/product\/35223"}],"collection":[{"href":"https:\/\/librairie7l.com\/en\/wp-json\/wp\/v2\/product"}],"about":[{"href":"https:\/\/librairie7l.com\/en\/wp-json\/wp\/v2\/types\/product"}],"wp:featuredmedia":[{"embeddable":true,"href":"https:\/\/librairie7l.com\/en\/wp-json\/wp\/v2\/media\/37151"}],"wp:attachment":[{"href":"https:\/\/librairie7l.com\/en\/wp-json\/wp\/v2\/media?parent=35223"}],"wp:term":[{"taxonomy":"product_cat","embeddable":true,"href":"https:\/\/librairie7l.com\/en\/wp-json\/wp\/v2\/product_cat?post=35223"},{"taxonomy":"product_tag","embeddable":true,"href":"https:\/\/librairie7l.com\/en\/wp-json\/wp\/v2\/product_tag?post=35223"}],"curies":[{"name":"wp","href":"https:\/\/api.w.org\/{rel}","templated":true}]}}

<p>« The Van Hoe Collection Grammar of Textiles » présente une sélection d&#8217;environ 80 études et dessins de la fin du 19e siècle au milieu du 20e siècle provenant de la collection du designer, textilliste et artiste Marc Van Hoe. Une petite sélection de la collection sera exposée à Bruxelles (Musée Horta) et à Riga (Lituanie) en 2020. Avec cette collection, j&#8217;essaie de faire comprendre qu&#8217;il ne s&#8217;agit pas seulement de dessins pour des textiles, il y a plus que cela : faire des liens avec les développements dans l&#8217;art, la culture, la politique est logique et au moins aussi important. Avant tout, ma collection vise à éveiller la curiosité pour (apprendre à) lire les images. Marc Van Hoe&#8221; &#8230; L&#8217;homme, ou plutôt l&#8217;artiste, qui se cache derrière cette riche collection composée de fragments, d&#8217;esquisses, de dessins, d&#8217;agrandissements pour tissus et papiers peints, n&#8217;est pas du genre à garder sa collection sous clé. Parfois, les dessins sont simplement accrochés au mur à l&#8217;aide d&#8217;aimants, sans cadre ni vitre. Leur peau est en contact avec l&#8217;air et la lumière, ils sont vivants. Elles ne sont pas rangées dans des tiroirs. Avec enthousiasme, Van Hoe les laisse bourgeonner, un terme dont le dictionnaire dit : ouvrir le calice, se déverrouiller. Car cette collection engage la conversation. Marc Van Hoe, créateur de motifs et de tissus, dialogue en permanence avec les dessins qu&#8217;il a sauvés d&#8217;une mort certaine. Parfois, le collectionneur devient aussi créateur. Et laisse fleurir ses dessins, du chardon au dahlia. Derrière la collection, jardin où les motifs s&#8217;épanouissent, se trouvent les artistes et artisans avec lesquels Marc Van Hoe dialogue. Il ne stylise plus et ne dessine plus les plantes, il les scanne littéralement avant de les travailler. Du calque au scanner, du pixel au pigment. La stylisation n&#8217;a pas d&#8217;importance, tant qu&#8217;il y a de la passion ».</p>

<p>« The Van Hoe Collection Grammar of Textiles » présente une sélection d&#8217;environ 80 études et dessins de la fin du 19e siècle au milieu du 20e siècle provenant de la collection du designer, textilliste et artiste Marc Van Hoe. Une petite sélection de la collection sera exposée à Bruxelles (Musée Horta) et à Riga [&hellip;]</p>

<!-- This site is optimized with the Yoast SEO plugin v20.11 - https://yoast.com/wordpress/plugins/seo/ -->
<title>The van hoe collection grammar of textiles - edition multilingue - Librairie 7L</title>
<meta name="robots" content="index, follow, max-snippet:-1, max-image-preview:large, max-video-preview:-1" />
<link rel="canonical" href="https://librairie7l.com/en/produit/the-van-hoe-collection-grammar-of-textiles-edition-multilingue/" />
<meta property="og:locale" content="en_US" />
<meta property="og:type" content="article" />
<meta property="og:title" content="The van hoe collection grammar of textiles - edition multilingue - Librairie 7L" />
<meta property="og:description" content="« The Van Hoe Collection Grammar of Textiles » présente une sélection d&#8217;environ 80 études et dessins de la fin du 19e siècle au milieu du 20e siècle provenant de la collection du designer, textilliste et artiste Marc Van Hoe. Une petite sélection de la collection sera exposée à Bruxelles (Musée Horta) et à Riga [&hellip;]" />
<meta property="og:url" content="https://librairie7l.com/en/produit/the-van-hoe-collection-grammar-of-textiles-edition-multilingue/" />
<meta property="og:site_name" content="Librairie 7L" />
<meta property="article:modified_time" content="2026-04-26T19:42:10+00:00" />
<meta property="og:image" content="https://librairie7l.com/wp-content/uploads/2023/11/9789464002027_1_75.jpg" />
	<meta property="og:image:width" content="600" />
	<meta property="og:image:height" content="768" />
	<meta property="og:image:type" content="image/jpeg" />
<meta name="twitter:card" content="summary_large_image" />
<meta name="twitter:label1" content="Est. reading time" />
	<meta name="twitter:data1" content="2 minutes" />
<script type="application/ld+json" class="yoast-schema-graph">{"@context":"https://schema.org","@graph":[{"@type":"WebPage","@id":"https://librairie7l.com/en/produit/the-van-hoe-collection-grammar-of-textiles-edition-multilingue/","url":"https://librairie7l.com/en/produit/the-van-hoe-collection-grammar-of-textiles-edition-multilingue/","name":"The van hoe collection grammar of textiles - edition multilingue - Librairie 7L","isPartOf":{"@id":"https://librairie7l.com/en/#website"},"datePublished":"2023-10-10T07:19:14+00:00","dateModified":"2026-04-26T19:42:10+00:00","breadcrumb":{"@id":"https://librairie7l.com/en/produit/the-van-hoe-collection-grammar-of-textiles-edition-multilingue/#breadcrumb"},"inLanguage":"en-US","potentialAction":[{"@type":"ReadAction","target":["https://librairie7l.com/en/produit/the-van-hoe-collection-grammar-of-textiles-edition-multilingue/"]}]},{"@type":"BreadcrumbList","@id":"https://librairie7l.com/en/produit/the-van-hoe-collection-grammar-of-textiles-edition-multilingue/#breadcrumb","itemListElement":[{"@type":"ListItem","position":1,"name":"Accueil","item":"https://librairie7l.com/en/"},{"@type":"ListItem","position":2,"name":"Shop","item":"https://librairie7l.com/en/shop/"},{"@type":"ListItem","position":3,"name":"THE VAN HOE COLLECTION GRAMMAR OF TEXTILES &#8211; EDITION MULTILINGUE"}]},{"@type":"WebSite","@id":"https://librairie7l.com/en/#website","url":"https://librairie7l.com/en/","name":"Librairie 7L","description":"Librairie fondée en 1999 par Karl Lagerfeld à Paris","publisher":{"@id":"https://librairie7l.com/en/#organization"},"potentialAction":[{"@type":"SearchAction","target":{"@type":"EntryPoint","urlTemplate":"https://librairie7l.com/en/?s={search_term_string}"},"query-input":"required name=search_term_string"}],"inLanguage":"en-US"},{"@type":"Organization","@id":"https://librairie7l.com/en/#organization","name":"Librairie 7L","url":"https://librairie7l.com/en/","logo":{"@type":"ImageObject","inLanguage":"en-US","@id":"https://librairie7l.com/en/#/schema/logo/image/","url":"https://librairie7l.com/wp-content/uploads/2022/08/logo-1.png","contentUrl":"https://librairie7l.com/wp-content/uploads/2022/08/logo-1.png","width":227,"height":301,"caption":"Librairie 7L"},"image":{"@id":"https://librairie7l.com/en/#/schema/logo/image/"}}]}</script>
<!-- / Yoast SEO plugin. -->

« The Van Hoe Collection Grammar of Textiles » présente une sélection d&#8217;environ 80 études et dessins de la fin du 19e siècle au milieu du 20e siècle provenant de la collection du designer, textilliste et artiste Marc Van Hoe. Une petite sélection de la collection sera exposée à Bruxelles (Musée Horta) et à Riga [&hellip;]

Librairie fondée en 1999 par Karl Lagerfeld à Paris
