{"id":35259,"date":"2023-10-10T09:19:00","date_gmt":"2023-10-10T07:19:00","guid":{"rendered":"https:\/\/librairie7l.com\/?post_type=product&#038;p=35259"},"modified":"2026-04-30T02:07:02","modified_gmt":"2026-04-30T00:07:02","slug":"piero-manzoni-achrome","status":"publish","type":"product","link":"https:\/\/librairie7l.com\/en\/produit\/piero-manzoni-achrome\/","title":{"rendered":"PIERO MANZONI, ACHROME"},"content":{"rendered":"<p>Catalogue officiel de l&#8217;Exposition \u00ab\u00a0Piero Manzoni, Achromes\u00a0\u00bb au Mus\u00e9e Cantonal des beaux arts de Lausanne du 15 juin au 25 septembre 2016.<br \/>\n Figure majeure des ann\u00e9es 1950-1960, Piero Manzoni est consid\u00e9r\u00e9 comme l&#8217;un des artistes les plus novateurs de la p\u00e9riode, avec Lucio Fontana ou encore Yves Klein, avec lesquels il partage l&#8217;exp\u00e9rience de la peinture monochrome.<br \/>\nBien qu&#8217;ayant eu une carri\u00e8re tr\u00e8s br\u00e8ve (il meurt \u00e0 l&#8217;\u00e2ge de 29 ans), Piero Manzoni a laiss\u00e9 un oeuvre fulgurant qui a fortement influenc\u00e9 nombre d&#8217;artistes du groupe Zero, de l&#8217;Arte Povera et de l&#8217;art conceptuel.<br \/>\nApr\u00e8s des \u00e9tudes de philosophie, Manzoni s&#8217;adonne \u00e0 la peinture en autodidacte. Fondateur du groupe nucl\u00e9aire, il r\u00e9alise une s\u00e9rie de peintures \u00e0 dominante noire figurant des empreintes d&#8217;objets. Sa pratique se radicalise apr\u00e8s avoir vu les monochromes bleus d&#8217;Yves Klein qui le fascinent, mais qu&#8217;il rejette aussit\u00f4t en proposant une approche plus radicale : l&#8217;absence m\u00eame de couleur.<br \/>\nIl commence alors sa s\u00e9rie d&#8217;Achromes, avant de cr\u00e9er la galerie Azimuth et la revue \u00e9ponyme avec Enrico Castellani. Manzoni con\u00e7oit alors sa s\u00e9rie des Lignes ou ses ballons gonfl\u00e9s de Souffle d&#8217;artiste, avant de r\u00e9aliser 90\u00a0bo\u00eetes de conserve de Merde d&#8217;artiste en 1961, critique et r\u00e9flexion autour du march\u00e9 de l&#8217;art et du geste cr\u00e9atif comme produit de l&#8217;artiste.<br \/>\nMais les Achromes, ces oeuvres monochromes blanches auxquelles il travaille pendant les sept ann\u00e9es de sa carri\u00e8re (1957-1963), constituent le coeur de son oeuvre, poussant plus loin encore les exp\u00e9riences de la monochromie en choisissant l&#8217;a-chromie, l&#8217;absence m\u00eame de couleur. Dans une volont\u00e9 de remise en cause de la surface picturale et de la gestualit\u00e9 psychologique, qui domine dans la peinture informelle et lyrique de l&#8217;apr\u00e8s-guerre, Piero Manzoni \u00e9vacue de l&#8217;oeuvre couleur et dessin. Ce rejet de la tradition picturale passe par un refus du pinceau et de la peinture au profit de mat\u00e9riaux \u00e9trangers \u00e0 la tradition picturale\u00a0: kaolin, coton industriel, fausse fourrure, polystyr\u00e8ne, petits pains, cailloux, etc. Lorsqu&#8217;il utilise la toile, l&#8217;artiste y applique une gestualit\u00e9 minimale\u00a0: plissage, tra\u00e7age, couture, badigeonnage, le tout donnant lieu \u00e0 des formes approximatives\u00a0: plis, quadrillages, lignes, etc. Les surfaces sont rarement lisses et mettent en avant les irr\u00e9gularit\u00e9s al\u00e9atoires de la mati\u00e8re.<br \/>\nLes \u00e9ditions Hazan publieront le catalogue de la premi\u00e8re et prestigieuse exposition mus\u00e9ale suisse d\u00e9di\u00e9e \u00e0 cet artiste, organis\u00e9e en 2016 par le Mus\u00e9e cantonal des Beaux-Arts de Lausanne. Cette exposition, r\u00e9alis\u00e9e en \u00e9troite collaboration avec la Fondation Piero Manzoni de Milan, b\u00e9n\u00e9ficie de pr\u00eats d&#8217;importantes institutions publiques et de nombreuses grandes collections priv\u00e9es europ\u00e9ennes.<br \/>\nCentr\u00e9e sur les Achromes, la manifestation et son catalogue pr\u00e9senteront plus de 80 pi\u00e8ces repr\u00e9sentatives des diff\u00e9rentes s\u00e9ries, depuis les tr\u00e8s c\u00e9l\u00e8bres toiles pliss\u00e9es jusqu&#8217;aux derni\u00e8res oeuvres en polystyr\u00e8ne, accompagn\u00e9es d&#8217;essais permettant d&#8217;appr\u00e9hender sous des angles in\u00e9dits l&#8217;une des recherches majeures de l&#8217;art de la fin des ann\u00e9es 1950 et du d\u00e9but des ann\u00e9es 1960. Co\u00e9dition\u00a0Mus\u00e9e Cantonal des beaux arts de Lausanne\/Editions Hazan.<\/p>\n","protected":false},"excerpt":{"rendered":"<p>Catalogue officiel de l&#8217;Exposition \u00ab\u00a0Piero Manzoni, Achromes\u00a0\u00bb au Mus\u00e9e Cantonal des beaux arts de Lausanne du 15 juin au 25 septembre 2016. Figure majeure des ann\u00e9es 1950-1960, Piero Manzoni est consid\u00e9r\u00e9 comme l&#8217;un des artistes les plus novateurs de la p\u00e9riode, avec Lucio Fontana ou encore Yves Klein, avec lesquels il partage l&#8217;exp\u00e9rience de la [&hellip;]<\/p>\n","protected":false},"featured_media":35257,"template":"","meta":[],"product_cat":[2948,2953],"product_tag":[],"acf":[],"yoast_head":"<!-- This site is optimized with the Yoast SEO plugin v20.11 - https:\/\/yoast.com\/wordpress\/plugins\/seo\/ -->\n<title>Piero Manzoni, achrome - Librairie 7L<\/title>\n<meta name=\"robots\" content=\"index, follow, max-snippet:-1, max-image-preview:large, max-video-preview:-1\" \/>\n<link rel=\"canonical\" href=\"https:\/\/librairie7l.com\/en\/produit\/piero-manzoni-achrome\/\" \/>\n<meta property=\"og:locale\" content=\"en_US\" \/>\n<meta property=\"og:type\" content=\"article\" \/>\n<meta property=\"og:title\" content=\"Piero Manzoni, achrome - Librairie 7L\" \/>\n<meta property=\"og:description\" content=\"Catalogue officiel de l&#8217;Exposition \u00ab\u00a0Piero Manzoni, Achromes\u00a0\u00bb au Mus\u00e9e Cantonal des beaux arts de Lausanne du 15 juin au 25 septembre 2016. Figure majeure des ann\u00e9es 1950-1960, Piero Manzoni est consid\u00e9r\u00e9 comme l&#8217;un des artistes les plus novateurs de la p\u00e9riode, avec Lucio Fontana ou encore Yves Klein, avec lesquels il partage l&#8217;exp\u00e9rience de la [&hellip;]\" \/>\n<meta property=\"og:url\" content=\"https:\/\/librairie7l.com\/en\/produit\/piero-manzoni-achrome\/\" \/>\n<meta property=\"og:site_name\" content=\"Librairie 7L\" \/>\n<meta property=\"article:modified_time\" content=\"2026-04-30T00:07:02+00:00\" \/>\n<meta property=\"og:image\" content=\"https:\/\/librairie7l.com\/wp-content\/uploads\/2016\/02\/9782754108768_1_75.jpg\" \/>\n\t<meta property=\"og:image:width\" content=\"1000\" \/>\n\t<meta property=\"og:image:height\" content=\"1157\" \/>\n\t<meta property=\"og:image:type\" content=\"image\/jpeg\" \/>\n<meta name=\"twitter:card\" content=\"summary_large_image\" \/>\n<meta name=\"twitter:label1\" content=\"Est. reading time\" \/>\n\t<meta name=\"twitter:data1\" content=\"3 minutes\" \/>\n<script type=\"application\/ld+json\" class=\"yoast-schema-graph\">{\"@context\":\"https:\/\/schema.org\",\"@graph\":[{\"@type\":\"WebPage\",\"@id\":\"https:\/\/librairie7l.com\/en\/produit\/piero-manzoni-achrome\/\",\"url\":\"https:\/\/librairie7l.com\/en\/produit\/piero-manzoni-achrome\/\",\"name\":\"Piero Manzoni, achrome - Librairie 7L\",\"isPartOf\":{\"@id\":\"https:\/\/librairie7l.com\/en\/#website\"},\"datePublished\":\"2023-10-10T07:19:00+00:00\",\"dateModified\":\"2026-04-30T00:07:02+00:00\",\"breadcrumb\":{\"@id\":\"https:\/\/librairie7l.com\/en\/produit\/piero-manzoni-achrome\/#breadcrumb\"},\"inLanguage\":\"en-US\",\"potentialAction\":[{\"@type\":\"ReadAction\",\"target\":[\"https:\/\/librairie7l.com\/en\/produit\/piero-manzoni-achrome\/\"]}]},{\"@type\":\"BreadcrumbList\",\"@id\":\"https:\/\/librairie7l.com\/en\/produit\/piero-manzoni-achrome\/#breadcrumb\",\"itemListElement\":[{\"@type\":\"ListItem\",\"position\":1,\"name\":\"Accueil\",\"item\":\"https:\/\/librairie7l.com\/en\/\"},{\"@type\":\"ListItem\",\"position\":2,\"name\":\"Shop\",\"item\":\"https:\/\/librairie7l.com\/en\/shop\/\"},{\"@type\":\"ListItem\",\"position\":3,\"name\":\"PIERO MANZONI, ACHROME\"}]},{\"@type\":\"WebSite\",\"@id\":\"https:\/\/librairie7l.com\/en\/#website\",\"url\":\"https:\/\/librairie7l.com\/en\/\",\"name\":\"Librairie 7L\",\"description\":\"Librairie fond\u00e9e en 1999 par Karl Lagerfeld \u00e0 Paris\",\"publisher\":{\"@id\":\"https:\/\/librairie7l.com\/en\/#organization\"},\"potentialAction\":[{\"@type\":\"SearchAction\",\"target\":{\"@type\":\"EntryPoint\",\"urlTemplate\":\"https:\/\/librairie7l.com\/en\/?s={search_term_string}\"},\"query-input\":\"required name=search_term_string\"}],\"inLanguage\":\"en-US\"},{\"@type\":\"Organization\",\"@id\":\"https:\/\/librairie7l.com\/en\/#organization\",\"name\":\"Librairie 7L\",\"url\":\"https:\/\/librairie7l.com\/en\/\",\"logo\":{\"@type\":\"ImageObject\",\"inLanguage\":\"en-US\",\"@id\":\"https:\/\/librairie7l.com\/en\/#\/schema\/logo\/image\/\",\"url\":\"https:\/\/librairie7l.com\/wp-content\/uploads\/2022\/08\/logo-1.png\",\"contentUrl\":\"https:\/\/librairie7l.com\/wp-content\/uploads\/2022\/08\/logo-1.png\",\"width\":227,\"height\":301,\"caption\":\"Librairie 7L\"},\"image\":{\"@id\":\"https:\/\/librairie7l.com\/en\/#\/schema\/logo\/image\/\"}}]}<\/script>\n<!-- \/ Yoast SEO plugin. -->","yoast_head_json":{"title":"Piero Manzoni, achrome - Librairie 7L","robots":{"index":"index","follow":"follow","max-snippet":"max-snippet:-1","max-image-preview":"max-image-preview:large","max-video-preview":"max-video-preview:-1"},"canonical":"https:\/\/librairie7l.com\/en\/produit\/piero-manzoni-achrome\/","og_locale":"en_US","og_type":"article","og_title":"Piero Manzoni, achrome - Librairie 7L","og_description":"Catalogue officiel de l&#8217;Exposition \u00ab\u00a0Piero Manzoni, Achromes\u00a0\u00bb au Mus\u00e9e Cantonal des beaux arts de Lausanne du 15 juin au 25 septembre 2016. Figure majeure des ann\u00e9es 1950-1960, Piero Manzoni est consid\u00e9r\u00e9 comme l&#8217;un des artistes les plus novateurs de la p\u00e9riode, avec Lucio Fontana ou encore Yves Klein, avec lesquels il partage l&#8217;exp\u00e9rience de la [&hellip;]","og_url":"https:\/\/librairie7l.com\/en\/produit\/piero-manzoni-achrome\/","og_site_name":"Librairie 7L","article_modified_time":"2026-04-30T00:07:02+00:00","og_image":[{"width":1000,"height":1157,"url":"https:\/\/librairie7l.com\/wp-content\/uploads\/2016\/02\/9782754108768_1_75.jpg","type":"image\/jpeg"}],"twitter_card":"summary_large_image","twitter_misc":{"Est. reading time":"3 minutes"},"schema":{"@context":"https:\/\/schema.org","@graph":[{"@type":"WebPage","@id":"https:\/\/librairie7l.com\/en\/produit\/piero-manzoni-achrome\/","url":"https:\/\/librairie7l.com\/en\/produit\/piero-manzoni-achrome\/","name":"Piero Manzoni, achrome - Librairie 7L","isPartOf":{"@id":"https:\/\/librairie7l.com\/en\/#website"},"datePublished":"2023-10-10T07:19:00+00:00","dateModified":"2026-04-30T00:07:02+00:00","breadcrumb":{"@id":"https:\/\/librairie7l.com\/en\/produit\/piero-manzoni-achrome\/#breadcrumb"},"inLanguage":"en-US","potentialAction":[{"@type":"ReadAction","target":["https:\/\/librairie7l.com\/en\/produit\/piero-manzoni-achrome\/"]}]},{"@type":"BreadcrumbList","@id":"https:\/\/librairie7l.com\/en\/produit\/piero-manzoni-achrome\/#breadcrumb","itemListElement":[{"@type":"ListItem","position":1,"name":"Accueil","item":"https:\/\/librairie7l.com\/en\/"},{"@type":"ListItem","position":2,"name":"Shop","item":"https:\/\/librairie7l.com\/en\/shop\/"},{"@type":"ListItem","position":3,"name":"PIERO MANZONI, ACHROME"}]},{"@type":"WebSite","@id":"https:\/\/librairie7l.com\/en\/#website","url":"https:\/\/librairie7l.com\/en\/","name":"Librairie 7L","description":"Librairie fond\u00e9e en 1999 par Karl Lagerfeld \u00e0 Paris","publisher":{"@id":"https:\/\/librairie7l.com\/en\/#organization"},"potentialAction":[{"@type":"SearchAction","target":{"@type":"EntryPoint","urlTemplate":"https:\/\/librairie7l.com\/en\/?s={search_term_string}"},"query-input":"required name=search_term_string"}],"inLanguage":"en-US"},{"@type":"Organization","@id":"https:\/\/librairie7l.com\/en\/#organization","name":"Librairie 7L","url":"https:\/\/librairie7l.com\/en\/","logo":{"@type":"ImageObject","inLanguage":"en-US","@id":"https:\/\/librairie7l.com\/en\/#\/schema\/logo\/image\/","url":"https:\/\/librairie7l.com\/wp-content\/uploads\/2022\/08\/logo-1.png","contentUrl":"https:\/\/librairie7l.com\/wp-content\/uploads\/2022\/08\/logo-1.png","width":227,"height":301,"caption":"Librairie 7L"},"image":{"@id":"https:\/\/librairie7l.com\/en\/#\/schema\/logo\/image\/"}}]}},"_links":{"self":[{"href":"https:\/\/librairie7l.com\/en\/wp-json\/wp\/v2\/product\/35259"}],"collection":[{"href":"https:\/\/librairie7l.com\/en\/wp-json\/wp\/v2\/product"}],"about":[{"href":"https:\/\/librairie7l.com\/en\/wp-json\/wp\/v2\/types\/product"}],"wp:featuredmedia":[{"embeddable":true,"href":"https:\/\/librairie7l.com\/en\/wp-json\/wp\/v2\/media\/35257"}],"wp:attachment":[{"href":"https:\/\/librairie7l.com\/en\/wp-json\/wp\/v2\/media?parent=35259"}],"wp:term":[{"taxonomy":"product_cat","embeddable":true,"href":"https:\/\/librairie7l.com\/en\/wp-json\/wp\/v2\/product_cat?post=35259"},{"taxonomy":"product_tag","embeddable":true,"href":"https:\/\/librairie7l.com\/en\/wp-json\/wp\/v2\/product_tag?post=35259"}],"curies":[{"name":"wp","href":"https:\/\/api.w.org\/{rel}","templated":true}]}}

<p>Catalogue officiel de l&#8217;Exposition « Piero Manzoni, Achromes » au Musée Cantonal des beaux arts de Lausanne du 15 juin au 25 septembre 2016.<br />
 Figure majeure des années 1950-1960, Piero Manzoni est considéré comme l&#8217;un des artistes les plus novateurs de la période, avec Lucio Fontana ou encore Yves Klein, avec lesquels il partage l&#8217;expérience de la peinture monochrome.<br />
Bien qu&#8217;ayant eu une carrière très brève (il meurt à l&#8217;âge de 29 ans), Piero Manzoni a laissé un oeuvre fulgurant qui a fortement influencé nombre d&#8217;artistes du groupe Zero, de l&#8217;Arte Povera et de l&#8217;art conceptuel.<br />
Après des études de philosophie, Manzoni s&#8217;adonne à la peinture en autodidacte. Fondateur du groupe nucléaire, il réalise une série de peintures à dominante noire figurant des empreintes d&#8217;objets. Sa pratique se radicalise après avoir vu les monochromes bleus d&#8217;Yves Klein qui le fascinent, mais qu&#8217;il rejette aussitôt en proposant une approche plus radicale : l&#8217;absence même de couleur.<br />
Il commence alors sa série d&#8217;Achromes, avant de créer la galerie Azimuth et la revue éponyme avec Enrico Castellani. Manzoni conçoit alors sa série des Lignes ou ses ballons gonflés de Souffle d&#8217;artiste, avant de réaliser 90 boîtes de conserve de Merde d&#8217;artiste en 1961, critique et réflexion autour du marché de l&#8217;art et du geste créatif comme produit de l&#8217;artiste.<br />
Mais les Achromes, ces oeuvres monochromes blanches auxquelles il travaille pendant les sept années de sa carrière (1957-1963), constituent le coeur de son oeuvre, poussant plus loin encore les expériences de la monochromie en choisissant l&#8217;a-chromie, l&#8217;absence même de couleur. Dans une volonté de remise en cause de la surface picturale et de la gestualité psychologique, qui domine dans la peinture informelle et lyrique de l&#8217;après-guerre, Piero Manzoni évacue de l&#8217;oeuvre couleur et dessin. Ce rejet de la tradition picturale passe par un refus du pinceau et de la peinture au profit de matériaux étrangers à la tradition picturale : kaolin, coton industriel, fausse fourrure, polystyrène, petits pains, cailloux, etc. Lorsqu&#8217;il utilise la toile, l&#8217;artiste y applique une gestualité minimale : plissage, traçage, couture, badigeonnage, le tout donnant lieu à des formes approximatives : plis, quadrillages, lignes, etc. Les surfaces sont rarement lisses et mettent en avant les irrégularités aléatoires de la matière.<br />
Les éditions Hazan publieront le catalogue de la première et prestigieuse exposition muséale suisse dédiée à cet artiste, organisée en 2016 par le Musée cantonal des Beaux-Arts de Lausanne. Cette exposition, réalisée en étroite collaboration avec la Fondation Piero Manzoni de Milan, bénéficie de prêts d&#8217;importantes institutions publiques et de nombreuses grandes collections privées européennes.<br />
Centrée sur les Achromes, la manifestation et son catalogue présenteront plus de 80 pièces représentatives des différentes séries, depuis les très célèbres toiles plissées jusqu&#8217;aux dernières oeuvres en polystyrène, accompagnées d&#8217;essais permettant d&#8217;appréhender sous des angles inédits l&#8217;une des recherches majeures de l&#8217;art de la fin des années 1950 et du début des années 1960. Coédition Musée Cantonal des beaux arts de Lausanne/Editions Hazan.</p>

<p>Catalogue officiel de l&#8217;Exposition « Piero Manzoni, Achromes » au Musée Cantonal des beaux arts de Lausanne du 15 juin au 25 septembre 2016. Figure majeure des années 1950-1960, Piero Manzoni est considéré comme l&#8217;un des artistes les plus novateurs de la période, avec Lucio Fontana ou encore Yves Klein, avec lesquels il partage l&#8217;expérience de la [&hellip;]</p>

<!-- This site is optimized with the Yoast SEO plugin v20.11 - https://yoast.com/wordpress/plugins/seo/ -->
<title>Piero Manzoni, achrome - Librairie 7L</title>
<meta name="robots" content="index, follow, max-snippet:-1, max-image-preview:large, max-video-preview:-1" />
<link rel="canonical" href="https://librairie7l.com/en/produit/piero-manzoni-achrome/" />
<meta property="og:locale" content="en_US" />
<meta property="og:type" content="article" />
<meta property="og:title" content="Piero Manzoni, achrome - Librairie 7L" />
<meta property="og:description" content="Catalogue officiel de l&#8217;Exposition « Piero Manzoni, Achromes » au Musée Cantonal des beaux arts de Lausanne du 15 juin au 25 septembre 2016. Figure majeure des années 1950-1960, Piero Manzoni est considéré comme l&#8217;un des artistes les plus novateurs de la période, avec Lucio Fontana ou encore Yves Klein, avec lesquels il partage l&#8217;expérience de la [&hellip;]" />
<meta property="og:url" content="https://librairie7l.com/en/produit/piero-manzoni-achrome/" />
<meta property="og:site_name" content="Librairie 7L" />
<meta property="article:modified_time" content="2026-04-30T00:07:02+00:00" />
<meta property="og:image" content="https://librairie7l.com/wp-content/uploads/2016/02/9782754108768_1_75.jpg" />
	<meta property="og:image:width" content="1000" />
	<meta property="og:image:height" content="1157" />
	<meta property="og:image:type" content="image/jpeg" />
<meta name="twitter:card" content="summary_large_image" />
<meta name="twitter:label1" content="Est. reading time" />
	<meta name="twitter:data1" content="3 minutes" />
<script type="application/ld+json" class="yoast-schema-graph">{"@context":"https://schema.org","@graph":[{"@type":"WebPage","@id":"https://librairie7l.com/en/produit/piero-manzoni-achrome/","url":"https://librairie7l.com/en/produit/piero-manzoni-achrome/","name":"Piero Manzoni, achrome - Librairie 7L","isPartOf":{"@id":"https://librairie7l.com/en/#website"},"datePublished":"2023-10-10T07:19:00+00:00","dateModified":"2026-04-30T00:07:02+00:00","breadcrumb":{"@id":"https://librairie7l.com/en/produit/piero-manzoni-achrome/#breadcrumb"},"inLanguage":"en-US","potentialAction":[{"@type":"ReadAction","target":["https://librairie7l.com/en/produit/piero-manzoni-achrome/"]}]},{"@type":"BreadcrumbList","@id":"https://librairie7l.com/en/produit/piero-manzoni-achrome/#breadcrumb","itemListElement":[{"@type":"ListItem","position":1,"name":"Accueil","item":"https://librairie7l.com/en/"},{"@type":"ListItem","position":2,"name":"Shop","item":"https://librairie7l.com/en/shop/"},{"@type":"ListItem","position":3,"name":"PIERO MANZONI, ACHROME"}]},{"@type":"WebSite","@id":"https://librairie7l.com/en/#website","url":"https://librairie7l.com/en/","name":"Librairie 7L","description":"Librairie fondée en 1999 par Karl Lagerfeld à Paris","publisher":{"@id":"https://librairie7l.com/en/#organization"},"potentialAction":[{"@type":"SearchAction","target":{"@type":"EntryPoint","urlTemplate":"https://librairie7l.com/en/?s={search_term_string}"},"query-input":"required name=search_term_string"}],"inLanguage":"en-US"},{"@type":"Organization","@id":"https://librairie7l.com/en/#organization","name":"Librairie 7L","url":"https://librairie7l.com/en/","logo":{"@type":"ImageObject","inLanguage":"en-US","@id":"https://librairie7l.com/en/#/schema/logo/image/","url":"https://librairie7l.com/wp-content/uploads/2022/08/logo-1.png","contentUrl":"https://librairie7l.com/wp-content/uploads/2022/08/logo-1.png","width":227,"height":301,"caption":"Librairie 7L"},"image":{"@id":"https://librairie7l.com/en/#/schema/logo/image/"}}]}</script>
<!-- / Yoast SEO plugin. -->

Catalogue officiel de l&#8217;Exposition « Piero Manzoni, Achromes » au Musée Cantonal des beaux arts de Lausanne du 15 juin au 25 septembre 2016. Figure majeure des années 1950-1960, Piero Manzoni est considéré comme l&#8217;un des artistes les plus novateurs de la période, avec Lucio Fontana ou encore Yves Klein, avec lesquels il partage l&#8217;expérience de la [&hellip;]

Librairie fondée en 1999 par Karl Lagerfeld à Paris
