{"id":35941,"date":"2023-10-18T13:54:25","date_gmt":"2023-10-18T11:54:25","guid":{"rendered":"https:\/\/librairie7l.com\/?post_type=product&#038;p=35941"},"modified":"2026-04-26T12:37:01","modified_gmt":"2026-04-26T10:37:01","slug":"les-reliefs-de-tatline-du-cubisme-a-labstraction","status":"publish","type":"product","link":"https:\/\/librairie7l.com\/en\/produit\/les-reliefs-de-tatline-du-cubisme-a-labstraction\/","title":{"rendered":"LES RELIEFS DE TATLINE : DU CUBISME A L&#8217;ABSTRACTION"},"content":{"rendered":"<p>La cr\u00e9ation des premiers reliefs non-objectifs de Tatline au cours des ann\u00e9es 1914-1916 est rest\u00e9e quasi mythique car, \u00e0 quelques exceptions pr\u00e8s, les oeuvres qu&#8217;il a r\u00e9alis\u00e9es \u00e0 l&#8217;\u00e9poque ont \u00e9t\u00e9 perdues ou d\u00e9truites. Voici la raison pour laquelle aujourd&#8217;hui la majorit\u00e9 d&#8217;entre elles ne sont connues que de fa\u00e7on documentaire. Pourtant, lors de leurs expositions \u00e0 Moscou (1914-1915), \u00e0 Saint-P\u00e9tersbourg (1915) ou \u00e0 Berlin (1922) et Amsterdam (1923), les reliefs ont \u00e9t\u00e9 re\u00e7us avec enthousiasme mais aussi rejet\u00e9s, car ils constituaient une v\u00e9ritable r\u00e9volution dans l&#8217;art. Ces oeuvres ont \u00e9t\u00e9 par la suite \u00e9clips\u00e9es par le Monument \u00e0 la IIIe Internationale (1919-1920), extraordinaire construction utopique qu&#8217;Alfred Barr qualifiait en 1936 de plus \u00ab ambitieuse oeuvre constructive \u00bb (du si\u00e8cle) et qui tout au long du XXe si\u00e8cle a fascin\u00e9 plusieurs g\u00e9n\u00e9rations des deux c\u00f4t\u00e9s de l&#8217;Atlantique. L&#8217;histoire et la signification des premiers reliefs abstraits sont pr\u00e9sent\u00e9es dans ce livre avec de nombreux documents in\u00e9dits et une interpr\u00e9tation qui le replace de fa\u00e7on nouvelle dans l&#8217;histoire de l&#8217;art moderne, russe (Malewicz, Popova, Exter et autres) et occidental (Boccioni, Barncusi). Une place toute particuli\u00e8re est r\u00e9serv\u00e9e \u00e0 la mise en valeur des sources cubistes (Picasso) qui furent d\u00e9terminantes pour l&#8217;audacieux saut cr\u00e9ateur de l&#8217;artiste. Ainsi cette \u00e9tude des origines de la sculpture abstraite permet d&#8217;aborder de fa\u00e7on innovante ce moment capital de l&#8217;art moderne : le passage du cubisme \u00e0 l&#8217;art abstrait.<\/p>\n","protected":false},"excerpt":{"rendered":"<p>La cr\u00e9ation des premiers reliefs non-objectifs de Tatline au cours des ann\u00e9es 1914-1916 est rest\u00e9e quasi mythique car, \u00e0 quelques exceptions pr\u00e8s, les oeuvres qu&#8217;il a r\u00e9alis\u00e9es \u00e0 l&#8217;\u00e9poque ont \u00e9t\u00e9 perdues ou d\u00e9truites. Voici la raison pour laquelle aujourd&#8217;hui la majorit\u00e9 d&#8217;entre elles ne sont connues que de fa\u00e7on documentaire. Pourtant, lors de leurs [&hellip;]<\/p>\n","protected":false},"featured_media":35939,"template":"","meta":[],"product_cat":[2948,2953],"product_tag":[],"acf":[],"yoast_head":"<!-- This site is optimized with the Yoast SEO plugin v20.11 - https:\/\/yoast.com\/wordpress\/plugins\/seo\/ -->\n<title>Les reliefs de Tatline : du cubisme a l&#039;abstraction - Librairie 7L<\/title>\n<meta name=\"robots\" content=\"index, follow, max-snippet:-1, max-image-preview:large, max-video-preview:-1\" \/>\n<link rel=\"canonical\" href=\"https:\/\/librairie7l.com\/en\/produit\/les-reliefs-de-tatline-du-cubisme-a-labstraction\/\" \/>\n<meta property=\"og:locale\" content=\"en_US\" \/>\n<meta property=\"og:type\" content=\"article\" \/>\n<meta property=\"og:title\" content=\"Les reliefs de Tatline : du cubisme a l&#039;abstraction - Librairie 7L\" \/>\n<meta property=\"og:description\" content=\"La cr\u00e9ation des premiers reliefs non-objectifs de Tatline au cours des ann\u00e9es 1914-1916 est rest\u00e9e quasi mythique car, \u00e0 quelques exceptions pr\u00e8s, les oeuvres qu&#8217;il a r\u00e9alis\u00e9es \u00e0 l&#8217;\u00e9poque ont \u00e9t\u00e9 perdues ou d\u00e9truites. Voici la raison pour laquelle aujourd&#8217;hui la majorit\u00e9 d&#8217;entre elles ne sont connues que de fa\u00e7on documentaire. Pourtant, lors de leurs [&hellip;]\" \/>\n<meta property=\"og:url\" content=\"https:\/\/librairie7l.com\/en\/produit\/les-reliefs-de-tatline-du-cubisme-a-labstraction\/\" \/>\n<meta property=\"og:site_name\" content=\"Librairie 7L\" \/>\n<meta property=\"article:modified_time\" content=\"2026-04-26T10:37:01+00:00\" \/>\n<meta property=\"og:image\" content=\"https:\/\/librairie7l.com\/wp-content\/uploads\/2023\/04\/9791094886434_1_75.jpg\" \/>\n\t<meta property=\"og:image:width\" content=\"400\" \/>\n\t<meta property=\"og:image:height\" content=\"568\" \/>\n\t<meta property=\"og:image:type\" content=\"image\/jpeg\" \/>\n<meta name=\"twitter:card\" content=\"summary_large_image\" \/>\n<meta name=\"twitter:label1\" content=\"Est. reading time\" \/>\n\t<meta name=\"twitter:data1\" content=\"1 minute\" \/>\n<script type=\"application\/ld+json\" class=\"yoast-schema-graph\">{\"@context\":\"https:\/\/schema.org\",\"@graph\":[{\"@type\":\"WebPage\",\"@id\":\"https:\/\/librairie7l.com\/en\/produit\/les-reliefs-de-tatline-du-cubisme-a-labstraction\/\",\"url\":\"https:\/\/librairie7l.com\/en\/produit\/les-reliefs-de-tatline-du-cubisme-a-labstraction\/\",\"name\":\"Les reliefs de Tatline : du cubisme a l'abstraction - Librairie 7L\",\"isPartOf\":{\"@id\":\"https:\/\/librairie7l.com\/en\/#website\"},\"datePublished\":\"2023-10-18T11:54:25+00:00\",\"dateModified\":\"2026-04-26T10:37:01+00:00\",\"breadcrumb\":{\"@id\":\"https:\/\/librairie7l.com\/en\/produit\/les-reliefs-de-tatline-du-cubisme-a-labstraction\/#breadcrumb\"},\"inLanguage\":\"en-US\",\"potentialAction\":[{\"@type\":\"ReadAction\",\"target\":[\"https:\/\/librairie7l.com\/en\/produit\/les-reliefs-de-tatline-du-cubisme-a-labstraction\/\"]}]},{\"@type\":\"BreadcrumbList\",\"@id\":\"https:\/\/librairie7l.com\/en\/produit\/les-reliefs-de-tatline-du-cubisme-a-labstraction\/#breadcrumb\",\"itemListElement\":[{\"@type\":\"ListItem\",\"position\":1,\"name\":\"Accueil\",\"item\":\"https:\/\/librairie7l.com\/en\/\"},{\"@type\":\"ListItem\",\"position\":2,\"name\":\"Shop\",\"item\":\"https:\/\/librairie7l.com\/en\/shop\/\"},{\"@type\":\"ListItem\",\"position\":3,\"name\":\"LES RELIEFS DE TATLINE : DU CUBISME A L&#8217;ABSTRACTION\"}]},{\"@type\":\"WebSite\",\"@id\":\"https:\/\/librairie7l.com\/en\/#website\",\"url\":\"https:\/\/librairie7l.com\/en\/\",\"name\":\"Librairie 7L\",\"description\":\"Librairie fond\u00e9e en 1999 par Karl Lagerfeld \u00e0 Paris\",\"publisher\":{\"@id\":\"https:\/\/librairie7l.com\/en\/#organization\"},\"potentialAction\":[{\"@type\":\"SearchAction\",\"target\":{\"@type\":\"EntryPoint\",\"urlTemplate\":\"https:\/\/librairie7l.com\/en\/?s={search_term_string}\"},\"query-input\":\"required name=search_term_string\"}],\"inLanguage\":\"en-US\"},{\"@type\":\"Organization\",\"@id\":\"https:\/\/librairie7l.com\/en\/#organization\",\"name\":\"Librairie 7L\",\"url\":\"https:\/\/librairie7l.com\/en\/\",\"logo\":{\"@type\":\"ImageObject\",\"inLanguage\":\"en-US\",\"@id\":\"https:\/\/librairie7l.com\/en\/#\/schema\/logo\/image\/\",\"url\":\"https:\/\/librairie7l.com\/wp-content\/uploads\/2022\/08\/logo-1.png\",\"contentUrl\":\"https:\/\/librairie7l.com\/wp-content\/uploads\/2022\/08\/logo-1.png\",\"width\":227,\"height\":301,\"caption\":\"Librairie 7L\"},\"image\":{\"@id\":\"https:\/\/librairie7l.com\/en\/#\/schema\/logo\/image\/\"}}]}<\/script>\n<!-- \/ Yoast SEO plugin. -->","yoast_head_json":{"title":"Les reliefs de Tatline : du cubisme a l'abstraction - Librairie 7L","robots":{"index":"index","follow":"follow","max-snippet":"max-snippet:-1","max-image-preview":"max-image-preview:large","max-video-preview":"max-video-preview:-1"},"canonical":"https:\/\/librairie7l.com\/en\/produit\/les-reliefs-de-tatline-du-cubisme-a-labstraction\/","og_locale":"en_US","og_type":"article","og_title":"Les reliefs de Tatline : du cubisme a l'abstraction - Librairie 7L","og_description":"La cr\u00e9ation des premiers reliefs non-objectifs de Tatline au cours des ann\u00e9es 1914-1916 est rest\u00e9e quasi mythique car, \u00e0 quelques exceptions pr\u00e8s, les oeuvres qu&#8217;il a r\u00e9alis\u00e9es \u00e0 l&#8217;\u00e9poque ont \u00e9t\u00e9 perdues ou d\u00e9truites. Voici la raison pour laquelle aujourd&#8217;hui la majorit\u00e9 d&#8217;entre elles ne sont connues que de fa\u00e7on documentaire. Pourtant, lors de leurs [&hellip;]","og_url":"https:\/\/librairie7l.com\/en\/produit\/les-reliefs-de-tatline-du-cubisme-a-labstraction\/","og_site_name":"Librairie 7L","article_modified_time":"2026-04-26T10:37:01+00:00","og_image":[{"width":400,"height":568,"url":"https:\/\/librairie7l.com\/wp-content\/uploads\/2023\/04\/9791094886434_1_75.jpg","type":"image\/jpeg"}],"twitter_card":"summary_large_image","twitter_misc":{"Est. reading time":"1 minute"},"schema":{"@context":"https:\/\/schema.org","@graph":[{"@type":"WebPage","@id":"https:\/\/librairie7l.com\/en\/produit\/les-reliefs-de-tatline-du-cubisme-a-labstraction\/","url":"https:\/\/librairie7l.com\/en\/produit\/les-reliefs-de-tatline-du-cubisme-a-labstraction\/","name":"Les reliefs de Tatline : du cubisme a l'abstraction - Librairie 7L","isPartOf":{"@id":"https:\/\/librairie7l.com\/en\/#website"},"datePublished":"2023-10-18T11:54:25+00:00","dateModified":"2026-04-26T10:37:01+00:00","breadcrumb":{"@id":"https:\/\/librairie7l.com\/en\/produit\/les-reliefs-de-tatline-du-cubisme-a-labstraction\/#breadcrumb"},"inLanguage":"en-US","potentialAction":[{"@type":"ReadAction","target":["https:\/\/librairie7l.com\/en\/produit\/les-reliefs-de-tatline-du-cubisme-a-labstraction\/"]}]},{"@type":"BreadcrumbList","@id":"https:\/\/librairie7l.com\/en\/produit\/les-reliefs-de-tatline-du-cubisme-a-labstraction\/#breadcrumb","itemListElement":[{"@type":"ListItem","position":1,"name":"Accueil","item":"https:\/\/librairie7l.com\/en\/"},{"@type":"ListItem","position":2,"name":"Shop","item":"https:\/\/librairie7l.com\/en\/shop\/"},{"@type":"ListItem","position":3,"name":"LES RELIEFS DE TATLINE : DU CUBISME A L&#8217;ABSTRACTION"}]},{"@type":"WebSite","@id":"https:\/\/librairie7l.com\/en\/#website","url":"https:\/\/librairie7l.com\/en\/","name":"Librairie 7L","description":"Librairie fond\u00e9e en 1999 par Karl Lagerfeld \u00e0 Paris","publisher":{"@id":"https:\/\/librairie7l.com\/en\/#organization"},"potentialAction":[{"@type":"SearchAction","target":{"@type":"EntryPoint","urlTemplate":"https:\/\/librairie7l.com\/en\/?s={search_term_string}"},"query-input":"required name=search_term_string"}],"inLanguage":"en-US"},{"@type":"Organization","@id":"https:\/\/librairie7l.com\/en\/#organization","name":"Librairie 7L","url":"https:\/\/librairie7l.com\/en\/","logo":{"@type":"ImageObject","inLanguage":"en-US","@id":"https:\/\/librairie7l.com\/en\/#\/schema\/logo\/image\/","url":"https:\/\/librairie7l.com\/wp-content\/uploads\/2022\/08\/logo-1.png","contentUrl":"https:\/\/librairie7l.com\/wp-content\/uploads\/2022\/08\/logo-1.png","width":227,"height":301,"caption":"Librairie 7L"},"image":{"@id":"https:\/\/librairie7l.com\/en\/#\/schema\/logo\/image\/"}}]}},"_links":{"self":[{"href":"https:\/\/librairie7l.com\/en\/wp-json\/wp\/v2\/product\/35941"}],"collection":[{"href":"https:\/\/librairie7l.com\/en\/wp-json\/wp\/v2\/product"}],"about":[{"href":"https:\/\/librairie7l.com\/en\/wp-json\/wp\/v2\/types\/product"}],"wp:featuredmedia":[{"embeddable":true,"href":"https:\/\/librairie7l.com\/en\/wp-json\/wp\/v2\/media\/35939"}],"wp:attachment":[{"href":"https:\/\/librairie7l.com\/en\/wp-json\/wp\/v2\/media?parent=35941"}],"wp:term":[{"taxonomy":"product_cat","embeddable":true,"href":"https:\/\/librairie7l.com\/en\/wp-json\/wp\/v2\/product_cat?post=35941"},{"taxonomy":"product_tag","embeddable":true,"href":"https:\/\/librairie7l.com\/en\/wp-json\/wp\/v2\/product_tag?post=35941"}],"curies":[{"name":"wp","href":"https:\/\/api.w.org\/{rel}","templated":true}]}}

<p>La création des premiers reliefs non-objectifs de Tatline au cours des années 1914-1916 est restée quasi mythique car, à quelques exceptions près, les oeuvres qu&#8217;il a réalisées à l&#8217;époque ont été perdues ou détruites. Voici la raison pour laquelle aujourd&#8217;hui la majorité d&#8217;entre elles ne sont connues que de façon documentaire. Pourtant, lors de leurs expositions à Moscou (1914-1915), à Saint-Pétersbourg (1915) ou à Berlin (1922) et Amsterdam (1923), les reliefs ont été reçus avec enthousiasme mais aussi rejetés, car ils constituaient une véritable révolution dans l&#8217;art. Ces oeuvres ont été par la suite éclipsées par le Monument à la IIIe Internationale (1919-1920), extraordinaire construction utopique qu&#8217;Alfred Barr qualifiait en 1936 de plus « ambitieuse oeuvre constructive » (du siècle) et qui tout au long du XXe siècle a fasciné plusieurs générations des deux côtés de l&#8217;Atlantique. L&#8217;histoire et la signification des premiers reliefs abstraits sont présentées dans ce livre avec de nombreux documents inédits et une interprétation qui le replace de façon nouvelle dans l&#8217;histoire de l&#8217;art moderne, russe (Malewicz, Popova, Exter et autres) et occidental (Boccioni, Barncusi). Une place toute particulière est réservée à la mise en valeur des sources cubistes (Picasso) qui furent déterminantes pour l&#8217;audacieux saut créateur de l&#8217;artiste. Ainsi cette étude des origines de la sculpture abstraite permet d&#8217;aborder de façon innovante ce moment capital de l&#8217;art moderne : le passage du cubisme à l&#8217;art abstrait.</p>

<p>La création des premiers reliefs non-objectifs de Tatline au cours des années 1914-1916 est restée quasi mythique car, à quelques exceptions près, les oeuvres qu&#8217;il a réalisées à l&#8217;époque ont été perdues ou détruites. Voici la raison pour laquelle aujourd&#8217;hui la majorité d&#8217;entre elles ne sont connues que de façon documentaire. Pourtant, lors de leurs [&hellip;]</p>

<!-- This site is optimized with the Yoast SEO plugin v20.11 - https://yoast.com/wordpress/plugins/seo/ -->
<title>Les reliefs de Tatline : du cubisme a l&#039;abstraction - Librairie 7L</title>
<meta name="robots" content="index, follow, max-snippet:-1, max-image-preview:large, max-video-preview:-1" />
<link rel="canonical" href="https://librairie7l.com/en/produit/les-reliefs-de-tatline-du-cubisme-a-labstraction/" />
<meta property="og:locale" content="en_US" />
<meta property="og:type" content="article" />
<meta property="og:title" content="Les reliefs de Tatline : du cubisme a l&#039;abstraction - Librairie 7L" />
<meta property="og:description" content="La création des premiers reliefs non-objectifs de Tatline au cours des années 1914-1916 est restée quasi mythique car, à quelques exceptions près, les oeuvres qu&#8217;il a réalisées à l&#8217;époque ont été perdues ou détruites. Voici la raison pour laquelle aujourd&#8217;hui la majorité d&#8217;entre elles ne sont connues que de façon documentaire. Pourtant, lors de leurs [&hellip;]" />
<meta property="og:url" content="https://librairie7l.com/en/produit/les-reliefs-de-tatline-du-cubisme-a-labstraction/" />
<meta property="og:site_name" content="Librairie 7L" />
<meta property="article:modified_time" content="2026-04-26T10:37:01+00:00" />
<meta property="og:image" content="https://librairie7l.com/wp-content/uploads/2023/04/9791094886434_1_75.jpg" />
	<meta property="og:image:width" content="400" />
	<meta property="og:image:height" content="568" />
	<meta property="og:image:type" content="image/jpeg" />
<meta name="twitter:card" content="summary_large_image" />
<meta name="twitter:label1" content="Est. reading time" />
	<meta name="twitter:data1" content="1 minute" />
<script type="application/ld+json" class="yoast-schema-graph">{"@context":"https://schema.org","@graph":[{"@type":"WebPage","@id":"https://librairie7l.com/en/produit/les-reliefs-de-tatline-du-cubisme-a-labstraction/","url":"https://librairie7l.com/en/produit/les-reliefs-de-tatline-du-cubisme-a-labstraction/","name":"Les reliefs de Tatline : du cubisme a l'abstraction - Librairie 7L","isPartOf":{"@id":"https://librairie7l.com/en/#website"},"datePublished":"2023-10-18T11:54:25+00:00","dateModified":"2026-04-26T10:37:01+00:00","breadcrumb":{"@id":"https://librairie7l.com/en/produit/les-reliefs-de-tatline-du-cubisme-a-labstraction/#breadcrumb"},"inLanguage":"en-US","potentialAction":[{"@type":"ReadAction","target":["https://librairie7l.com/en/produit/les-reliefs-de-tatline-du-cubisme-a-labstraction/"]}]},{"@type":"BreadcrumbList","@id":"https://librairie7l.com/en/produit/les-reliefs-de-tatline-du-cubisme-a-labstraction/#breadcrumb","itemListElement":[{"@type":"ListItem","position":1,"name":"Accueil","item":"https://librairie7l.com/en/"},{"@type":"ListItem","position":2,"name":"Shop","item":"https://librairie7l.com/en/shop/"},{"@type":"ListItem","position":3,"name":"LES RELIEFS DE TATLINE : DU CUBISME A L&#8217;ABSTRACTION"}]},{"@type":"WebSite","@id":"https://librairie7l.com/en/#website","url":"https://librairie7l.com/en/","name":"Librairie 7L","description":"Librairie fondée en 1999 par Karl Lagerfeld à Paris","publisher":{"@id":"https://librairie7l.com/en/#organization"},"potentialAction":[{"@type":"SearchAction","target":{"@type":"EntryPoint","urlTemplate":"https://librairie7l.com/en/?s={search_term_string}"},"query-input":"required name=search_term_string"}],"inLanguage":"en-US"},{"@type":"Organization","@id":"https://librairie7l.com/en/#organization","name":"Librairie 7L","url":"https://librairie7l.com/en/","logo":{"@type":"ImageObject","inLanguage":"en-US","@id":"https://librairie7l.com/en/#/schema/logo/image/","url":"https://librairie7l.com/wp-content/uploads/2022/08/logo-1.png","contentUrl":"https://librairie7l.com/wp-content/uploads/2022/08/logo-1.png","width":227,"height":301,"caption":"Librairie 7L"},"image":{"@id":"https://librairie7l.com/en/#/schema/logo/image/"}}]}</script>
<!-- / Yoast SEO plugin. -->

La création des premiers reliefs non-objectifs de Tatline au cours des années 1914-1916 est restée quasi mythique car, à quelques exceptions près, les oeuvres qu&#8217;il a réalisées à l&#8217;époque ont été perdues ou détruites. Voici la raison pour laquelle aujourd&#8217;hui la majorité d&#8217;entre elles ne sont connues que de façon documentaire. Pourtant, lors de leurs [&hellip;]

Librairie fondée en 1999 par Karl Lagerfeld à Paris
