{"id":37543,"date":"2023-11-21T12:33:56","date_gmt":"2023-11-21T11:33:56","guid":{"rendered":"https:\/\/librairie7l.com\/?post_type=product&#038;p=37543"},"modified":"2026-05-02T10:00:28","modified_gmt":"2026-05-02T08:00:28","slug":"noire-dans-blanche","status":"publish","type":"product","link":"https:\/\/librairie7l.com\/en\/produit\/noire-dans-blanche\/","title":{"rendered":"NOIRE DANS BLANCHE"},"content":{"rendered":"<p>\u00abJ&#8217;ai dress\u00e9 la liste de tous les projets que j&#8217;avais r\u00e9alis\u00e9s depuis mes d\u00e9buts et j&#8217;en ai comptabilis\u00e9 soixante et un. J&#8217;ai jou\u00e9 \u00e0 les associer \u00e0 des titres de la S\u00e9rie noire. Et j&#8217;ai eu l&#8217;impression que ces titres m&#8217;attendaient. Quand les \u00c9ditions Gallimard m&#8217;ont propos\u00e9 de publier dans la Blanche, j&#8217;ai convi\u00e9 la Noire.\u00bb<\/p>\n","protected":false},"excerpt":{"rendered":"<p>\u00abJ&#8217;ai dress\u00e9 la liste de tous les projets que j&#8217;avais r\u00e9alis\u00e9s depuis mes d\u00e9buts et j&#8217;en ai comptabilis\u00e9 soixante et un. J&#8217;ai jou\u00e9 \u00e0 les associer \u00e0 des titres de la S\u00e9rie noire. Et j&#8217;ai eu l&#8217;impression que ces titres m&#8217;attendaient. Quand les \u00c9ditions Gallimard m&#8217;ont propos\u00e9 de publier dans la Blanche, j&#8217;ai convi\u00e9 la [&hellip;]<\/p>\n","protected":false},"featured_media":37541,"template":"","meta":[],"product_cat":[55,2948,2958,17],"product_tag":[],"acf":[],"yoast_head":"<!-- This site is optimized with the Yoast SEO plugin v20.11 - https:\/\/yoast.com\/wordpress\/plugins\/seo\/ -->\n<title>Noire dans Blanche - Librairie 7L<\/title>\n<meta name=\"robots\" content=\"index, follow, max-snippet:-1, max-image-preview:large, max-video-preview:-1\" \/>\n<link rel=\"canonical\" href=\"https:\/\/librairie7l.com\/en\/produit\/noire-dans-blanche\/\" \/>\n<meta property=\"og:locale\" content=\"en_US\" \/>\n<meta property=\"og:type\" content=\"article\" \/>\n<meta property=\"og:title\" content=\"Noire dans Blanche - Librairie 7L\" \/>\n<meta property=\"og:description\" content=\"\u00abJ&#8217;ai dress\u00e9 la liste de tous les projets que j&#8217;avais r\u00e9alis\u00e9s depuis mes d\u00e9buts et j&#8217;en ai comptabilis\u00e9 soixante et un. J&#8217;ai jou\u00e9 \u00e0 les associer \u00e0 des titres de la S\u00e9rie noire. Et j&#8217;ai eu l&#8217;impression que ces titres m&#8217;attendaient. Quand les \u00c9ditions Gallimard m&#8217;ont propos\u00e9 de publier dans la Blanche, j&#8217;ai convi\u00e9 la [&hellip;]\" \/>\n<meta property=\"og:url\" content=\"https:\/\/librairie7l.com\/en\/produit\/noire-dans-blanche\/\" \/>\n<meta property=\"og:site_name\" content=\"Librairie 7L\" \/>\n<meta property=\"article:modified_time\" content=\"2026-05-02T08:00:28+00:00\" \/>\n<meta property=\"og:image\" content=\"https:\/\/librairie7l.com\/wp-content\/uploads\/2023\/03\/9782073009883_1_75.jpg\" \/>\n\t<meta property=\"og:image:width\" content=\"600\" \/>\n\t<meta property=\"og:image:height\" content=\"856\" \/>\n\t<meta property=\"og:image:type\" content=\"image\/jpeg\" \/>\n<meta name=\"twitter:card\" content=\"summary_large_image\" \/>\n<script type=\"application\/ld+json\" class=\"yoast-schema-graph\">{\"@context\":\"https:\/\/schema.org\",\"@graph\":[{\"@type\":\"WebPage\",\"@id\":\"https:\/\/librairie7l.com\/en\/produit\/noire-dans-blanche\/\",\"url\":\"https:\/\/librairie7l.com\/en\/produit\/noire-dans-blanche\/\",\"name\":\"Noire dans Blanche - Librairie 7L\",\"isPartOf\":{\"@id\":\"https:\/\/librairie7l.com\/en\/#website\"},\"datePublished\":\"2023-11-21T11:33:56+00:00\",\"dateModified\":\"2026-05-02T08:00:28+00:00\",\"breadcrumb\":{\"@id\":\"https:\/\/librairie7l.com\/en\/produit\/noire-dans-blanche\/#breadcrumb\"},\"inLanguage\":\"en-US\",\"potentialAction\":[{\"@type\":\"ReadAction\",\"target\":[\"https:\/\/librairie7l.com\/en\/produit\/noire-dans-blanche\/\"]}]},{\"@type\":\"BreadcrumbList\",\"@id\":\"https:\/\/librairie7l.com\/en\/produit\/noire-dans-blanche\/#breadcrumb\",\"itemListElement\":[{\"@type\":\"ListItem\",\"position\":1,\"name\":\"Accueil\",\"item\":\"https:\/\/librairie7l.com\/en\/\"},{\"@type\":\"ListItem\",\"position\":2,\"name\":\"Shop\",\"item\":\"https:\/\/librairie7l.com\/en\/shop\/\"},{\"@type\":\"ListItem\",\"position\":3,\"name\":\"NOIRE DANS BLANCHE\"}]},{\"@type\":\"WebSite\",\"@id\":\"https:\/\/librairie7l.com\/en\/#website\",\"url\":\"https:\/\/librairie7l.com\/en\/\",\"name\":\"Librairie 7L\",\"description\":\"Librairie fond\u00e9e en 1999 par Karl Lagerfeld \u00e0 Paris\",\"publisher\":{\"@id\":\"https:\/\/librairie7l.com\/en\/#organization\"},\"potentialAction\":[{\"@type\":\"SearchAction\",\"target\":{\"@type\":\"EntryPoint\",\"urlTemplate\":\"https:\/\/librairie7l.com\/en\/?s={search_term_string}\"},\"query-input\":\"required name=search_term_string\"}],\"inLanguage\":\"en-US\"},{\"@type\":\"Organization\",\"@id\":\"https:\/\/librairie7l.com\/en\/#organization\",\"name\":\"Librairie 7L\",\"url\":\"https:\/\/librairie7l.com\/en\/\",\"logo\":{\"@type\":\"ImageObject\",\"inLanguage\":\"en-US\",\"@id\":\"https:\/\/librairie7l.com\/en\/#\/schema\/logo\/image\/\",\"url\":\"https:\/\/librairie7l.com\/wp-content\/uploads\/2022\/08\/logo-1.png\",\"contentUrl\":\"https:\/\/librairie7l.com\/wp-content\/uploads\/2022\/08\/logo-1.png\",\"width\":227,\"height\":301,\"caption\":\"Librairie 7L\"},\"image\":{\"@id\":\"https:\/\/librairie7l.com\/en\/#\/schema\/logo\/image\/\"}}]}<\/script>\n<!-- \/ Yoast SEO plugin. -->","yoast_head_json":{"title":"Noire dans Blanche - Librairie 7L","robots":{"index":"index","follow":"follow","max-snippet":"max-snippet:-1","max-image-preview":"max-image-preview:large","max-video-preview":"max-video-preview:-1"},"canonical":"https:\/\/librairie7l.com\/en\/produit\/noire-dans-blanche\/","og_locale":"en_US","og_type":"article","og_title":"Noire dans Blanche - Librairie 7L","og_description":"\u00abJ&#8217;ai dress\u00e9 la liste de tous les projets que j&#8217;avais r\u00e9alis\u00e9s depuis mes d\u00e9buts et j&#8217;en ai comptabilis\u00e9 soixante et un. J&#8217;ai jou\u00e9 \u00e0 les associer \u00e0 des titres de la S\u00e9rie noire. Et j&#8217;ai eu l&#8217;impression que ces titres m&#8217;attendaient. Quand les \u00c9ditions Gallimard m&#8217;ont propos\u00e9 de publier dans la Blanche, j&#8217;ai convi\u00e9 la [&hellip;]","og_url":"https:\/\/librairie7l.com\/en\/produit\/noire-dans-blanche\/","og_site_name":"Librairie 7L","article_modified_time":"2026-05-02T08:00:28+00:00","og_image":[{"width":600,"height":856,"url":"https:\/\/librairie7l.com\/wp-content\/uploads\/2023\/03\/9782073009883_1_75.jpg","type":"image\/jpeg"}],"twitter_card":"summary_large_image","schema":{"@context":"https:\/\/schema.org","@graph":[{"@type":"WebPage","@id":"https:\/\/librairie7l.com\/en\/produit\/noire-dans-blanche\/","url":"https:\/\/librairie7l.com\/en\/produit\/noire-dans-blanche\/","name":"Noire dans Blanche - Librairie 7L","isPartOf":{"@id":"https:\/\/librairie7l.com\/en\/#website"},"datePublished":"2023-11-21T11:33:56+00:00","dateModified":"2026-05-02T08:00:28+00:00","breadcrumb":{"@id":"https:\/\/librairie7l.com\/en\/produit\/noire-dans-blanche\/#breadcrumb"},"inLanguage":"en-US","potentialAction":[{"@type":"ReadAction","target":["https:\/\/librairie7l.com\/en\/produit\/noire-dans-blanche\/"]}]},{"@type":"BreadcrumbList","@id":"https:\/\/librairie7l.com\/en\/produit\/noire-dans-blanche\/#breadcrumb","itemListElement":[{"@type":"ListItem","position":1,"name":"Accueil","item":"https:\/\/librairie7l.com\/en\/"},{"@type":"ListItem","position":2,"name":"Shop","item":"https:\/\/librairie7l.com\/en\/shop\/"},{"@type":"ListItem","position":3,"name":"NOIRE DANS BLANCHE"}]},{"@type":"WebSite","@id":"https:\/\/librairie7l.com\/en\/#website","url":"https:\/\/librairie7l.com\/en\/","name":"Librairie 7L","description":"Librairie fond\u00e9e en 1999 par Karl Lagerfeld \u00e0 Paris","publisher":{"@id":"https:\/\/librairie7l.com\/en\/#organization"},"potentialAction":[{"@type":"SearchAction","target":{"@type":"EntryPoint","urlTemplate":"https:\/\/librairie7l.com\/en\/?s={search_term_string}"},"query-input":"required name=search_term_string"}],"inLanguage":"en-US"},{"@type":"Organization","@id":"https:\/\/librairie7l.com\/en\/#organization","name":"Librairie 7L","url":"https:\/\/librairie7l.com\/en\/","logo":{"@type":"ImageObject","inLanguage":"en-US","@id":"https:\/\/librairie7l.com\/en\/#\/schema\/logo\/image\/","url":"https:\/\/librairie7l.com\/wp-content\/uploads\/2022\/08\/logo-1.png","contentUrl":"https:\/\/librairie7l.com\/wp-content\/uploads\/2022\/08\/logo-1.png","width":227,"height":301,"caption":"Librairie 7L"},"image":{"@id":"https:\/\/librairie7l.com\/en\/#\/schema\/logo\/image\/"}}]}},"_links":{"self":[{"href":"https:\/\/librairie7l.com\/en\/wp-json\/wp\/v2\/product\/37543"}],"collection":[{"href":"https:\/\/librairie7l.com\/en\/wp-json\/wp\/v2\/product"}],"about":[{"href":"https:\/\/librairie7l.com\/en\/wp-json\/wp\/v2\/types\/product"}],"wp:featuredmedia":[{"embeddable":true,"href":"https:\/\/librairie7l.com\/en\/wp-json\/wp\/v2\/media\/37541"}],"wp:attachment":[{"href":"https:\/\/librairie7l.com\/en\/wp-json\/wp\/v2\/media?parent=37543"}],"wp:term":[{"taxonomy":"product_cat","embeddable":true,"href":"https:\/\/librairie7l.com\/en\/wp-json\/wp\/v2\/product_cat?post=37543"},{"taxonomy":"product_tag","embeddable":true,"href":"https:\/\/librairie7l.com\/en\/wp-json\/wp\/v2\/product_tag?post=37543"}],"curies":[{"name":"wp","href":"https:\/\/api.w.org\/{rel}","templated":true}]}}

<p>«J&#8217;ai dressé la liste de tous les projets que j&#8217;avais réalisés depuis mes débuts et j&#8217;en ai comptabilisé soixante et un. J&#8217;ai joué à les associer à des titres de la Série noire. Et j&#8217;ai eu l&#8217;impression que ces titres m&#8217;attendaient. Quand les Éditions Gallimard m&#8217;ont proposé de publier dans la Blanche, j&#8217;ai convié la Noire.»</p>

<p>«J&#8217;ai dressé la liste de tous les projets que j&#8217;avais réalisés depuis mes débuts et j&#8217;en ai comptabilisé soixante et un. J&#8217;ai joué à les associer à des titres de la Série noire. Et j&#8217;ai eu l&#8217;impression que ces titres m&#8217;attendaient. Quand les Éditions Gallimard m&#8217;ont proposé de publier dans la Blanche, j&#8217;ai convié la [&hellip;]</p>

<!-- This site is optimized with the Yoast SEO plugin v20.11 - https://yoast.com/wordpress/plugins/seo/ -->
<title>Noire dans Blanche - Librairie 7L</title>
<meta name="robots" content="index, follow, max-snippet:-1, max-image-preview:large, max-video-preview:-1" />
<link rel="canonical" href="https://librairie7l.com/en/produit/noire-dans-blanche/" />
<meta property="og:locale" content="en_US" />
<meta property="og:type" content="article" />
<meta property="og:title" content="Noire dans Blanche - Librairie 7L" />
<meta property="og:description" content="«J&#8217;ai dressé la liste de tous les projets que j&#8217;avais réalisés depuis mes débuts et j&#8217;en ai comptabilisé soixante et un. J&#8217;ai joué à les associer à des titres de la Série noire. Et j&#8217;ai eu l&#8217;impression que ces titres m&#8217;attendaient. Quand les Éditions Gallimard m&#8217;ont proposé de publier dans la Blanche, j&#8217;ai convié la [&hellip;]" />
<meta property="og:url" content="https://librairie7l.com/en/produit/noire-dans-blanche/" />
<meta property="og:site_name" content="Librairie 7L" />
<meta property="article:modified_time" content="2026-05-02T08:00:28+00:00" />
<meta property="og:image" content="https://librairie7l.com/wp-content/uploads/2023/03/9782073009883_1_75.jpg" />
	<meta property="og:image:width" content="600" />
	<meta property="og:image:height" content="856" />
	<meta property="og:image:type" content="image/jpeg" />
<meta name="twitter:card" content="summary_large_image" />
<script type="application/ld+json" class="yoast-schema-graph">{"@context":"https://schema.org","@graph":[{"@type":"WebPage","@id":"https://librairie7l.com/en/produit/noire-dans-blanche/","url":"https://librairie7l.com/en/produit/noire-dans-blanche/","name":"Noire dans Blanche - Librairie 7L","isPartOf":{"@id":"https://librairie7l.com/en/#website"},"datePublished":"2023-11-21T11:33:56+00:00","dateModified":"2026-05-02T08:00:28+00:00","breadcrumb":{"@id":"https://librairie7l.com/en/produit/noire-dans-blanche/#breadcrumb"},"inLanguage":"en-US","potentialAction":[{"@type":"ReadAction","target":["https://librairie7l.com/en/produit/noire-dans-blanche/"]}]},{"@type":"BreadcrumbList","@id":"https://librairie7l.com/en/produit/noire-dans-blanche/#breadcrumb","itemListElement":[{"@type":"ListItem","position":1,"name":"Accueil","item":"https://librairie7l.com/en/"},{"@type":"ListItem","position":2,"name":"Shop","item":"https://librairie7l.com/en/shop/"},{"@type":"ListItem","position":3,"name":"NOIRE DANS BLANCHE"}]},{"@type":"WebSite","@id":"https://librairie7l.com/en/#website","url":"https://librairie7l.com/en/","name":"Librairie 7L","description":"Librairie fondée en 1999 par Karl Lagerfeld à Paris","publisher":{"@id":"https://librairie7l.com/en/#organization"},"potentialAction":[{"@type":"SearchAction","target":{"@type":"EntryPoint","urlTemplate":"https://librairie7l.com/en/?s={search_term_string}"},"query-input":"required name=search_term_string"}],"inLanguage":"en-US"},{"@type":"Organization","@id":"https://librairie7l.com/en/#organization","name":"Librairie 7L","url":"https://librairie7l.com/en/","logo":{"@type":"ImageObject","inLanguage":"en-US","@id":"https://librairie7l.com/en/#/schema/logo/image/","url":"https://librairie7l.com/wp-content/uploads/2022/08/logo-1.png","contentUrl":"https://librairie7l.com/wp-content/uploads/2022/08/logo-1.png","width":227,"height":301,"caption":"Librairie 7L"},"image":{"@id":"https://librairie7l.com/en/#/schema/logo/image/"}}]}</script>
<!-- / Yoast SEO plugin. -->

«J&#8217;ai dressé la liste de tous les projets que j&#8217;avais réalisés depuis mes débuts et j&#8217;en ai comptabilisé soixante et un. J&#8217;ai joué à les associer à des titres de la Série noire. Et j&#8217;ai eu l&#8217;impression que ces titres m&#8217;attendaient. Quand les Éditions Gallimard m&#8217;ont proposé de publier dans la Blanche, j&#8217;ai convié la [&hellip;]

Librairie fondée en 1999 par Karl Lagerfeld à Paris
