{"id":37555,"date":"2023-11-21T12:34:51","date_gmt":"2023-11-21T11:34:51","guid":{"rendered":"https:\/\/librairie7l.com\/?post_type=product&#038;p=37555"},"modified":"2026-04-30T05:46:32","modified_gmt":"2026-04-30T03:46:32","slug":"nuanciers-eloge-du-subtil","status":"publish","type":"product","link":"https:\/\/librairie7l.com\/en\/produit\/nuanciers-eloge-du-subtil\/","title":{"rendered":"NUANCIERS : \u00c9LOGE DU SUBTIL"},"content":{"rendered":"<p>Cet ouvrage raconte comment, depuis le XVe si\u00e8cle jusqu&#8217;\u00e0 nos jours, m\u00e9decins, artistes, teinturiers, naturalistes, chimistes, industriels, artisans et commer\u00e7ants ont \u00e9labor\u00e9 des dispositifs d&#8217;une grande vari\u00e9t\u00e9 pour communiquer pr\u00e9cis\u00e9ment des ensembles de couleurs. Il expose l&#8217;ing\u00e9niosit\u00e9 et la beaut\u00e9 de ces \u00e9chantillonnages et montre de quelle mani\u00e8re ils ont catalys\u00e9 les connaissances scientifiques, techniques et artistiques disponibles au moment o\u00f9 ils \u00e9mergent.<\/p>\n<p>Il les r\u00e9v\u00e8le aussi en tant que t\u00e9moignage des go\u00fbts, pr\u00e9occupations et aspirations des populations auxquelles ils sont destin\u00e9s, puis facteur de mutation lorsqu&#8217;elles s&#8217;approprient l&#8217;outil : le nuancier g\u00e9n\u00e8re dans la soci\u00e9t\u00e9 un grand d\u00e9sir de couleur et sur pl\u00e9thore de mati\u00e8res ; il conduit \u00e0 l&#8217;apprivoisement de nouvelles nuances et harmonies ; il apprend \u00e0 ordonner et nommer &#8211; et donc penser &#8211; la couleur.<\/p>\n<p>Anne Varichon s&#8217;appuie sur plus de 150 exemples \u00e9clairants provenant de collections publiques et priv\u00e9es, presque tous in\u00e9dits, en restitue le contexte et donne vie \u00e0 cette histoire remarquable jusqu&#8217;alors peu explor\u00e9e.<\/p>\n","protected":false},"excerpt":{"rendered":"<p>Cet ouvrage raconte comment, depuis le XVe si\u00e8cle jusqu&#8217;\u00e0 nos jours, m\u00e9decins, artistes, teinturiers, naturalistes, chimistes, industriels, artisans et commer\u00e7ants ont \u00e9labor\u00e9 des dispositifs d&#8217;une grande vari\u00e9t\u00e9 pour communiquer pr\u00e9cis\u00e9ment des ensembles de couleurs. Il expose l&#8217;ing\u00e9niosit\u00e9 et la beaut\u00e9 de ces \u00e9chantillonnages et montre de quelle mani\u00e8re ils ont catalys\u00e9 les connaissances scientifiques, techniques [&hellip;]<\/p>\n","protected":false},"featured_media":37553,"template":"","meta":[],"product_cat":[2948,2953],"product_tag":[],"acf":[],"yoast_head":"<!-- This site is optimized with the Yoast SEO plugin v20.11 - https:\/\/yoast.com\/wordpress\/plugins\/seo\/ -->\n<title>Nuanciers : \u00e9loge du subtil - Librairie 7L<\/title>\n<meta name=\"robots\" content=\"index, follow, max-snippet:-1, max-image-preview:large, max-video-preview:-1\" \/>\n<link rel=\"canonical\" href=\"https:\/\/librairie7l.com\/en\/produit\/nuanciers-eloge-du-subtil\/\" \/>\n<meta property=\"og:locale\" content=\"en_US\" \/>\n<meta property=\"og:type\" content=\"article\" \/>\n<meta property=\"og:title\" content=\"Nuanciers : \u00e9loge du subtil - Librairie 7L\" \/>\n<meta property=\"og:description\" content=\"Cet ouvrage raconte comment, depuis le XVe si\u00e8cle jusqu&#8217;\u00e0 nos jours, m\u00e9decins, artistes, teinturiers, naturalistes, chimistes, industriels, artisans et commer\u00e7ants ont \u00e9labor\u00e9 des dispositifs d&#8217;une grande vari\u00e9t\u00e9 pour communiquer pr\u00e9cis\u00e9ment des ensembles de couleurs. Il expose l&#8217;ing\u00e9niosit\u00e9 et la beaut\u00e9 de ces \u00e9chantillonnages et montre de quelle mani\u00e8re ils ont catalys\u00e9 les connaissances scientifiques, techniques [&hellip;]\" \/>\n<meta property=\"og:url\" content=\"https:\/\/librairie7l.com\/en\/produit\/nuanciers-eloge-du-subtil\/\" \/>\n<meta property=\"og:site_name\" content=\"Librairie 7L\" \/>\n<meta property=\"article:modified_time\" content=\"2026-04-30T03:46:32+00:00\" \/>\n<meta property=\"og:image\" content=\"https:\/\/librairie7l.com\/wp-content\/uploads\/2023\/06\/9782021476798_1_75.jpg\" \/>\n\t<meta property=\"og:image:width\" content=\"600\" \/>\n\t<meta property=\"og:image:height\" content=\"775\" \/>\n\t<meta property=\"og:image:type\" content=\"image\/jpeg\" \/>\n<meta name=\"twitter:card\" content=\"summary_large_image\" \/>\n<meta name=\"twitter:label1\" content=\"Est. reading time\" \/>\n\t<meta name=\"twitter:data1\" content=\"1 minute\" \/>\n<script type=\"application\/ld+json\" class=\"yoast-schema-graph\">{\"@context\":\"https:\/\/schema.org\",\"@graph\":[{\"@type\":\"WebPage\",\"@id\":\"https:\/\/librairie7l.com\/en\/produit\/nuanciers-eloge-du-subtil\/\",\"url\":\"https:\/\/librairie7l.com\/en\/produit\/nuanciers-eloge-du-subtil\/\",\"name\":\"Nuanciers : \u00e9loge du subtil - Librairie 7L\",\"isPartOf\":{\"@id\":\"https:\/\/librairie7l.com\/en\/#website\"},\"datePublished\":\"2023-11-21T11:34:51+00:00\",\"dateModified\":\"2026-04-30T03:46:32+00:00\",\"breadcrumb\":{\"@id\":\"https:\/\/librairie7l.com\/en\/produit\/nuanciers-eloge-du-subtil\/#breadcrumb\"},\"inLanguage\":\"en-US\",\"potentialAction\":[{\"@type\":\"ReadAction\",\"target\":[\"https:\/\/librairie7l.com\/en\/produit\/nuanciers-eloge-du-subtil\/\"]}]},{\"@type\":\"BreadcrumbList\",\"@id\":\"https:\/\/librairie7l.com\/en\/produit\/nuanciers-eloge-du-subtil\/#breadcrumb\",\"itemListElement\":[{\"@type\":\"ListItem\",\"position\":1,\"name\":\"Accueil\",\"item\":\"https:\/\/librairie7l.com\/en\/\"},{\"@type\":\"ListItem\",\"position\":2,\"name\":\"Shop\",\"item\":\"https:\/\/librairie7l.com\/en\/shop\/\"},{\"@type\":\"ListItem\",\"position\":3,\"name\":\"NUANCIERS : \u00c9LOGE DU SUBTIL\"}]},{\"@type\":\"WebSite\",\"@id\":\"https:\/\/librairie7l.com\/en\/#website\",\"url\":\"https:\/\/librairie7l.com\/en\/\",\"name\":\"Librairie 7L\",\"description\":\"Librairie fond\u00e9e en 1999 par Karl Lagerfeld \u00e0 Paris\",\"publisher\":{\"@id\":\"https:\/\/librairie7l.com\/en\/#organization\"},\"potentialAction\":[{\"@type\":\"SearchAction\",\"target\":{\"@type\":\"EntryPoint\",\"urlTemplate\":\"https:\/\/librairie7l.com\/en\/?s={search_term_string}\"},\"query-input\":\"required name=search_term_string\"}],\"inLanguage\":\"en-US\"},{\"@type\":\"Organization\",\"@id\":\"https:\/\/librairie7l.com\/en\/#organization\",\"name\":\"Librairie 7L\",\"url\":\"https:\/\/librairie7l.com\/en\/\",\"logo\":{\"@type\":\"ImageObject\",\"inLanguage\":\"en-US\",\"@id\":\"https:\/\/librairie7l.com\/en\/#\/schema\/logo\/image\/\",\"url\":\"https:\/\/librairie7l.com\/wp-content\/uploads\/2022\/08\/logo-1.png\",\"contentUrl\":\"https:\/\/librairie7l.com\/wp-content\/uploads\/2022\/08\/logo-1.png\",\"width\":227,\"height\":301,\"caption\":\"Librairie 7L\"},\"image\":{\"@id\":\"https:\/\/librairie7l.com\/en\/#\/schema\/logo\/image\/\"}}]}<\/script>\n<!-- \/ Yoast SEO plugin. -->","yoast_head_json":{"title":"Nuanciers : \u00e9loge du subtil - Librairie 7L","robots":{"index":"index","follow":"follow","max-snippet":"max-snippet:-1","max-image-preview":"max-image-preview:large","max-video-preview":"max-video-preview:-1"},"canonical":"https:\/\/librairie7l.com\/en\/produit\/nuanciers-eloge-du-subtil\/","og_locale":"en_US","og_type":"article","og_title":"Nuanciers : \u00e9loge du subtil - Librairie 7L","og_description":"Cet ouvrage raconte comment, depuis le XVe si\u00e8cle jusqu&#8217;\u00e0 nos jours, m\u00e9decins, artistes, teinturiers, naturalistes, chimistes, industriels, artisans et commer\u00e7ants ont \u00e9labor\u00e9 des dispositifs d&#8217;une grande vari\u00e9t\u00e9 pour communiquer pr\u00e9cis\u00e9ment des ensembles de couleurs. Il expose l&#8217;ing\u00e9niosit\u00e9 et la beaut\u00e9 de ces \u00e9chantillonnages et montre de quelle mani\u00e8re ils ont catalys\u00e9 les connaissances scientifiques, techniques [&hellip;]","og_url":"https:\/\/librairie7l.com\/en\/produit\/nuanciers-eloge-du-subtil\/","og_site_name":"Librairie 7L","article_modified_time":"2026-04-30T03:46:32+00:00","og_image":[{"width":600,"height":775,"url":"https:\/\/librairie7l.com\/wp-content\/uploads\/2023\/06\/9782021476798_1_75.jpg","type":"image\/jpeg"}],"twitter_card":"summary_large_image","twitter_misc":{"Est. reading time":"1 minute"},"schema":{"@context":"https:\/\/schema.org","@graph":[{"@type":"WebPage","@id":"https:\/\/librairie7l.com\/en\/produit\/nuanciers-eloge-du-subtil\/","url":"https:\/\/librairie7l.com\/en\/produit\/nuanciers-eloge-du-subtil\/","name":"Nuanciers : \u00e9loge du subtil - Librairie 7L","isPartOf":{"@id":"https:\/\/librairie7l.com\/en\/#website"},"datePublished":"2023-11-21T11:34:51+00:00","dateModified":"2026-04-30T03:46:32+00:00","breadcrumb":{"@id":"https:\/\/librairie7l.com\/en\/produit\/nuanciers-eloge-du-subtil\/#breadcrumb"},"inLanguage":"en-US","potentialAction":[{"@type":"ReadAction","target":["https:\/\/librairie7l.com\/en\/produit\/nuanciers-eloge-du-subtil\/"]}]},{"@type":"BreadcrumbList","@id":"https:\/\/librairie7l.com\/en\/produit\/nuanciers-eloge-du-subtil\/#breadcrumb","itemListElement":[{"@type":"ListItem","position":1,"name":"Accueil","item":"https:\/\/librairie7l.com\/en\/"},{"@type":"ListItem","position":2,"name":"Shop","item":"https:\/\/librairie7l.com\/en\/shop\/"},{"@type":"ListItem","position":3,"name":"NUANCIERS : \u00c9LOGE DU SUBTIL"}]},{"@type":"WebSite","@id":"https:\/\/librairie7l.com\/en\/#website","url":"https:\/\/librairie7l.com\/en\/","name":"Librairie 7L","description":"Librairie fond\u00e9e en 1999 par Karl Lagerfeld \u00e0 Paris","publisher":{"@id":"https:\/\/librairie7l.com\/en\/#organization"},"potentialAction":[{"@type":"SearchAction","target":{"@type":"EntryPoint","urlTemplate":"https:\/\/librairie7l.com\/en\/?s={search_term_string}"},"query-input":"required name=search_term_string"}],"inLanguage":"en-US"},{"@type":"Organization","@id":"https:\/\/librairie7l.com\/en\/#organization","name":"Librairie 7L","url":"https:\/\/librairie7l.com\/en\/","logo":{"@type":"ImageObject","inLanguage":"en-US","@id":"https:\/\/librairie7l.com\/en\/#\/schema\/logo\/image\/","url":"https:\/\/librairie7l.com\/wp-content\/uploads\/2022\/08\/logo-1.png","contentUrl":"https:\/\/librairie7l.com\/wp-content\/uploads\/2022\/08\/logo-1.png","width":227,"height":301,"caption":"Librairie 7L"},"image":{"@id":"https:\/\/librairie7l.com\/en\/#\/schema\/logo\/image\/"}}]}},"_links":{"self":[{"href":"https:\/\/librairie7l.com\/en\/wp-json\/wp\/v2\/product\/37555"}],"collection":[{"href":"https:\/\/librairie7l.com\/en\/wp-json\/wp\/v2\/product"}],"about":[{"href":"https:\/\/librairie7l.com\/en\/wp-json\/wp\/v2\/types\/product"}],"wp:featuredmedia":[{"embeddable":true,"href":"https:\/\/librairie7l.com\/en\/wp-json\/wp\/v2\/media\/37553"}],"wp:attachment":[{"href":"https:\/\/librairie7l.com\/en\/wp-json\/wp\/v2\/media?parent=37555"}],"wp:term":[{"taxonomy":"product_cat","embeddable":true,"href":"https:\/\/librairie7l.com\/en\/wp-json\/wp\/v2\/product_cat?post=37555"},{"taxonomy":"product_tag","embeddable":true,"href":"https:\/\/librairie7l.com\/en\/wp-json\/wp\/v2\/product_tag?post=37555"}],"curies":[{"name":"wp","href":"https:\/\/api.w.org\/{rel}","templated":true}]}}

NUANCIERS : ÉLOGE DU SUBTIL

<p>Cet ouvrage raconte comment, depuis le XVe siècle jusqu&#8217;à nos jours, médecins, artistes, teinturiers, naturalistes, chimistes, industriels, artisans et commerçants ont élaboré des dispositifs d&#8217;une grande variété pour communiquer précisément des ensembles de couleurs. Il expose l&#8217;ingéniosité et la beauté de ces échantillonnages et montre de quelle manière ils ont catalysé les connaissances scientifiques, techniques et artistiques disponibles au moment où ils émergent.</p>
<p>Il les révèle aussi en tant que témoignage des goûts, préoccupations et aspirations des populations auxquelles ils sont destinés, puis facteur de mutation lorsqu&#8217;elles s&#8217;approprient l&#8217;outil : le nuancier génère dans la société un grand désir de couleur et sur pléthore de matières ; il conduit à l&#8217;apprivoisement de nouvelles nuances et harmonies ; il apprend à ordonner et nommer &#8211; et donc penser &#8211; la couleur.</p>
<p>Anne Varichon s&#8217;appuie sur plus de 150 exemples éclairants provenant de collections publiques et privées, presque tous inédits, en restitue le contexte et donne vie à cette histoire remarquable jusqu&#8217;alors peu explorée.</p>

<p>Cet ouvrage raconte comment, depuis le XVe siècle jusqu&#8217;à nos jours, médecins, artistes, teinturiers, naturalistes, chimistes, industriels, artisans et commerçants ont élaboré des dispositifs d&#8217;une grande variété pour communiquer précisément des ensembles de couleurs. Il expose l&#8217;ingéniosité et la beauté de ces échantillonnages et montre de quelle manière ils ont catalysé les connaissances scientifiques, techniques [&hellip;]</p>

<!-- This site is optimized with the Yoast SEO plugin v20.11 - https://yoast.com/wordpress/plugins/seo/ -->
<title>Nuanciers : éloge du subtil - Librairie 7L</title>
<meta name="robots" content="index, follow, max-snippet:-1, max-image-preview:large, max-video-preview:-1" />
<link rel="canonical" href="https://librairie7l.com/en/produit/nuanciers-eloge-du-subtil/" />
<meta property="og:locale" content="en_US" />
<meta property="og:type" content="article" />
<meta property="og:title" content="Nuanciers : éloge du subtil - Librairie 7L" />
<meta property="og:description" content="Cet ouvrage raconte comment, depuis le XVe siècle jusqu&#8217;à nos jours, médecins, artistes, teinturiers, naturalistes, chimistes, industriels, artisans et commerçants ont élaboré des dispositifs d&#8217;une grande variété pour communiquer précisément des ensembles de couleurs. Il expose l&#8217;ingéniosité et la beauté de ces échantillonnages et montre de quelle manière ils ont catalysé les connaissances scientifiques, techniques [&hellip;]" />
<meta property="og:url" content="https://librairie7l.com/en/produit/nuanciers-eloge-du-subtil/" />
<meta property="og:site_name" content="Librairie 7L" />
<meta property="article:modified_time" content="2026-04-30T03:46:32+00:00" />
<meta property="og:image" content="https://librairie7l.com/wp-content/uploads/2023/06/9782021476798_1_75.jpg" />
	<meta property="og:image:width" content="600" />
	<meta property="og:image:height" content="775" />
	<meta property="og:image:type" content="image/jpeg" />
<meta name="twitter:card" content="summary_large_image" />
<meta name="twitter:label1" content="Est. reading time" />
	<meta name="twitter:data1" content="1 minute" />
<script type="application/ld+json" class="yoast-schema-graph">{"@context":"https://schema.org","@graph":[{"@type":"WebPage","@id":"https://librairie7l.com/en/produit/nuanciers-eloge-du-subtil/","url":"https://librairie7l.com/en/produit/nuanciers-eloge-du-subtil/","name":"Nuanciers : éloge du subtil - Librairie 7L","isPartOf":{"@id":"https://librairie7l.com/en/#website"},"datePublished":"2023-11-21T11:34:51+00:00","dateModified":"2026-04-30T03:46:32+00:00","breadcrumb":{"@id":"https://librairie7l.com/en/produit/nuanciers-eloge-du-subtil/#breadcrumb"},"inLanguage":"en-US","potentialAction":[{"@type":"ReadAction","target":["https://librairie7l.com/en/produit/nuanciers-eloge-du-subtil/"]}]},{"@type":"BreadcrumbList","@id":"https://librairie7l.com/en/produit/nuanciers-eloge-du-subtil/#breadcrumb","itemListElement":[{"@type":"ListItem","position":1,"name":"Accueil","item":"https://librairie7l.com/en/"},{"@type":"ListItem","position":2,"name":"Shop","item":"https://librairie7l.com/en/shop/"},{"@type":"ListItem","position":3,"name":"NUANCIERS : ÉLOGE DU SUBTIL"}]},{"@type":"WebSite","@id":"https://librairie7l.com/en/#website","url":"https://librairie7l.com/en/","name":"Librairie 7L","description":"Librairie fondée en 1999 par Karl Lagerfeld à Paris","publisher":{"@id":"https://librairie7l.com/en/#organization"},"potentialAction":[{"@type":"SearchAction","target":{"@type":"EntryPoint","urlTemplate":"https://librairie7l.com/en/?s={search_term_string}"},"query-input":"required name=search_term_string"}],"inLanguage":"en-US"},{"@type":"Organization","@id":"https://librairie7l.com/en/#organization","name":"Librairie 7L","url":"https://librairie7l.com/en/","logo":{"@type":"ImageObject","inLanguage":"en-US","@id":"https://librairie7l.com/en/#/schema/logo/image/","url":"https://librairie7l.com/wp-content/uploads/2022/08/logo-1.png","contentUrl":"https://librairie7l.com/wp-content/uploads/2022/08/logo-1.png","width":227,"height":301,"caption":"Librairie 7L"},"image":{"@id":"https://librairie7l.com/en/#/schema/logo/image/"}}]}</script>
<!-- / Yoast SEO plugin. -->

Nuanciers : éloge du subtil - Librairie 7L

Cet ouvrage raconte comment, depuis le XVe siècle jusqu&#8217;à nos jours, médecins, artistes, teinturiers, naturalistes, chimistes, industriels, artisans et commerçants ont élaboré des dispositifs d&#8217;une grande variété pour communiquer précisément des ensembles de couleurs. Il expose l&#8217;ingéniosité et la beauté de ces échantillonnages et montre de quelle manière ils ont catalysé les connaissances scientifiques, techniques [&hellip;]

Librairie fondée en 1999 par Karl Lagerfeld à Paris
