{"id":38160,"date":"2024-01-05T09:16:19","date_gmt":"2024-01-05T08:16:19","guid":{"rendered":"https:\/\/librairie7l.com\/?post_type=product&#038;p=38160"},"modified":"2026-04-30T08:26:02","modified_gmt":"2026-04-30T06:26:02","slug":"ady-soleil-noir","status":"publish","type":"product","link":"https:\/\/librairie7l.com\/en\/produit\/ady-soleil-noir\/","title":{"rendered":"ADY, SOLEIL NOIR"},"content":{"rendered":"<p>Le roman solaire de l&#8217;histoire d&#8217;amour entre Man Ray et la jeune Ady Fidelin.<br \/>\nLorsque Man Ray, quarante-quatre ans, et Adrienne Fidelin, dix-neuf ans, se croisent au Bal colonial de la rue Blomet dans le Paris des Ann\u00e9es folles, na\u00eet entre eux une histoire d&#8217;amour intense, qui durera quatre ann\u00e9es avant d&#8217;\u00eatre brutalement interrompue par la guerre. Des ann\u00e9es de complicit\u00e9 et de passion qui les marqueront tous deux \u00e0 vie.<br \/>\nGis\u00e8le Pineau, par la voix d&#8217;Ady, fait revivre ce bonheur suspendu. Oblig\u00e9e de quitter sa Guadeloupe natale \u00e0 l&#8217;\u00e2ge de quinze ans pour s&#8217;installer \u00e0 Paris, la jeune femme s\u00e9duit bient\u00f4t Man Ray et se voit entra\u00een\u00e9e par le grand artiste am\u00e9ricain dans la vie de boh\u00e8me qu&#8217;il m\u00e8ne avec ses amis. Car, \u00e0 Montparnasse, comme durant les \u00e9t\u00e9s \u00e0 Mougins avec Paul et Nusch \u00c9luard, Pablo Picasso et Dora Maar, Lee Miller et Roland Penrose, les instants sont d&#8217;une libert\u00e9 sexuelle et intellectuelle sans pareille. C&#8217;est un \u00e2ge d&#8217;or que raconte Ady, un temps de nouveaut\u00e9 et de cr\u00e9ation dont les protagonistes sont des g\u00e9ants de l&#8217;histoire de l&#8217;art.<br \/>\nGis\u00e8le Pineau a \u00e9crit le roman vrai d&#8217;Ady, le &#8221; soleil noir &#8221; de Man Ray &#8211; une femme toute de gr\u00e2ce, dont \u00c9luard aurait assur\u00e9 qu&#8217;elle avait &#8221; des nuages dans les mains &#8220;.<\/p>\n","protected":false},"excerpt":{"rendered":"<p>Le roman solaire de l&#8217;histoire d&#8217;amour entre Man Ray et la jeune Ady Fidelin. Lorsque Man Ray, quarante-quatre ans, et Adrienne Fidelin, dix-neuf ans, se croisent au Bal colonial de la rue Blomet dans le Paris des Ann\u00e9es folles, na\u00eet entre eux une histoire d&#8217;amour intense, qui durera quatre ann\u00e9es avant d&#8217;\u00eatre brutalement interrompue par [&hellip;]<\/p>\n","protected":false},"featured_media":38158,"template":"","meta":[],"product_cat":[55,2948,47,2953],"product_tag":[],"acf":[],"yoast_head":"<!-- This site is optimized with the Yoast SEO plugin v20.11 - https:\/\/yoast.com\/wordpress\/plugins\/seo\/ -->\n<title>Ady, soleil noir - Librairie 7L<\/title>\n<meta name=\"robots\" content=\"index, follow, max-snippet:-1, max-image-preview:large, max-video-preview:-1\" \/>\n<link rel=\"canonical\" href=\"https:\/\/librairie7l.com\/en\/produit\/ady-soleil-noir\/\" \/>\n<meta property=\"og:locale\" content=\"en_US\" \/>\n<meta property=\"og:type\" content=\"article\" \/>\n<meta property=\"og:title\" content=\"Ady, soleil noir - Librairie 7L\" \/>\n<meta property=\"og:description\" content=\"Le roman solaire de l&#8217;histoire d&#8217;amour entre Man Ray et la jeune Ady Fidelin. Lorsque Man Ray, quarante-quatre ans, et Adrienne Fidelin, dix-neuf ans, se croisent au Bal colonial de la rue Blomet dans le Paris des Ann\u00e9es folles, na\u00eet entre eux une histoire d&#8217;amour intense, qui durera quatre ann\u00e9es avant d&#8217;\u00eatre brutalement interrompue par [&hellip;]\" \/>\n<meta property=\"og:url\" content=\"https:\/\/librairie7l.com\/en\/produit\/ady-soleil-noir\/\" \/>\n<meta property=\"og:site_name\" content=\"Librairie 7L\" \/>\n<meta property=\"article:modified_time\" content=\"2026-04-30T06:26:02+00:00\" \/>\n<meta property=\"og:image\" content=\"https:\/\/librairie7l.com\/wp-content\/uploads\/2023\/10\/9782384820597_1_75.jpg\" \/>\n\t<meta property=\"og:image:width\" content=\"600\" \/>\n\t<meta property=\"og:image:height\" content=\"937\" \/>\n\t<meta property=\"og:image:type\" content=\"image\/jpeg\" \/>\n<meta name=\"twitter:card\" content=\"summary_large_image\" \/>\n<meta name=\"twitter:label1\" content=\"Est. reading time\" \/>\n\t<meta name=\"twitter:data1\" content=\"1 minute\" \/>\n<script type=\"application\/ld+json\" class=\"yoast-schema-graph\">{\"@context\":\"https:\/\/schema.org\",\"@graph\":[{\"@type\":\"WebPage\",\"@id\":\"https:\/\/librairie7l.com\/en\/produit\/ady-soleil-noir\/\",\"url\":\"https:\/\/librairie7l.com\/en\/produit\/ady-soleil-noir\/\",\"name\":\"Ady, soleil noir - Librairie 7L\",\"isPartOf\":{\"@id\":\"https:\/\/librairie7l.com\/en\/#website\"},\"datePublished\":\"2024-01-05T08:16:19+00:00\",\"dateModified\":\"2026-04-30T06:26:02+00:00\",\"breadcrumb\":{\"@id\":\"https:\/\/librairie7l.com\/en\/produit\/ady-soleil-noir\/#breadcrumb\"},\"inLanguage\":\"en-US\",\"potentialAction\":[{\"@type\":\"ReadAction\",\"target\":[\"https:\/\/librairie7l.com\/en\/produit\/ady-soleil-noir\/\"]}]},{\"@type\":\"BreadcrumbList\",\"@id\":\"https:\/\/librairie7l.com\/en\/produit\/ady-soleil-noir\/#breadcrumb\",\"itemListElement\":[{\"@type\":\"ListItem\",\"position\":1,\"name\":\"Accueil\",\"item\":\"https:\/\/librairie7l.com\/en\/\"},{\"@type\":\"ListItem\",\"position\":2,\"name\":\"Shop\",\"item\":\"https:\/\/librairie7l.com\/en\/shop\/\"},{\"@type\":\"ListItem\",\"position\":3,\"name\":\"ADY, SOLEIL NOIR\"}]},{\"@type\":\"WebSite\",\"@id\":\"https:\/\/librairie7l.com\/en\/#website\",\"url\":\"https:\/\/librairie7l.com\/en\/\",\"name\":\"Librairie 7L\",\"description\":\"Librairie fond\u00e9e en 1999 par Karl Lagerfeld \u00e0 Paris\",\"publisher\":{\"@id\":\"https:\/\/librairie7l.com\/en\/#organization\"},\"potentialAction\":[{\"@type\":\"SearchAction\",\"target\":{\"@type\":\"EntryPoint\",\"urlTemplate\":\"https:\/\/librairie7l.com\/en\/?s={search_term_string}\"},\"query-input\":\"required name=search_term_string\"}],\"inLanguage\":\"en-US\"},{\"@type\":\"Organization\",\"@id\":\"https:\/\/librairie7l.com\/en\/#organization\",\"name\":\"Librairie 7L\",\"url\":\"https:\/\/librairie7l.com\/en\/\",\"logo\":{\"@type\":\"ImageObject\",\"inLanguage\":\"en-US\",\"@id\":\"https:\/\/librairie7l.com\/en\/#\/schema\/logo\/image\/\",\"url\":\"https:\/\/librairie7l.com\/wp-content\/uploads\/2022\/08\/logo-1.png\",\"contentUrl\":\"https:\/\/librairie7l.com\/wp-content\/uploads\/2022\/08\/logo-1.png\",\"width\":227,\"height\":301,\"caption\":\"Librairie 7L\"},\"image\":{\"@id\":\"https:\/\/librairie7l.com\/en\/#\/schema\/logo\/image\/\"}}]}<\/script>\n<!-- \/ Yoast SEO plugin. -->","yoast_head_json":{"title":"Ady, soleil noir - Librairie 7L","robots":{"index":"index","follow":"follow","max-snippet":"max-snippet:-1","max-image-preview":"max-image-preview:large","max-video-preview":"max-video-preview:-1"},"canonical":"https:\/\/librairie7l.com\/en\/produit\/ady-soleil-noir\/","og_locale":"en_US","og_type":"article","og_title":"Ady, soleil noir - Librairie 7L","og_description":"Le roman solaire de l&#8217;histoire d&#8217;amour entre Man Ray et la jeune Ady Fidelin. Lorsque Man Ray, quarante-quatre ans, et Adrienne Fidelin, dix-neuf ans, se croisent au Bal colonial de la rue Blomet dans le Paris des Ann\u00e9es folles, na\u00eet entre eux une histoire d&#8217;amour intense, qui durera quatre ann\u00e9es avant d&#8217;\u00eatre brutalement interrompue par [&hellip;]","og_url":"https:\/\/librairie7l.com\/en\/produit\/ady-soleil-noir\/","og_site_name":"Librairie 7L","article_modified_time":"2026-04-30T06:26:02+00:00","og_image":[{"width":600,"height":937,"url":"https:\/\/librairie7l.com\/wp-content\/uploads\/2023\/10\/9782384820597_1_75.jpg","type":"image\/jpeg"}],"twitter_card":"summary_large_image","twitter_misc":{"Est. reading time":"1 minute"},"schema":{"@context":"https:\/\/schema.org","@graph":[{"@type":"WebPage","@id":"https:\/\/librairie7l.com\/en\/produit\/ady-soleil-noir\/","url":"https:\/\/librairie7l.com\/en\/produit\/ady-soleil-noir\/","name":"Ady, soleil noir - Librairie 7L","isPartOf":{"@id":"https:\/\/librairie7l.com\/en\/#website"},"datePublished":"2024-01-05T08:16:19+00:00","dateModified":"2026-04-30T06:26:02+00:00","breadcrumb":{"@id":"https:\/\/librairie7l.com\/en\/produit\/ady-soleil-noir\/#breadcrumb"},"inLanguage":"en-US","potentialAction":[{"@type":"ReadAction","target":["https:\/\/librairie7l.com\/en\/produit\/ady-soleil-noir\/"]}]},{"@type":"BreadcrumbList","@id":"https:\/\/librairie7l.com\/en\/produit\/ady-soleil-noir\/#breadcrumb","itemListElement":[{"@type":"ListItem","position":1,"name":"Accueil","item":"https:\/\/librairie7l.com\/en\/"},{"@type":"ListItem","position":2,"name":"Shop","item":"https:\/\/librairie7l.com\/en\/shop\/"},{"@type":"ListItem","position":3,"name":"ADY, SOLEIL NOIR"}]},{"@type":"WebSite","@id":"https:\/\/librairie7l.com\/en\/#website","url":"https:\/\/librairie7l.com\/en\/","name":"Librairie 7L","description":"Librairie fond\u00e9e en 1999 par Karl Lagerfeld \u00e0 Paris","publisher":{"@id":"https:\/\/librairie7l.com\/en\/#organization"},"potentialAction":[{"@type":"SearchAction","target":{"@type":"EntryPoint","urlTemplate":"https:\/\/librairie7l.com\/en\/?s={search_term_string}"},"query-input":"required name=search_term_string"}],"inLanguage":"en-US"},{"@type":"Organization","@id":"https:\/\/librairie7l.com\/en\/#organization","name":"Librairie 7L","url":"https:\/\/librairie7l.com\/en\/","logo":{"@type":"ImageObject","inLanguage":"en-US","@id":"https:\/\/librairie7l.com\/en\/#\/schema\/logo\/image\/","url":"https:\/\/librairie7l.com\/wp-content\/uploads\/2022\/08\/logo-1.png","contentUrl":"https:\/\/librairie7l.com\/wp-content\/uploads\/2022\/08\/logo-1.png","width":227,"height":301,"caption":"Librairie 7L"},"image":{"@id":"https:\/\/librairie7l.com\/en\/#\/schema\/logo\/image\/"}}]}},"_links":{"self":[{"href":"https:\/\/librairie7l.com\/en\/wp-json\/wp\/v2\/product\/38160"}],"collection":[{"href":"https:\/\/librairie7l.com\/en\/wp-json\/wp\/v2\/product"}],"about":[{"href":"https:\/\/librairie7l.com\/en\/wp-json\/wp\/v2\/types\/product"}],"wp:featuredmedia":[{"embeddable":true,"href":"https:\/\/librairie7l.com\/en\/wp-json\/wp\/v2\/media\/38158"}],"wp:attachment":[{"href":"https:\/\/librairie7l.com\/en\/wp-json\/wp\/v2\/media?parent=38160"}],"wp:term":[{"taxonomy":"product_cat","embeddable":true,"href":"https:\/\/librairie7l.com\/en\/wp-json\/wp\/v2\/product_cat?post=38160"},{"taxonomy":"product_tag","embeddable":true,"href":"https:\/\/librairie7l.com\/en\/wp-json\/wp\/v2\/product_tag?post=38160"}],"curies":[{"name":"wp","href":"https:\/\/api.w.org\/{rel}","templated":true}]}}

<p>Le roman solaire de l&#8217;histoire d&#8217;amour entre Man Ray et la jeune Ady Fidelin.<br />
Lorsque Man Ray, quarante-quatre ans, et Adrienne Fidelin, dix-neuf ans, se croisent au Bal colonial de la rue Blomet dans le Paris des Années folles, naît entre eux une histoire d&#8217;amour intense, qui durera quatre années avant d&#8217;être brutalement interrompue par la guerre. Des années de complicité et de passion qui les marqueront tous deux à vie.<br />
Gisèle Pineau, par la voix d&#8217;Ady, fait revivre ce bonheur suspendu. Obligée de quitter sa Guadeloupe natale à l&#8217;âge de quinze ans pour s&#8217;installer à Paris, la jeune femme séduit bientôt Man Ray et se voit entraînée par le grand artiste américain dans la vie de bohème qu&#8217;il mène avec ses amis. Car, à Montparnasse, comme durant les étés à Mougins avec Paul et Nusch Éluard, Pablo Picasso et Dora Maar, Lee Miller et Roland Penrose, les instants sont d&#8217;une liberté sexuelle et intellectuelle sans pareille. C&#8217;est un âge d&#8217;or que raconte Ady, un temps de nouveauté et de création dont les protagonistes sont des géants de l&#8217;histoire de l&#8217;art.<br />
Gisèle Pineau a écrit le roman vrai d&#8217;Ady, le &#8221; soleil noir &#8221; de Man Ray &#8211; une femme toute de grâce, dont Éluard aurait assuré qu&#8217;elle avait &#8221; des nuages dans les mains &#8220;.</p>

<p>Le roman solaire de l&#8217;histoire d&#8217;amour entre Man Ray et la jeune Ady Fidelin. Lorsque Man Ray, quarante-quatre ans, et Adrienne Fidelin, dix-neuf ans, se croisent au Bal colonial de la rue Blomet dans le Paris des Années folles, naît entre eux une histoire d&#8217;amour intense, qui durera quatre années avant d&#8217;être brutalement interrompue par [&hellip;]</p>

<!-- This site is optimized with the Yoast SEO plugin v20.11 - https://yoast.com/wordpress/plugins/seo/ -->
<title>Ady, soleil noir - Librairie 7L</title>
<meta name="robots" content="index, follow, max-snippet:-1, max-image-preview:large, max-video-preview:-1" />
<link rel="canonical" href="https://librairie7l.com/en/produit/ady-soleil-noir/" />
<meta property="og:locale" content="en_US" />
<meta property="og:type" content="article" />
<meta property="og:title" content="Ady, soleil noir - Librairie 7L" />
<meta property="og:description" content="Le roman solaire de l&#8217;histoire d&#8217;amour entre Man Ray et la jeune Ady Fidelin. Lorsque Man Ray, quarante-quatre ans, et Adrienne Fidelin, dix-neuf ans, se croisent au Bal colonial de la rue Blomet dans le Paris des Années folles, naît entre eux une histoire d&#8217;amour intense, qui durera quatre années avant d&#8217;être brutalement interrompue par [&hellip;]" />
<meta property="og:url" content="https://librairie7l.com/en/produit/ady-soleil-noir/" />
<meta property="og:site_name" content="Librairie 7L" />
<meta property="article:modified_time" content="2026-04-30T06:26:02+00:00" />
<meta property="og:image" content="https://librairie7l.com/wp-content/uploads/2023/10/9782384820597_1_75.jpg" />
	<meta property="og:image:width" content="600" />
	<meta property="og:image:height" content="937" />
	<meta property="og:image:type" content="image/jpeg" />
<meta name="twitter:card" content="summary_large_image" />
<meta name="twitter:label1" content="Est. reading time" />
	<meta name="twitter:data1" content="1 minute" />
<script type="application/ld+json" class="yoast-schema-graph">{"@context":"https://schema.org","@graph":[{"@type":"WebPage","@id":"https://librairie7l.com/en/produit/ady-soleil-noir/","url":"https://librairie7l.com/en/produit/ady-soleil-noir/","name":"Ady, soleil noir - Librairie 7L","isPartOf":{"@id":"https://librairie7l.com/en/#website"},"datePublished":"2024-01-05T08:16:19+00:00","dateModified":"2026-04-30T06:26:02+00:00","breadcrumb":{"@id":"https://librairie7l.com/en/produit/ady-soleil-noir/#breadcrumb"},"inLanguage":"en-US","potentialAction":[{"@type":"ReadAction","target":["https://librairie7l.com/en/produit/ady-soleil-noir/"]}]},{"@type":"BreadcrumbList","@id":"https://librairie7l.com/en/produit/ady-soleil-noir/#breadcrumb","itemListElement":[{"@type":"ListItem","position":1,"name":"Accueil","item":"https://librairie7l.com/en/"},{"@type":"ListItem","position":2,"name":"Shop","item":"https://librairie7l.com/en/shop/"},{"@type":"ListItem","position":3,"name":"ADY, SOLEIL NOIR"}]},{"@type":"WebSite","@id":"https://librairie7l.com/en/#website","url":"https://librairie7l.com/en/","name":"Librairie 7L","description":"Librairie fondée en 1999 par Karl Lagerfeld à Paris","publisher":{"@id":"https://librairie7l.com/en/#organization"},"potentialAction":[{"@type":"SearchAction","target":{"@type":"EntryPoint","urlTemplate":"https://librairie7l.com/en/?s={search_term_string}"},"query-input":"required name=search_term_string"}],"inLanguage":"en-US"},{"@type":"Organization","@id":"https://librairie7l.com/en/#organization","name":"Librairie 7L","url":"https://librairie7l.com/en/","logo":{"@type":"ImageObject","inLanguage":"en-US","@id":"https://librairie7l.com/en/#/schema/logo/image/","url":"https://librairie7l.com/wp-content/uploads/2022/08/logo-1.png","contentUrl":"https://librairie7l.com/wp-content/uploads/2022/08/logo-1.png","width":227,"height":301,"caption":"Librairie 7L"},"image":{"@id":"https://librairie7l.com/en/#/schema/logo/image/"}}]}</script>
<!-- / Yoast SEO plugin. -->

Le roman solaire de l&#8217;histoire d&#8217;amour entre Man Ray et la jeune Ady Fidelin. Lorsque Man Ray, quarante-quatre ans, et Adrienne Fidelin, dix-neuf ans, se croisent au Bal colonial de la rue Blomet dans le Paris des Années folles, naît entre eux une histoire d&#8217;amour intense, qui durera quatre années avant d&#8217;être brutalement interrompue par [&hellip;]

Librairie fondée en 1999 par Karl Lagerfeld à Paris
