{"id":38174,"date":"2024-01-11T09:16:12","date_gmt":"2024-01-11T08:16:12","guid":{"rendered":"https:\/\/librairie7l.com\/?post_type=product&#038;p=38174"},"modified":"2026-04-27T21:34:12","modified_gmt":"2026-04-27T19:34:12","slug":"avec-alberti-considerations-intempestives-sur-larchitecture","status":"publish","type":"product","link":"https:\/\/librairie7l.com\/en\/produit\/avec-alberti-considerations-intempestives-sur-larchitecture\/","title":{"rendered":"AVEC ALBERTI : CONSID\u00c9RATIONS INTEMPESTIVES SUR L&#8217;ARCHITECTURE"},"content":{"rendered":"<p>L&#8217;architecte contemporain est confront\u00e9 \u00e0 une conjoncture particuli\u00e8rement critique qui transforme directement les modalit\u00e9s de son action : d\u00e9mat\u00e9rialisation num\u00e9rique de pans entiers des activit\u00e9s humaines, explosion de l&#8217;urbanisation mondiale et des m\u00e9gapoles, crise environnementale plan\u00e9taire.<br \/>\nArnoldo Rivikin en est convaincu : la meilleure r\u00e9ponse architecturale \u00e0 ces enjeux se trouve dans la relecture avis\u00e9e de certains textes anciens qui ont fond\u00e9 la discipline.<br \/>\nLa course \u00e0 l&#8217;innovation num\u00e9rique, l&#8217;explosion de l&#8217;ubanisation et la crise environnementale plan\u00e9taire forment une conjoncture o\u00f9 l&#8217;architecture ne semble plus trouver place. Et si, au contraire, sa culture mill\u00e9naire regorgeait d&#8217;id\u00e9es et d&#8217;outils alternatifs ? R\u00e9d\u00e9couvrons, avec Arnoldo Rivkin, un des textes canoniques de la discipline : le  De \u00e6dificatoria de Leon Battista Alberti, premi\u00e8re tentative de th\u00e9orie g\u00e9n\u00e9rale et rationnelle de la conception architecturale, publi\u00e9 en 1485 apr\u00e8s la mort de son auteur, \u00e0 la fois &#8221; homme cam\u00e9l\u00e9on &#8221; et humaniste &#8221; inquiet &#8220;. Parmi les concepts albertiens, la &#8221; r\u00e9gion &#8220;, l'&#8221; aire &#8221; et la &#8221; partition &#8221; permettent de penser ensemble les \u00e9chelles trop souvent disjointes de nos environnements construits : le grand territoire, le site d&#8217;implantation et le plan int\u00e9rieur de l&#8217;\u00e9difice.<br \/>\n Examinant le devenir de ces notions \u00e0 travers le temps, depuis le Grand Si\u00e8cle de Louis XIV jusqu&#8217;\u00e0 l&#8217;architecture moderne, l&#8217;historien en identifie des manifestations contemporaines dans certains projets de Lacaton et Vassal, de Toyo Ito ou de Rem Koolhaas. Sortie du cercle de ses seuls ex\u00e9g\u00e8tes, la pens\u00e9e d&#8217;Alberti r\u00e9v\u00e8le alors toute sa vitalit\u00e9 critique pour armer l&#8217;action de l&#8217;architecture contemporain.<\/p>\n","protected":false},"excerpt":{"rendered":"<p>L&#8217;architecte contemporain est confront\u00e9 \u00e0 une conjoncture particuli\u00e8rement critique qui transforme directement les modalit\u00e9s de son action : d\u00e9mat\u00e9rialisation num\u00e9rique de pans entiers des activit\u00e9s humaines, explosion de l&#8217;urbanisation mondiale et des m\u00e9gapoles, crise environnementale plan\u00e9taire. Arnoldo Rivikin en est convaincu : la meilleure r\u00e9ponse architecturale \u00e0 ces enjeux se trouve dans la relecture avis\u00e9e [&hellip;]<\/p>\n","protected":false},"featured_media":38172,"template":"","meta":[],"product_cat":[55,2948,22,2950],"product_tag":[],"acf":[],"yoast_head":"<!-- This site is optimized with the Yoast SEO plugin v20.11 - https:\/\/yoast.com\/wordpress\/plugins\/seo\/ -->\n<title>Avec Alberti : consid\u00e9rations intempestives sur l&#039;architecture - Librairie 7L<\/title>\n<meta name=\"robots\" content=\"index, follow, max-snippet:-1, max-image-preview:large, max-video-preview:-1\" \/>\n<link rel=\"canonical\" href=\"https:\/\/librairie7l.com\/en\/produit\/avec-alberti-considerations-intempestives-sur-larchitecture\/\" \/>\n<meta property=\"og:locale\" content=\"en_US\" \/>\n<meta property=\"og:type\" content=\"article\" \/>\n<meta property=\"og:title\" content=\"Avec Alberti : consid\u00e9rations intempestives sur l&#039;architecture - Librairie 7L\" \/>\n<meta property=\"og:description\" content=\"L&#8217;architecte contemporain est confront\u00e9 \u00e0 une conjoncture particuli\u00e8rement critique qui transforme directement les modalit\u00e9s de son action : d\u00e9mat\u00e9rialisation num\u00e9rique de pans entiers des activit\u00e9s humaines, explosion de l&#8217;urbanisation mondiale et des m\u00e9gapoles, crise environnementale plan\u00e9taire. Arnoldo Rivikin en est convaincu : la meilleure r\u00e9ponse architecturale \u00e0 ces enjeux se trouve dans la relecture avis\u00e9e [&hellip;]\" \/>\n<meta property=\"og:url\" content=\"https:\/\/librairie7l.com\/en\/produit\/avec-alberti-considerations-intempestives-sur-larchitecture\/\" \/>\n<meta property=\"og:site_name\" content=\"Librairie 7L\" \/>\n<meta property=\"article:modified_time\" content=\"2026-04-27T19:34:12+00:00\" \/>\n<meta property=\"og:image\" content=\"https:\/\/librairie7l.com\/wp-content\/uploads\/2022\/06\/9782375560457_1_75.jpg\" \/>\n\t<meta property=\"og:image:width\" content=\"600\" \/>\n\t<meta property=\"og:image:height\" content=\"850\" \/>\n\t<meta property=\"og:image:type\" content=\"image\/jpeg\" \/>\n<meta name=\"twitter:card\" content=\"summary_large_image\" \/>\n<meta name=\"twitter:label1\" content=\"Est. reading time\" \/>\n\t<meta name=\"twitter:data1\" content=\"1 minute\" \/>\n<script type=\"application\/ld+json\" class=\"yoast-schema-graph\">{\"@context\":\"https:\/\/schema.org\",\"@graph\":[{\"@type\":\"WebPage\",\"@id\":\"https:\/\/librairie7l.com\/en\/produit\/avec-alberti-considerations-intempestives-sur-larchitecture\/\",\"url\":\"https:\/\/librairie7l.com\/en\/produit\/avec-alberti-considerations-intempestives-sur-larchitecture\/\",\"name\":\"Avec Alberti : consid\u00e9rations intempestives sur l'architecture - Librairie 7L\",\"isPartOf\":{\"@id\":\"https:\/\/librairie7l.com\/en\/#website\"},\"datePublished\":\"2024-01-11T08:16:12+00:00\",\"dateModified\":\"2026-04-27T19:34:12+00:00\",\"breadcrumb\":{\"@id\":\"https:\/\/librairie7l.com\/en\/produit\/avec-alberti-considerations-intempestives-sur-larchitecture\/#breadcrumb\"},\"inLanguage\":\"en-US\",\"potentialAction\":[{\"@type\":\"ReadAction\",\"target\":[\"https:\/\/librairie7l.com\/en\/produit\/avec-alberti-considerations-intempestives-sur-larchitecture\/\"]}]},{\"@type\":\"BreadcrumbList\",\"@id\":\"https:\/\/librairie7l.com\/en\/produit\/avec-alberti-considerations-intempestives-sur-larchitecture\/#breadcrumb\",\"itemListElement\":[{\"@type\":\"ListItem\",\"position\":1,\"name\":\"Accueil\",\"item\":\"https:\/\/librairie7l.com\/en\/\"},{\"@type\":\"ListItem\",\"position\":2,\"name\":\"Shop\",\"item\":\"https:\/\/librairie7l.com\/en\/shop\/\"},{\"@type\":\"ListItem\",\"position\":3,\"name\":\"AVEC ALBERTI : CONSID\u00c9RATIONS INTEMPESTIVES SUR L&#8217;ARCHITECTURE\"}]},{\"@type\":\"WebSite\",\"@id\":\"https:\/\/librairie7l.com\/en\/#website\",\"url\":\"https:\/\/librairie7l.com\/en\/\",\"name\":\"Librairie 7L\",\"description\":\"Librairie fond\u00e9e en 1999 par Karl Lagerfeld \u00e0 Paris\",\"publisher\":{\"@id\":\"https:\/\/librairie7l.com\/en\/#organization\"},\"potentialAction\":[{\"@type\":\"SearchAction\",\"target\":{\"@type\":\"EntryPoint\",\"urlTemplate\":\"https:\/\/librairie7l.com\/en\/?s={search_term_string}\"},\"query-input\":\"required name=search_term_string\"}],\"inLanguage\":\"en-US\"},{\"@type\":\"Organization\",\"@id\":\"https:\/\/librairie7l.com\/en\/#organization\",\"name\":\"Librairie 7L\",\"url\":\"https:\/\/librairie7l.com\/en\/\",\"logo\":{\"@type\":\"ImageObject\",\"inLanguage\":\"en-US\",\"@id\":\"https:\/\/librairie7l.com\/en\/#\/schema\/logo\/image\/\",\"url\":\"https:\/\/librairie7l.com\/wp-content\/uploads\/2022\/08\/logo-1.png\",\"contentUrl\":\"https:\/\/librairie7l.com\/wp-content\/uploads\/2022\/08\/logo-1.png\",\"width\":227,\"height\":301,\"caption\":\"Librairie 7L\"},\"image\":{\"@id\":\"https:\/\/librairie7l.com\/en\/#\/schema\/logo\/image\/\"}}]}<\/script>\n<!-- \/ Yoast SEO plugin. -->","yoast_head_json":{"title":"Avec Alberti : consid\u00e9rations intempestives sur l'architecture - Librairie 7L","robots":{"index":"index","follow":"follow","max-snippet":"max-snippet:-1","max-image-preview":"max-image-preview:large","max-video-preview":"max-video-preview:-1"},"canonical":"https:\/\/librairie7l.com\/en\/produit\/avec-alberti-considerations-intempestives-sur-larchitecture\/","og_locale":"en_US","og_type":"article","og_title":"Avec Alberti : consid\u00e9rations intempestives sur l'architecture - Librairie 7L","og_description":"L&#8217;architecte contemporain est confront\u00e9 \u00e0 une conjoncture particuli\u00e8rement critique qui transforme directement les modalit\u00e9s de son action : d\u00e9mat\u00e9rialisation num\u00e9rique de pans entiers des activit\u00e9s humaines, explosion de l&#8217;urbanisation mondiale et des m\u00e9gapoles, crise environnementale plan\u00e9taire. Arnoldo Rivikin en est convaincu : la meilleure r\u00e9ponse architecturale \u00e0 ces enjeux se trouve dans la relecture avis\u00e9e [&hellip;]","og_url":"https:\/\/librairie7l.com\/en\/produit\/avec-alberti-considerations-intempestives-sur-larchitecture\/","og_site_name":"Librairie 7L","article_modified_time":"2026-04-27T19:34:12+00:00","og_image":[{"width":600,"height":850,"url":"https:\/\/librairie7l.com\/wp-content\/uploads\/2022\/06\/9782375560457_1_75.jpg","type":"image\/jpeg"}],"twitter_card":"summary_large_image","twitter_misc":{"Est. reading time":"1 minute"},"schema":{"@context":"https:\/\/schema.org","@graph":[{"@type":"WebPage","@id":"https:\/\/librairie7l.com\/en\/produit\/avec-alberti-considerations-intempestives-sur-larchitecture\/","url":"https:\/\/librairie7l.com\/en\/produit\/avec-alberti-considerations-intempestives-sur-larchitecture\/","name":"Avec Alberti : consid\u00e9rations intempestives sur l'architecture - Librairie 7L","isPartOf":{"@id":"https:\/\/librairie7l.com\/en\/#website"},"datePublished":"2024-01-11T08:16:12+00:00","dateModified":"2026-04-27T19:34:12+00:00","breadcrumb":{"@id":"https:\/\/librairie7l.com\/en\/produit\/avec-alberti-considerations-intempestives-sur-larchitecture\/#breadcrumb"},"inLanguage":"en-US","potentialAction":[{"@type":"ReadAction","target":["https:\/\/librairie7l.com\/en\/produit\/avec-alberti-considerations-intempestives-sur-larchitecture\/"]}]},{"@type":"BreadcrumbList","@id":"https:\/\/librairie7l.com\/en\/produit\/avec-alberti-considerations-intempestives-sur-larchitecture\/#breadcrumb","itemListElement":[{"@type":"ListItem","position":1,"name":"Accueil","item":"https:\/\/librairie7l.com\/en\/"},{"@type":"ListItem","position":2,"name":"Shop","item":"https:\/\/librairie7l.com\/en\/shop\/"},{"@type":"ListItem","position":3,"name":"AVEC ALBERTI : CONSID\u00c9RATIONS INTEMPESTIVES SUR L&#8217;ARCHITECTURE"}]},{"@type":"WebSite","@id":"https:\/\/librairie7l.com\/en\/#website","url":"https:\/\/librairie7l.com\/en\/","name":"Librairie 7L","description":"Librairie fond\u00e9e en 1999 par Karl Lagerfeld \u00e0 Paris","publisher":{"@id":"https:\/\/librairie7l.com\/en\/#organization"},"potentialAction":[{"@type":"SearchAction","target":{"@type":"EntryPoint","urlTemplate":"https:\/\/librairie7l.com\/en\/?s={search_term_string}"},"query-input":"required name=search_term_string"}],"inLanguage":"en-US"},{"@type":"Organization","@id":"https:\/\/librairie7l.com\/en\/#organization","name":"Librairie 7L","url":"https:\/\/librairie7l.com\/en\/","logo":{"@type":"ImageObject","inLanguage":"en-US","@id":"https:\/\/librairie7l.com\/en\/#\/schema\/logo\/image\/","url":"https:\/\/librairie7l.com\/wp-content\/uploads\/2022\/08\/logo-1.png","contentUrl":"https:\/\/librairie7l.com\/wp-content\/uploads\/2022\/08\/logo-1.png","width":227,"height":301,"caption":"Librairie 7L"},"image":{"@id":"https:\/\/librairie7l.com\/en\/#\/schema\/logo\/image\/"}}]}},"_links":{"self":[{"href":"https:\/\/librairie7l.com\/en\/wp-json\/wp\/v2\/product\/38174"}],"collection":[{"href":"https:\/\/librairie7l.com\/en\/wp-json\/wp\/v2\/product"}],"about":[{"href":"https:\/\/librairie7l.com\/en\/wp-json\/wp\/v2\/types\/product"}],"wp:featuredmedia":[{"embeddable":true,"href":"https:\/\/librairie7l.com\/en\/wp-json\/wp\/v2\/media\/38172"}],"wp:attachment":[{"href":"https:\/\/librairie7l.com\/en\/wp-json\/wp\/v2\/media?parent=38174"}],"wp:term":[{"taxonomy":"product_cat","embeddable":true,"href":"https:\/\/librairie7l.com\/en\/wp-json\/wp\/v2\/product_cat?post=38174"},{"taxonomy":"product_tag","embeddable":true,"href":"https:\/\/librairie7l.com\/en\/wp-json\/wp\/v2\/product_tag?post=38174"}],"curies":[{"name":"wp","href":"https:\/\/api.w.org\/{rel}","templated":true}]}}

AVEC ALBERTI : CONSIDÉRATIONS INTEMPESTIVES SUR L&#8217;ARCHITECTURE

<p>L&#8217;architecte contemporain est confronté à une conjoncture particulièrement critique qui transforme directement les modalités de son action : dématérialisation numérique de pans entiers des activités humaines, explosion de l&#8217;urbanisation mondiale et des mégapoles, crise environnementale planétaire.<br />
Arnoldo Rivikin en est convaincu : la meilleure réponse architecturale à ces enjeux se trouve dans la relecture avisée de certains textes anciens qui ont fondé la discipline.<br />
La course à l&#8217;innovation numérique, l&#8217;explosion de l&#8217;ubanisation et la crise environnementale planétaire forment une conjoncture où l&#8217;architecture ne semble plus trouver place. Et si, au contraire, sa culture millénaire regorgeait d&#8217;idées et d&#8217;outils alternatifs ? Rédécouvrons, avec Arnoldo Rivkin, un des textes canoniques de la discipline : le  De ædificatoria de Leon Battista Alberti, première tentative de théorie générale et rationnelle de la conception architecturale, publié en 1485 après la mort de son auteur, à la fois &#8221; homme caméléon &#8221; et humaniste &#8221; inquiet &#8220;. Parmi les concepts albertiens, la &#8221; région &#8220;, l'&#8221; aire &#8221; et la &#8221; partition &#8221; permettent de penser ensemble les échelles trop souvent disjointes de nos environnements construits : le grand territoire, le site d&#8217;implantation et le plan intérieur de l&#8217;édifice.<br />
 Examinant le devenir de ces notions à travers le temps, depuis le Grand Siècle de Louis XIV jusqu&#8217;à l&#8217;architecture moderne, l&#8217;historien en identifie des manifestations contemporaines dans certains projets de Lacaton et Vassal, de Toyo Ito ou de Rem Koolhaas. Sortie du cercle de ses seuls exégètes, la pensée d&#8217;Alberti révèle alors toute sa vitalité critique pour armer l&#8217;action de l&#8217;architecture contemporain.</p>

<p>L&#8217;architecte contemporain est confronté à une conjoncture particulièrement critique qui transforme directement les modalités de son action : dématérialisation numérique de pans entiers des activités humaines, explosion de l&#8217;urbanisation mondiale et des mégapoles, crise environnementale planétaire. Arnoldo Rivikin en est convaincu : la meilleure réponse architecturale à ces enjeux se trouve dans la relecture avisée [&hellip;]</p>

<!-- This site is optimized with the Yoast SEO plugin v20.11 - https://yoast.com/wordpress/plugins/seo/ -->
<title>Avec Alberti : considérations intempestives sur l&#039;architecture - Librairie 7L</title>
<meta name="robots" content="index, follow, max-snippet:-1, max-image-preview:large, max-video-preview:-1" />
<link rel="canonical" href="https://librairie7l.com/en/produit/avec-alberti-considerations-intempestives-sur-larchitecture/" />
<meta property="og:locale" content="en_US" />
<meta property="og:type" content="article" />
<meta property="og:title" content="Avec Alberti : considérations intempestives sur l&#039;architecture - Librairie 7L" />
<meta property="og:description" content="L&#8217;architecte contemporain est confronté à une conjoncture particulièrement critique qui transforme directement les modalités de son action : dématérialisation numérique de pans entiers des activités humaines, explosion de l&#8217;urbanisation mondiale et des mégapoles, crise environnementale planétaire. Arnoldo Rivikin en est convaincu : la meilleure réponse architecturale à ces enjeux se trouve dans la relecture avisée [&hellip;]" />
<meta property="og:url" content="https://librairie7l.com/en/produit/avec-alberti-considerations-intempestives-sur-larchitecture/" />
<meta property="og:site_name" content="Librairie 7L" />
<meta property="article:modified_time" content="2026-04-27T19:34:12+00:00" />
<meta property="og:image" content="https://librairie7l.com/wp-content/uploads/2022/06/9782375560457_1_75.jpg" />
	<meta property="og:image:width" content="600" />
	<meta property="og:image:height" content="850" />
	<meta property="og:image:type" content="image/jpeg" />
<meta name="twitter:card" content="summary_large_image" />
<meta name="twitter:label1" content="Est. reading time" />
	<meta name="twitter:data1" content="1 minute" />
<script type="application/ld+json" class="yoast-schema-graph">{"@context":"https://schema.org","@graph":[{"@type":"WebPage","@id":"https://librairie7l.com/en/produit/avec-alberti-considerations-intempestives-sur-larchitecture/","url":"https://librairie7l.com/en/produit/avec-alberti-considerations-intempestives-sur-larchitecture/","name":"Avec Alberti : considérations intempestives sur l'architecture - Librairie 7L","isPartOf":{"@id":"https://librairie7l.com/en/#website"},"datePublished":"2024-01-11T08:16:12+00:00","dateModified":"2026-04-27T19:34:12+00:00","breadcrumb":{"@id":"https://librairie7l.com/en/produit/avec-alberti-considerations-intempestives-sur-larchitecture/#breadcrumb"},"inLanguage":"en-US","potentialAction":[{"@type":"ReadAction","target":["https://librairie7l.com/en/produit/avec-alberti-considerations-intempestives-sur-larchitecture/"]}]},{"@type":"BreadcrumbList","@id":"https://librairie7l.com/en/produit/avec-alberti-considerations-intempestives-sur-larchitecture/#breadcrumb","itemListElement":[{"@type":"ListItem","position":1,"name":"Accueil","item":"https://librairie7l.com/en/"},{"@type":"ListItem","position":2,"name":"Shop","item":"https://librairie7l.com/en/shop/"},{"@type":"ListItem","position":3,"name":"AVEC ALBERTI : CONSIDÉRATIONS INTEMPESTIVES SUR L&#8217;ARCHITECTURE"}]},{"@type":"WebSite","@id":"https://librairie7l.com/en/#website","url":"https://librairie7l.com/en/","name":"Librairie 7L","description":"Librairie fondée en 1999 par Karl Lagerfeld à Paris","publisher":{"@id":"https://librairie7l.com/en/#organization"},"potentialAction":[{"@type":"SearchAction","target":{"@type":"EntryPoint","urlTemplate":"https://librairie7l.com/en/?s={search_term_string}"},"query-input":"required name=search_term_string"}],"inLanguage":"en-US"},{"@type":"Organization","@id":"https://librairie7l.com/en/#organization","name":"Librairie 7L","url":"https://librairie7l.com/en/","logo":{"@type":"ImageObject","inLanguage":"en-US","@id":"https://librairie7l.com/en/#/schema/logo/image/","url":"https://librairie7l.com/wp-content/uploads/2022/08/logo-1.png","contentUrl":"https://librairie7l.com/wp-content/uploads/2022/08/logo-1.png","width":227,"height":301,"caption":"Librairie 7L"},"image":{"@id":"https://librairie7l.com/en/#/schema/logo/image/"}}]}</script>
<!-- / Yoast SEO plugin. -->

Avec Alberti : considérations intempestives sur l'architecture - Librairie 7L

L&#8217;architecte contemporain est confronté à une conjoncture particulièrement critique qui transforme directement les modalités de son action : dématérialisation numérique de pans entiers des activités humaines, explosion de l&#8217;urbanisation mondiale et des mégapoles, crise environnementale planétaire. Arnoldo Rivikin en est convaincu : la meilleure réponse architecturale à ces enjeux se trouve dans la relecture avisée [&hellip;]

Librairie fondée en 1999 par Karl Lagerfeld à Paris
