{"id":38483,"date":"2024-02-09T09:39:57","date_gmt":"2024-02-09T08:39:57","guid":{"rendered":"https:\/\/librairie7l.com\/?post_type=product&#038;p=38483"},"modified":"2026-04-27T02:15:10","modified_gmt":"2026-04-27T00:15:10","slug":"la-folle-histoire-du-rouge-a-levres","status":"publish","type":"product","link":"https:\/\/librairie7l.com\/en\/produit\/la-folle-histoire-du-rouge-a-levres\/","title":{"rendered":"LA FOLLE HISTOIRE DU ROUGE \u00c0 L\u00c8VRES"},"content":{"rendered":"<p>Sur toutes les l\u00e8vres offre aux lecteurs une exploration riche et d\u00e9taill\u00e9e de l&#8217;histoire du rouge \u00e0 l\u00e8vres. Cet ouvrage remarquable, regorgeant d&#8217;images artistiques et captivantes &#8211; des portraits anciens aux publicit\u00e9s modernes &#8211; est une invitation \u00e0 un voyage unique \u00e0 travers le temps, retra\u00e7ant le parcours de ce symbole de beaut\u00e9 et de pouvoir f\u00e9minin. Revisitant les \u00e9poques, Rachel Kahn et Christophe Fort nous conduisent des rives du Nil, o\u00f9 Cl\u00e9op\u00e2tre utilisait d\u00e9j\u00e0 le rouge \u00e0 l\u00e8vres comme un instrument de s\u00e9duction, jusque dans nos villes modernes o\u00f9 le lipstick s&#8217;est impos\u00e9 comme un \u00e9l\u00e9ment essentiel de la trousse \u00e0 maquillage. Le lecteur est guid\u00e9 \u00e0 travers cette histoire fascinante par des figures embl\u00e9matiques telles que Marylin Monroe, Elisabeth I d&#8217;Angleterre, la Reine Victoria et Rita Hayworth, dont les histoires personnelles et les images magnifiques enrichissent le r\u00e9cit. Le parcours du rouge \u00e0 l\u00e8vres moderne, depuis sa cr\u00e9ation par le parfumeur fran\u00e7ais Guerlain en 1920 jusqu&#8217;\u00e0 son omnipr\u00e9sence actuelle, avec pr\u00e8s de deux milliards de tubes vendus chaque ann\u00e9e dans le monde, est d\u00e9voil\u00e9 avec pr\u00e9cision. Les auteurs mettent ainsi en lumi\u00e8re sa transformation constante pour satisfaire des besoins vari\u00e9s, comme ceux des populations noires dans les ann\u00e9es 90, tout en r\u00e9pondant aux pr\u00e9occupations \u00e9cologiques et aux questions de genre. Sur toutes les l\u00e8vres?brille enfin par sa collection d&#8217;entretiens profonds et diversifi\u00e9s. Des figures de proue telles que Ren\u00e9 Koch, fondateur du Mus\u00e9e du Rouge \u00e0 l\u00e8vres \u00e0 Berlin, et Nicolas Gerlier, pionnier du rouge \u00e0 l\u00e8vres \u00e9co-responsable, aux chercheurs et historiens comme Anne-Marie Granet-Abisset, chaque entretien offre une perspective unique et une nouvelle compr\u00e9hension du r\u00f4le complexe et fascinant du rouge \u00e0 l\u00e8vres dans notre soci\u00e9t\u00e9. Sur toutes les l\u00e8vres est plus qu&#8217;un livre : c&#8217;est une exp\u00e9rience immersive dans l&#8217;univers du rouge \u00e0 l\u00e8vres. Avec une richesse visuelle in\u00e9gal\u00e9e et un r\u00e9cit passionnant, ce livre est indispensable pour tous ceux qui s&#8217;int\u00e9ressent \u00e0 l&#8217;histoire de la beaut\u00e9, \u00e0 l&#8217;\u00e9volution des normes culturelles, et au r\u00f4le changeant de la femme \u00e0 travers les si\u00e8cles.<\/p>\n","protected":false},"excerpt":{"rendered":"<p>Sur toutes les l\u00e8vres offre aux lecteurs une exploration riche et d\u00e9taill\u00e9e de l&#8217;histoire du rouge \u00e0 l\u00e8vres. Cet ouvrage remarquable, regorgeant d&#8217;images artistiques et captivantes &#8211; des portraits anciens aux publicit\u00e9s modernes &#8211; est une invitation \u00e0 un voyage unique \u00e0 travers le temps, retra\u00e7ant le parcours de ce symbole de beaut\u00e9 et de [&hellip;]<\/p>\n","protected":false},"featured_media":38481,"template":"","meta":[],"product_cat":[2948,2957],"product_tag":[],"acf":[],"yoast_head":"<!-- This site is optimized with the Yoast SEO plugin v20.11 - https:\/\/yoast.com\/wordpress\/plugins\/seo\/ -->\n<title>La folle histoire du rouge \u00e0 l\u00e8vres - Librairie 7L<\/title>\n<meta name=\"robots\" content=\"index, follow, max-snippet:-1, max-image-preview:large, max-video-preview:-1\" \/>\n<link rel=\"canonical\" href=\"https:\/\/librairie7l.com\/en\/produit\/la-folle-histoire-du-rouge-a-levres\/\" \/>\n<meta property=\"og:locale\" content=\"en_US\" \/>\n<meta property=\"og:type\" content=\"article\" \/>\n<meta property=\"og:title\" content=\"La folle histoire du rouge \u00e0 l\u00e8vres - Librairie 7L\" \/>\n<meta property=\"og:description\" content=\"Sur toutes les l\u00e8vres offre aux lecteurs une exploration riche et d\u00e9taill\u00e9e de l&#8217;histoire du rouge \u00e0 l\u00e8vres. Cet ouvrage remarquable, regorgeant d&#8217;images artistiques et captivantes &#8211; des portraits anciens aux publicit\u00e9s modernes &#8211; est une invitation \u00e0 un voyage unique \u00e0 travers le temps, retra\u00e7ant le parcours de ce symbole de beaut\u00e9 et de [&hellip;]\" \/>\n<meta property=\"og:url\" content=\"https:\/\/librairie7l.com\/en\/produit\/la-folle-histoire-du-rouge-a-levres\/\" \/>\n<meta property=\"og:site_name\" content=\"Librairie 7L\" \/>\n<meta property=\"article:modified_time\" content=\"2026-04-27T00:15:10+00:00\" \/>\n<meta property=\"og:image\" content=\"https:\/\/librairie7l.com\/wp-content\/uploads\/2023\/07\/9782733504611_1_75.jpg\" \/>\n\t<meta property=\"og:image:width\" content=\"600\" \/>\n\t<meta property=\"og:image:height\" content=\"850\" \/>\n\t<meta property=\"og:image:type\" content=\"image\/jpeg\" \/>\n<meta name=\"twitter:card\" content=\"summary_large_image\" \/>\n<meta name=\"twitter:label1\" content=\"Est. reading time\" \/>\n\t<meta name=\"twitter:data1\" content=\"2 minutes\" \/>\n<script type=\"application\/ld+json\" class=\"yoast-schema-graph\">{\"@context\":\"https:\/\/schema.org\",\"@graph\":[{\"@type\":\"WebPage\",\"@id\":\"https:\/\/librairie7l.com\/en\/produit\/la-folle-histoire-du-rouge-a-levres\/\",\"url\":\"https:\/\/librairie7l.com\/en\/produit\/la-folle-histoire-du-rouge-a-levres\/\",\"name\":\"La folle histoire du rouge \u00e0 l\u00e8vres - Librairie 7L\",\"isPartOf\":{\"@id\":\"https:\/\/librairie7l.com\/en\/#website\"},\"datePublished\":\"2024-02-09T08:39:57+00:00\",\"dateModified\":\"2026-04-27T00:15:10+00:00\",\"breadcrumb\":{\"@id\":\"https:\/\/librairie7l.com\/en\/produit\/la-folle-histoire-du-rouge-a-levres\/#breadcrumb\"},\"inLanguage\":\"en-US\",\"potentialAction\":[{\"@type\":\"ReadAction\",\"target\":[\"https:\/\/librairie7l.com\/en\/produit\/la-folle-histoire-du-rouge-a-levres\/\"]}]},{\"@type\":\"BreadcrumbList\",\"@id\":\"https:\/\/librairie7l.com\/en\/produit\/la-folle-histoire-du-rouge-a-levres\/#breadcrumb\",\"itemListElement\":[{\"@type\":\"ListItem\",\"position\":1,\"name\":\"Accueil\",\"item\":\"https:\/\/librairie7l.com\/en\/\"},{\"@type\":\"ListItem\",\"position\":2,\"name\":\"Shop\",\"item\":\"https:\/\/librairie7l.com\/en\/shop\/\"},{\"@type\":\"ListItem\",\"position\":3,\"name\":\"LA FOLLE HISTOIRE DU ROUGE \u00c0 L\u00c8VRES\"}]},{\"@type\":\"WebSite\",\"@id\":\"https:\/\/librairie7l.com\/en\/#website\",\"url\":\"https:\/\/librairie7l.com\/en\/\",\"name\":\"Librairie 7L\",\"description\":\"Librairie fond\u00e9e en 1999 par Karl Lagerfeld \u00e0 Paris\",\"publisher\":{\"@id\":\"https:\/\/librairie7l.com\/en\/#organization\"},\"potentialAction\":[{\"@type\":\"SearchAction\",\"target\":{\"@type\":\"EntryPoint\",\"urlTemplate\":\"https:\/\/librairie7l.com\/en\/?s={search_term_string}\"},\"query-input\":\"required name=search_term_string\"}],\"inLanguage\":\"en-US\"},{\"@type\":\"Organization\",\"@id\":\"https:\/\/librairie7l.com\/en\/#organization\",\"name\":\"Librairie 7L\",\"url\":\"https:\/\/librairie7l.com\/en\/\",\"logo\":{\"@type\":\"ImageObject\",\"inLanguage\":\"en-US\",\"@id\":\"https:\/\/librairie7l.com\/en\/#\/schema\/logo\/image\/\",\"url\":\"https:\/\/librairie7l.com\/wp-content\/uploads\/2022\/08\/logo-1.png\",\"contentUrl\":\"https:\/\/librairie7l.com\/wp-content\/uploads\/2022\/08\/logo-1.png\",\"width\":227,\"height\":301,\"caption\":\"Librairie 7L\"},\"image\":{\"@id\":\"https:\/\/librairie7l.com\/en\/#\/schema\/logo\/image\/\"}}]}<\/script>\n<!-- \/ Yoast SEO plugin. -->","yoast_head_json":{"title":"La folle histoire du rouge \u00e0 l\u00e8vres - Librairie 7L","robots":{"index":"index","follow":"follow","max-snippet":"max-snippet:-1","max-image-preview":"max-image-preview:large","max-video-preview":"max-video-preview:-1"},"canonical":"https:\/\/librairie7l.com\/en\/produit\/la-folle-histoire-du-rouge-a-levres\/","og_locale":"en_US","og_type":"article","og_title":"La folle histoire du rouge \u00e0 l\u00e8vres - Librairie 7L","og_description":"Sur toutes les l\u00e8vres offre aux lecteurs une exploration riche et d\u00e9taill\u00e9e de l&#8217;histoire du rouge \u00e0 l\u00e8vres. Cet ouvrage remarquable, regorgeant d&#8217;images artistiques et captivantes &#8211; des portraits anciens aux publicit\u00e9s modernes &#8211; est une invitation \u00e0 un voyage unique \u00e0 travers le temps, retra\u00e7ant le parcours de ce symbole de beaut\u00e9 et de [&hellip;]","og_url":"https:\/\/librairie7l.com\/en\/produit\/la-folle-histoire-du-rouge-a-levres\/","og_site_name":"Librairie 7L","article_modified_time":"2026-04-27T00:15:10+00:00","og_image":[{"width":600,"height":850,"url":"https:\/\/librairie7l.com\/wp-content\/uploads\/2023\/07\/9782733504611_1_75.jpg","type":"image\/jpeg"}],"twitter_card":"summary_large_image","twitter_misc":{"Est. reading time":"2 minutes"},"schema":{"@context":"https:\/\/schema.org","@graph":[{"@type":"WebPage","@id":"https:\/\/librairie7l.com\/en\/produit\/la-folle-histoire-du-rouge-a-levres\/","url":"https:\/\/librairie7l.com\/en\/produit\/la-folle-histoire-du-rouge-a-levres\/","name":"La folle histoire du rouge \u00e0 l\u00e8vres - Librairie 7L","isPartOf":{"@id":"https:\/\/librairie7l.com\/en\/#website"},"datePublished":"2024-02-09T08:39:57+00:00","dateModified":"2026-04-27T00:15:10+00:00","breadcrumb":{"@id":"https:\/\/librairie7l.com\/en\/produit\/la-folle-histoire-du-rouge-a-levres\/#breadcrumb"},"inLanguage":"en-US","potentialAction":[{"@type":"ReadAction","target":["https:\/\/librairie7l.com\/en\/produit\/la-folle-histoire-du-rouge-a-levres\/"]}]},{"@type":"BreadcrumbList","@id":"https:\/\/librairie7l.com\/en\/produit\/la-folle-histoire-du-rouge-a-levres\/#breadcrumb","itemListElement":[{"@type":"ListItem","position":1,"name":"Accueil","item":"https:\/\/librairie7l.com\/en\/"},{"@type":"ListItem","position":2,"name":"Shop","item":"https:\/\/librairie7l.com\/en\/shop\/"},{"@type":"ListItem","position":3,"name":"LA FOLLE HISTOIRE DU ROUGE \u00c0 L\u00c8VRES"}]},{"@type":"WebSite","@id":"https:\/\/librairie7l.com\/en\/#website","url":"https:\/\/librairie7l.com\/en\/","name":"Librairie 7L","description":"Librairie fond\u00e9e en 1999 par Karl Lagerfeld \u00e0 Paris","publisher":{"@id":"https:\/\/librairie7l.com\/en\/#organization"},"potentialAction":[{"@type":"SearchAction","target":{"@type":"EntryPoint","urlTemplate":"https:\/\/librairie7l.com\/en\/?s={search_term_string}"},"query-input":"required name=search_term_string"}],"inLanguage":"en-US"},{"@type":"Organization","@id":"https:\/\/librairie7l.com\/en\/#organization","name":"Librairie 7L","url":"https:\/\/librairie7l.com\/en\/","logo":{"@type":"ImageObject","inLanguage":"en-US","@id":"https:\/\/librairie7l.com\/en\/#\/schema\/logo\/image\/","url":"https:\/\/librairie7l.com\/wp-content\/uploads\/2022\/08\/logo-1.png","contentUrl":"https:\/\/librairie7l.com\/wp-content\/uploads\/2022\/08\/logo-1.png","width":227,"height":301,"caption":"Librairie 7L"},"image":{"@id":"https:\/\/librairie7l.com\/en\/#\/schema\/logo\/image\/"}}]}},"_links":{"self":[{"href":"https:\/\/librairie7l.com\/en\/wp-json\/wp\/v2\/product\/38483"}],"collection":[{"href":"https:\/\/librairie7l.com\/en\/wp-json\/wp\/v2\/product"}],"about":[{"href":"https:\/\/librairie7l.com\/en\/wp-json\/wp\/v2\/types\/product"}],"wp:featuredmedia":[{"embeddable":true,"href":"https:\/\/librairie7l.com\/en\/wp-json\/wp\/v2\/media\/38481"}],"wp:attachment":[{"href":"https:\/\/librairie7l.com\/en\/wp-json\/wp\/v2\/media?parent=38483"}],"wp:term":[{"taxonomy":"product_cat","embeddable":true,"href":"https:\/\/librairie7l.com\/en\/wp-json\/wp\/v2\/product_cat?post=38483"},{"taxonomy":"product_tag","embeddable":true,"href":"https:\/\/librairie7l.com\/en\/wp-json\/wp\/v2\/product_tag?post=38483"}],"curies":[{"name":"wp","href":"https:\/\/api.w.org\/{rel}","templated":true}]}}

LA FOLLE HISTOIRE DU ROUGE À LÈVRES

<p>Sur toutes les lèvres offre aux lecteurs une exploration riche et détaillée de l&#8217;histoire du rouge à lèvres. Cet ouvrage remarquable, regorgeant d&#8217;images artistiques et captivantes &#8211; des portraits anciens aux publicités modernes &#8211; est une invitation à un voyage unique à travers le temps, retraçant le parcours de ce symbole de beauté et de pouvoir féminin. Revisitant les époques, Rachel Kahn et Christophe Fort nous conduisent des rives du Nil, où Cléopâtre utilisait déjà le rouge à lèvres comme un instrument de séduction, jusque dans nos villes modernes où le lipstick s&#8217;est imposé comme un élément essentiel de la trousse à maquillage. Le lecteur est guidé à travers cette histoire fascinante par des figures emblématiques telles que Marylin Monroe, Elisabeth I d&#8217;Angleterre, la Reine Victoria et Rita Hayworth, dont les histoires personnelles et les images magnifiques enrichissent le récit. Le parcours du rouge à lèvres moderne, depuis sa création par le parfumeur français Guerlain en 1920 jusqu&#8217;à son omniprésence actuelle, avec près de deux milliards de tubes vendus chaque année dans le monde, est dévoilé avec précision. Les auteurs mettent ainsi en lumière sa transformation constante pour satisfaire des besoins variés, comme ceux des populations noires dans les années 90, tout en répondant aux préoccupations écologiques et aux questions de genre. Sur toutes les lèvres?brille enfin par sa collection d&#8217;entretiens profonds et diversifiés. Des figures de proue telles que René Koch, fondateur du Musée du Rouge à lèvres à Berlin, et Nicolas Gerlier, pionnier du rouge à lèvres éco-responsable, aux chercheurs et historiens comme Anne-Marie Granet-Abisset, chaque entretien offre une perspective unique et une nouvelle compréhension du rôle complexe et fascinant du rouge à lèvres dans notre société. Sur toutes les lèvres est plus qu&#8217;un livre : c&#8217;est une expérience immersive dans l&#8217;univers du rouge à lèvres. Avec une richesse visuelle inégalée et un récit passionnant, ce livre est indispensable pour tous ceux qui s&#8217;intéressent à l&#8217;histoire de la beauté, à l&#8217;évolution des normes culturelles, et au rôle changeant de la femme à travers les siècles.</p>

<p>Sur toutes les lèvres offre aux lecteurs une exploration riche et détaillée de l&#8217;histoire du rouge à lèvres. Cet ouvrage remarquable, regorgeant d&#8217;images artistiques et captivantes &#8211; des portraits anciens aux publicités modernes &#8211; est une invitation à un voyage unique à travers le temps, retraçant le parcours de ce symbole de beauté et de [&hellip;]</p>

<!-- This site is optimized with the Yoast SEO plugin v20.11 - https://yoast.com/wordpress/plugins/seo/ -->
<title>La folle histoire du rouge à lèvres - Librairie 7L</title>
<meta name="robots" content="index, follow, max-snippet:-1, max-image-preview:large, max-video-preview:-1" />
<link rel="canonical" href="https://librairie7l.com/en/produit/la-folle-histoire-du-rouge-a-levres/" />
<meta property="og:locale" content="en_US" />
<meta property="og:type" content="article" />
<meta property="og:title" content="La folle histoire du rouge à lèvres - Librairie 7L" />
<meta property="og:description" content="Sur toutes les lèvres offre aux lecteurs une exploration riche et détaillée de l&#8217;histoire du rouge à lèvres. Cet ouvrage remarquable, regorgeant d&#8217;images artistiques et captivantes &#8211; des portraits anciens aux publicités modernes &#8211; est une invitation à un voyage unique à travers le temps, retraçant le parcours de ce symbole de beauté et de [&hellip;]" />
<meta property="og:url" content="https://librairie7l.com/en/produit/la-folle-histoire-du-rouge-a-levres/" />
<meta property="og:site_name" content="Librairie 7L" />
<meta property="article:modified_time" content="2026-04-27T00:15:10+00:00" />
<meta property="og:image" content="https://librairie7l.com/wp-content/uploads/2023/07/9782733504611_1_75.jpg" />
	<meta property="og:image:width" content="600" />
	<meta property="og:image:height" content="850" />
	<meta property="og:image:type" content="image/jpeg" />
<meta name="twitter:card" content="summary_large_image" />
<meta name="twitter:label1" content="Est. reading time" />
	<meta name="twitter:data1" content="2 minutes" />
<script type="application/ld+json" class="yoast-schema-graph">{"@context":"https://schema.org","@graph":[{"@type":"WebPage","@id":"https://librairie7l.com/en/produit/la-folle-histoire-du-rouge-a-levres/","url":"https://librairie7l.com/en/produit/la-folle-histoire-du-rouge-a-levres/","name":"La folle histoire du rouge à lèvres - Librairie 7L","isPartOf":{"@id":"https://librairie7l.com/en/#website"},"datePublished":"2024-02-09T08:39:57+00:00","dateModified":"2026-04-27T00:15:10+00:00","breadcrumb":{"@id":"https://librairie7l.com/en/produit/la-folle-histoire-du-rouge-a-levres/#breadcrumb"},"inLanguage":"en-US","potentialAction":[{"@type":"ReadAction","target":["https://librairie7l.com/en/produit/la-folle-histoire-du-rouge-a-levres/"]}]},{"@type":"BreadcrumbList","@id":"https://librairie7l.com/en/produit/la-folle-histoire-du-rouge-a-levres/#breadcrumb","itemListElement":[{"@type":"ListItem","position":1,"name":"Accueil","item":"https://librairie7l.com/en/"},{"@type":"ListItem","position":2,"name":"Shop","item":"https://librairie7l.com/en/shop/"},{"@type":"ListItem","position":3,"name":"LA FOLLE HISTOIRE DU ROUGE À LÈVRES"}]},{"@type":"WebSite","@id":"https://librairie7l.com/en/#website","url":"https://librairie7l.com/en/","name":"Librairie 7L","description":"Librairie fondée en 1999 par Karl Lagerfeld à Paris","publisher":{"@id":"https://librairie7l.com/en/#organization"},"potentialAction":[{"@type":"SearchAction","target":{"@type":"EntryPoint","urlTemplate":"https://librairie7l.com/en/?s={search_term_string}"},"query-input":"required name=search_term_string"}],"inLanguage":"en-US"},{"@type":"Organization","@id":"https://librairie7l.com/en/#organization","name":"Librairie 7L","url":"https://librairie7l.com/en/","logo":{"@type":"ImageObject","inLanguage":"en-US","@id":"https://librairie7l.com/en/#/schema/logo/image/","url":"https://librairie7l.com/wp-content/uploads/2022/08/logo-1.png","contentUrl":"https://librairie7l.com/wp-content/uploads/2022/08/logo-1.png","width":227,"height":301,"caption":"Librairie 7L"},"image":{"@id":"https://librairie7l.com/en/#/schema/logo/image/"}}]}</script>
<!-- / Yoast SEO plugin. -->

La folle histoire du rouge à lèvres - Librairie 7L

Sur toutes les lèvres offre aux lecteurs une exploration riche et détaillée de l&#8217;histoire du rouge à lèvres. Cet ouvrage remarquable, regorgeant d&#8217;images artistiques et captivantes &#8211; des portraits anciens aux publicités modernes &#8211; est une invitation à un voyage unique à travers le temps, retraçant le parcours de ce symbole de beauté et de [&hellip;]

Librairie fondée en 1999 par Karl Lagerfeld à Paris
