{"id":39749,"date":"2024-03-13T09:18:31","date_gmt":"2024-03-13T08:18:31","guid":{"rendered":"https:\/\/librairie7l.com\/?post_type=product&#038;p=39749"},"modified":"2026-04-30T13:59:29","modified_gmt":"2026-04-30T11:59:29","slug":"paul-durand-ruel-memoires-du-marchand-des-impressionnistes","status":"publish","type":"product","link":"https:\/\/librairie7l.com\/en\/produit\/paul-durand-ruel-memoires-du-marchand-des-impressionnistes\/","title":{"rendered":"PAUL DURAND-RUEL : M\u00c9MOIRES DU MARCHAND DES IMPRESSIONNISTES"},"content":{"rendered":"<p>Paul Durand-Ruel a red\u00e9fini le r\u00f4le de marchand d&#8217;art. Il a \u00e9t\u00e9 un exceptionnel entrepreneur et un pr\u00e9curseur sur la sc\u00e8ne internationale en \u00e9tablissant un r\u00e9seau de galeries \u00e0 Paris, Londres, Bruxelles et New York, et en organisant des expositions dans le monde entier. Convaincu par le talent des artistes de l&#8217;\u00e9cole de Barbizon et des impressionnistes, et confiant dans son r\u00f4le de d\u00e9fenseur de leur art, Paul Durand-Ruel a su imposer les oeuvres de Auguste Renoir, Claude Monet, Alfred Sisley, Berthe Morisot ou Mary Cassatt&#8230; Ces m\u00e9moires sont le t\u00e9moignage unique d&#8217;un homme qui a jou\u00e9 un r\u00f4le essentiel dans un des moments les plus importants de l&#8217;art fran\u00e7ais. Elles retracent la vie artistique et le march\u00e9 de l&#8217;art du XIX? si\u00e8cle, mais aussi la conviction de Paul Durand-Ruel, ami et soutien des artistes, d&#8217;imposer l&#8217;impressionnisme.<\/p>\n","protected":false},"excerpt":{"rendered":"<p>Paul Durand-Ruel a red\u00e9fini le r\u00f4le de marchand d&#8217;art. Il a \u00e9t\u00e9 un exceptionnel entrepreneur et un pr\u00e9curseur sur la sc\u00e8ne internationale en \u00e9tablissant un r\u00e9seau de galeries \u00e0 Paris, Londres, Bruxelles et New York, et en organisant des expositions dans le monde entier. Convaincu par le talent des artistes de l&#8217;\u00e9cole de Barbizon et [&hellip;]<\/p>\n","protected":false},"featured_media":39747,"template":"","meta":[],"product_cat":[2948,2953],"product_tag":[],"acf":[],"yoast_head":"<!-- This site is optimized with the Yoast SEO plugin v20.11 - https:\/\/yoast.com\/wordpress\/plugins\/seo\/ -->\n<title>Paul Durand-Ruel : M\u00e9moires du marchand des impressionnistes - Librairie 7L<\/title>\n<meta name=\"robots\" content=\"index, follow, max-snippet:-1, max-image-preview:large, max-video-preview:-1\" \/>\n<link rel=\"canonical\" href=\"https:\/\/librairie7l.com\/en\/produit\/paul-durand-ruel-memoires-du-marchand-des-impressionnistes\/\" \/>\n<meta property=\"og:locale\" content=\"en_US\" \/>\n<meta property=\"og:type\" content=\"article\" \/>\n<meta property=\"og:title\" content=\"Paul Durand-Ruel : M\u00e9moires du marchand des impressionnistes - Librairie 7L\" \/>\n<meta property=\"og:description\" content=\"Paul Durand-Ruel a red\u00e9fini le r\u00f4le de marchand d&#8217;art. Il a \u00e9t\u00e9 un exceptionnel entrepreneur et un pr\u00e9curseur sur la sc\u00e8ne internationale en \u00e9tablissant un r\u00e9seau de galeries \u00e0 Paris, Londres, Bruxelles et New York, et en organisant des expositions dans le monde entier. Convaincu par le talent des artistes de l&#8217;\u00e9cole de Barbizon et [&hellip;]\" \/>\n<meta property=\"og:url\" content=\"https:\/\/librairie7l.com\/en\/produit\/paul-durand-ruel-memoires-du-marchand-des-impressionnistes\/\" \/>\n<meta property=\"og:site_name\" content=\"Librairie 7L\" \/>\n<meta property=\"article:modified_time\" content=\"2026-04-30T11:59:29+00:00\" \/>\n<meta property=\"og:image\" content=\"https:\/\/librairie7l.com\/wp-content\/uploads\/2023\/12\/9782080446428_1_75.jpg\" \/>\n\t<meta property=\"og:image:width\" content=\"600\" \/>\n\t<meta property=\"og:image:height\" content=\"935\" \/>\n\t<meta property=\"og:image:type\" content=\"image\/jpeg\" \/>\n<meta name=\"twitter:card\" content=\"summary_large_image\" \/>\n<meta name=\"twitter:label1\" content=\"Est. reading time\" \/>\n\t<meta name=\"twitter:data1\" content=\"1 minute\" \/>\n<script type=\"application\/ld+json\" class=\"yoast-schema-graph\">{\"@context\":\"https:\/\/schema.org\",\"@graph\":[{\"@type\":\"WebPage\",\"@id\":\"https:\/\/librairie7l.com\/en\/produit\/paul-durand-ruel-memoires-du-marchand-des-impressionnistes\/\",\"url\":\"https:\/\/librairie7l.com\/en\/produit\/paul-durand-ruel-memoires-du-marchand-des-impressionnistes\/\",\"name\":\"Paul Durand-Ruel : M\u00e9moires du marchand des impressionnistes - Librairie 7L\",\"isPartOf\":{\"@id\":\"https:\/\/librairie7l.com\/en\/#website\"},\"datePublished\":\"2024-03-13T08:18:31+00:00\",\"dateModified\":\"2026-04-30T11:59:29+00:00\",\"breadcrumb\":{\"@id\":\"https:\/\/librairie7l.com\/en\/produit\/paul-durand-ruel-memoires-du-marchand-des-impressionnistes\/#breadcrumb\"},\"inLanguage\":\"en-US\",\"potentialAction\":[{\"@type\":\"ReadAction\",\"target\":[\"https:\/\/librairie7l.com\/en\/produit\/paul-durand-ruel-memoires-du-marchand-des-impressionnistes\/\"]}]},{\"@type\":\"BreadcrumbList\",\"@id\":\"https:\/\/librairie7l.com\/en\/produit\/paul-durand-ruel-memoires-du-marchand-des-impressionnistes\/#breadcrumb\",\"itemListElement\":[{\"@type\":\"ListItem\",\"position\":1,\"name\":\"Accueil\",\"item\":\"https:\/\/librairie7l.com\/en\/\"},{\"@type\":\"ListItem\",\"position\":2,\"name\":\"Shop\",\"item\":\"https:\/\/librairie7l.com\/en\/shop\/\"},{\"@type\":\"ListItem\",\"position\":3,\"name\":\"PAUL DURAND-RUEL : M\u00c9MOIRES DU MARCHAND DES IMPRESSIONNISTES\"}]},{\"@type\":\"WebSite\",\"@id\":\"https:\/\/librairie7l.com\/en\/#website\",\"url\":\"https:\/\/librairie7l.com\/en\/\",\"name\":\"Librairie 7L\",\"description\":\"Librairie fond\u00e9e en 1999 par Karl Lagerfeld \u00e0 Paris\",\"publisher\":{\"@id\":\"https:\/\/librairie7l.com\/en\/#organization\"},\"potentialAction\":[{\"@type\":\"SearchAction\",\"target\":{\"@type\":\"EntryPoint\",\"urlTemplate\":\"https:\/\/librairie7l.com\/en\/?s={search_term_string}\"},\"query-input\":\"required name=search_term_string\"}],\"inLanguage\":\"en-US\"},{\"@type\":\"Organization\",\"@id\":\"https:\/\/librairie7l.com\/en\/#organization\",\"name\":\"Librairie 7L\",\"url\":\"https:\/\/librairie7l.com\/en\/\",\"logo\":{\"@type\":\"ImageObject\",\"inLanguage\":\"en-US\",\"@id\":\"https:\/\/librairie7l.com\/en\/#\/schema\/logo\/image\/\",\"url\":\"https:\/\/librairie7l.com\/wp-content\/uploads\/2022\/08\/logo-1.png\",\"contentUrl\":\"https:\/\/librairie7l.com\/wp-content\/uploads\/2022\/08\/logo-1.png\",\"width\":227,\"height\":301,\"caption\":\"Librairie 7L\"},\"image\":{\"@id\":\"https:\/\/librairie7l.com\/en\/#\/schema\/logo\/image\/\"}}]}<\/script>\n<!-- \/ Yoast SEO plugin. -->","yoast_head_json":{"title":"Paul Durand-Ruel : M\u00e9moires du marchand des impressionnistes - Librairie 7L","robots":{"index":"index","follow":"follow","max-snippet":"max-snippet:-1","max-image-preview":"max-image-preview:large","max-video-preview":"max-video-preview:-1"},"canonical":"https:\/\/librairie7l.com\/en\/produit\/paul-durand-ruel-memoires-du-marchand-des-impressionnistes\/","og_locale":"en_US","og_type":"article","og_title":"Paul Durand-Ruel : M\u00e9moires du marchand des impressionnistes - Librairie 7L","og_description":"Paul Durand-Ruel a red\u00e9fini le r\u00f4le de marchand d&#8217;art. Il a \u00e9t\u00e9 un exceptionnel entrepreneur et un pr\u00e9curseur sur la sc\u00e8ne internationale en \u00e9tablissant un r\u00e9seau de galeries \u00e0 Paris, Londres, Bruxelles et New York, et en organisant des expositions dans le monde entier. Convaincu par le talent des artistes de l&#8217;\u00e9cole de Barbizon et [&hellip;]","og_url":"https:\/\/librairie7l.com\/en\/produit\/paul-durand-ruel-memoires-du-marchand-des-impressionnistes\/","og_site_name":"Librairie 7L","article_modified_time":"2026-04-30T11:59:29+00:00","og_image":[{"width":600,"height":935,"url":"https:\/\/librairie7l.com\/wp-content\/uploads\/2023\/12\/9782080446428_1_75.jpg","type":"image\/jpeg"}],"twitter_card":"summary_large_image","twitter_misc":{"Est. reading time":"1 minute"},"schema":{"@context":"https:\/\/schema.org","@graph":[{"@type":"WebPage","@id":"https:\/\/librairie7l.com\/en\/produit\/paul-durand-ruel-memoires-du-marchand-des-impressionnistes\/","url":"https:\/\/librairie7l.com\/en\/produit\/paul-durand-ruel-memoires-du-marchand-des-impressionnistes\/","name":"Paul Durand-Ruel : M\u00e9moires du marchand des impressionnistes - Librairie 7L","isPartOf":{"@id":"https:\/\/librairie7l.com\/en\/#website"},"datePublished":"2024-03-13T08:18:31+00:00","dateModified":"2026-04-30T11:59:29+00:00","breadcrumb":{"@id":"https:\/\/librairie7l.com\/en\/produit\/paul-durand-ruel-memoires-du-marchand-des-impressionnistes\/#breadcrumb"},"inLanguage":"en-US","potentialAction":[{"@type":"ReadAction","target":["https:\/\/librairie7l.com\/en\/produit\/paul-durand-ruel-memoires-du-marchand-des-impressionnistes\/"]}]},{"@type":"BreadcrumbList","@id":"https:\/\/librairie7l.com\/en\/produit\/paul-durand-ruel-memoires-du-marchand-des-impressionnistes\/#breadcrumb","itemListElement":[{"@type":"ListItem","position":1,"name":"Accueil","item":"https:\/\/librairie7l.com\/en\/"},{"@type":"ListItem","position":2,"name":"Shop","item":"https:\/\/librairie7l.com\/en\/shop\/"},{"@type":"ListItem","position":3,"name":"PAUL DURAND-RUEL : M\u00c9MOIRES DU MARCHAND DES IMPRESSIONNISTES"}]},{"@type":"WebSite","@id":"https:\/\/librairie7l.com\/en\/#website","url":"https:\/\/librairie7l.com\/en\/","name":"Librairie 7L","description":"Librairie fond\u00e9e en 1999 par Karl Lagerfeld \u00e0 Paris","publisher":{"@id":"https:\/\/librairie7l.com\/en\/#organization"},"potentialAction":[{"@type":"SearchAction","target":{"@type":"EntryPoint","urlTemplate":"https:\/\/librairie7l.com\/en\/?s={search_term_string}"},"query-input":"required name=search_term_string"}],"inLanguage":"en-US"},{"@type":"Organization","@id":"https:\/\/librairie7l.com\/en\/#organization","name":"Librairie 7L","url":"https:\/\/librairie7l.com\/en\/","logo":{"@type":"ImageObject","inLanguage":"en-US","@id":"https:\/\/librairie7l.com\/en\/#\/schema\/logo\/image\/","url":"https:\/\/librairie7l.com\/wp-content\/uploads\/2022\/08\/logo-1.png","contentUrl":"https:\/\/librairie7l.com\/wp-content\/uploads\/2022\/08\/logo-1.png","width":227,"height":301,"caption":"Librairie 7L"},"image":{"@id":"https:\/\/librairie7l.com\/en\/#\/schema\/logo\/image\/"}}]}},"_links":{"self":[{"href":"https:\/\/librairie7l.com\/en\/wp-json\/wp\/v2\/product\/39749"}],"collection":[{"href":"https:\/\/librairie7l.com\/en\/wp-json\/wp\/v2\/product"}],"about":[{"href":"https:\/\/librairie7l.com\/en\/wp-json\/wp\/v2\/types\/product"}],"wp:featuredmedia":[{"embeddable":true,"href":"https:\/\/librairie7l.com\/en\/wp-json\/wp\/v2\/media\/39747"}],"wp:attachment":[{"href":"https:\/\/librairie7l.com\/en\/wp-json\/wp\/v2\/media?parent=39749"}],"wp:term":[{"taxonomy":"product_cat","embeddable":true,"href":"https:\/\/librairie7l.com\/en\/wp-json\/wp\/v2\/product_cat?post=39749"},{"taxonomy":"product_tag","embeddable":true,"href":"https:\/\/librairie7l.com\/en\/wp-json\/wp\/v2\/product_tag?post=39749"}],"curies":[{"name":"wp","href":"https:\/\/api.w.org\/{rel}","templated":true}]}}

PAUL DURAND-RUEL : MÉMOIRES DU MARCHAND DES IMPRESSIONNISTES

<p>Paul Durand-Ruel a redéfini le rôle de marchand d&#8217;art. Il a été un exceptionnel entrepreneur et un précurseur sur la scène internationale en établissant un réseau de galeries à Paris, Londres, Bruxelles et New York, et en organisant des expositions dans le monde entier. Convaincu par le talent des artistes de l&#8217;école de Barbizon et des impressionnistes, et confiant dans son rôle de défenseur de leur art, Paul Durand-Ruel a su imposer les oeuvres de Auguste Renoir, Claude Monet, Alfred Sisley, Berthe Morisot ou Mary Cassatt&#8230; Ces mémoires sont le témoignage unique d&#8217;un homme qui a joué un rôle essentiel dans un des moments les plus importants de l&#8217;art français. Elles retracent la vie artistique et le marché de l&#8217;art du XIX? siècle, mais aussi la conviction de Paul Durand-Ruel, ami et soutien des artistes, d&#8217;imposer l&#8217;impressionnisme.</p>

<p>Paul Durand-Ruel a redéfini le rôle de marchand d&#8217;art. Il a été un exceptionnel entrepreneur et un précurseur sur la scène internationale en établissant un réseau de galeries à Paris, Londres, Bruxelles et New York, et en organisant des expositions dans le monde entier. Convaincu par le talent des artistes de l&#8217;école de Barbizon et [&hellip;]</p>

<!-- This site is optimized with the Yoast SEO plugin v20.11 - https://yoast.com/wordpress/plugins/seo/ -->
<title>Paul Durand-Ruel : Mémoires du marchand des impressionnistes - Librairie 7L</title>
<meta name="robots" content="index, follow, max-snippet:-1, max-image-preview:large, max-video-preview:-1" />
<link rel="canonical" href="https://librairie7l.com/en/produit/paul-durand-ruel-memoires-du-marchand-des-impressionnistes/" />
<meta property="og:locale" content="en_US" />
<meta property="og:type" content="article" />
<meta property="og:title" content="Paul Durand-Ruel : Mémoires du marchand des impressionnistes - Librairie 7L" />
<meta property="og:description" content="Paul Durand-Ruel a redéfini le rôle de marchand d&#8217;art. Il a été un exceptionnel entrepreneur et un précurseur sur la scène internationale en établissant un réseau de galeries à Paris, Londres, Bruxelles et New York, et en organisant des expositions dans le monde entier. Convaincu par le talent des artistes de l&#8217;école de Barbizon et [&hellip;]" />
<meta property="og:url" content="https://librairie7l.com/en/produit/paul-durand-ruel-memoires-du-marchand-des-impressionnistes/" />
<meta property="og:site_name" content="Librairie 7L" />
<meta property="article:modified_time" content="2026-04-30T11:59:29+00:00" />
<meta property="og:image" content="https://librairie7l.com/wp-content/uploads/2023/12/9782080446428_1_75.jpg" />
	<meta property="og:image:width" content="600" />
	<meta property="og:image:height" content="935" />
	<meta property="og:image:type" content="image/jpeg" />
<meta name="twitter:card" content="summary_large_image" />
<meta name="twitter:label1" content="Est. reading time" />
	<meta name="twitter:data1" content="1 minute" />
<script type="application/ld+json" class="yoast-schema-graph">{"@context":"https://schema.org","@graph":[{"@type":"WebPage","@id":"https://librairie7l.com/en/produit/paul-durand-ruel-memoires-du-marchand-des-impressionnistes/","url":"https://librairie7l.com/en/produit/paul-durand-ruel-memoires-du-marchand-des-impressionnistes/","name":"Paul Durand-Ruel : Mémoires du marchand des impressionnistes - Librairie 7L","isPartOf":{"@id":"https://librairie7l.com/en/#website"},"datePublished":"2024-03-13T08:18:31+00:00","dateModified":"2026-04-30T11:59:29+00:00","breadcrumb":{"@id":"https://librairie7l.com/en/produit/paul-durand-ruel-memoires-du-marchand-des-impressionnistes/#breadcrumb"},"inLanguage":"en-US","potentialAction":[{"@type":"ReadAction","target":["https://librairie7l.com/en/produit/paul-durand-ruel-memoires-du-marchand-des-impressionnistes/"]}]},{"@type":"BreadcrumbList","@id":"https://librairie7l.com/en/produit/paul-durand-ruel-memoires-du-marchand-des-impressionnistes/#breadcrumb","itemListElement":[{"@type":"ListItem","position":1,"name":"Accueil","item":"https://librairie7l.com/en/"},{"@type":"ListItem","position":2,"name":"Shop","item":"https://librairie7l.com/en/shop/"},{"@type":"ListItem","position":3,"name":"PAUL DURAND-RUEL : MÉMOIRES DU MARCHAND DES IMPRESSIONNISTES"}]},{"@type":"WebSite","@id":"https://librairie7l.com/en/#website","url":"https://librairie7l.com/en/","name":"Librairie 7L","description":"Librairie fondée en 1999 par Karl Lagerfeld à Paris","publisher":{"@id":"https://librairie7l.com/en/#organization"},"potentialAction":[{"@type":"SearchAction","target":{"@type":"EntryPoint","urlTemplate":"https://librairie7l.com/en/?s={search_term_string}"},"query-input":"required name=search_term_string"}],"inLanguage":"en-US"},{"@type":"Organization","@id":"https://librairie7l.com/en/#organization","name":"Librairie 7L","url":"https://librairie7l.com/en/","logo":{"@type":"ImageObject","inLanguage":"en-US","@id":"https://librairie7l.com/en/#/schema/logo/image/","url":"https://librairie7l.com/wp-content/uploads/2022/08/logo-1.png","contentUrl":"https://librairie7l.com/wp-content/uploads/2022/08/logo-1.png","width":227,"height":301,"caption":"Librairie 7L"},"image":{"@id":"https://librairie7l.com/en/#/schema/logo/image/"}}]}</script>
<!-- / Yoast SEO plugin. -->

Paul Durand-Ruel : Mémoires du marchand des impressionnistes - Librairie 7L

Paul Durand-Ruel a redéfini le rôle de marchand d&#8217;art. Il a été un exceptionnel entrepreneur et un précurseur sur la scène internationale en établissant un réseau de galeries à Paris, Londres, Bruxelles et New York, et en organisant des expositions dans le monde entier. Convaincu par le talent des artistes de l&#8217;école de Barbizon et [&hellip;]

Librairie fondée en 1999 par Karl Lagerfeld à Paris
