{"id":40049,"date":"2024-03-30T09:19:06","date_gmt":"2024-03-30T08:19:06","guid":{"rendered":"https:\/\/librairie7l.com\/?post_type=product&#038;p=40049"},"modified":"2026-04-30T15:24:17","modified_gmt":"2026-04-30T13:24:17","slug":"jean-helion-la-prose-du-monde-musee-dart-moderne-de-paris","status":"publish","type":"product","link":"https:\/\/librairie7l.com\/en\/produit\/jean-helion-la-prose-du-monde-musee-dart-moderne-de-paris\/","title":{"rendered":"JEAN H\u00c9LION, LA PROSE DU MONDE : MUS\u00c9E D&#8217;ART MODERNE DE PARIS"},"content":{"rendered":"<p>Une exposition au Mus\u00e9e d&#8217;Art Moderne de Paris, du vendredi 22 mars 2024 au dimanche 18 ao\u00fbt 2024.<br \/>\nLe Mus\u00e9e d&#8217;Art Moderne propose une exposition r\u00e9trospective de l&#8217;oeuvre de Jean H\u00e9lion (1904 &#8211; 1987), peintre et intellectuel dont l&#8217;oeuvre traverse le XXe si\u00e8cle. Organis\u00e9e de mani\u00e8re chronologique, l&#8217;exposition rassemble plus de 150 oeuvres provenant de grandes institutions fran\u00e7aises et internationales ainsi que de nombreuses collections priv\u00e9es. Jean H\u00e9lion, La prose du monde est une exposition incontournable pour les amateurs d&#8217;art abstrait et de peinture.<\/p>\n","protected":false},"excerpt":{"rendered":"<p>Une exposition au Mus\u00e9e d&#8217;Art Moderne de Paris, du vendredi 22 mars 2024 au dimanche 18 ao\u00fbt 2024. Le Mus\u00e9e d&#8217;Art Moderne propose une exposition r\u00e9trospective de l&#8217;oeuvre de Jean H\u00e9lion (1904 &#8211; 1987), peintre et intellectuel dont l&#8217;oeuvre traverse le XXe si\u00e8cle. Organis\u00e9e de mani\u00e8re chronologique, l&#8217;exposition rassemble plus de 150 oeuvres provenant de [&hellip;]<\/p>\n","protected":false},"featured_media":40047,"template":"","meta":[],"product_cat":[2948,2953],"product_tag":[],"acf":[],"yoast_head":"<!-- This site is optimized with the Yoast SEO plugin v20.11 - https:\/\/yoast.com\/wordpress\/plugins\/seo\/ -->\n<title>Jean H\u00e9lion, la prose du monde : Mus\u00e9e d&#039;Art moderne de Paris - Librairie 7L<\/title>\n<meta name=\"robots\" content=\"index, follow, max-snippet:-1, max-image-preview:large, max-video-preview:-1\" \/>\n<link rel=\"canonical\" href=\"https:\/\/librairie7l.com\/en\/produit\/jean-helion-la-prose-du-monde-musee-dart-moderne-de-paris\/\" \/>\n<meta property=\"og:locale\" content=\"en_US\" \/>\n<meta property=\"og:type\" content=\"article\" \/>\n<meta property=\"og:title\" content=\"Jean H\u00e9lion, la prose du monde : Mus\u00e9e d&#039;Art moderne de Paris - Librairie 7L\" \/>\n<meta property=\"og:description\" content=\"Une exposition au Mus\u00e9e d&#8217;Art Moderne de Paris, du vendredi 22 mars 2024 au dimanche 18 ao\u00fbt 2024. Le Mus\u00e9e d&#8217;Art Moderne propose une exposition r\u00e9trospective de l&#8217;oeuvre de Jean H\u00e9lion (1904 &#8211; 1987), peintre et intellectuel dont l&#8217;oeuvre traverse le XXe si\u00e8cle. Organis\u00e9e de mani\u00e8re chronologique, l&#8217;exposition rassemble plus de 150 oeuvres provenant de [&hellip;]\" \/>\n<meta property=\"og:url\" content=\"https:\/\/librairie7l.com\/en\/produit\/jean-helion-la-prose-du-monde-musee-dart-moderne-de-paris\/\" \/>\n<meta property=\"og:site_name\" content=\"Librairie 7L\" \/>\n<meta property=\"article:modified_time\" content=\"2026-04-30T13:24:17+00:00\" \/>\n<meta property=\"og:image\" content=\"https:\/\/librairie7l.com\/wp-content\/uploads\/2023\/10\/9782759605767_1_75.jpg\" \/>\n\t<meta property=\"og:image:width\" content=\"400\" \/>\n\t<meta property=\"og:image:height\" content=\"494\" \/>\n\t<meta property=\"og:image:type\" content=\"image\/jpeg\" \/>\n<meta name=\"twitter:card\" content=\"summary_large_image\" \/>\n<script type=\"application\/ld+json\" class=\"yoast-schema-graph\">{\"@context\":\"https:\/\/schema.org\",\"@graph\":[{\"@type\":\"WebPage\",\"@id\":\"https:\/\/librairie7l.com\/en\/produit\/jean-helion-la-prose-du-monde-musee-dart-moderne-de-paris\/\",\"url\":\"https:\/\/librairie7l.com\/en\/produit\/jean-helion-la-prose-du-monde-musee-dart-moderne-de-paris\/\",\"name\":\"Jean H\u00e9lion, la prose du monde : Mus\u00e9e d'Art moderne de Paris - Librairie 7L\",\"isPartOf\":{\"@id\":\"https:\/\/librairie7l.com\/en\/#website\"},\"datePublished\":\"2024-03-30T08:19:06+00:00\",\"dateModified\":\"2026-04-30T13:24:17+00:00\",\"breadcrumb\":{\"@id\":\"https:\/\/librairie7l.com\/en\/produit\/jean-helion-la-prose-du-monde-musee-dart-moderne-de-paris\/#breadcrumb\"},\"inLanguage\":\"en-US\",\"potentialAction\":[{\"@type\":\"ReadAction\",\"target\":[\"https:\/\/librairie7l.com\/en\/produit\/jean-helion-la-prose-du-monde-musee-dart-moderne-de-paris\/\"]}]},{\"@type\":\"BreadcrumbList\",\"@id\":\"https:\/\/librairie7l.com\/en\/produit\/jean-helion-la-prose-du-monde-musee-dart-moderne-de-paris\/#breadcrumb\",\"itemListElement\":[{\"@type\":\"ListItem\",\"position\":1,\"name\":\"Accueil\",\"item\":\"https:\/\/librairie7l.com\/en\/\"},{\"@type\":\"ListItem\",\"position\":2,\"name\":\"Shop\",\"item\":\"https:\/\/librairie7l.com\/en\/shop\/\"},{\"@type\":\"ListItem\",\"position\":3,\"name\":\"JEAN H\u00c9LION, LA PROSE DU MONDE : MUS\u00c9E D&#8217;ART MODERNE DE PARIS\"}]},{\"@type\":\"WebSite\",\"@id\":\"https:\/\/librairie7l.com\/en\/#website\",\"url\":\"https:\/\/librairie7l.com\/en\/\",\"name\":\"Librairie 7L\",\"description\":\"Librairie fond\u00e9e en 1999 par Karl Lagerfeld \u00e0 Paris\",\"publisher\":{\"@id\":\"https:\/\/librairie7l.com\/en\/#organization\"},\"potentialAction\":[{\"@type\":\"SearchAction\",\"target\":{\"@type\":\"EntryPoint\",\"urlTemplate\":\"https:\/\/librairie7l.com\/en\/?s={search_term_string}\"},\"query-input\":\"required name=search_term_string\"}],\"inLanguage\":\"en-US\"},{\"@type\":\"Organization\",\"@id\":\"https:\/\/librairie7l.com\/en\/#organization\",\"name\":\"Librairie 7L\",\"url\":\"https:\/\/librairie7l.com\/en\/\",\"logo\":{\"@type\":\"ImageObject\",\"inLanguage\":\"en-US\",\"@id\":\"https:\/\/librairie7l.com\/en\/#\/schema\/logo\/image\/\",\"url\":\"https:\/\/librairie7l.com\/wp-content\/uploads\/2022\/08\/logo-1.png\",\"contentUrl\":\"https:\/\/librairie7l.com\/wp-content\/uploads\/2022\/08\/logo-1.png\",\"width\":227,\"height\":301,\"caption\":\"Librairie 7L\"},\"image\":{\"@id\":\"https:\/\/librairie7l.com\/en\/#\/schema\/logo\/image\/\"}}]}<\/script>\n<!-- \/ Yoast SEO plugin. -->","yoast_head_json":{"title":"Jean H\u00e9lion, la prose du monde : Mus\u00e9e d'Art moderne de Paris - Librairie 7L","robots":{"index":"index","follow":"follow","max-snippet":"max-snippet:-1","max-image-preview":"max-image-preview:large","max-video-preview":"max-video-preview:-1"},"canonical":"https:\/\/librairie7l.com\/en\/produit\/jean-helion-la-prose-du-monde-musee-dart-moderne-de-paris\/","og_locale":"en_US","og_type":"article","og_title":"Jean H\u00e9lion, la prose du monde : Mus\u00e9e d'Art moderne de Paris - Librairie 7L","og_description":"Une exposition au Mus\u00e9e d&#8217;Art Moderne de Paris, du vendredi 22 mars 2024 au dimanche 18 ao\u00fbt 2024. Le Mus\u00e9e d&#8217;Art Moderne propose une exposition r\u00e9trospective de l&#8217;oeuvre de Jean H\u00e9lion (1904 &#8211; 1987), peintre et intellectuel dont l&#8217;oeuvre traverse le XXe si\u00e8cle. Organis\u00e9e de mani\u00e8re chronologique, l&#8217;exposition rassemble plus de 150 oeuvres provenant de [&hellip;]","og_url":"https:\/\/librairie7l.com\/en\/produit\/jean-helion-la-prose-du-monde-musee-dart-moderne-de-paris\/","og_site_name":"Librairie 7L","article_modified_time":"2026-04-30T13:24:17+00:00","og_image":[{"width":400,"height":494,"url":"https:\/\/librairie7l.com\/wp-content\/uploads\/2023\/10\/9782759605767_1_75.jpg","type":"image\/jpeg"}],"twitter_card":"summary_large_image","schema":{"@context":"https:\/\/schema.org","@graph":[{"@type":"WebPage","@id":"https:\/\/librairie7l.com\/en\/produit\/jean-helion-la-prose-du-monde-musee-dart-moderne-de-paris\/","url":"https:\/\/librairie7l.com\/en\/produit\/jean-helion-la-prose-du-monde-musee-dart-moderne-de-paris\/","name":"Jean H\u00e9lion, la prose du monde : Mus\u00e9e d'Art moderne de Paris - Librairie 7L","isPartOf":{"@id":"https:\/\/librairie7l.com\/en\/#website"},"datePublished":"2024-03-30T08:19:06+00:00","dateModified":"2026-04-30T13:24:17+00:00","breadcrumb":{"@id":"https:\/\/librairie7l.com\/en\/produit\/jean-helion-la-prose-du-monde-musee-dart-moderne-de-paris\/#breadcrumb"},"inLanguage":"en-US","potentialAction":[{"@type":"ReadAction","target":["https:\/\/librairie7l.com\/en\/produit\/jean-helion-la-prose-du-monde-musee-dart-moderne-de-paris\/"]}]},{"@type":"BreadcrumbList","@id":"https:\/\/librairie7l.com\/en\/produit\/jean-helion-la-prose-du-monde-musee-dart-moderne-de-paris\/#breadcrumb","itemListElement":[{"@type":"ListItem","position":1,"name":"Accueil","item":"https:\/\/librairie7l.com\/en\/"},{"@type":"ListItem","position":2,"name":"Shop","item":"https:\/\/librairie7l.com\/en\/shop\/"},{"@type":"ListItem","position":3,"name":"JEAN H\u00c9LION, LA PROSE DU MONDE : MUS\u00c9E D&#8217;ART MODERNE DE PARIS"}]},{"@type":"WebSite","@id":"https:\/\/librairie7l.com\/en\/#website","url":"https:\/\/librairie7l.com\/en\/","name":"Librairie 7L","description":"Librairie fond\u00e9e en 1999 par Karl Lagerfeld \u00e0 Paris","publisher":{"@id":"https:\/\/librairie7l.com\/en\/#organization"},"potentialAction":[{"@type":"SearchAction","target":{"@type":"EntryPoint","urlTemplate":"https:\/\/librairie7l.com\/en\/?s={search_term_string}"},"query-input":"required name=search_term_string"}],"inLanguage":"en-US"},{"@type":"Organization","@id":"https:\/\/librairie7l.com\/en\/#organization","name":"Librairie 7L","url":"https:\/\/librairie7l.com\/en\/","logo":{"@type":"ImageObject","inLanguage":"en-US","@id":"https:\/\/librairie7l.com\/en\/#\/schema\/logo\/image\/","url":"https:\/\/librairie7l.com\/wp-content\/uploads\/2022\/08\/logo-1.png","contentUrl":"https:\/\/librairie7l.com\/wp-content\/uploads\/2022\/08\/logo-1.png","width":227,"height":301,"caption":"Librairie 7L"},"image":{"@id":"https:\/\/librairie7l.com\/en\/#\/schema\/logo\/image\/"}}]}},"_links":{"self":[{"href":"https:\/\/librairie7l.com\/en\/wp-json\/wp\/v2\/product\/40049"}],"collection":[{"href":"https:\/\/librairie7l.com\/en\/wp-json\/wp\/v2\/product"}],"about":[{"href":"https:\/\/librairie7l.com\/en\/wp-json\/wp\/v2\/types\/product"}],"wp:featuredmedia":[{"embeddable":true,"href":"https:\/\/librairie7l.com\/en\/wp-json\/wp\/v2\/media\/40047"}],"wp:attachment":[{"href":"https:\/\/librairie7l.com\/en\/wp-json\/wp\/v2\/media?parent=40049"}],"wp:term":[{"taxonomy":"product_cat","embeddable":true,"href":"https:\/\/librairie7l.com\/en\/wp-json\/wp\/v2\/product_cat?post=40049"},{"taxonomy":"product_tag","embeddable":true,"href":"https:\/\/librairie7l.com\/en\/wp-json\/wp\/v2\/product_tag?post=40049"}],"curies":[{"name":"wp","href":"https:\/\/api.w.org\/{rel}","templated":true}]}}

JEAN HÉLION, LA PROSE DU MONDE : MUSÉE D&#8217;ART MODERNE DE PARIS

<p>Une exposition au Musée d&#8217;Art Moderne de Paris, du vendredi 22 mars 2024 au dimanche 18 août 2024.<br />
Le Musée d&#8217;Art Moderne propose une exposition rétrospective de l&#8217;oeuvre de Jean Hélion (1904 &#8211; 1987), peintre et intellectuel dont l&#8217;oeuvre traverse le XXe siècle. Organisée de manière chronologique, l&#8217;exposition rassemble plus de 150 oeuvres provenant de grandes institutions françaises et internationales ainsi que de nombreuses collections privées. Jean Hélion, La prose du monde est une exposition incontournable pour les amateurs d&#8217;art abstrait et de peinture.</p>

<p>Une exposition au Musée d&#8217;Art Moderne de Paris, du vendredi 22 mars 2024 au dimanche 18 août 2024. Le Musée d&#8217;Art Moderne propose une exposition rétrospective de l&#8217;oeuvre de Jean Hélion (1904 &#8211; 1987), peintre et intellectuel dont l&#8217;oeuvre traverse le XXe siècle. Organisée de manière chronologique, l&#8217;exposition rassemble plus de 150 oeuvres provenant de [&hellip;]</p>

<!-- This site is optimized with the Yoast SEO plugin v20.11 - https://yoast.com/wordpress/plugins/seo/ -->
<title>Jean Hélion, la prose du monde : Musée d&#039;Art moderne de Paris - Librairie 7L</title>
<meta name="robots" content="index, follow, max-snippet:-1, max-image-preview:large, max-video-preview:-1" />
<link rel="canonical" href="https://librairie7l.com/en/produit/jean-helion-la-prose-du-monde-musee-dart-moderne-de-paris/" />
<meta property="og:locale" content="en_US" />
<meta property="og:type" content="article" />
<meta property="og:title" content="Jean Hélion, la prose du monde : Musée d&#039;Art moderne de Paris - Librairie 7L" />
<meta property="og:description" content="Une exposition au Musée d&#8217;Art Moderne de Paris, du vendredi 22 mars 2024 au dimanche 18 août 2024. Le Musée d&#8217;Art Moderne propose une exposition rétrospective de l&#8217;oeuvre de Jean Hélion (1904 &#8211; 1987), peintre et intellectuel dont l&#8217;oeuvre traverse le XXe siècle. Organisée de manière chronologique, l&#8217;exposition rassemble plus de 150 oeuvres provenant de [&hellip;]" />
<meta property="og:url" content="https://librairie7l.com/en/produit/jean-helion-la-prose-du-monde-musee-dart-moderne-de-paris/" />
<meta property="og:site_name" content="Librairie 7L" />
<meta property="article:modified_time" content="2026-04-30T13:24:17+00:00" />
<meta property="og:image" content="https://librairie7l.com/wp-content/uploads/2023/10/9782759605767_1_75.jpg" />
	<meta property="og:image:width" content="400" />
	<meta property="og:image:height" content="494" />
	<meta property="og:image:type" content="image/jpeg" />
<meta name="twitter:card" content="summary_large_image" />
<script type="application/ld+json" class="yoast-schema-graph">{"@context":"https://schema.org","@graph":[{"@type":"WebPage","@id":"https://librairie7l.com/en/produit/jean-helion-la-prose-du-monde-musee-dart-moderne-de-paris/","url":"https://librairie7l.com/en/produit/jean-helion-la-prose-du-monde-musee-dart-moderne-de-paris/","name":"Jean Hélion, la prose du monde : Musée d'Art moderne de Paris - Librairie 7L","isPartOf":{"@id":"https://librairie7l.com/en/#website"},"datePublished":"2024-03-30T08:19:06+00:00","dateModified":"2026-04-30T13:24:17+00:00","breadcrumb":{"@id":"https://librairie7l.com/en/produit/jean-helion-la-prose-du-monde-musee-dart-moderne-de-paris/#breadcrumb"},"inLanguage":"en-US","potentialAction":[{"@type":"ReadAction","target":["https://librairie7l.com/en/produit/jean-helion-la-prose-du-monde-musee-dart-moderne-de-paris/"]}]},{"@type":"BreadcrumbList","@id":"https://librairie7l.com/en/produit/jean-helion-la-prose-du-monde-musee-dart-moderne-de-paris/#breadcrumb","itemListElement":[{"@type":"ListItem","position":1,"name":"Accueil","item":"https://librairie7l.com/en/"},{"@type":"ListItem","position":2,"name":"Shop","item":"https://librairie7l.com/en/shop/"},{"@type":"ListItem","position":3,"name":"JEAN HÉLION, LA PROSE DU MONDE : MUSÉE D&#8217;ART MODERNE DE PARIS"}]},{"@type":"WebSite","@id":"https://librairie7l.com/en/#website","url":"https://librairie7l.com/en/","name":"Librairie 7L","description":"Librairie fondée en 1999 par Karl Lagerfeld à Paris","publisher":{"@id":"https://librairie7l.com/en/#organization"},"potentialAction":[{"@type":"SearchAction","target":{"@type":"EntryPoint","urlTemplate":"https://librairie7l.com/en/?s={search_term_string}"},"query-input":"required name=search_term_string"}],"inLanguage":"en-US"},{"@type":"Organization","@id":"https://librairie7l.com/en/#organization","name":"Librairie 7L","url":"https://librairie7l.com/en/","logo":{"@type":"ImageObject","inLanguage":"en-US","@id":"https://librairie7l.com/en/#/schema/logo/image/","url":"https://librairie7l.com/wp-content/uploads/2022/08/logo-1.png","contentUrl":"https://librairie7l.com/wp-content/uploads/2022/08/logo-1.png","width":227,"height":301,"caption":"Librairie 7L"},"image":{"@id":"https://librairie7l.com/en/#/schema/logo/image/"}}]}</script>
<!-- / Yoast SEO plugin. -->

Jean Hélion, la prose du monde : Musée d'Art moderne de Paris - Librairie 7L

Une exposition au Musée d&#8217;Art Moderne de Paris, du vendredi 22 mars 2024 au dimanche 18 août 2024. Le Musée d&#8217;Art Moderne propose une exposition rétrospective de l&#8217;oeuvre de Jean Hélion (1904 &#8211; 1987), peintre et intellectuel dont l&#8217;oeuvre traverse le XXe siècle. Organisée de manière chronologique, l&#8217;exposition rassemble plus de 150 oeuvres provenant de [&hellip;]

Librairie fondée en 1999 par Karl Lagerfeld à Paris
