{"id":41450,"date":"2024-06-15T09:18:49","date_gmt":"2024-06-15T07:18:49","guid":{"rendered":"https:\/\/librairie7l.com\/?post_type=product&#038;p=41450"},"modified":"2026-04-30T20:58:49","modified_gmt":"2026-04-30T18:58:49","slug":"elizabeth-gerard-garouste-lart-a-la-source-au-palais-des-arts-et-du-festival-villa-les-roche","status":"publish","type":"product","link":"https:\/\/librairie7l.com\/en\/produit\/elizabeth-gerard-garouste-lart-a-la-source-au-palais-des-arts-et-du-festival-villa-les-roche\/","title":{"rendered":"ELIZABETH &AMP; G\u00c9RARD GAROUSTE : L&#8217;ART \u00c0 LA SOURCE, AU PALAIS DES ARTS ET DU FESTIVAL VILLA LES ROCHE"},"content":{"rendered":"<p>Une pr\u00e9sentation de l&#8217;oeuvre d&#8217;Elizabeth et G\u00e9rard Garouste, artistes prolifiques et acteurs majeurs de la valorisation de la pratique artistique aupr\u00e8s de la jeunesse en situation de fragilit\u00e9 sociale, familiale ou scolaire, \u00e0 travers leur association La Source.<\/p>\n","protected":false},"excerpt":{"rendered":"<p>Une pr\u00e9sentation de l&#8217;oeuvre d&#8217;Elizabeth et G\u00e9rard Garouste, artistes prolifiques et acteurs majeurs de la valorisation de la pratique artistique aupr\u00e8s de la jeunesse en situation de fragilit\u00e9 sociale, familiale ou scolaire, \u00e0 travers leur association La Source.<\/p>\n","protected":false},"featured_media":41448,"template":"","meta":[],"product_cat":[2948,2953],"product_tag":[],"acf":[],"yoast_head":"<!-- This site is optimized with the Yoast SEO plugin v20.11 - https:\/\/yoast.com\/wordpress\/plugins\/seo\/ -->\n<title>Elizabeth &amp; G\u00e9rard garouste : L&#039;art \u00e0 la source, au palais des arts et du festival villa les roche - Librairie 7L<\/title>\n<meta name=\"robots\" content=\"index, follow, max-snippet:-1, max-image-preview:large, max-video-preview:-1\" \/>\n<link rel=\"canonical\" href=\"https:\/\/librairie7l.com\/en\/produit\/elizabeth-gerard-garouste-lart-a-la-source-au-palais-des-arts-et-du-festival-villa-les-roche\/\" \/>\n<meta property=\"og:locale\" content=\"en_US\" \/>\n<meta property=\"og:type\" content=\"article\" \/>\n<meta property=\"og:title\" content=\"Elizabeth &amp; G\u00e9rard garouste : L&#039;art \u00e0 la source, au palais des arts et du festival villa les roche - Librairie 7L\" \/>\n<meta property=\"og:description\" content=\"Une pr\u00e9sentation de l&#8217;oeuvre d&#8217;Elizabeth et G\u00e9rard Garouste, artistes prolifiques et acteurs majeurs de la valorisation de la pratique artistique aupr\u00e8s de la jeunesse en situation de fragilit\u00e9 sociale, familiale ou scolaire, \u00e0 travers leur association La Source.\" \/>\n<meta property=\"og:url\" content=\"https:\/\/librairie7l.com\/en\/produit\/elizabeth-gerard-garouste-lart-a-la-source-au-palais-des-arts-et-du-festival-villa-les-roche\/\" \/>\n<meta property=\"og:site_name\" content=\"Librairie 7L\" \/>\n<meta property=\"article:modified_time\" content=\"2026-04-30T18:58:49+00:00\" \/>\n<meta property=\"og:image\" content=\"https:\/\/librairie7l.com\/wp-content\/uploads\/2024\/02\/9791020409195_1_75.jpg\" \/>\n\t<meta property=\"og:image:width\" content=\"600\" \/>\n\t<meta property=\"og:image:height\" content=\"777\" \/>\n\t<meta property=\"og:image:type\" content=\"image\/jpeg\" \/>\n<meta name=\"twitter:card\" content=\"summary_large_image\" \/>\n<script type=\"application\/ld+json\" class=\"yoast-schema-graph\">{\"@context\":\"https:\/\/schema.org\",\"@graph\":[{\"@type\":\"WebPage\",\"@id\":\"https:\/\/librairie7l.com\/en\/produit\/elizabeth-gerard-garouste-lart-a-la-source-au-palais-des-arts-et-du-festival-villa-les-roche\/\",\"url\":\"https:\/\/librairie7l.com\/en\/produit\/elizabeth-gerard-garouste-lart-a-la-source-au-palais-des-arts-et-du-festival-villa-les-roche\/\",\"name\":\"Elizabeth &amp; G\u00e9rard garouste : L'art \u00e0 la source, au palais des arts et du festival villa les roche - Librairie 7L\",\"isPartOf\":{\"@id\":\"https:\/\/librairie7l.com\/en\/#website\"},\"datePublished\":\"2024-06-15T07:18:49+00:00\",\"dateModified\":\"2026-04-30T18:58:49+00:00\",\"breadcrumb\":{\"@id\":\"https:\/\/librairie7l.com\/en\/produit\/elizabeth-gerard-garouste-lart-a-la-source-au-palais-des-arts-et-du-festival-villa-les-roche\/#breadcrumb\"},\"inLanguage\":\"en-US\",\"potentialAction\":[{\"@type\":\"ReadAction\",\"target\":[\"https:\/\/librairie7l.com\/en\/produit\/elizabeth-gerard-garouste-lart-a-la-source-au-palais-des-arts-et-du-festival-villa-les-roche\/\"]}]},{\"@type\":\"BreadcrumbList\",\"@id\":\"https:\/\/librairie7l.com\/en\/produit\/elizabeth-gerard-garouste-lart-a-la-source-au-palais-des-arts-et-du-festival-villa-les-roche\/#breadcrumb\",\"itemListElement\":[{\"@type\":\"ListItem\",\"position\":1,\"name\":\"Accueil\",\"item\":\"https:\/\/librairie7l.com\/en\/\"},{\"@type\":\"ListItem\",\"position\":2,\"name\":\"Shop\",\"item\":\"https:\/\/librairie7l.com\/en\/shop\/\"},{\"@type\":\"ListItem\",\"position\":3,\"name\":\"ELIZABETH &AMP; G\u00c9RARD GAROUSTE : L&#8217;ART \u00c0 LA SOURCE, AU PALAIS DES ARTS ET DU FESTIVAL VILLA LES ROCHE\"}]},{\"@type\":\"WebSite\",\"@id\":\"https:\/\/librairie7l.com\/en\/#website\",\"url\":\"https:\/\/librairie7l.com\/en\/\",\"name\":\"Librairie 7L\",\"description\":\"Librairie fond\u00e9e en 1999 par Karl Lagerfeld \u00e0 Paris\",\"publisher\":{\"@id\":\"https:\/\/librairie7l.com\/en\/#organization\"},\"potentialAction\":[{\"@type\":\"SearchAction\",\"target\":{\"@type\":\"EntryPoint\",\"urlTemplate\":\"https:\/\/librairie7l.com\/en\/?s={search_term_string}\"},\"query-input\":\"required name=search_term_string\"}],\"inLanguage\":\"en-US\"},{\"@type\":\"Organization\",\"@id\":\"https:\/\/librairie7l.com\/en\/#organization\",\"name\":\"Librairie 7L\",\"url\":\"https:\/\/librairie7l.com\/en\/\",\"logo\":{\"@type\":\"ImageObject\",\"inLanguage\":\"en-US\",\"@id\":\"https:\/\/librairie7l.com\/en\/#\/schema\/logo\/image\/\",\"url\":\"https:\/\/librairie7l.com\/wp-content\/uploads\/2022\/08\/logo-1.png\",\"contentUrl\":\"https:\/\/librairie7l.com\/wp-content\/uploads\/2022\/08\/logo-1.png\",\"width\":227,\"height\":301,\"caption\":\"Librairie 7L\"},\"image\":{\"@id\":\"https:\/\/librairie7l.com\/en\/#\/schema\/logo\/image\/\"}}]}<\/script>\n<!-- \/ Yoast SEO plugin. -->","yoast_head_json":{"title":"Elizabeth &amp; G\u00e9rard garouste : L'art \u00e0 la source, au palais des arts et du festival villa les roche - Librairie 7L","robots":{"index":"index","follow":"follow","max-snippet":"max-snippet:-1","max-image-preview":"max-image-preview:large","max-video-preview":"max-video-preview:-1"},"canonical":"https:\/\/librairie7l.com\/en\/produit\/elizabeth-gerard-garouste-lart-a-la-source-au-palais-des-arts-et-du-festival-villa-les-roche\/","og_locale":"en_US","og_type":"article","og_title":"Elizabeth &amp; G\u00e9rard garouste : L'art \u00e0 la source, au palais des arts et du festival villa les roche - Librairie 7L","og_description":"Une pr\u00e9sentation de l&#8217;oeuvre d&#8217;Elizabeth et G\u00e9rard Garouste, artistes prolifiques et acteurs majeurs de la valorisation de la pratique artistique aupr\u00e8s de la jeunesse en situation de fragilit\u00e9 sociale, familiale ou scolaire, \u00e0 travers leur association La Source.","og_url":"https:\/\/librairie7l.com\/en\/produit\/elizabeth-gerard-garouste-lart-a-la-source-au-palais-des-arts-et-du-festival-villa-les-roche\/","og_site_name":"Librairie 7L","article_modified_time":"2026-04-30T18:58:49+00:00","og_image":[{"width":600,"height":777,"url":"https:\/\/librairie7l.com\/wp-content\/uploads\/2024\/02\/9791020409195_1_75.jpg","type":"image\/jpeg"}],"twitter_card":"summary_large_image","schema":{"@context":"https:\/\/schema.org","@graph":[{"@type":"WebPage","@id":"https:\/\/librairie7l.com\/en\/produit\/elizabeth-gerard-garouste-lart-a-la-source-au-palais-des-arts-et-du-festival-villa-les-roche\/","url":"https:\/\/librairie7l.com\/en\/produit\/elizabeth-gerard-garouste-lart-a-la-source-au-palais-des-arts-et-du-festival-villa-les-roche\/","name":"Elizabeth &amp; G\u00e9rard garouste : L'art \u00e0 la source, au palais des arts et du festival villa les roche - Librairie 7L","isPartOf":{"@id":"https:\/\/librairie7l.com\/en\/#website"},"datePublished":"2024-06-15T07:18:49+00:00","dateModified":"2026-04-30T18:58:49+00:00","breadcrumb":{"@id":"https:\/\/librairie7l.com\/en\/produit\/elizabeth-gerard-garouste-lart-a-la-source-au-palais-des-arts-et-du-festival-villa-les-roche\/#breadcrumb"},"inLanguage":"en-US","potentialAction":[{"@type":"ReadAction","target":["https:\/\/librairie7l.com\/en\/produit\/elizabeth-gerard-garouste-lart-a-la-source-au-palais-des-arts-et-du-festival-villa-les-roche\/"]}]},{"@type":"BreadcrumbList","@id":"https:\/\/librairie7l.com\/en\/produit\/elizabeth-gerard-garouste-lart-a-la-source-au-palais-des-arts-et-du-festival-villa-les-roche\/#breadcrumb","itemListElement":[{"@type":"ListItem","position":1,"name":"Accueil","item":"https:\/\/librairie7l.com\/en\/"},{"@type":"ListItem","position":2,"name":"Shop","item":"https:\/\/librairie7l.com\/en\/shop\/"},{"@type":"ListItem","position":3,"name":"ELIZABETH &AMP; G\u00c9RARD GAROUSTE : L&#8217;ART \u00c0 LA SOURCE, AU PALAIS DES ARTS ET DU FESTIVAL VILLA LES ROCHE"}]},{"@type":"WebSite","@id":"https:\/\/librairie7l.com\/en\/#website","url":"https:\/\/librairie7l.com\/en\/","name":"Librairie 7L","description":"Librairie fond\u00e9e en 1999 par Karl Lagerfeld \u00e0 Paris","publisher":{"@id":"https:\/\/librairie7l.com\/en\/#organization"},"potentialAction":[{"@type":"SearchAction","target":{"@type":"EntryPoint","urlTemplate":"https:\/\/librairie7l.com\/en\/?s={search_term_string}"},"query-input":"required name=search_term_string"}],"inLanguage":"en-US"},{"@type":"Organization","@id":"https:\/\/librairie7l.com\/en\/#organization","name":"Librairie 7L","url":"https:\/\/librairie7l.com\/en\/","logo":{"@type":"ImageObject","inLanguage":"en-US","@id":"https:\/\/librairie7l.com\/en\/#\/schema\/logo\/image\/","url":"https:\/\/librairie7l.com\/wp-content\/uploads\/2022\/08\/logo-1.png","contentUrl":"https:\/\/librairie7l.com\/wp-content\/uploads\/2022\/08\/logo-1.png","width":227,"height":301,"caption":"Librairie 7L"},"image":{"@id":"https:\/\/librairie7l.com\/en\/#\/schema\/logo\/image\/"}}]}},"_links":{"self":[{"href":"https:\/\/librairie7l.com\/en\/wp-json\/wp\/v2\/product\/41450"}],"collection":[{"href":"https:\/\/librairie7l.com\/en\/wp-json\/wp\/v2\/product"}],"about":[{"href":"https:\/\/librairie7l.com\/en\/wp-json\/wp\/v2\/types\/product"}],"wp:featuredmedia":[{"embeddable":true,"href":"https:\/\/librairie7l.com\/en\/wp-json\/wp\/v2\/media\/41448"}],"wp:attachment":[{"href":"https:\/\/librairie7l.com\/en\/wp-json\/wp\/v2\/media?parent=41450"}],"wp:term":[{"taxonomy":"product_cat","embeddable":true,"href":"https:\/\/librairie7l.com\/en\/wp-json\/wp\/v2\/product_cat?post=41450"},{"taxonomy":"product_tag","embeddable":true,"href":"https:\/\/librairie7l.com\/en\/wp-json\/wp\/v2\/product_tag?post=41450"}],"curies":[{"name":"wp","href":"https:\/\/api.w.org\/{rel}","templated":true}]}}

ELIZABETH &AMP; GÉRARD GAROUSTE : L&#8217;ART À LA SOURCE, AU PALAIS DES ARTS ET DU FESTIVAL VILLA LES ROCHE

<p>Une présentation de l&#8217;oeuvre d&#8217;Elizabeth et Gérard Garouste, artistes prolifiques et acteurs majeurs de la valorisation de la pratique artistique auprès de la jeunesse en situation de fragilité sociale, familiale ou scolaire, à travers leur association La Source.</p>

<!-- This site is optimized with the Yoast SEO plugin v20.11 - https://yoast.com/wordpress/plugins/seo/ -->
<title>Elizabeth &amp; Gérard garouste : L&#039;art à la source, au palais des arts et du festival villa les roche - Librairie 7L</title>
<meta name="robots" content="index, follow, max-snippet:-1, max-image-preview:large, max-video-preview:-1" />
<link rel="canonical" href="https://librairie7l.com/en/produit/elizabeth-gerard-garouste-lart-a-la-source-au-palais-des-arts-et-du-festival-villa-les-roche/" />
<meta property="og:locale" content="en_US" />
<meta property="og:type" content="article" />
<meta property="og:title" content="Elizabeth &amp; Gérard garouste : L&#039;art à la source, au palais des arts et du festival villa les roche - Librairie 7L" />
<meta property="og:description" content="Une présentation de l&#8217;oeuvre d&#8217;Elizabeth et Gérard Garouste, artistes prolifiques et acteurs majeurs de la valorisation de la pratique artistique auprès de la jeunesse en situation de fragilité sociale, familiale ou scolaire, à travers leur association La Source." />
<meta property="og:url" content="https://librairie7l.com/en/produit/elizabeth-gerard-garouste-lart-a-la-source-au-palais-des-arts-et-du-festival-villa-les-roche/" />
<meta property="og:site_name" content="Librairie 7L" />
<meta property="article:modified_time" content="2026-04-30T18:58:49+00:00" />
<meta property="og:image" content="https://librairie7l.com/wp-content/uploads/2024/02/9791020409195_1_75.jpg" />
	<meta property="og:image:width" content="600" />
	<meta property="og:image:height" content="777" />
	<meta property="og:image:type" content="image/jpeg" />
<meta name="twitter:card" content="summary_large_image" />
<script type="application/ld+json" class="yoast-schema-graph">{"@context":"https://schema.org","@graph":[{"@type":"WebPage","@id":"https://librairie7l.com/en/produit/elizabeth-gerard-garouste-lart-a-la-source-au-palais-des-arts-et-du-festival-villa-les-roche/","url":"https://librairie7l.com/en/produit/elizabeth-gerard-garouste-lart-a-la-source-au-palais-des-arts-et-du-festival-villa-les-roche/","name":"Elizabeth &amp; Gérard garouste : L'art à la source, au palais des arts et du festival villa les roche - Librairie 7L","isPartOf":{"@id":"https://librairie7l.com/en/#website"},"datePublished":"2024-06-15T07:18:49+00:00","dateModified":"2026-04-30T18:58:49+00:00","breadcrumb":{"@id":"https://librairie7l.com/en/produit/elizabeth-gerard-garouste-lart-a-la-source-au-palais-des-arts-et-du-festival-villa-les-roche/#breadcrumb"},"inLanguage":"en-US","potentialAction":[{"@type":"ReadAction","target":["https://librairie7l.com/en/produit/elizabeth-gerard-garouste-lart-a-la-source-au-palais-des-arts-et-du-festival-villa-les-roche/"]}]},{"@type":"BreadcrumbList","@id":"https://librairie7l.com/en/produit/elizabeth-gerard-garouste-lart-a-la-source-au-palais-des-arts-et-du-festival-villa-les-roche/#breadcrumb","itemListElement":[{"@type":"ListItem","position":1,"name":"Accueil","item":"https://librairie7l.com/en/"},{"@type":"ListItem","position":2,"name":"Shop","item":"https://librairie7l.com/en/shop/"},{"@type":"ListItem","position":3,"name":"ELIZABETH &AMP; GÉRARD GAROUSTE : L&#8217;ART À LA SOURCE, AU PALAIS DES ARTS ET DU FESTIVAL VILLA LES ROCHE"}]},{"@type":"WebSite","@id":"https://librairie7l.com/en/#website","url":"https://librairie7l.com/en/","name":"Librairie 7L","description":"Librairie fondée en 1999 par Karl Lagerfeld à Paris","publisher":{"@id":"https://librairie7l.com/en/#organization"},"potentialAction":[{"@type":"SearchAction","target":{"@type":"EntryPoint","urlTemplate":"https://librairie7l.com/en/?s={search_term_string}"},"query-input":"required name=search_term_string"}],"inLanguage":"en-US"},{"@type":"Organization","@id":"https://librairie7l.com/en/#organization","name":"Librairie 7L","url":"https://librairie7l.com/en/","logo":{"@type":"ImageObject","inLanguage":"en-US","@id":"https://librairie7l.com/en/#/schema/logo/image/","url":"https://librairie7l.com/wp-content/uploads/2022/08/logo-1.png","contentUrl":"https://librairie7l.com/wp-content/uploads/2022/08/logo-1.png","width":227,"height":301,"caption":"Librairie 7L"},"image":{"@id":"https://librairie7l.com/en/#/schema/logo/image/"}}]}</script>
<!-- / Yoast SEO plugin. -->

Elizabeth &amp; Gérard garouste : L'art à la source, au palais des arts et du festival villa les roche - Librairie 7L

Une présentation de l&#8217;oeuvre d&#8217;Elizabeth et Gérard Garouste, artistes prolifiques et acteurs majeurs de la valorisation de la pratique artistique auprès de la jeunesse en situation de fragilité sociale, familiale ou scolaire, à travers leur association La Source.

Librairie fondée en 1999 par Karl Lagerfeld à Paris
