{"id":41488,"date":"2024-06-15T09:19:35","date_gmt":"2024-06-15T07:19:35","guid":{"rendered":"https:\/\/librairie7l.com\/?post_type=product&#038;p=41488"},"modified":"2026-05-01T17:07:05","modified_gmt":"2026-05-01T15:07:05","slug":"the-photographer-in-the-garden","status":"publish","type":"product","link":"https:\/\/librairie7l.com\/en\/produit\/the-photographer-in-the-garden\/","title":{"rendered":"THE PHOTOGRAPHER IN THE GARDEN"},"content":{"rendered":"<p>Le jardin poss\u00e8de une histoire riche dans la photographie comme le montre cet ouvrage qui l&#8217;explore sous diff\u00e9rents angles : le symbolisme des plantes et des fleurs, l&#8217;intervention humaine dans cet environnement, les saisons qui passent, le jardinier au travail. Les plus grands photographes se sont int\u00e9ress\u00e9s \u00e0 cet espace en perp\u00e9tuelle \u00e9volution dont Anna Atkins, Karl Blossfeldt, Eug\u00e8ne Atget, Edward Steichen, Edward Weston, Lee Friedlander, Stephen Shore, Robert Mapplethorpe, Nobuyoshi Araki, Collier Schorr et bien d&#8217;autres.<\/p>\n","protected":false},"excerpt":{"rendered":"<p>Le jardin poss\u00e8de une histoire riche dans la photographie comme le montre cet ouvrage qui l&#8217;explore sous diff\u00e9rents angles : le symbolisme des plantes et des fleurs, l&#8217;intervention humaine dans cet environnement, les saisons qui passent, le jardinier au travail. Les plus grands photographes se sont int\u00e9ress\u00e9s \u00e0 cet espace en perp\u00e9tuelle \u00e9volution dont Anna [&hellip;]<\/p>\n","protected":false},"featured_media":41486,"template":"","meta":[],"product_cat":[2948,2956],"product_tag":[],"acf":[],"yoast_head":"<!-- This site is optimized with the Yoast SEO plugin v20.11 - https:\/\/yoast.com\/wordpress\/plugins\/seo\/ -->\n<title>The photographer in the garden - Librairie 7L<\/title>\n<meta name=\"robots\" content=\"index, follow, max-snippet:-1, max-image-preview:large, max-video-preview:-1\" \/>\n<link rel=\"canonical\" href=\"https:\/\/librairie7l.com\/en\/produit\/the-photographer-in-the-garden\/\" \/>\n<meta property=\"og:locale\" content=\"en_US\" \/>\n<meta property=\"og:type\" content=\"article\" \/>\n<meta property=\"og:title\" content=\"The photographer in the garden - Librairie 7L\" \/>\n<meta property=\"og:description\" content=\"Le jardin poss\u00e8de une histoire riche dans la photographie comme le montre cet ouvrage qui l&#8217;explore sous diff\u00e9rents angles : le symbolisme des plantes et des fleurs, l&#8217;intervention humaine dans cet environnement, les saisons qui passent, le jardinier au travail. Les plus grands photographes se sont int\u00e9ress\u00e9s \u00e0 cet espace en perp\u00e9tuelle \u00e9volution dont Anna [&hellip;]\" \/>\n<meta property=\"og:url\" content=\"https:\/\/librairie7l.com\/en\/produit\/the-photographer-in-the-garden\/\" \/>\n<meta property=\"og:site_name\" content=\"Librairie 7L\" \/>\n<meta property=\"article:modified_time\" content=\"2026-05-01T15:07:05+00:00\" \/>\n<meta property=\"og:image\" content=\"https:\/\/librairie7l.com\/wp-content\/uploads\/2017\/12\/9781597113731_1_75.jpg\" \/>\n\t<meta property=\"og:image:width\" content=\"260\" \/>\n\t<meta property=\"og:image:height\" content=\"299\" \/>\n\t<meta property=\"og:image:type\" content=\"image\/jpeg\" \/>\n<meta name=\"twitter:card\" content=\"summary_large_image\" \/>\n<script type=\"application\/ld+json\" class=\"yoast-schema-graph\">{\"@context\":\"https:\/\/schema.org\",\"@graph\":[{\"@type\":\"WebPage\",\"@id\":\"https:\/\/librairie7l.com\/en\/produit\/the-photographer-in-the-garden\/\",\"url\":\"https:\/\/librairie7l.com\/en\/produit\/the-photographer-in-the-garden\/\",\"name\":\"The photographer in the garden - Librairie 7L\",\"isPartOf\":{\"@id\":\"https:\/\/librairie7l.com\/en\/#website\"},\"datePublished\":\"2024-06-15T07:19:35+00:00\",\"dateModified\":\"2026-05-01T15:07:05+00:00\",\"breadcrumb\":{\"@id\":\"https:\/\/librairie7l.com\/en\/produit\/the-photographer-in-the-garden\/#breadcrumb\"},\"inLanguage\":\"en-US\",\"potentialAction\":[{\"@type\":\"ReadAction\",\"target\":[\"https:\/\/librairie7l.com\/en\/produit\/the-photographer-in-the-garden\/\"]}]},{\"@type\":\"BreadcrumbList\",\"@id\":\"https:\/\/librairie7l.com\/en\/produit\/the-photographer-in-the-garden\/#breadcrumb\",\"itemListElement\":[{\"@type\":\"ListItem\",\"position\":1,\"name\":\"Accueil\",\"item\":\"https:\/\/librairie7l.com\/en\/\"},{\"@type\":\"ListItem\",\"position\":2,\"name\":\"Shop\",\"item\":\"https:\/\/librairie7l.com\/en\/shop\/\"},{\"@type\":\"ListItem\",\"position\":3,\"name\":\"THE PHOTOGRAPHER IN THE GARDEN\"}]},{\"@type\":\"WebSite\",\"@id\":\"https:\/\/librairie7l.com\/en\/#website\",\"url\":\"https:\/\/librairie7l.com\/en\/\",\"name\":\"Librairie 7L\",\"description\":\"Librairie fond\u00e9e en 1999 par Karl Lagerfeld \u00e0 Paris\",\"publisher\":{\"@id\":\"https:\/\/librairie7l.com\/en\/#organization\"},\"potentialAction\":[{\"@type\":\"SearchAction\",\"target\":{\"@type\":\"EntryPoint\",\"urlTemplate\":\"https:\/\/librairie7l.com\/en\/?s={search_term_string}\"},\"query-input\":\"required name=search_term_string\"}],\"inLanguage\":\"en-US\"},{\"@type\":\"Organization\",\"@id\":\"https:\/\/librairie7l.com\/en\/#organization\",\"name\":\"Librairie 7L\",\"url\":\"https:\/\/librairie7l.com\/en\/\",\"logo\":{\"@type\":\"ImageObject\",\"inLanguage\":\"en-US\",\"@id\":\"https:\/\/librairie7l.com\/en\/#\/schema\/logo\/image\/\",\"url\":\"https:\/\/librairie7l.com\/wp-content\/uploads\/2022\/08\/logo-1.png\",\"contentUrl\":\"https:\/\/librairie7l.com\/wp-content\/uploads\/2022\/08\/logo-1.png\",\"width\":227,\"height\":301,\"caption\":\"Librairie 7L\"},\"image\":{\"@id\":\"https:\/\/librairie7l.com\/en\/#\/schema\/logo\/image\/\"}}]}<\/script>\n<!-- \/ Yoast SEO plugin. -->","yoast_head_json":{"title":"The photographer in the garden - Librairie 7L","robots":{"index":"index","follow":"follow","max-snippet":"max-snippet:-1","max-image-preview":"max-image-preview:large","max-video-preview":"max-video-preview:-1"},"canonical":"https:\/\/librairie7l.com\/en\/produit\/the-photographer-in-the-garden\/","og_locale":"en_US","og_type":"article","og_title":"The photographer in the garden - Librairie 7L","og_description":"Le jardin poss\u00e8de une histoire riche dans la photographie comme le montre cet ouvrage qui l&#8217;explore sous diff\u00e9rents angles : le symbolisme des plantes et des fleurs, l&#8217;intervention humaine dans cet environnement, les saisons qui passent, le jardinier au travail. Les plus grands photographes se sont int\u00e9ress\u00e9s \u00e0 cet espace en perp\u00e9tuelle \u00e9volution dont Anna [&hellip;]","og_url":"https:\/\/librairie7l.com\/en\/produit\/the-photographer-in-the-garden\/","og_site_name":"Librairie 7L","article_modified_time":"2026-05-01T15:07:05+00:00","og_image":[{"width":260,"height":299,"url":"https:\/\/librairie7l.com\/wp-content\/uploads\/2017\/12\/9781597113731_1_75.jpg","type":"image\/jpeg"}],"twitter_card":"summary_large_image","schema":{"@context":"https:\/\/schema.org","@graph":[{"@type":"WebPage","@id":"https:\/\/librairie7l.com\/en\/produit\/the-photographer-in-the-garden\/","url":"https:\/\/librairie7l.com\/en\/produit\/the-photographer-in-the-garden\/","name":"The photographer in the garden - Librairie 7L","isPartOf":{"@id":"https:\/\/librairie7l.com\/en\/#website"},"datePublished":"2024-06-15T07:19:35+00:00","dateModified":"2026-05-01T15:07:05+00:00","breadcrumb":{"@id":"https:\/\/librairie7l.com\/en\/produit\/the-photographer-in-the-garden\/#breadcrumb"},"inLanguage":"en-US","potentialAction":[{"@type":"ReadAction","target":["https:\/\/librairie7l.com\/en\/produit\/the-photographer-in-the-garden\/"]}]},{"@type":"BreadcrumbList","@id":"https:\/\/librairie7l.com\/en\/produit\/the-photographer-in-the-garden\/#breadcrumb","itemListElement":[{"@type":"ListItem","position":1,"name":"Accueil","item":"https:\/\/librairie7l.com\/en\/"},{"@type":"ListItem","position":2,"name":"Shop","item":"https:\/\/librairie7l.com\/en\/shop\/"},{"@type":"ListItem","position":3,"name":"THE PHOTOGRAPHER IN THE GARDEN"}]},{"@type":"WebSite","@id":"https:\/\/librairie7l.com\/en\/#website","url":"https:\/\/librairie7l.com\/en\/","name":"Librairie 7L","description":"Librairie fond\u00e9e en 1999 par Karl Lagerfeld \u00e0 Paris","publisher":{"@id":"https:\/\/librairie7l.com\/en\/#organization"},"potentialAction":[{"@type":"SearchAction","target":{"@type":"EntryPoint","urlTemplate":"https:\/\/librairie7l.com\/en\/?s={search_term_string}"},"query-input":"required name=search_term_string"}],"inLanguage":"en-US"},{"@type":"Organization","@id":"https:\/\/librairie7l.com\/en\/#organization","name":"Librairie 7L","url":"https:\/\/librairie7l.com\/en\/","logo":{"@type":"ImageObject","inLanguage":"en-US","@id":"https:\/\/librairie7l.com\/en\/#\/schema\/logo\/image\/","url":"https:\/\/librairie7l.com\/wp-content\/uploads\/2022\/08\/logo-1.png","contentUrl":"https:\/\/librairie7l.com\/wp-content\/uploads\/2022\/08\/logo-1.png","width":227,"height":301,"caption":"Librairie 7L"},"image":{"@id":"https:\/\/librairie7l.com\/en\/#\/schema\/logo\/image\/"}}]}},"_links":{"self":[{"href":"https:\/\/librairie7l.com\/en\/wp-json\/wp\/v2\/product\/41488"}],"collection":[{"href":"https:\/\/librairie7l.com\/en\/wp-json\/wp\/v2\/product"}],"about":[{"href":"https:\/\/librairie7l.com\/en\/wp-json\/wp\/v2\/types\/product"}],"wp:featuredmedia":[{"embeddable":true,"href":"https:\/\/librairie7l.com\/en\/wp-json\/wp\/v2\/media\/41486"}],"wp:attachment":[{"href":"https:\/\/librairie7l.com\/en\/wp-json\/wp\/v2\/media?parent=41488"}],"wp:term":[{"taxonomy":"product_cat","embeddable":true,"href":"https:\/\/librairie7l.com\/en\/wp-json\/wp\/v2\/product_cat?post=41488"},{"taxonomy":"product_tag","embeddable":true,"href":"https:\/\/librairie7l.com\/en\/wp-json\/wp\/v2\/product_tag?post=41488"}],"curies":[{"name":"wp","href":"https:\/\/api.w.org\/{rel}","templated":true}]}}

<p>Le jardin possède une histoire riche dans la photographie comme le montre cet ouvrage qui l&#8217;explore sous différents angles : le symbolisme des plantes et des fleurs, l&#8217;intervention humaine dans cet environnement, les saisons qui passent, le jardinier au travail. Les plus grands photographes se sont intéressés à cet espace en perpétuelle évolution dont Anna Atkins, Karl Blossfeldt, Eugène Atget, Edward Steichen, Edward Weston, Lee Friedlander, Stephen Shore, Robert Mapplethorpe, Nobuyoshi Araki, Collier Schorr et bien d&#8217;autres.</p>

<p>Le jardin possède une histoire riche dans la photographie comme le montre cet ouvrage qui l&#8217;explore sous différents angles : le symbolisme des plantes et des fleurs, l&#8217;intervention humaine dans cet environnement, les saisons qui passent, le jardinier au travail. Les plus grands photographes se sont intéressés à cet espace en perpétuelle évolution dont Anna [&hellip;]</p>

<!-- This site is optimized with the Yoast SEO plugin v20.11 - https://yoast.com/wordpress/plugins/seo/ -->
<title>The photographer in the garden - Librairie 7L</title>
<meta name="robots" content="index, follow, max-snippet:-1, max-image-preview:large, max-video-preview:-1" />
<link rel="canonical" href="https://librairie7l.com/en/produit/the-photographer-in-the-garden/" />
<meta property="og:locale" content="en_US" />
<meta property="og:type" content="article" />
<meta property="og:title" content="The photographer in the garden - Librairie 7L" />
<meta property="og:description" content="Le jardin possède une histoire riche dans la photographie comme le montre cet ouvrage qui l&#8217;explore sous différents angles : le symbolisme des plantes et des fleurs, l&#8217;intervention humaine dans cet environnement, les saisons qui passent, le jardinier au travail. Les plus grands photographes se sont intéressés à cet espace en perpétuelle évolution dont Anna [&hellip;]" />
<meta property="og:url" content="https://librairie7l.com/en/produit/the-photographer-in-the-garden/" />
<meta property="og:site_name" content="Librairie 7L" />
<meta property="article:modified_time" content="2026-05-01T15:07:05+00:00" />
<meta property="og:image" content="https://librairie7l.com/wp-content/uploads/2017/12/9781597113731_1_75.jpg" />
	<meta property="og:image:width" content="260" />
	<meta property="og:image:height" content="299" />
	<meta property="og:image:type" content="image/jpeg" />
<meta name="twitter:card" content="summary_large_image" />
<script type="application/ld+json" class="yoast-schema-graph">{"@context":"https://schema.org","@graph":[{"@type":"WebPage","@id":"https://librairie7l.com/en/produit/the-photographer-in-the-garden/","url":"https://librairie7l.com/en/produit/the-photographer-in-the-garden/","name":"The photographer in the garden - Librairie 7L","isPartOf":{"@id":"https://librairie7l.com/en/#website"},"datePublished":"2024-06-15T07:19:35+00:00","dateModified":"2026-05-01T15:07:05+00:00","breadcrumb":{"@id":"https://librairie7l.com/en/produit/the-photographer-in-the-garden/#breadcrumb"},"inLanguage":"en-US","potentialAction":[{"@type":"ReadAction","target":["https://librairie7l.com/en/produit/the-photographer-in-the-garden/"]}]},{"@type":"BreadcrumbList","@id":"https://librairie7l.com/en/produit/the-photographer-in-the-garden/#breadcrumb","itemListElement":[{"@type":"ListItem","position":1,"name":"Accueil","item":"https://librairie7l.com/en/"},{"@type":"ListItem","position":2,"name":"Shop","item":"https://librairie7l.com/en/shop/"},{"@type":"ListItem","position":3,"name":"THE PHOTOGRAPHER IN THE GARDEN"}]},{"@type":"WebSite","@id":"https://librairie7l.com/en/#website","url":"https://librairie7l.com/en/","name":"Librairie 7L","description":"Librairie fondée en 1999 par Karl Lagerfeld à Paris","publisher":{"@id":"https://librairie7l.com/en/#organization"},"potentialAction":[{"@type":"SearchAction","target":{"@type":"EntryPoint","urlTemplate":"https://librairie7l.com/en/?s={search_term_string}"},"query-input":"required name=search_term_string"}],"inLanguage":"en-US"},{"@type":"Organization","@id":"https://librairie7l.com/en/#organization","name":"Librairie 7L","url":"https://librairie7l.com/en/","logo":{"@type":"ImageObject","inLanguage":"en-US","@id":"https://librairie7l.com/en/#/schema/logo/image/","url":"https://librairie7l.com/wp-content/uploads/2022/08/logo-1.png","contentUrl":"https://librairie7l.com/wp-content/uploads/2022/08/logo-1.png","width":227,"height":301,"caption":"Librairie 7L"},"image":{"@id":"https://librairie7l.com/en/#/schema/logo/image/"}}]}</script>
<!-- / Yoast SEO plugin. -->

Le jardin possède une histoire riche dans la photographie comme le montre cet ouvrage qui l&#8217;explore sous différents angles : le symbolisme des plantes et des fleurs, l&#8217;intervention humaine dans cet environnement, les saisons qui passent, le jardinier au travail. Les plus grands photographes se sont intéressés à cet espace en perpétuelle évolution dont Anna [&hellip;]

Librairie fondée en 1999 par Karl Lagerfeld à Paris
