{"id":42795,"date":"2024-09-25T22:17:28","date_gmt":"2024-09-25T20:17:28","guid":{"rendered":"https:\/\/librairie7l.com\/?post_type=product&#038;p=42795"},"modified":"2026-04-30T20:26:16","modified_gmt":"2026-04-30T18:26:16","slug":"leo-castelli-et-les-siens-2","status":"publish","type":"product","link":"https:\/\/librairie7l.com\/en\/produit\/leo-castelli-et-les-siens-2\/","title":{"rendered":"LEO CASTELLI ET LES SIENS"},"content":{"rendered":"<p>\u00abJe ne suis pas marchand d&#8217;art, je suis galeriste\u00bb avait coutume de r\u00e9p\u00e9ter Leo Castelli. Il a r\u00e9gn\u00e9 sur l&#8217;art contemporain international pendant plus de quarante ans, au point d&#8217;en changer toutes les r\u00e8gles. Apr\u00e8s avoir v\u00e9cu dans de grandes villes d&#8217;Europe (Trieste, Vienne, Milan, Budapest, Bucarest et Paris), aux prises avec les convulsions historiques du si\u00e8cle, ce grand bourgeois dilettante rejoint les \u00c9tats-Unis en 1941, o\u00f9 il ouvre sa propre galerie \u00e0 New York, en 1957, \u00e0 l&#8217;\u00e2ge de cinquante ans. Fascin\u00e9 par les artistes, ses \u00abh\u00e9ros\u00bb, il d\u00e9couvre les grands Am\u00e9ricains des sixties (Jasper Johns, Robert Rauschenberg, Frank Stella, Roy Lichtenstein, Andy Warhol, James Rosenquist), et les mouvements esth\u00e9tiques (le Pop Art, l&#8217;art minimal, l&#8217;art conceptuel), qu&#8217;il ins\u00e8re dans le cours de l&#8217;histoire de l&#8217;art. Organis\u00e9e \u00e0 l&#8217;europ\u00e9enne et g\u00e9r\u00e9e \u00e0 l&#8217;am\u00e9ricaine, la galerie Castelli invente la premi\u00e8re forme de globalisation du march\u00e9 de l&#8217;art et devient une institution incontournable. En quelques ann\u00e9es, le galeriste transforme le statut de l&#8217;artiste aux \u00c9tats-Unis, assurant \u00e0 l&#8217;art am\u00e9ricain, pendant pr\u00e8s de quatre d\u00e9cennies, une absolue h\u00e9g\u00e9monie sur la sc\u00e8ne internationale. Les cons\u00e9crations \u00e0 la Biennale de Venise pour Robert Rauschenberg en 1964, et Jasper Johns en 1988, sont de nouveaux coups de ma\u00eetre pour Castelli, jusqu&#8217;\u00e0 ce que le march\u00e9 de l&#8217;art am\u00e9ricain s&#8217;emballe dans la fi\u00e8vre de la mont\u00e9e des prix. Pourtant, derri\u00e8re la personnalit\u00e9 d&#8217;un personnage \u00e9rudit, affable et m\u00e9diatique, se cache une histoire beaucoup plus complexe et myst\u00e9rieuse qu&#8217;il ne le laissait para\u00eetre. Gr\u00e2ce \u00e0 de nombreux entretiens r\u00e9alis\u00e9s dans le monde entier et \u00e0 des documents d&#8217;archives in\u00e9dits, Annie Cohen-Solal, biographe de Sartre et auteur de \u00abUn jour ils auront des peintres\u00bb, nous transporte d&#8217;Italie en Hongrie, en Roumanie, en France et aux \u00c9tats-Unis, pour raconter la passionnante trajectoire du galeriste, d\u00e9couvrant que sa fonction ressemblait \u00e9trangement \u00e0 celle de ses propres anc\u00eatres, et de ces agents qui travaillaient aupr\u00e8s des M\u00e9dicis, dans la Toscane de la Renaissance.<\/p>\n","protected":false},"excerpt":{"rendered":"<p>\u00abJe ne suis pas marchand d&#8217;art, je suis galeriste\u00bb avait coutume de r\u00e9p\u00e9ter Leo Castelli. Il a r\u00e9gn\u00e9 sur l&#8217;art contemporain international pendant plus de quarante ans, au point d&#8217;en changer toutes les r\u00e8gles. Apr\u00e8s avoir v\u00e9cu dans de grandes villes d&#8217;Europe (Trieste, Vienne, Milan, Budapest, Bucarest et Paris), aux prises avec les convulsions historiques [&hellip;]<\/p>\n","protected":false},"featured_media":42793,"template":"","meta":[],"product_cat":[2948],"product_tag":[],"acf":[],"yoast_head":"<!-- This site is optimized with the Yoast SEO plugin v20.11 - https:\/\/yoast.com\/wordpress\/plugins\/seo\/ -->\n<title>Leo Castelli et les siens - Librairie 7L<\/title>\n<meta name=\"robots\" content=\"index, follow, max-snippet:-1, max-image-preview:large, max-video-preview:-1\" \/>\n<link rel=\"canonical\" href=\"https:\/\/librairie7l.com\/en\/produit\/leo-castelli-et-les-siens-2\/\" \/>\n<meta property=\"og:locale\" content=\"en_US\" \/>\n<meta property=\"og:type\" content=\"article\" \/>\n<meta property=\"og:title\" content=\"Leo Castelli et les siens - Librairie 7L\" \/>\n<meta property=\"og:description\" content=\"\u00abJe ne suis pas marchand d&#8217;art, je suis galeriste\u00bb avait coutume de r\u00e9p\u00e9ter Leo Castelli. Il a r\u00e9gn\u00e9 sur l&#8217;art contemporain international pendant plus de quarante ans, au point d&#8217;en changer toutes les r\u00e8gles. Apr\u00e8s avoir v\u00e9cu dans de grandes villes d&#8217;Europe (Trieste, Vienne, Milan, Budapest, Bucarest et Paris), aux prises avec les convulsions historiques [&hellip;]\" \/>\n<meta property=\"og:url\" content=\"https:\/\/librairie7l.com\/en\/produit\/leo-castelli-et-les-siens-2\/\" \/>\n<meta property=\"og:site_name\" content=\"Librairie 7L\" \/>\n<meta property=\"article:modified_time\" content=\"2026-04-30T18:26:16+00:00\" \/>\n<meta property=\"og:image\" content=\"https:\/\/librairie7l.com\/wp-content\/uploads\/2024\/03\/9782072996931_1_75.jpg\" \/>\n\t<meta property=\"og:image:width\" content=\"600\" \/>\n\t<meta property=\"og:image:height\" content=\"988\" \/>\n\t<meta property=\"og:image:type\" content=\"image\/jpeg\" \/>\n<meta name=\"twitter:card\" content=\"summary_large_image\" \/>\n<meta name=\"twitter:label1\" content=\"Est. reading time\" \/>\n\t<meta name=\"twitter:data1\" content=\"2 minutes\" \/>\n<script type=\"application\/ld+json\" class=\"yoast-schema-graph\">{\"@context\":\"https:\/\/schema.org\",\"@graph\":[{\"@type\":\"WebPage\",\"@id\":\"https:\/\/librairie7l.com\/en\/produit\/leo-castelli-et-les-siens-2\/\",\"url\":\"https:\/\/librairie7l.com\/en\/produit\/leo-castelli-et-les-siens-2\/\",\"name\":\"Leo Castelli et les siens - Librairie 7L\",\"isPartOf\":{\"@id\":\"https:\/\/librairie7l.com\/en\/#website\"},\"datePublished\":\"2024-09-25T20:17:28+00:00\",\"dateModified\":\"2026-04-30T18:26:16+00:00\",\"breadcrumb\":{\"@id\":\"https:\/\/librairie7l.com\/en\/produit\/leo-castelli-et-les-siens-2\/#breadcrumb\"},\"inLanguage\":\"en-US\",\"potentialAction\":[{\"@type\":\"ReadAction\",\"target\":[\"https:\/\/librairie7l.com\/en\/produit\/leo-castelli-et-les-siens-2\/\"]}]},{\"@type\":\"BreadcrumbList\",\"@id\":\"https:\/\/librairie7l.com\/en\/produit\/leo-castelli-et-les-siens-2\/#breadcrumb\",\"itemListElement\":[{\"@type\":\"ListItem\",\"position\":1,\"name\":\"Accueil\",\"item\":\"https:\/\/librairie7l.com\/en\/\"},{\"@type\":\"ListItem\",\"position\":2,\"name\":\"Shop\",\"item\":\"https:\/\/librairie7l.com\/en\/shop\/\"},{\"@type\":\"ListItem\",\"position\":3,\"name\":\"LEO CASTELLI ET LES SIENS\"}]},{\"@type\":\"WebSite\",\"@id\":\"https:\/\/librairie7l.com\/en\/#website\",\"url\":\"https:\/\/librairie7l.com\/en\/\",\"name\":\"Librairie 7L\",\"description\":\"Librairie fond\u00e9e en 1999 par Karl Lagerfeld \u00e0 Paris\",\"publisher\":{\"@id\":\"https:\/\/librairie7l.com\/en\/#organization\"},\"potentialAction\":[{\"@type\":\"SearchAction\",\"target\":{\"@type\":\"EntryPoint\",\"urlTemplate\":\"https:\/\/librairie7l.com\/en\/?s={search_term_string}\"},\"query-input\":\"required name=search_term_string\"}],\"inLanguage\":\"en-US\"},{\"@type\":\"Organization\",\"@id\":\"https:\/\/librairie7l.com\/en\/#organization\",\"name\":\"Librairie 7L\",\"url\":\"https:\/\/librairie7l.com\/en\/\",\"logo\":{\"@type\":\"ImageObject\",\"inLanguage\":\"en-US\",\"@id\":\"https:\/\/librairie7l.com\/en\/#\/schema\/logo\/image\/\",\"url\":\"https:\/\/librairie7l.com\/wp-content\/uploads\/2022\/08\/logo-1.png\",\"contentUrl\":\"https:\/\/librairie7l.com\/wp-content\/uploads\/2022\/08\/logo-1.png\",\"width\":227,\"height\":301,\"caption\":\"Librairie 7L\"},\"image\":{\"@id\":\"https:\/\/librairie7l.com\/en\/#\/schema\/logo\/image\/\"}}]}<\/script>\n<!-- \/ Yoast SEO plugin. -->","yoast_head_json":{"title":"Leo Castelli et les siens - Librairie 7L","robots":{"index":"index","follow":"follow","max-snippet":"max-snippet:-1","max-image-preview":"max-image-preview:large","max-video-preview":"max-video-preview:-1"},"canonical":"https:\/\/librairie7l.com\/en\/produit\/leo-castelli-et-les-siens-2\/","og_locale":"en_US","og_type":"article","og_title":"Leo Castelli et les siens - Librairie 7L","og_description":"\u00abJe ne suis pas marchand d&#8217;art, je suis galeriste\u00bb avait coutume de r\u00e9p\u00e9ter Leo Castelli. Il a r\u00e9gn\u00e9 sur l&#8217;art contemporain international pendant plus de quarante ans, au point d&#8217;en changer toutes les r\u00e8gles. Apr\u00e8s avoir v\u00e9cu dans de grandes villes d&#8217;Europe (Trieste, Vienne, Milan, Budapest, Bucarest et Paris), aux prises avec les convulsions historiques [&hellip;]","og_url":"https:\/\/librairie7l.com\/en\/produit\/leo-castelli-et-les-siens-2\/","og_site_name":"Librairie 7L","article_modified_time":"2026-04-30T18:26:16+00:00","og_image":[{"width":600,"height":988,"url":"https:\/\/librairie7l.com\/wp-content\/uploads\/2024\/03\/9782072996931_1_75.jpg","type":"image\/jpeg"}],"twitter_card":"summary_large_image","twitter_misc":{"Est. reading time":"2 minutes"},"schema":{"@context":"https:\/\/schema.org","@graph":[{"@type":"WebPage","@id":"https:\/\/librairie7l.com\/en\/produit\/leo-castelli-et-les-siens-2\/","url":"https:\/\/librairie7l.com\/en\/produit\/leo-castelli-et-les-siens-2\/","name":"Leo Castelli et les siens - Librairie 7L","isPartOf":{"@id":"https:\/\/librairie7l.com\/en\/#website"},"datePublished":"2024-09-25T20:17:28+00:00","dateModified":"2026-04-30T18:26:16+00:00","breadcrumb":{"@id":"https:\/\/librairie7l.com\/en\/produit\/leo-castelli-et-les-siens-2\/#breadcrumb"},"inLanguage":"en-US","potentialAction":[{"@type":"ReadAction","target":["https:\/\/librairie7l.com\/en\/produit\/leo-castelli-et-les-siens-2\/"]}]},{"@type":"BreadcrumbList","@id":"https:\/\/librairie7l.com\/en\/produit\/leo-castelli-et-les-siens-2\/#breadcrumb","itemListElement":[{"@type":"ListItem","position":1,"name":"Accueil","item":"https:\/\/librairie7l.com\/en\/"},{"@type":"ListItem","position":2,"name":"Shop","item":"https:\/\/librairie7l.com\/en\/shop\/"},{"@type":"ListItem","position":3,"name":"LEO CASTELLI ET LES SIENS"}]},{"@type":"WebSite","@id":"https:\/\/librairie7l.com\/en\/#website","url":"https:\/\/librairie7l.com\/en\/","name":"Librairie 7L","description":"Librairie fond\u00e9e en 1999 par Karl Lagerfeld \u00e0 Paris","publisher":{"@id":"https:\/\/librairie7l.com\/en\/#organization"},"potentialAction":[{"@type":"SearchAction","target":{"@type":"EntryPoint","urlTemplate":"https:\/\/librairie7l.com\/en\/?s={search_term_string}"},"query-input":"required name=search_term_string"}],"inLanguage":"en-US"},{"@type":"Organization","@id":"https:\/\/librairie7l.com\/en\/#organization","name":"Librairie 7L","url":"https:\/\/librairie7l.com\/en\/","logo":{"@type":"ImageObject","inLanguage":"en-US","@id":"https:\/\/librairie7l.com\/en\/#\/schema\/logo\/image\/","url":"https:\/\/librairie7l.com\/wp-content\/uploads\/2022\/08\/logo-1.png","contentUrl":"https:\/\/librairie7l.com\/wp-content\/uploads\/2022\/08\/logo-1.png","width":227,"height":301,"caption":"Librairie 7L"},"image":{"@id":"https:\/\/librairie7l.com\/en\/#\/schema\/logo\/image\/"}}]}},"_links":{"self":[{"href":"https:\/\/librairie7l.com\/en\/wp-json\/wp\/v2\/product\/42795"}],"collection":[{"href":"https:\/\/librairie7l.com\/en\/wp-json\/wp\/v2\/product"}],"about":[{"href":"https:\/\/librairie7l.com\/en\/wp-json\/wp\/v2\/types\/product"}],"wp:featuredmedia":[{"embeddable":true,"href":"https:\/\/librairie7l.com\/en\/wp-json\/wp\/v2\/media\/42793"}],"wp:attachment":[{"href":"https:\/\/librairie7l.com\/en\/wp-json\/wp\/v2\/media?parent=42795"}],"wp:term":[{"taxonomy":"product_cat","embeddable":true,"href":"https:\/\/librairie7l.com\/en\/wp-json\/wp\/v2\/product_cat?post=42795"},{"taxonomy":"product_tag","embeddable":true,"href":"https:\/\/librairie7l.com\/en\/wp-json\/wp\/v2\/product_tag?post=42795"}],"curies":[{"name":"wp","href":"https:\/\/api.w.org\/{rel}","templated":true}]}}

<p>«Je ne suis pas marchand d&#8217;art, je suis galeriste» avait coutume de répéter Leo Castelli. Il a régné sur l&#8217;art contemporain international pendant plus de quarante ans, au point d&#8217;en changer toutes les règles. Après avoir vécu dans de grandes villes d&#8217;Europe (Trieste, Vienne, Milan, Budapest, Bucarest et Paris), aux prises avec les convulsions historiques du siècle, ce grand bourgeois dilettante rejoint les États-Unis en 1941, où il ouvre sa propre galerie à New York, en 1957, à l&#8217;âge de cinquante ans. Fasciné par les artistes, ses «héros», il découvre les grands Américains des sixties (Jasper Johns, Robert Rauschenberg, Frank Stella, Roy Lichtenstein, Andy Warhol, James Rosenquist), et les mouvements esthétiques (le Pop Art, l&#8217;art minimal, l&#8217;art conceptuel), qu&#8217;il insère dans le cours de l&#8217;histoire de l&#8217;art. Organisée à l&#8217;européenne et gérée à l&#8217;américaine, la galerie Castelli invente la première forme de globalisation du marché de l&#8217;art et devient une institution incontournable. En quelques années, le galeriste transforme le statut de l&#8217;artiste aux États-Unis, assurant à l&#8217;art américain, pendant près de quatre décennies, une absolue hégémonie sur la scène internationale. Les consécrations à la Biennale de Venise pour Robert Rauschenberg en 1964, et Jasper Johns en 1988, sont de nouveaux coups de maître pour Castelli, jusqu&#8217;à ce que le marché de l&#8217;art américain s&#8217;emballe dans la fièvre de la montée des prix. Pourtant, derrière la personnalité d&#8217;un personnage érudit, affable et médiatique, se cache une histoire beaucoup plus complexe et mystérieuse qu&#8217;il ne le laissait paraître. Grâce à de nombreux entretiens réalisés dans le monde entier et à des documents d&#8217;archives inédits, Annie Cohen-Solal, biographe de Sartre et auteur de «Un jour ils auront des peintres», nous transporte d&#8217;Italie en Hongrie, en Roumanie, en France et aux États-Unis, pour raconter la passionnante trajectoire du galeriste, découvrant que sa fonction ressemblait étrangement à celle de ses propres ancêtres, et de ces agents qui travaillaient auprès des Médicis, dans la Toscane de la Renaissance.</p>

<p>«Je ne suis pas marchand d&#8217;art, je suis galeriste» avait coutume de répéter Leo Castelli. Il a régné sur l&#8217;art contemporain international pendant plus de quarante ans, au point d&#8217;en changer toutes les règles. Après avoir vécu dans de grandes villes d&#8217;Europe (Trieste, Vienne, Milan, Budapest, Bucarest et Paris), aux prises avec les convulsions historiques [&hellip;]</p>

<!-- This site is optimized with the Yoast SEO plugin v20.11 - https://yoast.com/wordpress/plugins/seo/ -->
<title>Leo Castelli et les siens - Librairie 7L</title>
<meta name="robots" content="index, follow, max-snippet:-1, max-image-preview:large, max-video-preview:-1" />
<link rel="canonical" href="https://librairie7l.com/en/produit/leo-castelli-et-les-siens-2/" />
<meta property="og:locale" content="en_US" />
<meta property="og:type" content="article" />
<meta property="og:title" content="Leo Castelli et les siens - Librairie 7L" />
<meta property="og:description" content="«Je ne suis pas marchand d&#8217;art, je suis galeriste» avait coutume de répéter Leo Castelli. Il a régné sur l&#8217;art contemporain international pendant plus de quarante ans, au point d&#8217;en changer toutes les règles. Après avoir vécu dans de grandes villes d&#8217;Europe (Trieste, Vienne, Milan, Budapest, Bucarest et Paris), aux prises avec les convulsions historiques [&hellip;]" />
<meta property="og:url" content="https://librairie7l.com/en/produit/leo-castelli-et-les-siens-2/" />
<meta property="og:site_name" content="Librairie 7L" />
<meta property="article:modified_time" content="2026-04-30T18:26:16+00:00" />
<meta property="og:image" content="https://librairie7l.com/wp-content/uploads/2024/03/9782072996931_1_75.jpg" />
	<meta property="og:image:width" content="600" />
	<meta property="og:image:height" content="988" />
	<meta property="og:image:type" content="image/jpeg" />
<meta name="twitter:card" content="summary_large_image" />
<meta name="twitter:label1" content="Est. reading time" />
	<meta name="twitter:data1" content="2 minutes" />
<script type="application/ld+json" class="yoast-schema-graph">{"@context":"https://schema.org","@graph":[{"@type":"WebPage","@id":"https://librairie7l.com/en/produit/leo-castelli-et-les-siens-2/","url":"https://librairie7l.com/en/produit/leo-castelli-et-les-siens-2/","name":"Leo Castelli et les siens - Librairie 7L","isPartOf":{"@id":"https://librairie7l.com/en/#website"},"datePublished":"2024-09-25T20:17:28+00:00","dateModified":"2026-04-30T18:26:16+00:00","breadcrumb":{"@id":"https://librairie7l.com/en/produit/leo-castelli-et-les-siens-2/#breadcrumb"},"inLanguage":"en-US","potentialAction":[{"@type":"ReadAction","target":["https://librairie7l.com/en/produit/leo-castelli-et-les-siens-2/"]}]},{"@type":"BreadcrumbList","@id":"https://librairie7l.com/en/produit/leo-castelli-et-les-siens-2/#breadcrumb","itemListElement":[{"@type":"ListItem","position":1,"name":"Accueil","item":"https://librairie7l.com/en/"},{"@type":"ListItem","position":2,"name":"Shop","item":"https://librairie7l.com/en/shop/"},{"@type":"ListItem","position":3,"name":"LEO CASTELLI ET LES SIENS"}]},{"@type":"WebSite","@id":"https://librairie7l.com/en/#website","url":"https://librairie7l.com/en/","name":"Librairie 7L","description":"Librairie fondée en 1999 par Karl Lagerfeld à Paris","publisher":{"@id":"https://librairie7l.com/en/#organization"},"potentialAction":[{"@type":"SearchAction","target":{"@type":"EntryPoint","urlTemplate":"https://librairie7l.com/en/?s={search_term_string}"},"query-input":"required name=search_term_string"}],"inLanguage":"en-US"},{"@type":"Organization","@id":"https://librairie7l.com/en/#organization","name":"Librairie 7L","url":"https://librairie7l.com/en/","logo":{"@type":"ImageObject","inLanguage":"en-US","@id":"https://librairie7l.com/en/#/schema/logo/image/","url":"https://librairie7l.com/wp-content/uploads/2022/08/logo-1.png","contentUrl":"https://librairie7l.com/wp-content/uploads/2022/08/logo-1.png","width":227,"height":301,"caption":"Librairie 7L"},"image":{"@id":"https://librairie7l.com/en/#/schema/logo/image/"}}]}</script>
<!-- / Yoast SEO plugin. -->

«Je ne suis pas marchand d&#8217;art, je suis galeriste» avait coutume de répéter Leo Castelli. Il a régné sur l&#8217;art contemporain international pendant plus de quarante ans, au point d&#8217;en changer toutes les règles. Après avoir vécu dans de grandes villes d&#8217;Europe (Trieste, Vienne, Milan, Budapest, Bucarest et Paris), aux prises avec les convulsions historiques [&hellip;]

Librairie fondée en 1999 par Karl Lagerfeld à Paris
