{"id":43202,"date":"2024-10-09T09:17:31","date_gmt":"2024-10-09T07:17:31","guid":{"rendered":"https:\/\/librairie7l.com\/?post_type=product&#038;p=43202"},"modified":"2026-04-29T20:25:27","modified_gmt":"2026-04-29T18:25:27","slug":"le-style-art-deco-grands-createurs-et-collectionneurs-2","status":"publish","type":"product","link":"https:\/\/librairie7l.com\/en\/produit\/le-style-art-deco-grands-createurs-et-collectionneurs-2\/","title":{"rendered":"LE STYLE ART D\u00c9CO : GRANDS CR\u00c9ATEURS ET COLLECTIONNEURS"},"content":{"rendered":"<p>LE LIVRE<br \/>\nDepuis ses origines aux lendemains de la Premi\u00e8re Guerre mondiale, l&#8217;Art d\u00e9co se diffuse rapidement \u00e0 l&#8217;\u00e9chelle internationale gr\u00e2ce \u00e0 une client\u00e8le fortun\u00e9e d\u00e9sireuse de singulariser ses int\u00e9rieurs avec un mobilier avant-gardiste et de luxueux objets. Les grands noms de la mode fran\u00e7aise (Jacques Doucet, Jeanne Lanvin, Madeleine Vionnet) et de riches collectionneurs (la duchesse d&#8217;Albe, Georges et Florence Blumenthal, le Maharaja d&#8217;Indore&#8230;) sont s\u00e9duits par son modernisme, l&#8217;\u00e9pure de ses formes, la pr\u00e9ciosit\u00e9 de ses mat\u00e9riaux, le rafinement de son ornementation.<br \/>\nL&#8217;appellation actuelle d'&#8221;Art d\u00e9co&#8221; voit le jour lors de sa renaissance dans les ann\u00e9es 1960. Karl Lagerfeld et Yves Saint Laurent comptent parmi les illustres passionn\u00e9s d&#8217;un style qui s&#8217;inscrit dans une tradition d&#8217;\u00e9l\u00e9gance fran\u00e7aise qui leur est ch\u00e8re. Enfin, une troisi\u00e8me g\u00e9n\u00e9ration de collectionneurs investit les salles de vente dans les ann\u00e9es 1980 et 1990, en qu\u00eate des cr\u00e9ations et des signatures les plus convoit\u00e9es.<br \/>\nIllustr\u00e9 des r\u00e9alisations l\u00e9gendaires d&#8217;Eileen Gray, Paul Iribe, Antoine Bourdelle, Armand-Albert Rateau ou Jean Dunand, cet ouvrage r\u00e9dig\u00e9 par un \u00e9minent sp\u00e9cialiste nous invite \u00e0 la rencontre des figures majeures, amateurs et designers, qui ont marqu\u00e9 l&#8217;histoire de l&#8217;Art d\u00e9co, un style dont l&#8217;attrait s&#8217;exerce encore puissamment de nos jours.<\/p>\n","protected":false},"excerpt":{"rendered":"<p>LE LIVRE Depuis ses origines aux lendemains de la Premi\u00e8re Guerre mondiale, l&#8217;Art d\u00e9co se diffuse rapidement \u00e0 l&#8217;\u00e9chelle internationale gr\u00e2ce \u00e0 une client\u00e8le fortun\u00e9e d\u00e9sireuse de singulariser ses int\u00e9rieurs avec un mobilier avant-gardiste et de luxueux objets. Les grands noms de la mode fran\u00e7aise (Jacques Doucet, Jeanne Lanvin, Madeleine Vionnet) et de riches collectionneurs [&hellip;]<\/p>\n","protected":false},"featured_media":43200,"template":"","meta":[],"product_cat":[2948,2952],"product_tag":[],"acf":[],"yoast_head":"<!-- This site is optimized with the Yoast SEO plugin v20.11 - https:\/\/yoast.com\/wordpress\/plugins\/seo\/ -->\n<title>Le style Art D\u00e9co : Grands cr\u00e9ateurs et collectionneurs - Librairie 7L<\/title>\n<meta name=\"robots\" content=\"index, follow, max-snippet:-1, max-image-preview:large, max-video-preview:-1\" \/>\n<link rel=\"canonical\" href=\"https:\/\/librairie7l.com\/en\/produit\/le-style-art-deco-grands-createurs-et-collectionneurs-2\/\" \/>\n<meta property=\"og:locale\" content=\"en_US\" \/>\n<meta property=\"og:type\" content=\"article\" \/>\n<meta property=\"og:title\" content=\"Le style Art D\u00e9co : Grands cr\u00e9ateurs et collectionneurs - Librairie 7L\" \/>\n<meta property=\"og:description\" content=\"LE LIVRE Depuis ses origines aux lendemains de la Premi\u00e8re Guerre mondiale, l&#8217;Art d\u00e9co se diffuse rapidement \u00e0 l&#8217;\u00e9chelle internationale gr\u00e2ce \u00e0 une client\u00e8le fortun\u00e9e d\u00e9sireuse de singulariser ses int\u00e9rieurs avec un mobilier avant-gardiste et de luxueux objets. Les grands noms de la mode fran\u00e7aise (Jacques Doucet, Jeanne Lanvin, Madeleine Vionnet) et de riches collectionneurs [&hellip;]\" \/>\n<meta property=\"og:url\" content=\"https:\/\/librairie7l.com\/en\/produit\/le-style-art-deco-grands-createurs-et-collectionneurs-2\/\" \/>\n<meta property=\"og:site_name\" content=\"Librairie 7L\" \/>\n<meta property=\"article:modified_time\" content=\"2026-04-29T18:25:27+00:00\" \/>\n<meta property=\"og:image\" content=\"https:\/\/librairie7l.com\/wp-content\/uploads\/2024\/05\/9782386110306_1_75.jpg\" \/>\n\t<meta property=\"og:image:width\" content=\"250\" \/>\n\t<meta property=\"og:image:height\" content=\"295\" \/>\n\t<meta property=\"og:image:type\" content=\"image\/jpeg\" \/>\n<meta name=\"twitter:card\" content=\"summary_large_image\" \/>\n<meta name=\"twitter:label1\" content=\"Est. reading time\" \/>\n\t<meta name=\"twitter:data1\" content=\"1 minute\" \/>\n<script type=\"application\/ld+json\" class=\"yoast-schema-graph\">{\"@context\":\"https:\/\/schema.org\",\"@graph\":[{\"@type\":\"WebPage\",\"@id\":\"https:\/\/librairie7l.com\/en\/produit\/le-style-art-deco-grands-createurs-et-collectionneurs-2\/\",\"url\":\"https:\/\/librairie7l.com\/en\/produit\/le-style-art-deco-grands-createurs-et-collectionneurs-2\/\",\"name\":\"Le style Art D\u00e9co : Grands cr\u00e9ateurs et collectionneurs - Librairie 7L\",\"isPartOf\":{\"@id\":\"https:\/\/librairie7l.com\/en\/#website\"},\"datePublished\":\"2024-10-09T07:17:31+00:00\",\"dateModified\":\"2026-04-29T18:25:27+00:00\",\"breadcrumb\":{\"@id\":\"https:\/\/librairie7l.com\/en\/produit\/le-style-art-deco-grands-createurs-et-collectionneurs-2\/#breadcrumb\"},\"inLanguage\":\"en-US\",\"potentialAction\":[{\"@type\":\"ReadAction\",\"target\":[\"https:\/\/librairie7l.com\/en\/produit\/le-style-art-deco-grands-createurs-et-collectionneurs-2\/\"]}]},{\"@type\":\"BreadcrumbList\",\"@id\":\"https:\/\/librairie7l.com\/en\/produit\/le-style-art-deco-grands-createurs-et-collectionneurs-2\/#breadcrumb\",\"itemListElement\":[{\"@type\":\"ListItem\",\"position\":1,\"name\":\"Accueil\",\"item\":\"https:\/\/librairie7l.com\/en\/\"},{\"@type\":\"ListItem\",\"position\":2,\"name\":\"Shop\",\"item\":\"https:\/\/librairie7l.com\/en\/shop\/\"},{\"@type\":\"ListItem\",\"position\":3,\"name\":\"LE STYLE ART D\u00c9CO : GRANDS CR\u00c9ATEURS ET COLLECTIONNEURS\"}]},{\"@type\":\"WebSite\",\"@id\":\"https:\/\/librairie7l.com\/en\/#website\",\"url\":\"https:\/\/librairie7l.com\/en\/\",\"name\":\"Librairie 7L\",\"description\":\"Librairie fond\u00e9e en 1999 par Karl Lagerfeld \u00e0 Paris\",\"publisher\":{\"@id\":\"https:\/\/librairie7l.com\/en\/#organization\"},\"potentialAction\":[{\"@type\":\"SearchAction\",\"target\":{\"@type\":\"EntryPoint\",\"urlTemplate\":\"https:\/\/librairie7l.com\/en\/?s={search_term_string}\"},\"query-input\":\"required name=search_term_string\"}],\"inLanguage\":\"en-US\"},{\"@type\":\"Organization\",\"@id\":\"https:\/\/librairie7l.com\/en\/#organization\",\"name\":\"Librairie 7L\",\"url\":\"https:\/\/librairie7l.com\/en\/\",\"logo\":{\"@type\":\"ImageObject\",\"inLanguage\":\"en-US\",\"@id\":\"https:\/\/librairie7l.com\/en\/#\/schema\/logo\/image\/\",\"url\":\"https:\/\/librairie7l.com\/wp-content\/uploads\/2022\/08\/logo-1.png\",\"contentUrl\":\"https:\/\/librairie7l.com\/wp-content\/uploads\/2022\/08\/logo-1.png\",\"width\":227,\"height\":301,\"caption\":\"Librairie 7L\"},\"image\":{\"@id\":\"https:\/\/librairie7l.com\/en\/#\/schema\/logo\/image\/\"}}]}<\/script>\n<!-- \/ Yoast SEO plugin. -->","yoast_head_json":{"title":"Le style Art D\u00e9co : Grands cr\u00e9ateurs et collectionneurs - Librairie 7L","robots":{"index":"index","follow":"follow","max-snippet":"max-snippet:-1","max-image-preview":"max-image-preview:large","max-video-preview":"max-video-preview:-1"},"canonical":"https:\/\/librairie7l.com\/en\/produit\/le-style-art-deco-grands-createurs-et-collectionneurs-2\/","og_locale":"en_US","og_type":"article","og_title":"Le style Art D\u00e9co : Grands cr\u00e9ateurs et collectionneurs - Librairie 7L","og_description":"LE LIVRE Depuis ses origines aux lendemains de la Premi\u00e8re Guerre mondiale, l&#8217;Art d\u00e9co se diffuse rapidement \u00e0 l&#8217;\u00e9chelle internationale gr\u00e2ce \u00e0 une client\u00e8le fortun\u00e9e d\u00e9sireuse de singulariser ses int\u00e9rieurs avec un mobilier avant-gardiste et de luxueux objets. Les grands noms de la mode fran\u00e7aise (Jacques Doucet, Jeanne Lanvin, Madeleine Vionnet) et de riches collectionneurs [&hellip;]","og_url":"https:\/\/librairie7l.com\/en\/produit\/le-style-art-deco-grands-createurs-et-collectionneurs-2\/","og_site_name":"Librairie 7L","article_modified_time":"2026-04-29T18:25:27+00:00","og_image":[{"width":250,"height":295,"url":"https:\/\/librairie7l.com\/wp-content\/uploads\/2024\/05\/9782386110306_1_75.jpg","type":"image\/jpeg"}],"twitter_card":"summary_large_image","twitter_misc":{"Est. reading time":"1 minute"},"schema":{"@context":"https:\/\/schema.org","@graph":[{"@type":"WebPage","@id":"https:\/\/librairie7l.com\/en\/produit\/le-style-art-deco-grands-createurs-et-collectionneurs-2\/","url":"https:\/\/librairie7l.com\/en\/produit\/le-style-art-deco-grands-createurs-et-collectionneurs-2\/","name":"Le style Art D\u00e9co : Grands cr\u00e9ateurs et collectionneurs - Librairie 7L","isPartOf":{"@id":"https:\/\/librairie7l.com\/en\/#website"},"datePublished":"2024-10-09T07:17:31+00:00","dateModified":"2026-04-29T18:25:27+00:00","breadcrumb":{"@id":"https:\/\/librairie7l.com\/en\/produit\/le-style-art-deco-grands-createurs-et-collectionneurs-2\/#breadcrumb"},"inLanguage":"en-US","potentialAction":[{"@type":"ReadAction","target":["https:\/\/librairie7l.com\/en\/produit\/le-style-art-deco-grands-createurs-et-collectionneurs-2\/"]}]},{"@type":"BreadcrumbList","@id":"https:\/\/librairie7l.com\/en\/produit\/le-style-art-deco-grands-createurs-et-collectionneurs-2\/#breadcrumb","itemListElement":[{"@type":"ListItem","position":1,"name":"Accueil","item":"https:\/\/librairie7l.com\/en\/"},{"@type":"ListItem","position":2,"name":"Shop","item":"https:\/\/librairie7l.com\/en\/shop\/"},{"@type":"ListItem","position":3,"name":"LE STYLE ART D\u00c9CO : GRANDS CR\u00c9ATEURS ET COLLECTIONNEURS"}]},{"@type":"WebSite","@id":"https:\/\/librairie7l.com\/en\/#website","url":"https:\/\/librairie7l.com\/en\/","name":"Librairie 7L","description":"Librairie fond\u00e9e en 1999 par Karl Lagerfeld \u00e0 Paris","publisher":{"@id":"https:\/\/librairie7l.com\/en\/#organization"},"potentialAction":[{"@type":"SearchAction","target":{"@type":"EntryPoint","urlTemplate":"https:\/\/librairie7l.com\/en\/?s={search_term_string}"},"query-input":"required name=search_term_string"}],"inLanguage":"en-US"},{"@type":"Organization","@id":"https:\/\/librairie7l.com\/en\/#organization","name":"Librairie 7L","url":"https:\/\/librairie7l.com\/en\/","logo":{"@type":"ImageObject","inLanguage":"en-US","@id":"https:\/\/librairie7l.com\/en\/#\/schema\/logo\/image\/","url":"https:\/\/librairie7l.com\/wp-content\/uploads\/2022\/08\/logo-1.png","contentUrl":"https:\/\/librairie7l.com\/wp-content\/uploads\/2022\/08\/logo-1.png","width":227,"height":301,"caption":"Librairie 7L"},"image":{"@id":"https:\/\/librairie7l.com\/en\/#\/schema\/logo\/image\/"}}]}},"_links":{"self":[{"href":"https:\/\/librairie7l.com\/en\/wp-json\/wp\/v2\/product\/43202"}],"collection":[{"href":"https:\/\/librairie7l.com\/en\/wp-json\/wp\/v2\/product"}],"about":[{"href":"https:\/\/librairie7l.com\/en\/wp-json\/wp\/v2\/types\/product"}],"wp:featuredmedia":[{"embeddable":true,"href":"https:\/\/librairie7l.com\/en\/wp-json\/wp\/v2\/media\/43200"}],"wp:attachment":[{"href":"https:\/\/librairie7l.com\/en\/wp-json\/wp\/v2\/media?parent=43202"}],"wp:term":[{"taxonomy":"product_cat","embeddable":true,"href":"https:\/\/librairie7l.com\/en\/wp-json\/wp\/v2\/product_cat?post=43202"},{"taxonomy":"product_tag","embeddable":true,"href":"https:\/\/librairie7l.com\/en\/wp-json\/wp\/v2\/product_tag?post=43202"}],"curies":[{"name":"wp","href":"https:\/\/api.w.org\/{rel}","templated":true}]}}

LE STYLE ART DÉCO : GRANDS CRÉATEURS ET COLLECTIONNEURS

<p>LE LIVRE<br />
Depuis ses origines aux lendemains de la Première Guerre mondiale, l&#8217;Art déco se diffuse rapidement à l&#8217;échelle internationale grâce à une clientèle fortunée désireuse de singulariser ses intérieurs avec un mobilier avant-gardiste et de luxueux objets. Les grands noms de la mode française (Jacques Doucet, Jeanne Lanvin, Madeleine Vionnet) et de riches collectionneurs (la duchesse d&#8217;Albe, Georges et Florence Blumenthal, le Maharaja d&#8217;Indore&#8230;) sont séduits par son modernisme, l&#8217;épure de ses formes, la préciosité de ses matériaux, le rafinement de son ornementation.<br />
L&#8217;appellation actuelle d'&#8221;Art déco&#8221; voit le jour lors de sa renaissance dans les années 1960. Karl Lagerfeld et Yves Saint Laurent comptent parmi les illustres passionnés d&#8217;un style qui s&#8217;inscrit dans une tradition d&#8217;élégance française qui leur est chère. Enfin, une troisième génération de collectionneurs investit les salles de vente dans les années 1980 et 1990, en quête des créations et des signatures les plus convoitées.<br />
Illustré des réalisations légendaires d&#8217;Eileen Gray, Paul Iribe, Antoine Bourdelle, Armand-Albert Rateau ou Jean Dunand, cet ouvrage rédigé par un éminent spécialiste nous invite à la rencontre des figures majeures, amateurs et designers, qui ont marqué l&#8217;histoire de l&#8217;Art déco, un style dont l&#8217;attrait s&#8217;exerce encore puissamment de nos jours.</p>

<p>LE LIVRE Depuis ses origines aux lendemains de la Première Guerre mondiale, l&#8217;Art déco se diffuse rapidement à l&#8217;échelle internationale grâce à une clientèle fortunée désireuse de singulariser ses intérieurs avec un mobilier avant-gardiste et de luxueux objets. Les grands noms de la mode française (Jacques Doucet, Jeanne Lanvin, Madeleine Vionnet) et de riches collectionneurs [&hellip;]</p>

<!-- This site is optimized with the Yoast SEO plugin v20.11 - https://yoast.com/wordpress/plugins/seo/ -->
<title>Le style Art Déco : Grands créateurs et collectionneurs - Librairie 7L</title>
<meta name="robots" content="index, follow, max-snippet:-1, max-image-preview:large, max-video-preview:-1" />
<link rel="canonical" href="https://librairie7l.com/en/produit/le-style-art-deco-grands-createurs-et-collectionneurs-2/" />
<meta property="og:locale" content="en_US" />
<meta property="og:type" content="article" />
<meta property="og:title" content="Le style Art Déco : Grands créateurs et collectionneurs - Librairie 7L" />
<meta property="og:description" content="LE LIVRE Depuis ses origines aux lendemains de la Première Guerre mondiale, l&#8217;Art déco se diffuse rapidement à l&#8217;échelle internationale grâce à une clientèle fortunée désireuse de singulariser ses intérieurs avec un mobilier avant-gardiste et de luxueux objets. Les grands noms de la mode française (Jacques Doucet, Jeanne Lanvin, Madeleine Vionnet) et de riches collectionneurs [&hellip;]" />
<meta property="og:url" content="https://librairie7l.com/en/produit/le-style-art-deco-grands-createurs-et-collectionneurs-2/" />
<meta property="og:site_name" content="Librairie 7L" />
<meta property="article:modified_time" content="2026-04-29T18:25:27+00:00" />
<meta property="og:image" content="https://librairie7l.com/wp-content/uploads/2024/05/9782386110306_1_75.jpg" />
	<meta property="og:image:width" content="250" />
	<meta property="og:image:height" content="295" />
	<meta property="og:image:type" content="image/jpeg" />
<meta name="twitter:card" content="summary_large_image" />
<meta name="twitter:label1" content="Est. reading time" />
	<meta name="twitter:data1" content="1 minute" />
<script type="application/ld+json" class="yoast-schema-graph">{"@context":"https://schema.org","@graph":[{"@type":"WebPage","@id":"https://librairie7l.com/en/produit/le-style-art-deco-grands-createurs-et-collectionneurs-2/","url":"https://librairie7l.com/en/produit/le-style-art-deco-grands-createurs-et-collectionneurs-2/","name":"Le style Art Déco : Grands créateurs et collectionneurs - Librairie 7L","isPartOf":{"@id":"https://librairie7l.com/en/#website"},"datePublished":"2024-10-09T07:17:31+00:00","dateModified":"2026-04-29T18:25:27+00:00","breadcrumb":{"@id":"https://librairie7l.com/en/produit/le-style-art-deco-grands-createurs-et-collectionneurs-2/#breadcrumb"},"inLanguage":"en-US","potentialAction":[{"@type":"ReadAction","target":["https://librairie7l.com/en/produit/le-style-art-deco-grands-createurs-et-collectionneurs-2/"]}]},{"@type":"BreadcrumbList","@id":"https://librairie7l.com/en/produit/le-style-art-deco-grands-createurs-et-collectionneurs-2/#breadcrumb","itemListElement":[{"@type":"ListItem","position":1,"name":"Accueil","item":"https://librairie7l.com/en/"},{"@type":"ListItem","position":2,"name":"Shop","item":"https://librairie7l.com/en/shop/"},{"@type":"ListItem","position":3,"name":"LE STYLE ART DÉCO : GRANDS CRÉATEURS ET COLLECTIONNEURS"}]},{"@type":"WebSite","@id":"https://librairie7l.com/en/#website","url":"https://librairie7l.com/en/","name":"Librairie 7L","description":"Librairie fondée en 1999 par Karl Lagerfeld à Paris","publisher":{"@id":"https://librairie7l.com/en/#organization"},"potentialAction":[{"@type":"SearchAction","target":{"@type":"EntryPoint","urlTemplate":"https://librairie7l.com/en/?s={search_term_string}"},"query-input":"required name=search_term_string"}],"inLanguage":"en-US"},{"@type":"Organization","@id":"https://librairie7l.com/en/#organization","name":"Librairie 7L","url":"https://librairie7l.com/en/","logo":{"@type":"ImageObject","inLanguage":"en-US","@id":"https://librairie7l.com/en/#/schema/logo/image/","url":"https://librairie7l.com/wp-content/uploads/2022/08/logo-1.png","contentUrl":"https://librairie7l.com/wp-content/uploads/2022/08/logo-1.png","width":227,"height":301,"caption":"Librairie 7L"},"image":{"@id":"https://librairie7l.com/en/#/schema/logo/image/"}}]}</script>
<!-- / Yoast SEO plugin. -->

Le style Art Déco : Grands créateurs et collectionneurs - Librairie 7L

LE LIVRE Depuis ses origines aux lendemains de la Première Guerre mondiale, l&#8217;Art déco se diffuse rapidement à l&#8217;échelle internationale grâce à une clientèle fortunée désireuse de singulariser ses intérieurs avec un mobilier avant-gardiste et de luxueux objets. Les grands noms de la mode française (Jacques Doucet, Jeanne Lanvin, Madeleine Vionnet) et de riches collectionneurs [&hellip;]

Librairie fondée en 1999 par Karl Lagerfeld à Paris
