{"id":43351,"date":"2024-10-16T09:17:37","date_gmt":"2024-10-16T07:17:37","guid":{"rendered":"https:\/\/librairie7l.com\/?post_type=product&#038;p=43351"},"modified":"2026-04-27T15:53:53","modified_gmt":"2026-04-27T13:53:53","slug":"celui-qui-necrivait-pas-2","status":"publish","type":"product","link":"https:\/\/librairie7l.com\/en\/produit\/celui-qui-necrivait-pas-2\/","title":{"rendered":"CELUI QUI N&#8217;\u00c9CRIVAIT PAS"},"content":{"rendered":"<p>\u00c0 plus de 90 ans, \u00c1lvaro Siza continue de dessiner des b\u00e2timents, de r\u00e9soudre, comme autant d&#8217;\u00e9nigmes, les projets qu&#8217;on lui soumet, en suivant \u00e0 son rythme le chemin sinueux de son imagination. Celui-ci a toujours \u00e9t\u00e9 ponctu\u00e9 de dessins, croquis et coups de crayon, mais l&#8217;architecte portugais ne se prive pas non plus d&#8217;utiliser l&#8217;\u00e9criture pour trouver l&#8217;inspiration en visitant son \u00ab magasin \u00e0 id\u00e9es \u00bb. Pour lui, le subconscient joue un r\u00f4le essentiel dans le processus de cr\u00e9ation de tous les artistes, de m\u00eame que le temps qui lui est propre.<br \/>\nCe recueil qui r\u00e9unit 65 textes et autant de dessins a \u00e9t\u00e9 graphiquement con\u00e7u par Siza lui-m\u00eame et permet au lecteur de se plonger dans son univers cr\u00e9atif.<\/p>\n","protected":false},"excerpt":{"rendered":"<p>\u00c0 plus de 90 ans, \u00c1lvaro Siza continue de dessiner des b\u00e2timents, de r\u00e9soudre, comme autant d&#8217;\u00e9nigmes, les projets qu&#8217;on lui soumet, en suivant \u00e0 son rythme le chemin sinueux de son imagination. Celui-ci a toujours \u00e9t\u00e9 ponctu\u00e9 de dessins, croquis et coups de crayon, mais l&#8217;architecte portugais ne se prive pas non plus d&#8217;utiliser [&hellip;]<\/p>\n","protected":false},"featured_media":43349,"template":"","meta":[],"product_cat":[2948,2950],"product_tag":[],"acf":[],"yoast_head":"<!-- This site is optimized with the Yoast SEO plugin v20.11 - https:\/\/yoast.com\/wordpress\/plugins\/seo\/ -->\n<title>Celui qui n&#039;\u00e9crivait pas - Librairie 7L<\/title>\n<meta name=\"robots\" content=\"index, follow, max-snippet:-1, max-image-preview:large, max-video-preview:-1\" \/>\n<link rel=\"canonical\" href=\"https:\/\/librairie7l.com\/en\/produit\/celui-qui-necrivait-pas-2\/\" \/>\n<meta property=\"og:locale\" content=\"en_US\" \/>\n<meta property=\"og:type\" content=\"article\" \/>\n<meta property=\"og:title\" content=\"Celui qui n&#039;\u00e9crivait pas - Librairie 7L\" \/>\n<meta property=\"og:description\" content=\"\u00c0 plus de 90 ans, \u00c1lvaro Siza continue de dessiner des b\u00e2timents, de r\u00e9soudre, comme autant d&#8217;\u00e9nigmes, les projets qu&#8217;on lui soumet, en suivant \u00e0 son rythme le chemin sinueux de son imagination. Celui-ci a toujours \u00e9t\u00e9 ponctu\u00e9 de dessins, croquis et coups de crayon, mais l&#8217;architecte portugais ne se prive pas non plus d&#8217;utiliser [&hellip;]\" \/>\n<meta property=\"og:url\" content=\"https:\/\/librairie7l.com\/en\/produit\/celui-qui-necrivait-pas-2\/\" \/>\n<meta property=\"og:site_name\" content=\"Librairie 7L\" \/>\n<meta property=\"article:modified_time\" content=\"2026-04-27T13:53:53+00:00\" \/>\n<meta property=\"og:image\" content=\"https:\/\/librairie7l.com\/wp-content\/uploads\/2024\/06\/9782863644539_1_75.jpg\" \/>\n\t<meta property=\"og:image:width\" content=\"600\" \/>\n\t<meta property=\"og:image:height\" content=\"882\" \/>\n\t<meta property=\"og:image:type\" content=\"image\/jpeg\" \/>\n<meta name=\"twitter:card\" content=\"summary_large_image\" \/>\n<meta name=\"twitter:label1\" content=\"Est. reading time\" \/>\n\t<meta name=\"twitter:data1\" content=\"1 minute\" \/>\n<script type=\"application\/ld+json\" class=\"yoast-schema-graph\">{\"@context\":\"https:\/\/schema.org\",\"@graph\":[{\"@type\":\"WebPage\",\"@id\":\"https:\/\/librairie7l.com\/en\/produit\/celui-qui-necrivait-pas-2\/\",\"url\":\"https:\/\/librairie7l.com\/en\/produit\/celui-qui-necrivait-pas-2\/\",\"name\":\"Celui qui n'\u00e9crivait pas - Librairie 7L\",\"isPartOf\":{\"@id\":\"https:\/\/librairie7l.com\/en\/#website\"},\"datePublished\":\"2024-10-16T07:17:37+00:00\",\"dateModified\":\"2026-04-27T13:53:53+00:00\",\"breadcrumb\":{\"@id\":\"https:\/\/librairie7l.com\/en\/produit\/celui-qui-necrivait-pas-2\/#breadcrumb\"},\"inLanguage\":\"en-US\",\"potentialAction\":[{\"@type\":\"ReadAction\",\"target\":[\"https:\/\/librairie7l.com\/en\/produit\/celui-qui-necrivait-pas-2\/\"]}]},{\"@type\":\"BreadcrumbList\",\"@id\":\"https:\/\/librairie7l.com\/en\/produit\/celui-qui-necrivait-pas-2\/#breadcrumb\",\"itemListElement\":[{\"@type\":\"ListItem\",\"position\":1,\"name\":\"Accueil\",\"item\":\"https:\/\/librairie7l.com\/en\/\"},{\"@type\":\"ListItem\",\"position\":2,\"name\":\"Shop\",\"item\":\"https:\/\/librairie7l.com\/en\/shop\/\"},{\"@type\":\"ListItem\",\"position\":3,\"name\":\"CELUI QUI N&#8217;\u00c9CRIVAIT PAS\"}]},{\"@type\":\"WebSite\",\"@id\":\"https:\/\/librairie7l.com\/en\/#website\",\"url\":\"https:\/\/librairie7l.com\/en\/\",\"name\":\"Librairie 7L\",\"description\":\"Librairie fond\u00e9e en 1999 par Karl Lagerfeld \u00e0 Paris\",\"publisher\":{\"@id\":\"https:\/\/librairie7l.com\/en\/#organization\"},\"potentialAction\":[{\"@type\":\"SearchAction\",\"target\":{\"@type\":\"EntryPoint\",\"urlTemplate\":\"https:\/\/librairie7l.com\/en\/?s={search_term_string}\"},\"query-input\":\"required name=search_term_string\"}],\"inLanguage\":\"en-US\"},{\"@type\":\"Organization\",\"@id\":\"https:\/\/librairie7l.com\/en\/#organization\",\"name\":\"Librairie 7L\",\"url\":\"https:\/\/librairie7l.com\/en\/\",\"logo\":{\"@type\":\"ImageObject\",\"inLanguage\":\"en-US\",\"@id\":\"https:\/\/librairie7l.com\/en\/#\/schema\/logo\/image\/\",\"url\":\"https:\/\/librairie7l.com\/wp-content\/uploads\/2022\/08\/logo-1.png\",\"contentUrl\":\"https:\/\/librairie7l.com\/wp-content\/uploads\/2022\/08\/logo-1.png\",\"width\":227,\"height\":301,\"caption\":\"Librairie 7L\"},\"image\":{\"@id\":\"https:\/\/librairie7l.com\/en\/#\/schema\/logo\/image\/\"}}]}<\/script>\n<!-- \/ Yoast SEO plugin. -->","yoast_head_json":{"title":"Celui qui n'\u00e9crivait pas - Librairie 7L","robots":{"index":"index","follow":"follow","max-snippet":"max-snippet:-1","max-image-preview":"max-image-preview:large","max-video-preview":"max-video-preview:-1"},"canonical":"https:\/\/librairie7l.com\/en\/produit\/celui-qui-necrivait-pas-2\/","og_locale":"en_US","og_type":"article","og_title":"Celui qui n'\u00e9crivait pas - Librairie 7L","og_description":"\u00c0 plus de 90 ans, \u00c1lvaro Siza continue de dessiner des b\u00e2timents, de r\u00e9soudre, comme autant d&#8217;\u00e9nigmes, les projets qu&#8217;on lui soumet, en suivant \u00e0 son rythme le chemin sinueux de son imagination. Celui-ci a toujours \u00e9t\u00e9 ponctu\u00e9 de dessins, croquis et coups de crayon, mais l&#8217;architecte portugais ne se prive pas non plus d&#8217;utiliser [&hellip;]","og_url":"https:\/\/librairie7l.com\/en\/produit\/celui-qui-necrivait-pas-2\/","og_site_name":"Librairie 7L","article_modified_time":"2026-04-27T13:53:53+00:00","og_image":[{"width":600,"height":882,"url":"https:\/\/librairie7l.com\/wp-content\/uploads\/2024\/06\/9782863644539_1_75.jpg","type":"image\/jpeg"}],"twitter_card":"summary_large_image","twitter_misc":{"Est. reading time":"1 minute"},"schema":{"@context":"https:\/\/schema.org","@graph":[{"@type":"WebPage","@id":"https:\/\/librairie7l.com\/en\/produit\/celui-qui-necrivait-pas-2\/","url":"https:\/\/librairie7l.com\/en\/produit\/celui-qui-necrivait-pas-2\/","name":"Celui qui n'\u00e9crivait pas - Librairie 7L","isPartOf":{"@id":"https:\/\/librairie7l.com\/en\/#website"},"datePublished":"2024-10-16T07:17:37+00:00","dateModified":"2026-04-27T13:53:53+00:00","breadcrumb":{"@id":"https:\/\/librairie7l.com\/en\/produit\/celui-qui-necrivait-pas-2\/#breadcrumb"},"inLanguage":"en-US","potentialAction":[{"@type":"ReadAction","target":["https:\/\/librairie7l.com\/en\/produit\/celui-qui-necrivait-pas-2\/"]}]},{"@type":"BreadcrumbList","@id":"https:\/\/librairie7l.com\/en\/produit\/celui-qui-necrivait-pas-2\/#breadcrumb","itemListElement":[{"@type":"ListItem","position":1,"name":"Accueil","item":"https:\/\/librairie7l.com\/en\/"},{"@type":"ListItem","position":2,"name":"Shop","item":"https:\/\/librairie7l.com\/en\/shop\/"},{"@type":"ListItem","position":3,"name":"CELUI QUI N&#8217;\u00c9CRIVAIT PAS"}]},{"@type":"WebSite","@id":"https:\/\/librairie7l.com\/en\/#website","url":"https:\/\/librairie7l.com\/en\/","name":"Librairie 7L","description":"Librairie fond\u00e9e en 1999 par Karl Lagerfeld \u00e0 Paris","publisher":{"@id":"https:\/\/librairie7l.com\/en\/#organization"},"potentialAction":[{"@type":"SearchAction","target":{"@type":"EntryPoint","urlTemplate":"https:\/\/librairie7l.com\/en\/?s={search_term_string}"},"query-input":"required name=search_term_string"}],"inLanguage":"en-US"},{"@type":"Organization","@id":"https:\/\/librairie7l.com\/en\/#organization","name":"Librairie 7L","url":"https:\/\/librairie7l.com\/en\/","logo":{"@type":"ImageObject","inLanguage":"en-US","@id":"https:\/\/librairie7l.com\/en\/#\/schema\/logo\/image\/","url":"https:\/\/librairie7l.com\/wp-content\/uploads\/2022\/08\/logo-1.png","contentUrl":"https:\/\/librairie7l.com\/wp-content\/uploads\/2022\/08\/logo-1.png","width":227,"height":301,"caption":"Librairie 7L"},"image":{"@id":"https:\/\/librairie7l.com\/en\/#\/schema\/logo\/image\/"}}]}},"_links":{"self":[{"href":"https:\/\/librairie7l.com\/en\/wp-json\/wp\/v2\/product\/43351"}],"collection":[{"href":"https:\/\/librairie7l.com\/en\/wp-json\/wp\/v2\/product"}],"about":[{"href":"https:\/\/librairie7l.com\/en\/wp-json\/wp\/v2\/types\/product"}],"wp:featuredmedia":[{"embeddable":true,"href":"https:\/\/librairie7l.com\/en\/wp-json\/wp\/v2\/media\/43349"}],"wp:attachment":[{"href":"https:\/\/librairie7l.com\/en\/wp-json\/wp\/v2\/media?parent=43351"}],"wp:term":[{"taxonomy":"product_cat","embeddable":true,"href":"https:\/\/librairie7l.com\/en\/wp-json\/wp\/v2\/product_cat?post=43351"},{"taxonomy":"product_tag","embeddable":true,"href":"https:\/\/librairie7l.com\/en\/wp-json\/wp\/v2\/product_tag?post=43351"}],"curies":[{"name":"wp","href":"https:\/\/api.w.org\/{rel}","templated":true}]}}

CELUI QUI N&#8217;ÉCRIVAIT PAS

<p>À plus de 90 ans, Álvaro Siza continue de dessiner des bâtiments, de résoudre, comme autant d&#8217;énigmes, les projets qu&#8217;on lui soumet, en suivant à son rythme le chemin sinueux de son imagination. Celui-ci a toujours été ponctué de dessins, croquis et coups de crayon, mais l&#8217;architecte portugais ne se prive pas non plus d&#8217;utiliser l&#8217;écriture pour trouver l&#8217;inspiration en visitant son « magasin à idées ». Pour lui, le subconscient joue un rôle essentiel dans le processus de création de tous les artistes, de même que le temps qui lui est propre.<br />
Ce recueil qui réunit 65 textes et autant de dessins a été graphiquement conçu par Siza lui-même et permet au lecteur de se plonger dans son univers créatif.</p>

<p>À plus de 90 ans, Álvaro Siza continue de dessiner des bâtiments, de résoudre, comme autant d&#8217;énigmes, les projets qu&#8217;on lui soumet, en suivant à son rythme le chemin sinueux de son imagination. Celui-ci a toujours été ponctué de dessins, croquis et coups de crayon, mais l&#8217;architecte portugais ne se prive pas non plus d&#8217;utiliser [&hellip;]</p>

<!-- This site is optimized with the Yoast SEO plugin v20.11 - https://yoast.com/wordpress/plugins/seo/ -->
<title>Celui qui n&#039;écrivait pas - Librairie 7L</title>
<meta name="robots" content="index, follow, max-snippet:-1, max-image-preview:large, max-video-preview:-1" />
<link rel="canonical" href="https://librairie7l.com/en/produit/celui-qui-necrivait-pas-2/" />
<meta property="og:locale" content="en_US" />
<meta property="og:type" content="article" />
<meta property="og:title" content="Celui qui n&#039;écrivait pas - Librairie 7L" />
<meta property="og:description" content="À plus de 90 ans, Álvaro Siza continue de dessiner des bâtiments, de résoudre, comme autant d&#8217;énigmes, les projets qu&#8217;on lui soumet, en suivant à son rythme le chemin sinueux de son imagination. Celui-ci a toujours été ponctué de dessins, croquis et coups de crayon, mais l&#8217;architecte portugais ne se prive pas non plus d&#8217;utiliser [&hellip;]" />
<meta property="og:url" content="https://librairie7l.com/en/produit/celui-qui-necrivait-pas-2/" />
<meta property="og:site_name" content="Librairie 7L" />
<meta property="article:modified_time" content="2026-04-27T13:53:53+00:00" />
<meta property="og:image" content="https://librairie7l.com/wp-content/uploads/2024/06/9782863644539_1_75.jpg" />
	<meta property="og:image:width" content="600" />
	<meta property="og:image:height" content="882" />
	<meta property="og:image:type" content="image/jpeg" />
<meta name="twitter:card" content="summary_large_image" />
<meta name="twitter:label1" content="Est. reading time" />
	<meta name="twitter:data1" content="1 minute" />
<script type="application/ld+json" class="yoast-schema-graph">{"@context":"https://schema.org","@graph":[{"@type":"WebPage","@id":"https://librairie7l.com/en/produit/celui-qui-necrivait-pas-2/","url":"https://librairie7l.com/en/produit/celui-qui-necrivait-pas-2/","name":"Celui qui n'écrivait pas - Librairie 7L","isPartOf":{"@id":"https://librairie7l.com/en/#website"},"datePublished":"2024-10-16T07:17:37+00:00","dateModified":"2026-04-27T13:53:53+00:00","breadcrumb":{"@id":"https://librairie7l.com/en/produit/celui-qui-necrivait-pas-2/#breadcrumb"},"inLanguage":"en-US","potentialAction":[{"@type":"ReadAction","target":["https://librairie7l.com/en/produit/celui-qui-necrivait-pas-2/"]}]},{"@type":"BreadcrumbList","@id":"https://librairie7l.com/en/produit/celui-qui-necrivait-pas-2/#breadcrumb","itemListElement":[{"@type":"ListItem","position":1,"name":"Accueil","item":"https://librairie7l.com/en/"},{"@type":"ListItem","position":2,"name":"Shop","item":"https://librairie7l.com/en/shop/"},{"@type":"ListItem","position":3,"name":"CELUI QUI N&#8217;ÉCRIVAIT PAS"}]},{"@type":"WebSite","@id":"https://librairie7l.com/en/#website","url":"https://librairie7l.com/en/","name":"Librairie 7L","description":"Librairie fondée en 1999 par Karl Lagerfeld à Paris","publisher":{"@id":"https://librairie7l.com/en/#organization"},"potentialAction":[{"@type":"SearchAction","target":{"@type":"EntryPoint","urlTemplate":"https://librairie7l.com/en/?s={search_term_string}"},"query-input":"required name=search_term_string"}],"inLanguage":"en-US"},{"@type":"Organization","@id":"https://librairie7l.com/en/#organization","name":"Librairie 7L","url":"https://librairie7l.com/en/","logo":{"@type":"ImageObject","inLanguage":"en-US","@id":"https://librairie7l.com/en/#/schema/logo/image/","url":"https://librairie7l.com/wp-content/uploads/2022/08/logo-1.png","contentUrl":"https://librairie7l.com/wp-content/uploads/2022/08/logo-1.png","width":227,"height":301,"caption":"Librairie 7L"},"image":{"@id":"https://librairie7l.com/en/#/schema/logo/image/"}}]}</script>
<!-- / Yoast SEO plugin. -->

Celui qui n'écrivait pas - Librairie 7L

À plus de 90 ans, Álvaro Siza continue de dessiner des bâtiments, de résoudre, comme autant d&#8217;énigmes, les projets qu&#8217;on lui soumet, en suivant à son rythme le chemin sinueux de son imagination. Celui-ci a toujours été ponctué de dessins, croquis et coups de crayon, mais l&#8217;architecte portugais ne se prive pas non plus d&#8217;utiliser [&hellip;]

Librairie fondée en 1999 par Karl Lagerfeld à Paris
