{"id":43395,"date":"2024-10-16T09:18:16","date_gmt":"2024-10-16T07:18:16","guid":{"rendered":"https:\/\/librairie7l.com\/?post_type=product&#038;p=43395"},"modified":"2026-04-28T05:15:43","modified_gmt":"2026-04-28T03:15:43","slug":"olga-de-amaral-2","status":"publish","type":"product","link":"https:\/\/librairie7l.com\/en\/produit\/olga-de-amaral-2\/","title":{"rendered":"OLGA DE AMARAL"},"content":{"rendered":"<p>Olga de Amaral est une figure incontournable de la sc\u00e8ne artistique colombienne et du Fiber Art. Inclassable, son oeuvre emprunte tant aux principes modernistes qu&#8217;aux traditions vernaculaires et \u00e0 l&#8217;art pr\u00e9colombien. Contemporaine de Magdalena Abakanowicz et Sheila Hicks, Olga de Amaral a particip\u00e9 \u00e0 la r\u00e9volution de l&#8217;art textile dans les ann\u00e9es 1960 et 1970.<br \/>\n Ses cr\u00e9ations, tiss\u00e9es \u00e0 la main, m\u00ealent fibres naturelles, peinture, pl\u00e2tre et m\u00e9taux pr\u00e9cieux, et t\u00e9moignent de son int\u00e9r\u00eat pour l&#8217;architecture et la g\u00e9om\u00e9trie. Si ses premi\u00e8res oeuvres pr\u00e9sentent des motifs g\u00e9om\u00e9triques et des couleurs vives r\u00e9v\u00e9lant son int\u00e9r\u00eat pour la structure et la grille, celles des ann\u00e9es 1970 marquent le d\u00e9but de ses recherches sur la tridimensionnalit\u00e9 et s&#8217;affranchissent du mur pour envahir l&#8217;espace. L&#8217;artiste revient par la suite \u00e0 une \u00e9chelle plus humaine et intime qu&#8217;elle associe \u00e0 des couleurs s&#8217;inspirant des paysages colombiens et \u00e0. des mat\u00e9riaux pr\u00e9cieux comme l&#8217;or ou le palladium.<br \/>\n D&#8217;octobre 2024 \u00e0 mars 2025, la Fondation Cartier d\u00e9voile toute la richesse et la force de l&#8217;art d&#8217;Olga de Amaral dans la premi\u00e8re gra<\/p>\n","protected":false},"excerpt":{"rendered":"<p>Olga de Amaral est une figure incontournable de la sc\u00e8ne artistique colombienne et du Fiber Art. Inclassable, son oeuvre emprunte tant aux principes modernistes qu&#8217;aux traditions vernaculaires et \u00e0 l&#8217;art pr\u00e9colombien. Contemporaine de Magdalena Abakanowicz et Sheila Hicks, Olga de Amaral a particip\u00e9 \u00e0 la r\u00e9volution de l&#8217;art textile dans les ann\u00e9es 1960 et 1970. [&hellip;]<\/p>\n","protected":false},"featured_media":43393,"template":"","meta":[],"product_cat":[2948,2953],"product_tag":[],"acf":[],"yoast_head":"<!-- This site is optimized with the Yoast SEO plugin v20.11 - https:\/\/yoast.com\/wordpress\/plugins\/seo\/ -->\n<title>Olga de Amaral - Librairie 7L<\/title>\n<meta name=\"robots\" content=\"index, follow, max-snippet:-1, max-image-preview:large, max-video-preview:-1\" \/>\n<link rel=\"canonical\" href=\"https:\/\/librairie7l.com\/en\/produit\/olga-de-amaral-2\/\" \/>\n<meta property=\"og:locale\" content=\"en_US\" \/>\n<meta property=\"og:type\" content=\"article\" \/>\n<meta property=\"og:title\" content=\"Olga de Amaral - Librairie 7L\" \/>\n<meta property=\"og:description\" content=\"Olga de Amaral est une figure incontournable de la sc\u00e8ne artistique colombienne et du Fiber Art. Inclassable, son oeuvre emprunte tant aux principes modernistes qu&#8217;aux traditions vernaculaires et \u00e0 l&#8217;art pr\u00e9colombien. Contemporaine de Magdalena Abakanowicz et Sheila Hicks, Olga de Amaral a particip\u00e9 \u00e0 la r\u00e9volution de l&#8217;art textile dans les ann\u00e9es 1960 et 1970. [&hellip;]\" \/>\n<meta property=\"og:url\" content=\"https:\/\/librairie7l.com\/en\/produit\/olga-de-amaral-2\/\" \/>\n<meta property=\"og:site_name\" content=\"Librairie 7L\" \/>\n<meta property=\"article:modified_time\" content=\"2026-04-28T03:15:43+00:00\" \/>\n<meta property=\"og:image\" content=\"https:\/\/librairie7l.com\/wp-content\/uploads\/2024\/05\/9782869251847_1_75.jpg\" \/>\n\t<meta property=\"og:image:width\" content=\"600\" \/>\n\t<meta property=\"og:image:height\" content=\"803\" \/>\n\t<meta property=\"og:image:type\" content=\"image\/jpeg\" \/>\n<meta name=\"twitter:card\" content=\"summary_large_image\" \/>\n<meta name=\"twitter:label1\" content=\"Est. reading time\" \/>\n\t<meta name=\"twitter:data1\" content=\"1 minute\" \/>\n<script type=\"application\/ld+json\" class=\"yoast-schema-graph\">{\"@context\":\"https:\/\/schema.org\",\"@graph\":[{\"@type\":\"WebPage\",\"@id\":\"https:\/\/librairie7l.com\/en\/produit\/olga-de-amaral-2\/\",\"url\":\"https:\/\/librairie7l.com\/en\/produit\/olga-de-amaral-2\/\",\"name\":\"Olga de Amaral - Librairie 7L\",\"isPartOf\":{\"@id\":\"https:\/\/librairie7l.com\/en\/#website\"},\"datePublished\":\"2024-10-16T07:18:16+00:00\",\"dateModified\":\"2026-04-28T03:15:43+00:00\",\"breadcrumb\":{\"@id\":\"https:\/\/librairie7l.com\/en\/produit\/olga-de-amaral-2\/#breadcrumb\"},\"inLanguage\":\"en-US\",\"potentialAction\":[{\"@type\":\"ReadAction\",\"target\":[\"https:\/\/librairie7l.com\/en\/produit\/olga-de-amaral-2\/\"]}]},{\"@type\":\"BreadcrumbList\",\"@id\":\"https:\/\/librairie7l.com\/en\/produit\/olga-de-amaral-2\/#breadcrumb\",\"itemListElement\":[{\"@type\":\"ListItem\",\"position\":1,\"name\":\"Accueil\",\"item\":\"https:\/\/librairie7l.com\/en\/\"},{\"@type\":\"ListItem\",\"position\":2,\"name\":\"Shop\",\"item\":\"https:\/\/librairie7l.com\/en\/shop\/\"},{\"@type\":\"ListItem\",\"position\":3,\"name\":\"OLGA DE AMARAL\"}]},{\"@type\":\"WebSite\",\"@id\":\"https:\/\/librairie7l.com\/en\/#website\",\"url\":\"https:\/\/librairie7l.com\/en\/\",\"name\":\"Librairie 7L\",\"description\":\"Librairie fond\u00e9e en 1999 par Karl Lagerfeld \u00e0 Paris\",\"publisher\":{\"@id\":\"https:\/\/librairie7l.com\/en\/#organization\"},\"potentialAction\":[{\"@type\":\"SearchAction\",\"target\":{\"@type\":\"EntryPoint\",\"urlTemplate\":\"https:\/\/librairie7l.com\/en\/?s={search_term_string}\"},\"query-input\":\"required name=search_term_string\"}],\"inLanguage\":\"en-US\"},{\"@type\":\"Organization\",\"@id\":\"https:\/\/librairie7l.com\/en\/#organization\",\"name\":\"Librairie 7L\",\"url\":\"https:\/\/librairie7l.com\/en\/\",\"logo\":{\"@type\":\"ImageObject\",\"inLanguage\":\"en-US\",\"@id\":\"https:\/\/librairie7l.com\/en\/#\/schema\/logo\/image\/\",\"url\":\"https:\/\/librairie7l.com\/wp-content\/uploads\/2022\/08\/logo-1.png\",\"contentUrl\":\"https:\/\/librairie7l.com\/wp-content\/uploads\/2022\/08\/logo-1.png\",\"width\":227,\"height\":301,\"caption\":\"Librairie 7L\"},\"image\":{\"@id\":\"https:\/\/librairie7l.com\/en\/#\/schema\/logo\/image\/\"}}]}<\/script>\n<!-- \/ Yoast SEO plugin. -->","yoast_head_json":{"title":"Olga de Amaral - Librairie 7L","robots":{"index":"index","follow":"follow","max-snippet":"max-snippet:-1","max-image-preview":"max-image-preview:large","max-video-preview":"max-video-preview:-1"},"canonical":"https:\/\/librairie7l.com\/en\/produit\/olga-de-amaral-2\/","og_locale":"en_US","og_type":"article","og_title":"Olga de Amaral - Librairie 7L","og_description":"Olga de Amaral est une figure incontournable de la sc\u00e8ne artistique colombienne et du Fiber Art. Inclassable, son oeuvre emprunte tant aux principes modernistes qu&#8217;aux traditions vernaculaires et \u00e0 l&#8217;art pr\u00e9colombien. Contemporaine de Magdalena Abakanowicz et Sheila Hicks, Olga de Amaral a particip\u00e9 \u00e0 la r\u00e9volution de l&#8217;art textile dans les ann\u00e9es 1960 et 1970. [&hellip;]","og_url":"https:\/\/librairie7l.com\/en\/produit\/olga-de-amaral-2\/","og_site_name":"Librairie 7L","article_modified_time":"2026-04-28T03:15:43+00:00","og_image":[{"width":600,"height":803,"url":"https:\/\/librairie7l.com\/wp-content\/uploads\/2024\/05\/9782869251847_1_75.jpg","type":"image\/jpeg"}],"twitter_card":"summary_large_image","twitter_misc":{"Est. reading time":"1 minute"},"schema":{"@context":"https:\/\/schema.org","@graph":[{"@type":"WebPage","@id":"https:\/\/librairie7l.com\/en\/produit\/olga-de-amaral-2\/","url":"https:\/\/librairie7l.com\/en\/produit\/olga-de-amaral-2\/","name":"Olga de Amaral - Librairie 7L","isPartOf":{"@id":"https:\/\/librairie7l.com\/en\/#website"},"datePublished":"2024-10-16T07:18:16+00:00","dateModified":"2026-04-28T03:15:43+00:00","breadcrumb":{"@id":"https:\/\/librairie7l.com\/en\/produit\/olga-de-amaral-2\/#breadcrumb"},"inLanguage":"en-US","potentialAction":[{"@type":"ReadAction","target":["https:\/\/librairie7l.com\/en\/produit\/olga-de-amaral-2\/"]}]},{"@type":"BreadcrumbList","@id":"https:\/\/librairie7l.com\/en\/produit\/olga-de-amaral-2\/#breadcrumb","itemListElement":[{"@type":"ListItem","position":1,"name":"Accueil","item":"https:\/\/librairie7l.com\/en\/"},{"@type":"ListItem","position":2,"name":"Shop","item":"https:\/\/librairie7l.com\/en\/shop\/"},{"@type":"ListItem","position":3,"name":"OLGA DE AMARAL"}]},{"@type":"WebSite","@id":"https:\/\/librairie7l.com\/en\/#website","url":"https:\/\/librairie7l.com\/en\/","name":"Librairie 7L","description":"Librairie fond\u00e9e en 1999 par Karl Lagerfeld \u00e0 Paris","publisher":{"@id":"https:\/\/librairie7l.com\/en\/#organization"},"potentialAction":[{"@type":"SearchAction","target":{"@type":"EntryPoint","urlTemplate":"https:\/\/librairie7l.com\/en\/?s={search_term_string}"},"query-input":"required name=search_term_string"}],"inLanguage":"en-US"},{"@type":"Organization","@id":"https:\/\/librairie7l.com\/en\/#organization","name":"Librairie 7L","url":"https:\/\/librairie7l.com\/en\/","logo":{"@type":"ImageObject","inLanguage":"en-US","@id":"https:\/\/librairie7l.com\/en\/#\/schema\/logo\/image\/","url":"https:\/\/librairie7l.com\/wp-content\/uploads\/2022\/08\/logo-1.png","contentUrl":"https:\/\/librairie7l.com\/wp-content\/uploads\/2022\/08\/logo-1.png","width":227,"height":301,"caption":"Librairie 7L"},"image":{"@id":"https:\/\/librairie7l.com\/en\/#\/schema\/logo\/image\/"}}]}},"_links":{"self":[{"href":"https:\/\/librairie7l.com\/en\/wp-json\/wp\/v2\/product\/43395"}],"collection":[{"href":"https:\/\/librairie7l.com\/en\/wp-json\/wp\/v2\/product"}],"about":[{"href":"https:\/\/librairie7l.com\/en\/wp-json\/wp\/v2\/types\/product"}],"wp:featuredmedia":[{"embeddable":true,"href":"https:\/\/librairie7l.com\/en\/wp-json\/wp\/v2\/media\/43393"}],"wp:attachment":[{"href":"https:\/\/librairie7l.com\/en\/wp-json\/wp\/v2\/media?parent=43395"}],"wp:term":[{"taxonomy":"product_cat","embeddable":true,"href":"https:\/\/librairie7l.com\/en\/wp-json\/wp\/v2\/product_cat?post=43395"},{"taxonomy":"product_tag","embeddable":true,"href":"https:\/\/librairie7l.com\/en\/wp-json\/wp\/v2\/product_tag?post=43395"}],"curies":[{"name":"wp","href":"https:\/\/api.w.org\/{rel}","templated":true}]}}

<p>Olga de Amaral est une figure incontournable de la scène artistique colombienne et du Fiber Art. Inclassable, son oeuvre emprunte tant aux principes modernistes qu&#8217;aux traditions vernaculaires et à l&#8217;art précolombien. Contemporaine de Magdalena Abakanowicz et Sheila Hicks, Olga de Amaral a participé à la révolution de l&#8217;art textile dans les années 1960 et 1970.<br />
 Ses créations, tissées à la main, mêlent fibres naturelles, peinture, plâtre et métaux précieux, et témoignent de son intérêt pour l&#8217;architecture et la géométrie. Si ses premières oeuvres présentent des motifs géométriques et des couleurs vives révélant son intérêt pour la structure et la grille, celles des années 1970 marquent le début de ses recherches sur la tridimensionnalité et s&#8217;affranchissent du mur pour envahir l&#8217;espace. L&#8217;artiste revient par la suite à une échelle plus humaine et intime qu&#8217;elle associe à des couleurs s&#8217;inspirant des paysages colombiens et à. des matériaux précieux comme l&#8217;or ou le palladium.<br />
 D&#8217;octobre 2024 à mars 2025, la Fondation Cartier dévoile toute la richesse et la force de l&#8217;art d&#8217;Olga de Amaral dans la première gra</p>

<p>Olga de Amaral est une figure incontournable de la scène artistique colombienne et du Fiber Art. Inclassable, son oeuvre emprunte tant aux principes modernistes qu&#8217;aux traditions vernaculaires et à l&#8217;art précolombien. Contemporaine de Magdalena Abakanowicz et Sheila Hicks, Olga de Amaral a participé à la révolution de l&#8217;art textile dans les années 1960 et 1970. [&hellip;]</p>

<!-- This site is optimized with the Yoast SEO plugin v20.11 - https://yoast.com/wordpress/plugins/seo/ -->
<title>Olga de Amaral - Librairie 7L</title>
<meta name="robots" content="index, follow, max-snippet:-1, max-image-preview:large, max-video-preview:-1" />
<link rel="canonical" href="https://librairie7l.com/en/produit/olga-de-amaral-2/" />
<meta property="og:locale" content="en_US" />
<meta property="og:type" content="article" />
<meta property="og:title" content="Olga de Amaral - Librairie 7L" />
<meta property="og:description" content="Olga de Amaral est une figure incontournable de la scène artistique colombienne et du Fiber Art. Inclassable, son oeuvre emprunte tant aux principes modernistes qu&#8217;aux traditions vernaculaires et à l&#8217;art précolombien. Contemporaine de Magdalena Abakanowicz et Sheila Hicks, Olga de Amaral a participé à la révolution de l&#8217;art textile dans les années 1960 et 1970. [&hellip;]" />
<meta property="og:url" content="https://librairie7l.com/en/produit/olga-de-amaral-2/" />
<meta property="og:site_name" content="Librairie 7L" />
<meta property="article:modified_time" content="2026-04-28T03:15:43+00:00" />
<meta property="og:image" content="https://librairie7l.com/wp-content/uploads/2024/05/9782869251847_1_75.jpg" />
	<meta property="og:image:width" content="600" />
	<meta property="og:image:height" content="803" />
	<meta property="og:image:type" content="image/jpeg" />
<meta name="twitter:card" content="summary_large_image" />
<meta name="twitter:label1" content="Est. reading time" />
	<meta name="twitter:data1" content="1 minute" />
<script type="application/ld+json" class="yoast-schema-graph">{"@context":"https://schema.org","@graph":[{"@type":"WebPage","@id":"https://librairie7l.com/en/produit/olga-de-amaral-2/","url":"https://librairie7l.com/en/produit/olga-de-amaral-2/","name":"Olga de Amaral - Librairie 7L","isPartOf":{"@id":"https://librairie7l.com/en/#website"},"datePublished":"2024-10-16T07:18:16+00:00","dateModified":"2026-04-28T03:15:43+00:00","breadcrumb":{"@id":"https://librairie7l.com/en/produit/olga-de-amaral-2/#breadcrumb"},"inLanguage":"en-US","potentialAction":[{"@type":"ReadAction","target":["https://librairie7l.com/en/produit/olga-de-amaral-2/"]}]},{"@type":"BreadcrumbList","@id":"https://librairie7l.com/en/produit/olga-de-amaral-2/#breadcrumb","itemListElement":[{"@type":"ListItem","position":1,"name":"Accueil","item":"https://librairie7l.com/en/"},{"@type":"ListItem","position":2,"name":"Shop","item":"https://librairie7l.com/en/shop/"},{"@type":"ListItem","position":3,"name":"OLGA DE AMARAL"}]},{"@type":"WebSite","@id":"https://librairie7l.com/en/#website","url":"https://librairie7l.com/en/","name":"Librairie 7L","description":"Librairie fondée en 1999 par Karl Lagerfeld à Paris","publisher":{"@id":"https://librairie7l.com/en/#organization"},"potentialAction":[{"@type":"SearchAction","target":{"@type":"EntryPoint","urlTemplate":"https://librairie7l.com/en/?s={search_term_string}"},"query-input":"required name=search_term_string"}],"inLanguage":"en-US"},{"@type":"Organization","@id":"https://librairie7l.com/en/#organization","name":"Librairie 7L","url":"https://librairie7l.com/en/","logo":{"@type":"ImageObject","inLanguage":"en-US","@id":"https://librairie7l.com/en/#/schema/logo/image/","url":"https://librairie7l.com/wp-content/uploads/2022/08/logo-1.png","contentUrl":"https://librairie7l.com/wp-content/uploads/2022/08/logo-1.png","width":227,"height":301,"caption":"Librairie 7L"},"image":{"@id":"https://librairie7l.com/en/#/schema/logo/image/"}}]}</script>
<!-- / Yoast SEO plugin. -->

Olga de Amaral est une figure incontournable de la scène artistique colombienne et du Fiber Art. Inclassable, son oeuvre emprunte tant aux principes modernistes qu&#8217;aux traditions vernaculaires et à l&#8217;art précolombien. Contemporaine de Magdalena Abakanowicz et Sheila Hicks, Olga de Amaral a participé à la révolution de l&#8217;art textile dans les années 1960 et 1970. [&hellip;]

Librairie fondée en 1999 par Karl Lagerfeld à Paris
