{"id":43758,"date":"2024-10-24T09:17:58","date_gmt":"2024-10-24T07:17:58","guid":{"rendered":"https:\/\/librairie7l.com\/?post_type=product&#038;p=43758"},"modified":"2026-05-01T20:31:03","modified_gmt":"2026-05-01T18:31:03","slug":"inventer-le-jardin-de-lantiquite-a-nos-jours-2","status":"publish","type":"product","link":"https:\/\/librairie7l.com\/en\/produit\/inventer-le-jardin-de-lantiquite-a-nos-jours-2\/","title":{"rendered":"INVENTER LE JARDIN : DE L&#8217;ANTIQUIT\u00c9 \u00c0 NOS JOURS"},"content":{"rendered":"<p>Cet ouvrage convie le lecteur \u00e0 une promenade au coeur des jardins, \u00e0 travers les \u00e9poques et de par le monde, en compagnie des guides passionnants que sont Monique Mosser, historienne de l&#8217;art, et Gilles Cl\u00e9ment, le jardinier \u00ab plan\u00e9taire \u00bb, l&#8217;inventeur du \u00ab jardin en mouvement \u00bb, dont les r\u00e9alisations traduisent la philosophie.<\/p>\n<p>Con\u00e7u pas \u00e0 pas sur le vaste terrain des prestigieuses collections de la BnF, ce livre se dessine en quatre grands parterres : le jardin, lieu de cr\u00e9ation, o\u00f9 l&#8217;on aborde l&#8217;histoire des formes du jardin ; le jardinier, artiste et artisan du jardin ; le jardin, sous l&#8217;oeil du jardinier, o\u00f9 l&#8217;on se penche sur ce qui y pousse et comment ; le jardin, all\u00e9es et venues, qui nous ouvre aux usages et aux usagers du jardin. Enluminures, dessins, estampes, affiches ont \u00e9t\u00e9 s\u00e9lectionn\u00e9s comme autant de plantes pour l&#8217;orner. Sur un dernier cahier, Mirabelle Croizier, architecte du patrimoine, et Antoine Quenardel, paysagiste-concepteur, nous pr\u00e9sentent Hortus papyrifer, le jardin-oeuvre d&#8217;art qu&#8217;ils ont con\u00e7u avec Gilles Cl\u00e9ment pour la BnF sur le site Richelieu, \u00e0 partir d&#8217;esp\u00e8ces utilis\u00e9es dans l&#8217;\u00e9laboration de supports d&#8217;\u00e9criture. Si dans les rayonnages de ses magasins, l&#8217;institution renferme un jardin de papier insoup\u00e7onn\u00e9, Hortus papyrifer met en sc\u00e8ne un floril\u00e8ge v\u00e9g\u00e9tal de possibles ouvrages.<\/p>\n","protected":false},"excerpt":{"rendered":"<p>Cet ouvrage convie le lecteur \u00e0 une promenade au coeur des jardins, \u00e0 travers les \u00e9poques et de par le monde, en compagnie des guides passionnants que sont Monique Mosser, historienne de l&#8217;art, et Gilles Cl\u00e9ment, le jardinier \u00ab plan\u00e9taire \u00bb, l&#8217;inventeur du \u00ab jardin en mouvement \u00bb, dont les r\u00e9alisations traduisent la philosophie. Con\u00e7u [&hellip;]<\/p>\n","protected":false},"featured_media":43756,"template":"","meta":[],"product_cat":[2948],"product_tag":[],"acf":[],"yoast_head":"<!-- This site is optimized with the Yoast SEO plugin v20.11 - https:\/\/yoast.com\/wordpress\/plugins\/seo\/ -->\n<title>Inventer le jardin : De l&#039;Antiquit\u00e9 \u00e0 nos jours - Librairie 7L<\/title>\n<meta name=\"robots\" content=\"index, follow, max-snippet:-1, max-image-preview:large, max-video-preview:-1\" \/>\n<link rel=\"canonical\" href=\"https:\/\/librairie7l.com\/en\/produit\/inventer-le-jardin-de-lantiquite-a-nos-jours-2\/\" \/>\n<meta property=\"og:locale\" content=\"en_US\" \/>\n<meta property=\"og:type\" content=\"article\" \/>\n<meta property=\"og:title\" content=\"Inventer le jardin : De l&#039;Antiquit\u00e9 \u00e0 nos jours - Librairie 7L\" \/>\n<meta property=\"og:description\" content=\"Cet ouvrage convie le lecteur \u00e0 une promenade au coeur des jardins, \u00e0 travers les \u00e9poques et de par le monde, en compagnie des guides passionnants que sont Monique Mosser, historienne de l&#8217;art, et Gilles Cl\u00e9ment, le jardinier \u00ab plan\u00e9taire \u00bb, l&#8217;inventeur du \u00ab jardin en mouvement \u00bb, dont les r\u00e9alisations traduisent la philosophie. Con\u00e7u [&hellip;]\" \/>\n<meta property=\"og:url\" content=\"https:\/\/librairie7l.com\/en\/produit\/inventer-le-jardin-de-lantiquite-a-nos-jours-2\/\" \/>\n<meta property=\"og:site_name\" content=\"Librairie 7L\" \/>\n<meta property=\"article:modified_time\" content=\"2026-05-01T18:31:03+00:00\" \/>\n<meta property=\"og:image\" content=\"https:\/\/librairie7l.com\/wp-content\/uploads\/2023\/06\/9782021510638_1_75.jpg\" \/>\n\t<meta property=\"og:image:width\" content=\"600\" \/>\n\t<meta property=\"og:image:height\" content=\"774\" \/>\n\t<meta property=\"og:image:type\" content=\"image\/jpeg\" \/>\n<meta name=\"twitter:card\" content=\"summary_large_image\" \/>\n<meta name=\"twitter:label1\" content=\"Est. reading time\" \/>\n\t<meta name=\"twitter:data1\" content=\"1 minute\" \/>\n<script type=\"application\/ld+json\" class=\"yoast-schema-graph\">{\"@context\":\"https:\/\/schema.org\",\"@graph\":[{\"@type\":\"WebPage\",\"@id\":\"https:\/\/librairie7l.com\/en\/produit\/inventer-le-jardin-de-lantiquite-a-nos-jours-2\/\",\"url\":\"https:\/\/librairie7l.com\/en\/produit\/inventer-le-jardin-de-lantiquite-a-nos-jours-2\/\",\"name\":\"Inventer le jardin : De l'Antiquit\u00e9 \u00e0 nos jours - Librairie 7L\",\"isPartOf\":{\"@id\":\"https:\/\/librairie7l.com\/en\/#website\"},\"datePublished\":\"2024-10-24T07:17:58+00:00\",\"dateModified\":\"2026-05-01T18:31:03+00:00\",\"breadcrumb\":{\"@id\":\"https:\/\/librairie7l.com\/en\/produit\/inventer-le-jardin-de-lantiquite-a-nos-jours-2\/#breadcrumb\"},\"inLanguage\":\"en-US\",\"potentialAction\":[{\"@type\":\"ReadAction\",\"target\":[\"https:\/\/librairie7l.com\/en\/produit\/inventer-le-jardin-de-lantiquite-a-nos-jours-2\/\"]}]},{\"@type\":\"BreadcrumbList\",\"@id\":\"https:\/\/librairie7l.com\/en\/produit\/inventer-le-jardin-de-lantiquite-a-nos-jours-2\/#breadcrumb\",\"itemListElement\":[{\"@type\":\"ListItem\",\"position\":1,\"name\":\"Accueil\",\"item\":\"https:\/\/librairie7l.com\/en\/\"},{\"@type\":\"ListItem\",\"position\":2,\"name\":\"Shop\",\"item\":\"https:\/\/librairie7l.com\/en\/shop\/\"},{\"@type\":\"ListItem\",\"position\":3,\"name\":\"INVENTER LE JARDIN : DE L&#8217;ANTIQUIT\u00c9 \u00c0 NOS JOURS\"}]},{\"@type\":\"WebSite\",\"@id\":\"https:\/\/librairie7l.com\/en\/#website\",\"url\":\"https:\/\/librairie7l.com\/en\/\",\"name\":\"Librairie 7L\",\"description\":\"Librairie fond\u00e9e en 1999 par Karl Lagerfeld \u00e0 Paris\",\"publisher\":{\"@id\":\"https:\/\/librairie7l.com\/en\/#organization\"},\"potentialAction\":[{\"@type\":\"SearchAction\",\"target\":{\"@type\":\"EntryPoint\",\"urlTemplate\":\"https:\/\/librairie7l.com\/en\/?s={search_term_string}\"},\"query-input\":\"required name=search_term_string\"}],\"inLanguage\":\"en-US\"},{\"@type\":\"Organization\",\"@id\":\"https:\/\/librairie7l.com\/en\/#organization\",\"name\":\"Librairie 7L\",\"url\":\"https:\/\/librairie7l.com\/en\/\",\"logo\":{\"@type\":\"ImageObject\",\"inLanguage\":\"en-US\",\"@id\":\"https:\/\/librairie7l.com\/en\/#\/schema\/logo\/image\/\",\"url\":\"https:\/\/librairie7l.com\/wp-content\/uploads\/2022\/08\/logo-1.png\",\"contentUrl\":\"https:\/\/librairie7l.com\/wp-content\/uploads\/2022\/08\/logo-1.png\",\"width\":227,\"height\":301,\"caption\":\"Librairie 7L\"},\"image\":{\"@id\":\"https:\/\/librairie7l.com\/en\/#\/schema\/logo\/image\/\"}}]}<\/script>\n<!-- \/ Yoast SEO plugin. -->","yoast_head_json":{"title":"Inventer le jardin : De l'Antiquit\u00e9 \u00e0 nos jours - Librairie 7L","robots":{"index":"index","follow":"follow","max-snippet":"max-snippet:-1","max-image-preview":"max-image-preview:large","max-video-preview":"max-video-preview:-1"},"canonical":"https:\/\/librairie7l.com\/en\/produit\/inventer-le-jardin-de-lantiquite-a-nos-jours-2\/","og_locale":"en_US","og_type":"article","og_title":"Inventer le jardin : De l'Antiquit\u00e9 \u00e0 nos jours - Librairie 7L","og_description":"Cet ouvrage convie le lecteur \u00e0 une promenade au coeur des jardins, \u00e0 travers les \u00e9poques et de par le monde, en compagnie des guides passionnants que sont Monique Mosser, historienne de l&#8217;art, et Gilles Cl\u00e9ment, le jardinier \u00ab plan\u00e9taire \u00bb, l&#8217;inventeur du \u00ab jardin en mouvement \u00bb, dont les r\u00e9alisations traduisent la philosophie. Con\u00e7u [&hellip;]","og_url":"https:\/\/librairie7l.com\/en\/produit\/inventer-le-jardin-de-lantiquite-a-nos-jours-2\/","og_site_name":"Librairie 7L","article_modified_time":"2026-05-01T18:31:03+00:00","og_image":[{"width":600,"height":774,"url":"https:\/\/librairie7l.com\/wp-content\/uploads\/2023\/06\/9782021510638_1_75.jpg","type":"image\/jpeg"}],"twitter_card":"summary_large_image","twitter_misc":{"Est. reading time":"1 minute"},"schema":{"@context":"https:\/\/schema.org","@graph":[{"@type":"WebPage","@id":"https:\/\/librairie7l.com\/en\/produit\/inventer-le-jardin-de-lantiquite-a-nos-jours-2\/","url":"https:\/\/librairie7l.com\/en\/produit\/inventer-le-jardin-de-lantiquite-a-nos-jours-2\/","name":"Inventer le jardin : De l'Antiquit\u00e9 \u00e0 nos jours - Librairie 7L","isPartOf":{"@id":"https:\/\/librairie7l.com\/en\/#website"},"datePublished":"2024-10-24T07:17:58+00:00","dateModified":"2026-05-01T18:31:03+00:00","breadcrumb":{"@id":"https:\/\/librairie7l.com\/en\/produit\/inventer-le-jardin-de-lantiquite-a-nos-jours-2\/#breadcrumb"},"inLanguage":"en-US","potentialAction":[{"@type":"ReadAction","target":["https:\/\/librairie7l.com\/en\/produit\/inventer-le-jardin-de-lantiquite-a-nos-jours-2\/"]}]},{"@type":"BreadcrumbList","@id":"https:\/\/librairie7l.com\/en\/produit\/inventer-le-jardin-de-lantiquite-a-nos-jours-2\/#breadcrumb","itemListElement":[{"@type":"ListItem","position":1,"name":"Accueil","item":"https:\/\/librairie7l.com\/en\/"},{"@type":"ListItem","position":2,"name":"Shop","item":"https:\/\/librairie7l.com\/en\/shop\/"},{"@type":"ListItem","position":3,"name":"INVENTER LE JARDIN : DE L&#8217;ANTIQUIT\u00c9 \u00c0 NOS JOURS"}]},{"@type":"WebSite","@id":"https:\/\/librairie7l.com\/en\/#website","url":"https:\/\/librairie7l.com\/en\/","name":"Librairie 7L","description":"Librairie fond\u00e9e en 1999 par Karl Lagerfeld \u00e0 Paris","publisher":{"@id":"https:\/\/librairie7l.com\/en\/#organization"},"potentialAction":[{"@type":"SearchAction","target":{"@type":"EntryPoint","urlTemplate":"https:\/\/librairie7l.com\/en\/?s={search_term_string}"},"query-input":"required name=search_term_string"}],"inLanguage":"en-US"},{"@type":"Organization","@id":"https:\/\/librairie7l.com\/en\/#organization","name":"Librairie 7L","url":"https:\/\/librairie7l.com\/en\/","logo":{"@type":"ImageObject","inLanguage":"en-US","@id":"https:\/\/librairie7l.com\/en\/#\/schema\/logo\/image\/","url":"https:\/\/librairie7l.com\/wp-content\/uploads\/2022\/08\/logo-1.png","contentUrl":"https:\/\/librairie7l.com\/wp-content\/uploads\/2022\/08\/logo-1.png","width":227,"height":301,"caption":"Librairie 7L"},"image":{"@id":"https:\/\/librairie7l.com\/en\/#\/schema\/logo\/image\/"}}]}},"_links":{"self":[{"href":"https:\/\/librairie7l.com\/en\/wp-json\/wp\/v2\/product\/43758"}],"collection":[{"href":"https:\/\/librairie7l.com\/en\/wp-json\/wp\/v2\/product"}],"about":[{"href":"https:\/\/librairie7l.com\/en\/wp-json\/wp\/v2\/types\/product"}],"wp:featuredmedia":[{"embeddable":true,"href":"https:\/\/librairie7l.com\/en\/wp-json\/wp\/v2\/media\/43756"}],"wp:attachment":[{"href":"https:\/\/librairie7l.com\/en\/wp-json\/wp\/v2\/media?parent=43758"}],"wp:term":[{"taxonomy":"product_cat","embeddable":true,"href":"https:\/\/librairie7l.com\/en\/wp-json\/wp\/v2\/product_cat?post=43758"},{"taxonomy":"product_tag","embeddable":true,"href":"https:\/\/librairie7l.com\/en\/wp-json\/wp\/v2\/product_tag?post=43758"}],"curies":[{"name":"wp","href":"https:\/\/api.w.org\/{rel}","templated":true}]}}

INVENTER LE JARDIN : DE L&#8217;ANTIQUITÉ À NOS JOURS

<p>Cet ouvrage convie le lecteur à une promenade au coeur des jardins, à travers les époques et de par le monde, en compagnie des guides passionnants que sont Monique Mosser, historienne de l&#8217;art, et Gilles Clément, le jardinier « planétaire », l&#8217;inventeur du « jardin en mouvement », dont les réalisations traduisent la philosophie.</p>
<p>Conçu pas à pas sur le vaste terrain des prestigieuses collections de la BnF, ce livre se dessine en quatre grands parterres : le jardin, lieu de création, où l&#8217;on aborde l&#8217;histoire des formes du jardin ; le jardinier, artiste et artisan du jardin ; le jardin, sous l&#8217;oeil du jardinier, où l&#8217;on se penche sur ce qui y pousse et comment ; le jardin, allées et venues, qui nous ouvre aux usages et aux usagers du jardin. Enluminures, dessins, estampes, affiches ont été sélectionnés comme autant de plantes pour l&#8217;orner. Sur un dernier cahier, Mirabelle Croizier, architecte du patrimoine, et Antoine Quenardel, paysagiste-concepteur, nous présentent Hortus papyrifer, le jardin-oeuvre d&#8217;art qu&#8217;ils ont conçu avec Gilles Clément pour la BnF sur le site Richelieu, à partir d&#8217;espèces utilisées dans l&#8217;élaboration de supports d&#8217;écriture. Si dans les rayonnages de ses magasins, l&#8217;institution renferme un jardin de papier insoupçonné, Hortus papyrifer met en scène un florilège végétal de possibles ouvrages.</p>

<p>Cet ouvrage convie le lecteur à une promenade au coeur des jardins, à travers les époques et de par le monde, en compagnie des guides passionnants que sont Monique Mosser, historienne de l&#8217;art, et Gilles Clément, le jardinier « planétaire », l&#8217;inventeur du « jardin en mouvement », dont les réalisations traduisent la philosophie. Conçu [&hellip;]</p>

<!-- This site is optimized with the Yoast SEO plugin v20.11 - https://yoast.com/wordpress/plugins/seo/ -->
<title>Inventer le jardin : De l&#039;Antiquité à nos jours - Librairie 7L</title>
<meta name="robots" content="index, follow, max-snippet:-1, max-image-preview:large, max-video-preview:-1" />
<link rel="canonical" href="https://librairie7l.com/en/produit/inventer-le-jardin-de-lantiquite-a-nos-jours-2/" />
<meta property="og:locale" content="en_US" />
<meta property="og:type" content="article" />
<meta property="og:title" content="Inventer le jardin : De l&#039;Antiquité à nos jours - Librairie 7L" />
<meta property="og:description" content="Cet ouvrage convie le lecteur à une promenade au coeur des jardins, à travers les époques et de par le monde, en compagnie des guides passionnants que sont Monique Mosser, historienne de l&#8217;art, et Gilles Clément, le jardinier « planétaire », l&#8217;inventeur du « jardin en mouvement », dont les réalisations traduisent la philosophie. Conçu [&hellip;]" />
<meta property="og:url" content="https://librairie7l.com/en/produit/inventer-le-jardin-de-lantiquite-a-nos-jours-2/" />
<meta property="og:site_name" content="Librairie 7L" />
<meta property="article:modified_time" content="2026-05-01T18:31:03+00:00" />
<meta property="og:image" content="https://librairie7l.com/wp-content/uploads/2023/06/9782021510638_1_75.jpg" />
	<meta property="og:image:width" content="600" />
	<meta property="og:image:height" content="774" />
	<meta property="og:image:type" content="image/jpeg" />
<meta name="twitter:card" content="summary_large_image" />
<meta name="twitter:label1" content="Est. reading time" />
	<meta name="twitter:data1" content="1 minute" />
<script type="application/ld+json" class="yoast-schema-graph">{"@context":"https://schema.org","@graph":[{"@type":"WebPage","@id":"https://librairie7l.com/en/produit/inventer-le-jardin-de-lantiquite-a-nos-jours-2/","url":"https://librairie7l.com/en/produit/inventer-le-jardin-de-lantiquite-a-nos-jours-2/","name":"Inventer le jardin : De l'Antiquité à nos jours - Librairie 7L","isPartOf":{"@id":"https://librairie7l.com/en/#website"},"datePublished":"2024-10-24T07:17:58+00:00","dateModified":"2026-05-01T18:31:03+00:00","breadcrumb":{"@id":"https://librairie7l.com/en/produit/inventer-le-jardin-de-lantiquite-a-nos-jours-2/#breadcrumb"},"inLanguage":"en-US","potentialAction":[{"@type":"ReadAction","target":["https://librairie7l.com/en/produit/inventer-le-jardin-de-lantiquite-a-nos-jours-2/"]}]},{"@type":"BreadcrumbList","@id":"https://librairie7l.com/en/produit/inventer-le-jardin-de-lantiquite-a-nos-jours-2/#breadcrumb","itemListElement":[{"@type":"ListItem","position":1,"name":"Accueil","item":"https://librairie7l.com/en/"},{"@type":"ListItem","position":2,"name":"Shop","item":"https://librairie7l.com/en/shop/"},{"@type":"ListItem","position":3,"name":"INVENTER LE JARDIN : DE L&#8217;ANTIQUITÉ À NOS JOURS"}]},{"@type":"WebSite","@id":"https://librairie7l.com/en/#website","url":"https://librairie7l.com/en/","name":"Librairie 7L","description":"Librairie fondée en 1999 par Karl Lagerfeld à Paris","publisher":{"@id":"https://librairie7l.com/en/#organization"},"potentialAction":[{"@type":"SearchAction","target":{"@type":"EntryPoint","urlTemplate":"https://librairie7l.com/en/?s={search_term_string}"},"query-input":"required name=search_term_string"}],"inLanguage":"en-US"},{"@type":"Organization","@id":"https://librairie7l.com/en/#organization","name":"Librairie 7L","url":"https://librairie7l.com/en/","logo":{"@type":"ImageObject","inLanguage":"en-US","@id":"https://librairie7l.com/en/#/schema/logo/image/","url":"https://librairie7l.com/wp-content/uploads/2022/08/logo-1.png","contentUrl":"https://librairie7l.com/wp-content/uploads/2022/08/logo-1.png","width":227,"height":301,"caption":"Librairie 7L"},"image":{"@id":"https://librairie7l.com/en/#/schema/logo/image/"}}]}</script>
<!-- / Yoast SEO plugin. -->

Inventer le jardin : De l'Antiquité à nos jours - Librairie 7L

Cet ouvrage convie le lecteur à une promenade au coeur des jardins, à travers les époques et de par le monde, en compagnie des guides passionnants que sont Monique Mosser, historienne de l&#8217;art, et Gilles Clément, le jardinier « planétaire », l&#8217;inventeur du « jardin en mouvement », dont les réalisations traduisent la philosophie. Conçu [&hellip;]

Librairie fondée en 1999 par Karl Lagerfeld à Paris
