{"id":43913,"date":"2024-10-31T09:17:42","date_gmt":"2024-10-31T08:17:42","guid":{"rendered":"https:\/\/librairie7l.com\/?post_type=product&#038;p=43913"},"modified":"2026-05-03T18:43:35","modified_gmt":"2026-05-03T16:43:35","slug":"francis-bacon-logique-de-la-sensation-2","status":"publish","type":"product","link":"https:\/\/librairie7l.com\/en\/produit\/francis-bacon-logique-de-la-sensation-2\/","title":{"rendered":"FRANCIS BACON ; LOGIQUE DE LA SENSATION"},"content":{"rendered":"<p>Le livre de Gilles Deleuze sur Francis Bacon est bien autre chose que l&#8217;\u00e9tude d&#8217;un peintre par un philosophe. Est-il du reste \u00ab sur \u00bb Bacon, ce livre ? Et qui est le philosophe, qui est le peintre ? Nous voulons dire : qui pense, et qui regarde penser ? On peut certainement penser la peinture, on peut aussi peindre la pens\u00e9e, y compris cette forme exaltante, violente, de la pens\u00e9e qu&#8217;est la peinture. Nous nous sommes dit : \u00ab Sans doute sera-t-il impossible d&#8217;\u00e9galer la splendeur de l&#8217;\u00e9dition initiale. Il nous manquera bien des choses, dans le registre du visible. Est-ce une raison pour manquer en outre \u00e0 notre devoir, qui est que ce grand livre ne cesse pas de circuler, ne disparaisse \u00e0 aucun prix de la circulation \u00e0 laquelle il est destin\u00e9, celle qui le fait passer, de main en main, chez les amants de la philopeinture, ou de la pictophilosophie ? Chez les perspicaces amants de l&#8217;\u00e9quivalence, en forme de pliure, entre le visible et son revers nominal. \u00bb Nous avons donc d\u00e9cid\u00e9 de republier ce livre dans la collection \u00ab L Ordre philosophique \u00bb, o\u00f9 tout livre a pour fonction d&#8217;y faire d\u00e9sordre. Et singuli\u00e8rement celui-l\u00e0. Nous ne pouvons que remercier, vivement, de ce d\u00e9sordre par quoi se fait le plus beau de notre Ordre, tous ceux qui ont rendu possible cette (re)publication, et qui nous ont donc permis de faire notre devoir. En quelques mots \u00ab Le primat des \u00e9nonc\u00e9s n&#8217;emp\u00eachera jamais l&#8217;irr\u00e9ductibilit\u00e9 du visible, au contraire. L&#8217;\u00e9nonc\u00e9 n&#8217;a de primat que parce que le visible a ses lois propres, son autonomie qui le met en rapport avec le dominant, avec l&#8217;h\u00e9autonomie de l&#8217;\u00e9nonc\u00e9. C&#8217;est parce que l&#8217;\u00e9non\u00e7able a le primat que le visible lui oppose sa forme propre qui se laissera d\u00e9terminer sans se laisser r\u00e9duire \u00bb<\/p>\n","protected":false},"excerpt":{"rendered":"<p>Le livre de Gilles Deleuze sur Francis Bacon est bien autre chose que l&#8217;\u00e9tude d&#8217;un peintre par un philosophe. Est-il du reste \u00ab sur \u00bb Bacon, ce livre ? Et qui est le philosophe, qui est le peintre ? Nous voulons dire : qui pense, et qui regarde penser ? On peut certainement penser la [&hellip;]<\/p>\n","protected":false},"featured_media":43911,"template":"","meta":[],"product_cat":[2948],"product_tag":[],"acf":[],"yoast_head":"<!-- This site is optimized with the Yoast SEO plugin v20.11 - https:\/\/yoast.com\/wordpress\/plugins\/seo\/ -->\n<title>Francis Bacon ; logique de la sensation - Librairie 7L<\/title>\n<meta name=\"robots\" content=\"index, follow, max-snippet:-1, max-image-preview:large, max-video-preview:-1\" \/>\n<link rel=\"canonical\" href=\"https:\/\/librairie7l.com\/en\/produit\/francis-bacon-logique-de-la-sensation-2\/\" \/>\n<meta property=\"og:locale\" content=\"en_US\" \/>\n<meta property=\"og:type\" content=\"article\" \/>\n<meta property=\"og:title\" content=\"Francis Bacon ; logique de la sensation - Librairie 7L\" \/>\n<meta property=\"og:description\" content=\"Le livre de Gilles Deleuze sur Francis Bacon est bien autre chose que l&#8217;\u00e9tude d&#8217;un peintre par un philosophe. Est-il du reste \u00ab sur \u00bb Bacon, ce livre ? Et qui est le philosophe, qui est le peintre ? Nous voulons dire : qui pense, et qui regarde penser ? On peut certainement penser la [&hellip;]\" \/>\n<meta property=\"og:url\" content=\"https:\/\/librairie7l.com\/en\/produit\/francis-bacon-logique-de-la-sensation-2\/\" \/>\n<meta property=\"og:site_name\" content=\"Librairie 7L\" \/>\n<meta property=\"article:modified_time\" content=\"2026-05-03T16:43:35+00:00\" \/>\n<meta property=\"og:image\" content=\"https:\/\/librairie7l.com\/wp-content\/uploads\/2002\/02\/9782020500142_1_75.jpg\" \/>\n\t<meta property=\"og:image:width\" content=\"500\" \/>\n\t<meta property=\"og:image:height\" content=\"730\" \/>\n\t<meta property=\"og:image:type\" content=\"image\/jpeg\" \/>\n<meta name=\"twitter:card\" content=\"summary_large_image\" \/>\n<meta name=\"twitter:label1\" content=\"Est. reading time\" \/>\n\t<meta name=\"twitter:data1\" content=\"2 minutes\" \/>\n<script type=\"application\/ld+json\" class=\"yoast-schema-graph\">{\"@context\":\"https:\/\/schema.org\",\"@graph\":[{\"@type\":\"WebPage\",\"@id\":\"https:\/\/librairie7l.com\/en\/produit\/francis-bacon-logique-de-la-sensation-2\/\",\"url\":\"https:\/\/librairie7l.com\/en\/produit\/francis-bacon-logique-de-la-sensation-2\/\",\"name\":\"Francis Bacon ; logique de la sensation - Librairie 7L\",\"isPartOf\":{\"@id\":\"https:\/\/librairie7l.com\/en\/#website\"},\"datePublished\":\"2024-10-31T08:17:42+00:00\",\"dateModified\":\"2026-05-03T16:43:35+00:00\",\"breadcrumb\":{\"@id\":\"https:\/\/librairie7l.com\/en\/produit\/francis-bacon-logique-de-la-sensation-2\/#breadcrumb\"},\"inLanguage\":\"en-US\",\"potentialAction\":[{\"@type\":\"ReadAction\",\"target\":[\"https:\/\/librairie7l.com\/en\/produit\/francis-bacon-logique-de-la-sensation-2\/\"]}]},{\"@type\":\"BreadcrumbList\",\"@id\":\"https:\/\/librairie7l.com\/en\/produit\/francis-bacon-logique-de-la-sensation-2\/#breadcrumb\",\"itemListElement\":[{\"@type\":\"ListItem\",\"position\":1,\"name\":\"Accueil\",\"item\":\"https:\/\/librairie7l.com\/en\/\"},{\"@type\":\"ListItem\",\"position\":2,\"name\":\"Shop\",\"item\":\"https:\/\/librairie7l.com\/en\/shop\/\"},{\"@type\":\"ListItem\",\"position\":3,\"name\":\"FRANCIS BACON ; LOGIQUE DE LA SENSATION\"}]},{\"@type\":\"WebSite\",\"@id\":\"https:\/\/librairie7l.com\/en\/#website\",\"url\":\"https:\/\/librairie7l.com\/en\/\",\"name\":\"Librairie 7L\",\"description\":\"Librairie fond\u00e9e en 1999 par Karl Lagerfeld \u00e0 Paris\",\"publisher\":{\"@id\":\"https:\/\/librairie7l.com\/en\/#organization\"},\"potentialAction\":[{\"@type\":\"SearchAction\",\"target\":{\"@type\":\"EntryPoint\",\"urlTemplate\":\"https:\/\/librairie7l.com\/en\/?s={search_term_string}\"},\"query-input\":\"required name=search_term_string\"}],\"inLanguage\":\"en-US\"},{\"@type\":\"Organization\",\"@id\":\"https:\/\/librairie7l.com\/en\/#organization\",\"name\":\"Librairie 7L\",\"url\":\"https:\/\/librairie7l.com\/en\/\",\"logo\":{\"@type\":\"ImageObject\",\"inLanguage\":\"en-US\",\"@id\":\"https:\/\/librairie7l.com\/en\/#\/schema\/logo\/image\/\",\"url\":\"https:\/\/librairie7l.com\/wp-content\/uploads\/2022\/08\/logo-1.png\",\"contentUrl\":\"https:\/\/librairie7l.com\/wp-content\/uploads\/2022\/08\/logo-1.png\",\"width\":227,\"height\":301,\"caption\":\"Librairie 7L\"},\"image\":{\"@id\":\"https:\/\/librairie7l.com\/en\/#\/schema\/logo\/image\/\"}}]}<\/script>\n<!-- \/ Yoast SEO plugin. -->","yoast_head_json":{"title":"Francis Bacon ; logique de la sensation - Librairie 7L","robots":{"index":"index","follow":"follow","max-snippet":"max-snippet:-1","max-image-preview":"max-image-preview:large","max-video-preview":"max-video-preview:-1"},"canonical":"https:\/\/librairie7l.com\/en\/produit\/francis-bacon-logique-de-la-sensation-2\/","og_locale":"en_US","og_type":"article","og_title":"Francis Bacon ; logique de la sensation - Librairie 7L","og_description":"Le livre de Gilles Deleuze sur Francis Bacon est bien autre chose que l&#8217;\u00e9tude d&#8217;un peintre par un philosophe. Est-il du reste \u00ab sur \u00bb Bacon, ce livre ? Et qui est le philosophe, qui est le peintre ? Nous voulons dire : qui pense, et qui regarde penser ? On peut certainement penser la [&hellip;]","og_url":"https:\/\/librairie7l.com\/en\/produit\/francis-bacon-logique-de-la-sensation-2\/","og_site_name":"Librairie 7L","article_modified_time":"2026-05-03T16:43:35+00:00","og_image":[{"width":500,"height":730,"url":"https:\/\/librairie7l.com\/wp-content\/uploads\/2002\/02\/9782020500142_1_75.jpg","type":"image\/jpeg"}],"twitter_card":"summary_large_image","twitter_misc":{"Est. reading time":"2 minutes"},"schema":{"@context":"https:\/\/schema.org","@graph":[{"@type":"WebPage","@id":"https:\/\/librairie7l.com\/en\/produit\/francis-bacon-logique-de-la-sensation-2\/","url":"https:\/\/librairie7l.com\/en\/produit\/francis-bacon-logique-de-la-sensation-2\/","name":"Francis Bacon ; logique de la sensation - Librairie 7L","isPartOf":{"@id":"https:\/\/librairie7l.com\/en\/#website"},"datePublished":"2024-10-31T08:17:42+00:00","dateModified":"2026-05-03T16:43:35+00:00","breadcrumb":{"@id":"https:\/\/librairie7l.com\/en\/produit\/francis-bacon-logique-de-la-sensation-2\/#breadcrumb"},"inLanguage":"en-US","potentialAction":[{"@type":"ReadAction","target":["https:\/\/librairie7l.com\/en\/produit\/francis-bacon-logique-de-la-sensation-2\/"]}]},{"@type":"BreadcrumbList","@id":"https:\/\/librairie7l.com\/en\/produit\/francis-bacon-logique-de-la-sensation-2\/#breadcrumb","itemListElement":[{"@type":"ListItem","position":1,"name":"Accueil","item":"https:\/\/librairie7l.com\/en\/"},{"@type":"ListItem","position":2,"name":"Shop","item":"https:\/\/librairie7l.com\/en\/shop\/"},{"@type":"ListItem","position":3,"name":"FRANCIS BACON ; LOGIQUE DE LA SENSATION"}]},{"@type":"WebSite","@id":"https:\/\/librairie7l.com\/en\/#website","url":"https:\/\/librairie7l.com\/en\/","name":"Librairie 7L","description":"Librairie fond\u00e9e en 1999 par Karl Lagerfeld \u00e0 Paris","publisher":{"@id":"https:\/\/librairie7l.com\/en\/#organization"},"potentialAction":[{"@type":"SearchAction","target":{"@type":"EntryPoint","urlTemplate":"https:\/\/librairie7l.com\/en\/?s={search_term_string}"},"query-input":"required name=search_term_string"}],"inLanguage":"en-US"},{"@type":"Organization","@id":"https:\/\/librairie7l.com\/en\/#organization","name":"Librairie 7L","url":"https:\/\/librairie7l.com\/en\/","logo":{"@type":"ImageObject","inLanguage":"en-US","@id":"https:\/\/librairie7l.com\/en\/#\/schema\/logo\/image\/","url":"https:\/\/librairie7l.com\/wp-content\/uploads\/2022\/08\/logo-1.png","contentUrl":"https:\/\/librairie7l.com\/wp-content\/uploads\/2022\/08\/logo-1.png","width":227,"height":301,"caption":"Librairie 7L"},"image":{"@id":"https:\/\/librairie7l.com\/en\/#\/schema\/logo\/image\/"}}]}},"_links":{"self":[{"href":"https:\/\/librairie7l.com\/en\/wp-json\/wp\/v2\/product\/43913"}],"collection":[{"href":"https:\/\/librairie7l.com\/en\/wp-json\/wp\/v2\/product"}],"about":[{"href":"https:\/\/librairie7l.com\/en\/wp-json\/wp\/v2\/types\/product"}],"wp:featuredmedia":[{"embeddable":true,"href":"https:\/\/librairie7l.com\/en\/wp-json\/wp\/v2\/media\/43911"}],"wp:attachment":[{"href":"https:\/\/librairie7l.com\/en\/wp-json\/wp\/v2\/media?parent=43913"}],"wp:term":[{"taxonomy":"product_cat","embeddable":true,"href":"https:\/\/librairie7l.com\/en\/wp-json\/wp\/v2\/product_cat?post=43913"},{"taxonomy":"product_tag","embeddable":true,"href":"https:\/\/librairie7l.com\/en\/wp-json\/wp\/v2\/product_tag?post=43913"}],"curies":[{"name":"wp","href":"https:\/\/api.w.org\/{rel}","templated":true}]}}

<p>Le livre de Gilles Deleuze sur Francis Bacon est bien autre chose que l&#8217;étude d&#8217;un peintre par un philosophe. Est-il du reste « sur » Bacon, ce livre ? Et qui est le philosophe, qui est le peintre ? Nous voulons dire : qui pense, et qui regarde penser ? On peut certainement penser la peinture, on peut aussi peindre la pensée, y compris cette forme exaltante, violente, de la pensée qu&#8217;est la peinture. Nous nous sommes dit : « Sans doute sera-t-il impossible d&#8217;égaler la splendeur de l&#8217;édition initiale. Il nous manquera bien des choses, dans le registre du visible. Est-ce une raison pour manquer en outre à notre devoir, qui est que ce grand livre ne cesse pas de circuler, ne disparaisse à aucun prix de la circulation à laquelle il est destiné, celle qui le fait passer, de main en main, chez les amants de la philopeinture, ou de la pictophilosophie ? Chez les perspicaces amants de l&#8217;équivalence, en forme de pliure, entre le visible et son revers nominal. » Nous avons donc décidé de republier ce livre dans la collection « L Ordre philosophique », où tout livre a pour fonction d&#8217;y faire désordre. Et singulièrement celui-là. Nous ne pouvons que remercier, vivement, de ce désordre par quoi se fait le plus beau de notre Ordre, tous ceux qui ont rendu possible cette (re)publication, et qui nous ont donc permis de faire notre devoir. En quelques mots « Le primat des énoncés n&#8217;empêchera jamais l&#8217;irréductibilité du visible, au contraire. L&#8217;énoncé n&#8217;a de primat que parce que le visible a ses lois propres, son autonomie qui le met en rapport avec le dominant, avec l&#8217;héautonomie de l&#8217;énoncé. C&#8217;est parce que l&#8217;énonçable a le primat que le visible lui oppose sa forme propre qui se laissera déterminer sans se laisser réduire »</p>

<p>Le livre de Gilles Deleuze sur Francis Bacon est bien autre chose que l&#8217;étude d&#8217;un peintre par un philosophe. Est-il du reste « sur » Bacon, ce livre ? Et qui est le philosophe, qui est le peintre ? Nous voulons dire : qui pense, et qui regarde penser ? On peut certainement penser la [&hellip;]</p>

<!-- This site is optimized with the Yoast SEO plugin v20.11 - https://yoast.com/wordpress/plugins/seo/ -->
<title>Francis Bacon ; logique de la sensation - Librairie 7L</title>
<meta name="robots" content="index, follow, max-snippet:-1, max-image-preview:large, max-video-preview:-1" />
<link rel="canonical" href="https://librairie7l.com/en/produit/francis-bacon-logique-de-la-sensation-2/" />
<meta property="og:locale" content="en_US" />
<meta property="og:type" content="article" />
<meta property="og:title" content="Francis Bacon ; logique de la sensation - Librairie 7L" />
<meta property="og:description" content="Le livre de Gilles Deleuze sur Francis Bacon est bien autre chose que l&#8217;étude d&#8217;un peintre par un philosophe. Est-il du reste « sur » Bacon, ce livre ? Et qui est le philosophe, qui est le peintre ? Nous voulons dire : qui pense, et qui regarde penser ? On peut certainement penser la [&hellip;]" />
<meta property="og:url" content="https://librairie7l.com/en/produit/francis-bacon-logique-de-la-sensation-2/" />
<meta property="og:site_name" content="Librairie 7L" />
<meta property="article:modified_time" content="2026-05-03T16:43:35+00:00" />
<meta property="og:image" content="https://librairie7l.com/wp-content/uploads/2002/02/9782020500142_1_75.jpg" />
	<meta property="og:image:width" content="500" />
	<meta property="og:image:height" content="730" />
	<meta property="og:image:type" content="image/jpeg" />
<meta name="twitter:card" content="summary_large_image" />
<meta name="twitter:label1" content="Est. reading time" />
	<meta name="twitter:data1" content="2 minutes" />
<script type="application/ld+json" class="yoast-schema-graph">{"@context":"https://schema.org","@graph":[{"@type":"WebPage","@id":"https://librairie7l.com/en/produit/francis-bacon-logique-de-la-sensation-2/","url":"https://librairie7l.com/en/produit/francis-bacon-logique-de-la-sensation-2/","name":"Francis Bacon ; logique de la sensation - Librairie 7L","isPartOf":{"@id":"https://librairie7l.com/en/#website"},"datePublished":"2024-10-31T08:17:42+00:00","dateModified":"2026-05-03T16:43:35+00:00","breadcrumb":{"@id":"https://librairie7l.com/en/produit/francis-bacon-logique-de-la-sensation-2/#breadcrumb"},"inLanguage":"en-US","potentialAction":[{"@type":"ReadAction","target":["https://librairie7l.com/en/produit/francis-bacon-logique-de-la-sensation-2/"]}]},{"@type":"BreadcrumbList","@id":"https://librairie7l.com/en/produit/francis-bacon-logique-de-la-sensation-2/#breadcrumb","itemListElement":[{"@type":"ListItem","position":1,"name":"Accueil","item":"https://librairie7l.com/en/"},{"@type":"ListItem","position":2,"name":"Shop","item":"https://librairie7l.com/en/shop/"},{"@type":"ListItem","position":3,"name":"FRANCIS BACON ; LOGIQUE DE LA SENSATION"}]},{"@type":"WebSite","@id":"https://librairie7l.com/en/#website","url":"https://librairie7l.com/en/","name":"Librairie 7L","description":"Librairie fondée en 1999 par Karl Lagerfeld à Paris","publisher":{"@id":"https://librairie7l.com/en/#organization"},"potentialAction":[{"@type":"SearchAction","target":{"@type":"EntryPoint","urlTemplate":"https://librairie7l.com/en/?s={search_term_string}"},"query-input":"required name=search_term_string"}],"inLanguage":"en-US"},{"@type":"Organization","@id":"https://librairie7l.com/en/#organization","name":"Librairie 7L","url":"https://librairie7l.com/en/","logo":{"@type":"ImageObject","inLanguage":"en-US","@id":"https://librairie7l.com/en/#/schema/logo/image/","url":"https://librairie7l.com/wp-content/uploads/2022/08/logo-1.png","contentUrl":"https://librairie7l.com/wp-content/uploads/2022/08/logo-1.png","width":227,"height":301,"caption":"Librairie 7L"},"image":{"@id":"https://librairie7l.com/en/#/schema/logo/image/"}}]}</script>
<!-- / Yoast SEO plugin. -->

Le livre de Gilles Deleuze sur Francis Bacon est bien autre chose que l&#8217;étude d&#8217;un peintre par un philosophe. Est-il du reste « sur » Bacon, ce livre ? Et qui est le philosophe, qui est le peintre ? Nous voulons dire : qui pense, et qui regarde penser ? On peut certainement penser la [&hellip;]

Librairie fondée en 1999 par Karl Lagerfeld à Paris
